INSERT INTO `pr_advice_lang` (`id_advice`, `id_lang`, `html`) VALUES
(196, 1, '<div id=\"wrap_id_advice_1587561359950\">\n            <div class=\"col-lg-6\">\n              <section id=\"\" class=\"panel panel-advice\" style=\"position: relative; padding: 10px; min-height: 75px;\">\n                <a href=\"#\" id=\"1587561359950\" class=\"close_link gamification_premium_close\" style=\"display: none; position: absolute; top: 10px; right: 10px;\">\n                  <i class=\"icon-remove\"></i>\n                </a>\n                <span class=\"gamification-close-confirmation hide\">\n                  ¿Está seguro?\n                  <button class=\"btn btn-default btn-sm\" data-advice=\"delete\">\n                    <i class=\"icon-trash\"></i>Eliminar\n                  </button>\n                  <button class=\"btn btn-default btn-sm\" data-advice=\"cancel\">Cancelar</button>\n                </span>\n                <a class=\"preactivationLink row\" rel=\"CM Commerce\" href=\"{link}AdminModules{/link}&install=CM Commerce&module_name=CM Commerce&redirectconfig\" style=\"display: table; margin: 0; text-decoration: none;\">\n                  <img src=\"https://storage.googleapis.com/production-gamification-assets/premium/CM Commerce.png\" class=\"advice-img img-thumbnail\">\n                  <img src=\"https://gamification.prestashop.com/api/getAdviceImg/1587561359950.png\" class=\"hide\">\n                  <p class=\"advice-description\" style=\"padding: 0 20px; display: table-cell; vertical-align: middle;\">Convierte email en el impulsor número 1 del crecimiento de tu tienda online.</p>\n                </a>\n              </section>\n            </div>\n            <script>\n              $(document).ready( function () {\n                var link = $(\'#wrap_id_advice_1587561359950 .preactivationLink\')[0].href;\n                link = encodeURIComponent(link);\n                var newUrl = \'https://gamification.prestashop.com/get_advice_link.php?id_advice=1587561359950&url=\'+link;\n                $(\'#wrap_id_advice_1587561359950 .preactivationLink\')[0].href = newUrl;\n              });\n            </script>\n          </div>'),
(196, 3, '<div id=\"wrap_id_advice_1587561359950\">\n            <div class=\"col-lg-6\">\n              <section id=\"\" class=\"panel panel-advice\" style=\"position: relative; padding: 10px; min-height: 75px;\">\n                <a href=\"#\" id=\"1587561359950\" class=\"close_link gamification_premium_close\" style=\"display: none; position: absolute; top: 10px; right: 10px;\">\n                  <i class=\"icon-remove\"></i>\n                </a>\n                <span class=\"gamification-close-confirmation hide\">\n                  ¿Está seguro?\n                  <button class=\"btn btn-default btn-sm\" data-advice=\"delete\">\n                    <i class=\"icon-trash\"></i>Eliminar\n                  </button>\n                  <button class=\"btn btn-default btn-sm\" data-advice=\"cancel\">Cancelar</button>\n                </span>\n                <a class=\"preactivationLink row\" rel=\"CM Commerce\" href=\"{link}AdminModules{/link}&install=CM Commerce&module_name=CM Commerce&redirectconfig\" style=\"display: table; margin: 0; text-decoration: none;\">\n                  <img src=\"https://storage.googleapis.com/production-gamification-assets/premium/CM Commerce.png\" class=\"advice-img img-thumbnail\">\n                  <img src=\"https://gamification.prestashop.com/api/getAdviceImg/1587561359950.png\" class=\"hide\">\n                  <p class=\"advice-description\" style=\"padding: 0 20px; display: table-cell; vertical-align: middle;\">Convierte email en el impulsor número 1 del crecimiento de tu tienda online.</p>\n                </a>\n              </section>\n            </div>\n            <script>\n              $(document).ready( function () {\n                var link = $(\'#wrap_id_advice_1587561359950 .preactivationLink\')[0].href;\n                link = encodeURIComponent(link);\n                var newUrl = \'https://gamification.prestashop.com/get_advice_link.php?id_advice=1587561359950&url=\'+link;\n                $(\'#wrap_id_advice_1587561359950 .preactivationLink\')[0].href = newUrl;\n              });\n            </script>\n          </div>'),
(196, 4, '<div id=\"wrap_id_advice_1587561359950\">\n            <div class=\"col-lg-6\">\n              <section id=\"\" class=\"panel panel-advice\" style=\"position: relative; padding: 10px; min-height: 75px;\">\n                <a href=\"#\" id=\"1587561359950\" class=\"close_link gamification_premium_close\" style=\"display: none; position: absolute; top: 10px; right: 10px;\">\n                  <i class=\"icon-remove\"></i>\n                </a>\n                <span class=\"gamification-close-confirmation hide\">\n                  ¿Está seguro?\n                  <button class=\"btn btn-default btn-sm\" data-advice=\"delete\">\n                    <i class=\"icon-trash\"></i>Eliminar\n                  </button>\n                  <button class=\"btn btn-default btn-sm\" data-advice=\"cancel\">Cancelar</button>\n                </span>\n                <a class=\"preactivationLink row\" rel=\"CM Commerce\" href=\"{link}AdminModules{/link}&install=CM Commerce&module_name=CM Commerce&redirectconfig\" style=\"display: table; margin: 0; text-decoration: none;\">\n                  <img src=\"https://storage.googleapis.com/production-gamification-assets/premium/CM Commerce.png\" class=\"advice-img img-thumbnail\">\n                  <img src=\"https://gamification.prestashop.com/api/getAdviceImg/1587561359950.png\" class=\"hide\">\n                  <p class=\"advice-description\" style=\"padding: 0 20px; display: table-cell; vertical-align: middle;\">Convierte email en el impulsor número 1 del crecimiento de tu tienda online.</p>\n                </a>\n              </section>\n            </div>\n            <script>\n              $(document).ready( function () {\n                var link = $(\'#wrap_id_advice_1587561359950 .preactivationLink\')[0].href;\n                link = encodeURIComponent(link);\n                var newUrl = \'https://gamification.prestashop.com/get_advice_link.php?id_advice=1587561359950&url=\'+link;\n                $(\'#wrap_id_advice_1587561359950 .preactivationLink\')[0].href = newUrl;\n              });\n            </script>\n          </div>'),
(197, 1, '<div id=\"wrap_id_advice_1571072800544\">\n            <div class=\"col-lg-6\">\n              <section id=\"\" class=\"panel panel-advice\" style=\"position: relative; padding: 10px; min-height: 75px;\">\n                <a href=\"#\" id=\"1571072800544\" class=\"close_link gamification_premium_close\" style=\"display: none; position: absolute; top: 10px; right: 10px;\">\n                  <i class=\"icon-remove\"></i>\n                </a>\n                <span class=\"gamification-close-confirmation hide\">\n                  ¿Está seguro?\n                  <button class=\"btn btn-default btn-sm\" data-advice=\"delete\">\n                    <i class=\"icon-trash\"></i>Eliminar\n                  </button>\n                  <button class=\"btn btn-default btn-sm\" data-advice=\"cancel\">Cancelar</button>\n                </span>\n                <a class=\"preactivationLink row\" rel=\"Mercado Pago\" href=\"{link}AdminModules{/link}&install=Mercado Pago&module_name=Mercado Pago&redirectconfig\" style=\"display: table; margin: 0; text-decoration: none;\">\n                  <img src=\"https://storage.googleapis.com/production-gamification-assets/premium/Mercado Pago.png?1590506838867?1591630398038\" class=\"advice-img img-thumbnail\">\n                  <img src=\"https://gamification.prestashop.com/api/getAdviceImg/1571072800544.png\" class=\"hide\">\n                  <p class=\"advice-description\" style=\"padding: 0 20px; display: table-cell; vertical-align: middle;\">Aumenta tus ventas y recibe pagos de inmediato con el Checkout Mercado Pago o Checkout transparente</p>\n                </a>\n              </section>\n            </div>\n            <script>\n              $(document).ready( function () {\n                var link = $(\'#wrap_id_advice_1571072800544 .preactivationLink\')[0].href;\n                link = encodeURIComponent(link);\n                var newUrl = \'https://gamification.prestashop.com/get_advice_link.php?id_advice=1571072800544&url=\'+link;\n                $(\'#wrap_id_advice_1571072800544 .preactivationLink\')[0].href = newUrl;\n              });\n            </script>\n          </div>'),
(197, 3, '<div id=\"wrap_id_advice_1571072800544\">\n            <div class=\"col-lg-6\">\n              <section id=\"\" class=\"panel panel-advice\" style=\"position: relative; padding: 10px; min-height: 75px;\">\n                <a href=\"#\" id=\"1571072800544\" class=\"close_link gamification_premium_close\" style=\"display: none; position: absolute; top: 10px; right: 10px;\">\n                  <i class=\"icon-remove\"></i>\n                </a>\n                <span class=\"gamification-close-confirmation hide\">\n                  ¿Está seguro?\n                  <button class=\"btn btn-default btn-sm\" data-advice=\"delete\">\n                    <i class=\"icon-trash\"></i>Eliminar\n                  </button>\n                  <button class=\"btn btn-default btn-sm\" data-advice=\"cancel\">Cancelar</button>\n                </span>\n                <a class=\"preactivationLink row\" rel=\"Mercado Pago\" href=\"{link}AdminModules{/link}&install=Mercado Pago&module_name=Mercado Pago&redirectconfig\" style=\"display: table; margin: 0; text-decoration: none;\">\n                  <img src=\"https://storage.googleapis.com/production-gamification-assets/premium/Mercado Pago.png?1590506838867?1591630398038\" class=\"advice-img img-thumbnail\">\n                  <img src=\"https://gamification.prestashop.com/api/getAdviceImg/1571072800544.png\" class=\"hide\">\n                  <p class=\"advice-description\" style=\"padding: 0 20px; display: table-cell; vertical-align: middle;\">Aumenta tus ventas y recibe pagos de inmediato con el Checkout Mercado Pago o Checkout transparente</p>\n                </a>\n              </section>\n            </div>\n            <script>\n              $(document).ready( function () {\n                var link = $(\'#wrap_id_advice_1571072800544 .preactivationLink\')[0].href;\n                link = encodeURIComponent(link);\n                var newUrl = \'https://gamification.prestashop.com/get_advice_link.php?id_advice=1571072800544&url=\'+link;\n                $(\'#wrap_id_advice_1571072800544 .preactivationLink\')[0].href = newUrl;\n              });\n            </script>\n          </div>'),
(197, 4, '<div id=\"wrap_id_advice_1571072800544\">\n            <div class=\"col-lg-6\">\n              <section id=\"\" class=\"panel panel-advice\" style=\"position: relative; padding: 10px; min-height: 75px;\">\n                <a href=\"#\" id=\"1571072800544\" class=\"close_link gamification_premium_close\" style=\"display: none; position: absolute; top: 10px; right: 10px;\">\n                  <i class=\"icon-remove\"></i>\n                </a>\n                <span class=\"gamification-close-confirmation hide\">\n                  ¿Está seguro?\n                  <button class=\"btn btn-default btn-sm\" data-advice=\"delete\">\n                    <i class=\"icon-trash\"></i>Eliminar\n                  </button>\n                  <button class=\"btn btn-default btn-sm\" data-advice=\"cancel\">Cancelar</button>\n                </span>\n                <a class=\"preactivationLink row\" rel=\"Mercado Pago\" href=\"{link}AdminModules{/link}&install=Mercado Pago&module_name=Mercado Pago&redirectconfig\" style=\"display: table; margin: 0; text-decoration: none;\">\n                  <img src=\"https://storage.googleapis.com/production-gamification-assets/premium/Mercado Pago.png?1590506838867?1591630398038\" class=\"advice-img img-thumbnail\">\n                  <img src=\"https://gamification.prestashop.com/api/getAdviceImg/1571072800544.png\" class=\"hide\">\n                  <p class=\"advice-description\" style=\"padding: 0 20px; display: table-cell; vertical-align: middle;\">Aumenta tus ventas y recibe pagos de inmediato con el Checkout Mercado Pago o Checkout transparente</p>\n                </a>\n              </section>\n            </div>\n            <script>\n              $(document).ready( function () {\n                var link = $(\'#wrap_id_advice_1571072800544 .preactivationLink\')[0].href;\n                link = encodeURIComponent(link);\n                var newUrl = \'https://gamification.prestashop.com/get_advice_link.php?id_advice=1571072800544&url=\'+link;\n                $(\'#wrap_id_advice_1571072800544 .preactivationLink\')[0].href = newUrl;\n              });\n            </script>\n          </div>'),
(198, 1, '<div id=\"wrap_id_advice_1589441914947\">\n            <div class=\"col-lg-6\">\n              <section id=\"\" class=\"panel panel-advice\" style=\"position: relative; padding: 10px; min-height: 75px;\">\n                <a href=\"#\" id=\"1589441914947\" class=\"close_link gamification_premium_close\" style=\"display: none; position: absolute; top: 10px; right: 10px;\">\n                  <i class=\"icon-remove\"></i>\n                </a>\n                <span class=\"gamification-close-confirmation hide\">\n                  ¿Está seguro?\n                  <button class=\"btn btn-default btn-sm\" data-advice=\"delete\">\n                    <i class=\"icon-trash\"></i>Eliminar\n                  </button>\n                  <button class=\"btn btn-default btn-sm\" data-advice=\"cancel\">Cancelar</button>\n                </span>\n                <a class=\"preactivationLink row\" rel=\"retailCRM\" href=\"{link}AdminModules{/link}&install=retailCRM&module_name=retailCRM&redirectconfig\" style=\"display: table; margin: 0; text-decoration: none;\">\n                  <img src=\"https://storage.googleapis.com/production-gamification-assets/premium/retailCRM.png\" class=\"advice-img img-thumbnail\">\n                  <img src=\"https://gamification.prestashop.com/api/getAdviceImg/1589441914947.png\" class=\"hide\">\n                  <p class=\"advice-description\" style=\"padding: 0 20px; display: table-cell; vertical-align: middle;\">Maneja tu Prestashop, Facebook, Instagram, WhatsApp y marketing en un solo lugar</p>\n                </a>\n              </section>\n            </div>\n            <script>\n              $(document).ready( function () {\n                var link = $(\'#wrap_id_advice_1589441914947 .preactivationLink\')[0].href;\n                link = encodeURIComponent(link);\n                var newUrl = \'https://gamification.prestashop.com/get_advice_link.php?id_advice=1589441914947&url=\'+link;\n                $(\'#wrap_id_advice_1589441914947 .preactivationLink\')[0].href = newUrl;\n              });\n            </script>\n          </div>'),
(198, 3, '<div id=\"wrap_id_advice_1589441914947\">\n            <div class=\"col-lg-6\">\n              <section id=\"\" class=\"panel panel-advice\" style=\"position: relative; padding: 10px; min-height: 75px;\">\n                <a href=\"#\" id=\"1589441914947\" class=\"close_link gamification_premium_close\" style=\"display: none; position: absolute; top: 10px; right: 10px;\">\n                  <i class=\"icon-remove\"></i>\n                </a>\n                <span class=\"gamification-close-confirmation hide\">\n                  ¿Está seguro?\n                  <button class=\"btn btn-default btn-sm\" data-advice=\"delete\">\n                    <i class=\"icon-trash\"></i>Eliminar\n                  </button>\n                  <button class=\"btn btn-default btn-sm\" data-advice=\"cancel\">Cancelar</button>\n                </span>\n                <a class=\"preactivationLink row\" rel=\"retailCRM\" href=\"{link}AdminModules{/link}&install=retailCRM&module_name=retailCRM&redirectconfig\" style=\"display: table; margin: 0; text-decoration: none;\">\n                  <img src=\"https://storage.googleapis.com/production-gamification-assets/premium/retailCRM.png\" class=\"advice-img img-thumbnail\">\n                  <img src=\"https://gamification.prestashop.com/api/getAdviceImg/1589441914947.png\" class=\"hide\">\n                  <p class=\"advice-description\" style=\"padding: 0 20px; display: table-cell; vertical-align: middle;\">Maneja tu Prestashop, Facebook, Instagram, WhatsApp y marketing en un solo lugar</p>\n                </a>\n              </section>\n            </div>\n            <script>\n              $(document).ready( function () {\n                var link = $(\'#wrap_id_advice_1589441914947 .preactivationLink\')[0].href;\n                link = encodeURIComponent(link);\n                var newUrl = \'https://gamification.prestashop.com/get_advice_link.php?id_advice=1589441914947&url=\'+link;\n                $(\'#wrap_id_advice_1589441914947 .preactivationLink\')[0].href = newUrl;\n              });\n            </script>\n          </div>'),
(198, 4, '<div id=\"wrap_id_advice_1589441914947\">\n            <div class=\"col-lg-6\">\n              <section id=\"\" class=\"panel panel-advice\" style=\"position: relative; padding: 10px; min-height: 75px;\">\n                <a href=\"#\" id=\"1589441914947\" class=\"close_link gamification_premium_close\" style=\"display: none; position: absolute; top: 10px; right: 10px;\">\n                  <i class=\"icon-remove\"></i>\n                </a>\n                <span class=\"gamification-close-confirmation hide\">\n                  ¿Está seguro?\n                  <button class=\"btn btn-default btn-sm\" data-advice=\"delete\">\n                    <i class=\"icon-trash\"></i>Eliminar\n                  </button>\n                  <button class=\"btn btn-default btn-sm\" data-advice=\"cancel\">Cancelar</button>\n                </span>\n                <a class=\"preactivationLink row\" rel=\"retailCRM\" href=\"{link}AdminModules{/link}&install=retailCRM&module_name=retailCRM&redirectconfig\" style=\"display: table; margin: 0; text-decoration: none;\">\n                  <img src=\"https://storage.googleapis.com/production-gamification-assets/premium/retailCRM.png\" class=\"advice-img img-thumbnail\">\n                  <img src=\"https://gamification.prestashop.com/api/getAdviceImg/1589441914947.png\" class=\"hide\">\n                  <p class=\"advice-description\" style=\"padding: 0 20px; display: table-cell; vertical-align: middle;\">Maneja tu Prestashop, Facebook, Instagram, WhatsApp y marketing en un solo lugar</p>\n                </a>\n              </section>\n            </div>\n            <script>\n              $(document).ready( function () {\n                var link = $(\'#wrap_id_advice_1589441914947 .preactivationLink\')[0].href;\n                link = encodeURIComponent(link);\n                var newUrl = \'https://gamification.prestashop.com/get_advice_link.php?id_advice=1589441914947&url=\'+link;\n                $(\'#wrap_id_advice_1589441914947 .preactivationLink\')[0].href = newUrl;\n              });\n            </script>\n          </div>'),
(201, 1, ' <div id=\"wrap_id_advice_1587565713924\"> <section id=\"0_CM Commerce\" class=\"panel\" style=\"display:none\"> <header class=\"panel-heading\"> <span class=\"icon-lightbulb\"></span> Consejo del día </header> <div class=\"panel-body\" style=\"padding:0\"> <img class=\"img-responsive\" src=\"https://storage.googleapis.com/production-gamification-assets/tips/CM Commerce.png\" style=\"float:right; margin-left: 5px;\"> <img src=\"https://gamification.prestashop.com/api/getAdviceImg/1587565713924.png\"/> <p> <b>¿Sabías que las marcas que usan opiniones de sus clientes en sus emails de carritos abandonados, experimentan aumentos del 5% al 15% en su tasa de recuperación?</b> </p> <p> CM Commerce combina automatizaciones de email con prueba social para recuperar más ingresos perdidos. </p> <span class=\"text-right\" style=\"float:right\"> <a class=\"btn btn-default\" target=\"_blank\" href=\"https://gamification.prestashop.com/get_advice_link.php?id_advice=1587565713924&url=https://addons.prestashop.com/es/remarketing-carritos-abandonados/48652-cm-commerce.html%3Futm_source%3Dback-office%26utm_medium%3Dtipoftheday%26utm_campaign%3Dpartenariats%26utm_content%3DCM Commerce\"> Más información </a> </span> </div> </section><script> $(document).ready( function () { $(\'#\'+rand(0)+\'_CM Commerce\').show(); }); function rand(nbr){ return Math.floor(Math.random()*(nbr+1)); } </script> </div>'),
(201, 3, ' <div id=\"wrap_id_advice_1587565713924\"> <section id=\"0_CM Commerce\" class=\"panel\" style=\"display:none\"> <header class=\"panel-heading\"> <span class=\"icon-lightbulb\"></span> Consejo del día </header> <div class=\"panel-body\" style=\"padding:0\"> <img class=\"img-responsive\" src=\"https://storage.googleapis.com/production-gamification-assets/tips/CM Commerce.png\" style=\"float:right; margin-left: 5px;\"> <img src=\"https://gamification.prestashop.com/api/getAdviceImg/1587565713924.png\"/> <p> <b>¿Sabías que las marcas que usan opiniones de sus clientes en sus emails de carritos abandonados, experimentan aumentos del 5% al 15% en su tasa de recuperación?</b> </p> <p> CM Commerce combina automatizaciones de email con prueba social para recuperar más ingresos perdidos. </p> <span class=\"text-right\" style=\"float:right\"> <a class=\"btn btn-default\" target=\"_blank\" href=\"https://gamification.prestashop.com/get_advice_link.php?id_advice=1587565713924&url=https://addons.prestashop.com/es/remarketing-carritos-abandonados/48652-cm-commerce.html%3Futm_source%3Dback-office%26utm_medium%3Dtipoftheday%26utm_campaign%3Dpartenariats%26utm_content%3DCM Commerce\"> Más información </a> </span> </div> </section><script> $(document).ready( function () { $(\'#\'+rand(0)+\'_CM Commerce\').show(); }); function rand(nbr){ return Math.floor(Math.random()*(nbr+1)); } </script> </div>'),
(201, 4, ' <div id=\"wrap_id_advice_1587565713924\"> <section id=\"0_CM Commerce\" class=\"panel\" style=\"display:none\"> <header class=\"panel-heading\"> <span class=\"icon-lightbulb\"></span> Consejo del día </header> <div class=\"panel-body\" style=\"padding:0\"> <img class=\"img-responsive\" src=\"https://storage.googleapis.com/production-gamification-assets/tips/CM Commerce.png\" style=\"float:right; margin-left: 5px;\"> <img src=\"https://gamification.prestashop.com/api/getAdviceImg/1587565713924.png\"/> <p> <b>¿Sabías que las marcas que usan opiniones de sus clientes en sus emails de carritos abandonados, experimentan aumentos del 5% al 15% en su tasa de recuperación?</b> </p> <p> CM Commerce combina automatizaciones de email con prueba social para recuperar más ingresos perdidos. </p> <span class=\"text-right\" style=\"float:right\"> <a class=\"btn btn-default\" target=\"_blank\" href=\"https://gamification.prestashop.com/get_advice_link.php?id_advice=1587565713924&url=https://addons.prestashop.com/es/remarketing-carritos-abandonados/48652-cm-commerce.html%3Futm_source%3Dback-office%26utm_medium%3Dtipoftheday%26utm_campaign%3Dpartenariats%26utm_content%3DCM Commerce\"> Más información </a> </span> </div> </section><script> $(document).ready( function () { $(\'#\'+rand(0)+\'_CM Commerce\').show(); }); function rand(nbr){ return Math.floor(Math.random()*(nbr+1)); } </script> </div>'),
(202, 1, ' <div id=\"wrap_id_advice_1533286918885\"> <section id=\"0_Mailchimp\" class=\"panel\" style=\"display:none\"> <header class=\"panel-heading\"> <span class=\"icon-lightbulb\"></span> Consejo del día </header> <div class=\"panel-body\" style=\"padding:0\"> <img class=\"img-responsive\" src=\"https://storage.googleapis.com/production-gamification-assets/tips/Mailchimp.png\" style=\"float:right; margin-left: 5px;\"> <img src=\"https://gamification.prestashop.com/api/getAdviceImg/1533286918885.png\"/> <p> <b>Aumente las ventas recordando a los clientes los artículos que han dejado atrás</b> </p> <p> El 67 % de las cestas de compra en internet se abandonan antes del pago. Los correos electrónicos de cestas sin compra le ayudan a hacer un seguimiento de las personas que salen sin comprar y les convencen para finalizarla.  </p> <span class=\"text-right\" style=\"float:right\"> <a class=\"btn btn-default\" target=\"_blank\" href=\"https://gamification.prestashop.com/get_advice_link.php?id_advice=1533286918885&url=https://addons.prestashop.com/es/newsletter-sms/26957-mailchimp-for-prestashop.html%3Futm_source%3Dback-office%26utm_medium%3Dtipoftheday%26utm_campaign%3Dpartenariats%26utm_content%3DMailchimp\"> Empiece a recuperar las ventas perdidas </a> </span> </div> </section><section id=\"1_Mailchimp\" class=\"panel\" style=\"display:none\"> <header class=\"panel-heading\"> <span class=\"icon-lightbulb\"></span> Consejo del día </header> <div class=\"panel-body\" style=\"padding:0\"> <img class=\"img-responsive\" src=\"https://storage.googleapis.com/production-gamification-assets/tips/Mailchimp.png\" style=\"float:right; margin-left: 5px;\"> <img src=\"https://gamification.prestashop.com/api/getAdviceImg/1533286918885.png\"/> <p> <b>Venda más cosas recompensando a los clientes leales</b> </p> <p> Recompense a sus mejores clientes con una serie de correos electrónicos automatizados que contengan cupones especiales u otras ofertas exclusivas, y obtenga casi 5 veces más pedidos por destinatario que un correo electrónico masivo normal.  </p> <span class=\"text-right\" style=\"float:right\"> <a class=\"btn btn-default\" target=\"_blank\" href=\"https://gamification.prestashop.com/get_advice_link.php?id_advice=1533286918885&url=https://addons.prestashop.com/es/newsletter-sms/26957-mailchimp-for-prestashop.html%3Futm_source%3Dback-office%26utm_medium%3Dtipoftheday%26utm_campaign%3Dpartenariats%26utm_content%3DMailchimp\"> Empiece a dar las gracias a sus clientes </a> </span> </div> </section><section id=\"2_Mailchimp\" class=\"panel\" style=\"display:none\"> <header class=\"panel-heading\"> <span class=\"icon-lightbulb\"></span> Consejo del día </header> <div class=\"panel-body\" style=\"padding:0\"> <img class=\"img-responsive\" src=\"https://storage.googleapis.com/production-gamification-assets/tips/Mailchimp.png\" style=\"float:right; margin-left: 5px;\"> <img src=\"https://gamification.prestashop.com/api/getAdviceImg/1533286918885.png\"/> <p> <b>Aumente el compromiso y los ingresos aprendiendo más sobre su audiencia </b> </p> <p> Cree correos electrónicos personalizados y relevantes dirigidos a su público en función de datos demográficos como el sexo y la edad. </p> <span class=\"text-right\" style=\"float:right\"> <a class=\"btn btn-default\" target=\"_blank\" href=\"https://gamification.prestashop.com/get_advice_link.php?id_advice=1533286918885&url=https://addons.prestashop.com/es/newsletter-sms/26957-mailchimp-for-prestashop.html%3Futm_source%3Dback-office%26utm_medium%3Dtipoftheday%26utm_campaign%3Dpartenariats%26utm_content%3DMailchimp\"> Vea cómo MailChimp puede ayudar </a> </span> </div> </section><script> $(document).ready( function () { $(\'#\'+rand(2)+\'_Mailchimp\').show(); }); function rand(nbr){ return Math.floor(Math.random()*(nbr+1)); } </script> </div>'),
(202, 3, ' <div id=\"wrap_id_advice_1533286918885\"> <section id=\"0_Mailchimp\" class=\"panel\" style=\"display:none\"> <header class=\"panel-heading\"> <span class=\"icon-lightbulb\"></span> Consejo del día </header> <div class=\"panel-body\" style=\"padding:0\"> <img class=\"img-responsive\" src=\"https://storage.googleapis.com/production-gamification-assets/tips/Mailchimp.png\" style=\"float:right; margin-left: 5px;\"> <img src=\"https://gamification.prestashop.com/api/getAdviceImg/1533286918885.png\"/> <p> <b>Aumente las ventas recordando a los clientes los artículos que han dejado atrás</b> </p> <p> El 67 % de las cestas de compra en internet se abandonan antes del pago. Los correos electrónicos de cestas sin compra le ayudan a hacer un seguimiento de las personas que salen sin comprar y les convencen para finalizarla.  </p> <span class=\"text-right\" style=\"float:right\"> <a class=\"btn btn-default\" target=\"_blank\" href=\"https://gamification.prestashop.com/get_advice_link.php?id_advice=1533286918885&url=https://addons.prestashop.com/es/newsletter-sms/26957-mailchimp-for-prestashop.html%3Futm_source%3Dback-office%26utm_medium%3Dtipoftheday%26utm_campaign%3Dpartenariats%26utm_content%3DMailchimp\"> Empiece a recuperar las ventas perdidas </a> </span> </div> </section><section id=\"1_Mailchimp\" class=\"panel\" style=\"display:none\"> <header class=\"panel-heading\"> <span class=\"icon-lightbulb\"></span> Consejo del día </header> <div class=\"panel-body\" style=\"padding:0\"> <img class=\"img-responsive\" src=\"https://storage.googleapis.com/production-gamification-assets/tips/Mailchimp.png\" style=\"float:right; margin-left: 5px;\"> <img src=\"https://gamification.prestashop.com/api/getAdviceImg/1533286918885.png\"/> <p> <b>Venda más cosas recompensando a los clientes leales</b> </p> <p> Recompense a sus mejores clientes con una serie de correos electrónicos automatizados que contengan cupones especiales u otras ofertas exclusivas, y obtenga casi 5 veces más pedidos por destinatario que un correo electrónico masivo normal.  </p> <span class=\"text-right\" style=\"float:right\"> <a class=\"btn btn-default\" target=\"_blank\" href=\"https://gamification.prestashop.com/get_advice_link.php?id_advice=1533286918885&url=https://addons.prestashop.com/es/newsletter-sms/26957-mailchimp-for-prestashop.html%3Futm_source%3Dback-office%26utm_medium%3Dtipoftheday%26utm_campaign%3Dpartenariats%26utm_content%3DMailchimp\"> Empiece a dar las gracias a sus clientes </a> </span> </div> </section><section id=\"2_Mailchimp\" class=\"panel\" style=\"display:none\"> <header class=\"panel-heading\"> <span class=\"icon-lightbulb\"></span> Consejo del día </header> <div class=\"panel-body\" style=\"padding:0\"> <img class=\"img-responsive\" src=\"https://storage.googleapis.com/production-gamification-assets/tips/Mailchimp.png\" style=\"float:right; margin-left: 5px;\"> <img src=\"https://gamification.prestashop.com/api/getAdviceImg/1533286918885.png\"/> <p> <b>Aumente el compromiso y los ingresos aprendiendo más sobre su audiencia </b> </p> <p> Cree correos electrónicos personalizados y relevantes dirigidos a su público en función de datos demográficos como el sexo y la edad. </p> <span class=\"text-right\" style=\"float:right\"> <a class=\"btn btn-default\" target=\"_blank\" href=\"https://gamification.prestashop.com/get_advice_link.php?id_advice=1533286918885&url=https://addons.prestashop.com/es/newsletter-sms/26957-mailchimp-for-prestashop.html%3Futm_source%3Dback-office%26utm_medium%3Dtipoftheday%26utm_campaign%3Dpartenariats%26utm_content%3DMailchimp\"> Vea cómo MailChimp puede ayudar </a> </span> </div> </section><script> $(document).ready( function () { $(\'#\'+rand(2)+\'_Mailchimp\').show(); }); function rand(nbr){ return Math.floor(Math.random()*(nbr+1)); } </script> </div>'),
(202, 4, ' <div id=\"wrap_id_advice_1533286918885\"> <section id=\"0_Mailchimp\" class=\"panel\" style=\"display:none\"> <header class=\"panel-heading\"> <span class=\"icon-lightbulb\"></span> Consejo del día </header> <div class=\"panel-body\" style=\"padding:0\"> <img class=\"img-responsive\" src=\"https://storage.googleapis.com/production-gamification-assets/tips/Mailchimp.png\" style=\"float:right; margin-left: 5px;\"> <img src=\"https://gamification.prestashop.com/api/getAdviceImg/1533286918885.png\"/> <p> <b>Aumente las ventas recordando a los clientes los artículos que han dejado atrás</b> </p> <p> El 67 % de las cestas de compra en internet se abandonan antes del pago. Los correos electrónicos de cestas sin compra le ayudan a hacer un seguimiento de las personas que salen sin comprar y les convencen para finalizarla.  </p> <span class=\"text-right\" style=\"float:right\"> <a class=\"btn btn-default\" target=\"_blank\" href=\"https://gamification.prestashop.com/get_advice_link.php?id_advice=1533286918885&url=https://addons.prestashop.com/es/newsletter-sms/26957-mailchimp-for-prestashop.html%3Futm_source%3Dback-office%26utm_medium%3Dtipoftheday%26utm_campaign%3Dpartenariats%26utm_content%3DMailchimp\"> Empiece a recuperar las ventas perdidas </a> </span> </div> </section><section id=\"1_Mailchimp\" class=\"panel\" style=\"display:none\"> <header class=\"panel-heading\"> <span class=\"icon-lightbulb\"></span> Consejo del día </header> <div class=\"panel-body\" style=\"padding:0\"> <img class=\"img-responsive\" src=\"https://storage.googleapis.com/production-gamification-assets/tips/Mailchimp.png\" style=\"float:right; margin-left: 5px;\"> <img src=\"https://gamification.prestashop.com/api/getAdviceImg/1533286918885.png\"/> <p> <b>Venda más cosas recompensando a los clientes leales</b> </p> <p> Recompense a sus mejores clientes con una serie de correos electrónicos automatizados que contengan cupones especiales u otras ofertas exclusivas, y obtenga casi 5 veces más pedidos por destinatario que un correo electrónico masivo normal.  </p> <span class=\"text-right\" style=\"float:right\"> <a class=\"btn btn-default\" target=\"_blank\" href=\"https://gamification.prestashop.com/get_advice_link.php?id_advice=1533286918885&url=https://addons.prestashop.com/es/newsletter-sms/26957-mailchimp-for-prestashop.html%3Futm_source%3Dback-office%26utm_medium%3Dtipoftheday%26utm_campaign%3Dpartenariats%26utm_content%3DMailchimp\"> Empiece a dar las gracias a sus clientes </a> </span> </div> </section><section id=\"2_Mailchimp\" class=\"panel\" style=\"display:none\"> <header class=\"panel-heading\"> <span class=\"icon-lightbulb\"></span> Consejo del día </header> <div class=\"panel-body\" style=\"padding:0\"> <img class=\"img-responsive\" src=\"https://storage.googleapis.com/production-gamification-assets/tips/Mailchimp.png\" style=\"float:right; margin-left: 5px;\"> <img src=\"https://gamification.prestashop.com/api/getAdviceImg/1533286918885.png\"/> <p> <b>Aumente el compromiso y los ingresos aprendiendo más sobre su audiencia </b> </p> <p> Cree correos electrónicos personalizados y relevantes dirigidos a su público en función de datos demográficos como el sexo y la edad. </p> <span class=\"text-right\" style=\"float:right\"> <a class=\"btn btn-default\" target=\"_blank\" href=\"https://gamification.prestashop.com/get_advice_link.php?id_advice=1533286918885&url=https://addons.prestashop.com/es/newsletter-sms/26957-mailchimp-for-prestashop.html%3Futm_source%3Dback-office%26utm_medium%3Dtipoftheday%26utm_campaign%3Dpartenariats%26utm_content%3DMailchimp\"> Vea cómo MailChimp puede ayudar </a> </span> </div> </section><script> $(document).ready( function () { $(\'#\'+rand(2)+\'_Mailchimp\').show(); }); function rand(nbr){ return Math.floor(Math.random()*(nbr+1)); } </script> </div>'),
(204, 1, '<div id=\"wrap_id_advice_1587561359950\">\n            <div class=\"col-lg-6\">\n              <section id=\"\" class=\"panel panel-advice\" style=\"position: relative; padding: 10px; min-height: 75px;\">\n                <a href=\"#\" id=\"1587561359950\" class=\"close_link gamification_premium_close\" style=\"display: none; position: absolute; top: 10px; right: 10px;\">\n                  <i class=\"icon-remove\"></i>\n                </a>\n                <span class=\"gamification-close-confirmation hide\">\n                  ¿Está seguro?\n                  <button class=\"btn btn-default btn-sm\" data-advice=\"delete\">\n                    <i class=\"icon-trash\"></i>Eliminar\n                  </button>\n                  <button class=\"btn btn-default btn-sm\" data-advice=\"cancel\">Cancelar</button>\n                </span>\n                <a class=\"preactivationLink row\" rel=\"CM Commerce\" href=\"{link}AdminModules{/link}&install=CM Commerce&module_name=CM Commerce&redirectconfig\" style=\"display: table; margin: 0; text-decoration: none;\">\n                  <img src=\"https://storage.googleapis.com/production-gamification-assets/premium/CM Commerce.png\" class=\"advice-img img-thumbnail\">\n                  <img src=\"https://gamification.prestashop.com/api/getAdviceImg/1587561359950.png\" class=\"hide\">\n                  <p class=\"advice-description\" style=\"padding: 0 20px; display: table-cell; vertical-align: middle;\">Convierte email en el impulsor número 1 del crecimiento de tu tienda online.</p>\n                </a>\n              </section>\n            </div>\n            <script>\n              $(document).ready( function () {\n                var link = $(\'#wrap_id_advice_1587561359950 .preactivationLink\')[0].href;\n                link = encodeURIComponent(link);\n                var newUrl = \'https://gamification.prestashop.com/get_advice_link.php?id_advice=1587561359950&url=\'+link;\n                $(\'#wrap_id_advice_1587561359950 .preactivationLink\')[0].href = newUrl;\n              });\n            </script>\n          </div>'),
(204, 3, '<div id=\"wrap_id_advice_1587561359950\">\n            <div class=\"col-lg-6\">\n              <section id=\"\" class=\"panel panel-advice\" style=\"position: relative; padding: 10px; min-height: 75px;\">\n                <a href=\"#\" id=\"1587561359950\" class=\"close_link gamification_premium_close\" style=\"display: none; position: absolute; top: 10px; right: 10px;\">\n                  <i class=\"icon-remove\"></i>\n                </a>\n                <span class=\"gamification-close-confirmation hide\">\n                  ¿Está seguro?\n                  <button class=\"btn btn-default btn-sm\" data-advice=\"delete\">\n                    <i class=\"icon-trash\"></i>Eliminar\n                  </button>\n                  <button class=\"btn btn-default btn-sm\" data-advice=\"cancel\">Cancelar</button>\n                </span>\n                <a class=\"preactivationLink row\" rel=\"CM Commerce\" href=\"{link}AdminModules{/link}&install=CM Commerce&module_name=CM Commerce&redirectconfig\" style=\"display: table; margin: 0; text-decoration: none;\">\n                  <img src=\"https://storage.googleapis.com/production-gamification-assets/premium/CM Commerce.png\" class=\"advice-img img-thumbnail\">\n                  <img src=\"https://gamification.prestashop.com/api/getAdviceImg/1587561359950.png\" class=\"hide\">\n                  <p class=\"advice-description\" style=\"padding: 0 20px; display: table-cell; vertical-align: middle;\">Convierte email en el impulsor número 1 del crecimiento de tu tienda online.</p>\n                </a>\n              </section>\n            </div>\n            <script>\n              $(document).ready( function () {\n                var link = $(\'#wrap_id_advice_1587561359950 .preactivationLink\')[0].href;\n                link = encodeURIComponent(link);\n                var newUrl = \'https://gamification.prestashop.com/get_advice_link.php?id_advice=1587561359950&url=\'+link;\n                $(\'#wrap_id_advice_1587561359950 .preactivationLink\')[0].href = newUrl;\n              });\n            </script>\n          </div>'),
(204, 4, '<div id=\"wrap_id_advice_1587561359950\">\n            <div class=\"col-lg-6\">\n              <section id=\"\" class=\"panel panel-advice\" style=\"position: relative; padding: 10px; min-height: 75px;\">\n                <a href=\"#\" id=\"1587561359950\" class=\"close_link gamification_premium_close\" style=\"display: none; position: absolute; top: 10px; right: 10px;\">\n                  <i class=\"icon-remove\"></i>\n                </a>\n                <span class=\"gamification-close-confirmation hide\">\n                  ¿Está seguro?\n                  <button class=\"btn btn-default btn-sm\" data-advice=\"delete\">\n                    <i class=\"icon-trash\"></i>Eliminar\n                  </button>\n                  <button class=\"btn btn-default btn-sm\" data-advice=\"cancel\">Cancelar</button>\n                </span>\n                <a class=\"preactivationLink row\" rel=\"CM Commerce\" href=\"{link}AdminModules{/link}&install=CM Commerce&module_name=CM Commerce&redirectconfig\" style=\"display: table; margin: 0; text-decoration: none;\">\n                  <img src=\"https://storage.googleapis.com/production-gamification-assets/premium/CM Commerce.png\" class=\"advice-img img-thumbnail\">\n                  <img src=\"https://gamification.prestashop.com/api/getAdviceImg/1587561359950.png\" class=\"hide\">\n                  <p class=\"advice-description\" style=\"padding: 0 20px; display: table-cell; vertical-align: middle;\">Convierte email en el impulsor número 1 del crecimiento de tu tienda online.</p>\n                </a>\n              </section>\n            </div>\n            <script>\n              $(document).ready( function () {\n                var link = $(\'#wrap_id_advice_1587561359950 .preactivationLink\')[0].href;\n                link = encodeURIComponent(link);\n                var newUrl = \'https://gamification.prestashop.com/get_advice_link.php?id_advice=1587561359950&url=\'+link;\n                $(\'#wrap_id_advice_1587561359950 .preactivationLink\')[0].href = newUrl;\n              });\n            </script>\n          </div>'),
(205, 1, '<div id=\"wrap_id_advice_1571072800544\">\n            <div class=\"col-lg-6\">\n              <section id=\"\" class=\"panel panel-advice\" style=\"position: relative; padding: 10px; min-height: 75px;\">\n                <a href=\"#\" id=\"1571072800544\" class=\"close_link gamification_premium_close\" style=\"display: none; position: absolute; top: 10px; right: 10px;\">\n                  <i class=\"icon-remove\"></i>\n                </a>\n                <span class=\"gamification-close-confirmation hide\">\n                  ¿Está seguro?\n                  <button class=\"btn btn-default btn-sm\" data-advice=\"delete\">\n                    <i class=\"icon-trash\"></i>Eliminar\n                  </button>\n                  <button class=\"btn btn-default btn-sm\" data-advice=\"cancel\">Cancelar</button>\n                </span>\n                <a class=\"preactivationLink row\" rel=\"Mercado Pago\" href=\"{link}AdminModules{/link}&install=Mercado Pago&module_name=Mercado Pago&redirectconfig\" style=\"display: table; margin: 0; text-decoration: none;\">\n                  <img src=\"https://storage.googleapis.com/production-gamification-assets/premium/Mercado Pago.png?1590506838867?1591630398038\" class=\"advice-img img-thumbnail\">\n                  <img src=\"https://gamification.prestashop.com/api/getAdviceImg/1571072800544.png\" class=\"hide\">\n                  <p class=\"advice-description\" style=\"padding: 0 20px; display: table-cell; vertical-align: middle;\">Aumenta tus ventas y recibe pagos de inmediato con el Checkout Mercado Pago o Checkout transparente</p>\n                </a>\n              </section>\n            </div>\n            <script>\n              $(document).ready( function () {\n                var link = $(\'#wrap_id_advice_1571072800544 .preactivationLink\')[0].href;\n                link = encodeURIComponent(link);\n                var newUrl = \'https://gamification.prestashop.com/get_advice_link.php?id_advice=1571072800544&url=\'+link;\n                $(\'#wrap_id_advice_1571072800544 .preactivationLink\')[0].href = newUrl;\n              });\n            </script>\n          </div>'),
(205, 3, '<div id=\"wrap_id_advice_1571072800544\">\n            <div class=\"col-lg-6\">\n              <section id=\"\" class=\"panel panel-advice\" style=\"position: relative; padding: 10px; min-height: 75px;\">\n                <a href=\"#\" id=\"1571072800544\" class=\"close_link gamification_premium_close\" style=\"display: none; position: absolute; top: 10px; right: 10px;\">\n                  <i class=\"icon-remove\"></i>\n                </a>\n                <span class=\"gamification-close-confirmation hide\">\n                  ¿Está seguro?\n                  <button class=\"btn btn-default btn-sm\" data-advice=\"delete\">\n                    <i class=\"icon-trash\"></i>Eliminar\n                  </button>\n                  <button class=\"btn btn-default btn-sm\" data-advice=\"cancel\">Cancelar</button>\n                </span>\n                <a class=\"preactivationLink row\" rel=\"Mercado Pago\" href=\"{link}AdminModules{/link}&install=Mercado Pago&module_name=Mercado Pago&redirectconfig\" style=\"display: table; margin: 0; text-decoration: none;\">\n                  <img src=\"https://storage.googleapis.com/production-gamification-assets/premium/Mercado Pago.png?1590506838867?1591630398038\" class=\"advice-img img-thumbnail\">\n                  <img src=\"https://gamification.prestashop.com/api/getAdviceImg/1571072800544.png\" class=\"hide\">\n                  <p class=\"advice-description\" style=\"padding: 0 20px; display: table-cell; vertical-align: middle;\">Aumenta tus ventas y recibe pagos de inmediato con el Checkout Mercado Pago o Checkout transparente</p>\n                </a>\n              </section>\n            </div>\n            <script>\n              $(document).ready( function () {\n                var link = $(\'#wrap_id_advice_1571072800544 .preactivationLink\')[0].href;\n                link = encodeURIComponent(link);\n                var newUrl = \'https://gamification.prestashop.com/get_advice_link.php?id_advice=1571072800544&url=\'+link;\n                $(\'#wrap_id_advice_1571072800544 .preactivationLink\')[0].href = newUrl;\n              });\n            </script>\n          </div>'),
(205, 4, '<div id=\"wrap_id_advice_1571072800544\">\n            <div class=\"col-lg-6\">\n              <section id=\"\" class=\"panel panel-advice\" style=\"position: relative; padding: 10px; min-height: 75px;\">\n                <a href=\"#\" id=\"1571072800544\" class=\"close_link gamification_premium_close\" style=\"display: none; position: absolute; top: 10px; right: 10px;\">\n                  <i class=\"icon-remove\"></i>\n                </a>\n                <span class=\"gamification-close-confirmation hide\">\n                  ¿Está seguro?\n                  <button class=\"btn btn-default btn-sm\" data-advice=\"delete\">\n                    <i class=\"icon-trash\"></i>Eliminar\n                  </button>\n                  <button class=\"btn btn-default btn-sm\" data-advice=\"cancel\">Cancelar</button>\n                </span>\n                <a class=\"preactivationLink row\" rel=\"Mercado Pago\" href=\"{link}AdminModules{/link}&install=Mercado Pago&module_name=Mercado Pago&redirectconfig\" style=\"display: table; margin: 0; text-decoration: none;\">\n                  <img src=\"https://storage.googleapis.com/production-gamification-assets/premium/Mercado Pago.png?1590506838867?1591630398038\" class=\"advice-img img-thumbnail\">\n                  <img src=\"https://gamification.prestashop.com/api/getAdviceImg/1571072800544.png\" class=\"hide\">\n                  <p class=\"advice-description\" style=\"padding: 0 20px; display: table-cell; vertical-align: middle;\">Aumenta tus ventas y recibe pagos de inmediato con el Checkout Mercado Pago o Checkout transparente</p>\n                </a>\n              </section>\n            </div>\n            <script>\n              $(document).ready( function () {\n                var link = $(\'#wrap_id_advice_1571072800544 .preactivationLink\')[0].href;\n                link = encodeURIComponent(link);\n                var newUrl = \'https://gamification.prestashop.com/get_advice_link.php?id_advice=1571072800544&url=\'+link;\n                $(\'#wrap_id_advice_1571072800544 .preactivationLink\')[0].href = newUrl;\n              });\n            </script>\n          </div>');
INSERT INTO `pr_advice_lang` (`id_advice`, `id_lang`, `html`) VALUES
(206, 1, '<div id=\"wrap_id_advice_1589441914947\">\n            <div class=\"col-lg-6\">\n              <section id=\"\" class=\"panel panel-advice\" style=\"position: relative; padding: 10px; min-height: 75px;\">\n                <a href=\"#\" id=\"1589441914947\" class=\"close_link gamification_premium_close\" style=\"display: none; position: absolute; top: 10px; right: 10px;\">\n                  <i class=\"icon-remove\"></i>\n                </a>\n                <span class=\"gamification-close-confirmation hide\">\n                  ¿Está seguro?\n                  <button class=\"btn btn-default btn-sm\" data-advice=\"delete\">\n                    <i class=\"icon-trash\"></i>Eliminar\n                  </button>\n                  <button class=\"btn btn-default btn-sm\" data-advice=\"cancel\">Cancelar</button>\n                </span>\n                <a class=\"preactivationLink row\" rel=\"retailCRM\" href=\"{link}AdminModules{/link}&install=retailCRM&module_name=retailCRM&redirectconfig\" style=\"display: table; margin: 0; text-decoration: none;\">\n                  <img src=\"https://storage.googleapis.com/production-gamification-assets/premium/retailCRM.png\" class=\"advice-img img-thumbnail\">\n                  <img src=\"https://gamification.prestashop.com/api/getAdviceImg/1589441914947.png\" class=\"hide\">\n                  <p class=\"advice-description\" style=\"padding: 0 20px; display: table-cell; vertical-align: middle;\">Maneja tu Prestashop, Facebook, Instagram, WhatsApp y marketing en un solo lugar</p>\n                </a>\n              </section>\n            </div>\n            <script>\n              $(document).ready( function () {\n                var link = $(\'#wrap_id_advice_1589441914947 .preactivationLink\')[0].href;\n                link = encodeURIComponent(link);\n                var newUrl = \'https://gamification.prestashop.com/get_advice_link.php?id_advice=1589441914947&url=\'+link;\n                $(\'#wrap_id_advice_1589441914947 .preactivationLink\')[0].href = newUrl;\n              });\n            </script>\n          </div>'),
(206, 3, '<div id=\"wrap_id_advice_1589441914947\">\n            <div class=\"col-lg-6\">\n              <section id=\"\" class=\"panel panel-advice\" style=\"position: relative; padding: 10px; min-height: 75px;\">\n                <a href=\"#\" id=\"1589441914947\" class=\"close_link gamification_premium_close\" style=\"display: none; position: absolute; top: 10px; right: 10px;\">\n                  <i class=\"icon-remove\"></i>\n                </a>\n                <span class=\"gamification-close-confirmation hide\">\n                  ¿Está seguro?\n                  <button class=\"btn btn-default btn-sm\" data-advice=\"delete\">\n                    <i class=\"icon-trash\"></i>Eliminar\n                  </button>\n                  <button class=\"btn btn-default btn-sm\" data-advice=\"cancel\">Cancelar</button>\n                </span>\n                <a class=\"preactivationLink row\" rel=\"retailCRM\" href=\"{link}AdminModules{/link}&install=retailCRM&module_name=retailCRM&redirectconfig\" style=\"display: table; margin: 0; text-decoration: none;\">\n                  <img src=\"https://storage.googleapis.com/production-gamification-assets/premium/retailCRM.png\" class=\"advice-img img-thumbnail\">\n                  <img src=\"https://gamification.prestashop.com/api/getAdviceImg/1589441914947.png\" class=\"hide\">\n                  <p class=\"advice-description\" style=\"padding: 0 20px; display: table-cell; vertical-align: middle;\">Maneja tu Prestashop, Facebook, Instagram, WhatsApp y marketing en un solo lugar</p>\n                </a>\n              </section>\n            </div>\n            <script>\n              $(document).ready( function () {\n                var link = $(\'#wrap_id_advice_1589441914947 .preactivationLink\')[0].href;\n                link = encodeURIComponent(link);\n                var newUrl = \'https://gamification.prestashop.com/get_advice_link.php?id_advice=1589441914947&url=\'+link;\n                $(\'#wrap_id_advice_1589441914947 .preactivationLink\')[0].href = newUrl;\n              });\n            </script>\n          </div>'),
(206, 4, '<div id=\"wrap_id_advice_1589441914947\">\n            <div class=\"col-lg-6\">\n              <section id=\"\" class=\"panel panel-advice\" style=\"position: relative; padding: 10px; min-height: 75px;\">\n                <a href=\"#\" id=\"1589441914947\" class=\"close_link gamification_premium_close\" style=\"display: none; position: absolute; top: 10px; right: 10px;\">\n                  <i class=\"icon-remove\"></i>\n                </a>\n                <span class=\"gamification-close-confirmation hide\">\n                  ¿Está seguro?\n                  <button class=\"btn btn-default btn-sm\" data-advice=\"delete\">\n                    <i class=\"icon-trash\"></i>Eliminar\n                  </button>\n                  <button class=\"btn btn-default btn-sm\" data-advice=\"cancel\">Cancelar</button>\n                </span>\n                <a class=\"preactivationLink row\" rel=\"retailCRM\" href=\"{link}AdminModules{/link}&install=retailCRM&module_name=retailCRM&redirectconfig\" style=\"display: table; margin: 0; text-decoration: none;\">\n                  <img src=\"https://storage.googleapis.com/production-gamification-assets/premium/retailCRM.png\" class=\"advice-img img-thumbnail\">\n                  <img src=\"https://gamification.prestashop.com/api/getAdviceImg/1589441914947.png\" class=\"hide\">\n                  <p class=\"advice-description\" style=\"padding: 0 20px; display: table-cell; vertical-align: middle;\">Maneja tu Prestashop, Facebook, Instagram, WhatsApp y marketing en un solo lugar</p>\n                </a>\n              </section>\n            </div>\n            <script>\n              $(document).ready( function () {\n                var link = $(\'#wrap_id_advice_1589441914947 .preactivationLink\')[0].href;\n                link = encodeURIComponent(link);\n                var newUrl = \'https://gamification.prestashop.com/get_advice_link.php?id_advice=1589441914947&url=\'+link;\n                $(\'#wrap_id_advice_1589441914947 .preactivationLink\')[0].href = newUrl;\n              });\n            </script>\n          </div>'),
(209, 1, ' <div id=\"wrap_id_advice_1587565713924\"> <section id=\"0_CM Commerce\" class=\"panel\" style=\"display:none\"> <header class=\"panel-heading\"> <span class=\"icon-lightbulb\"></span> Consejo del día </header> <div class=\"panel-body\" style=\"padding:0\"> <img class=\"img-responsive\" src=\"https://storage.googleapis.com/production-gamification-assets/tips/CM Commerce.png\" style=\"float:right; margin-left: 5px;\"> <img src=\"https://gamification.prestashop.com/api/getAdviceImg/1587565713924.png\"/> <p> <b>¿Sabías que las marcas que usan opiniones de sus clientes en sus emails de carritos abandonados, experimentan aumentos del 5% al 15% en su tasa de recuperación?</b> </p> <p> CM Commerce combina automatizaciones de email con prueba social para recuperar más ingresos perdidos. </p> <span class=\"text-right\" style=\"float:right\"> <a class=\"btn btn-default\" target=\"_blank\" href=\"https://gamification.prestashop.com/get_advice_link.php?id_advice=1587565713924&url=https://addons.prestashop.com/es/remarketing-carritos-abandonados/48652-cm-commerce.html%3Futm_source%3Dback-office%26utm_medium%3Dtipoftheday%26utm_campaign%3Dpartenariats%26utm_content%3DCM Commerce\"> Más información </a> </span> </div> </section><script> $(document).ready( function () { $(\'#\'+rand(0)+\'_CM Commerce\').show(); }); function rand(nbr){ return Math.floor(Math.random()*(nbr+1)); } </script> </div>'),
(209, 3, ' <div id=\"wrap_id_advice_1587565713924\"> <section id=\"0_CM Commerce\" class=\"panel\" style=\"display:none\"> <header class=\"panel-heading\"> <span class=\"icon-lightbulb\"></span> Consejo del día </header> <div class=\"panel-body\" style=\"padding:0\"> <img class=\"img-responsive\" src=\"https://storage.googleapis.com/production-gamification-assets/tips/CM Commerce.png\" style=\"float:right; margin-left: 5px;\"> <img src=\"https://gamification.prestashop.com/api/getAdviceImg/1587565713924.png\"/> <p> <b>¿Sabías que las marcas que usan opiniones de sus clientes en sus emails de carritos abandonados, experimentan aumentos del 5% al 15% en su tasa de recuperación?</b> </p> <p> CM Commerce combina automatizaciones de email con prueba social para recuperar más ingresos perdidos. </p> <span class=\"text-right\" style=\"float:right\"> <a class=\"btn btn-default\" target=\"_blank\" href=\"https://gamification.prestashop.com/get_advice_link.php?id_advice=1587565713924&url=https://addons.prestashop.com/es/remarketing-carritos-abandonados/48652-cm-commerce.html%3Futm_source%3Dback-office%26utm_medium%3Dtipoftheday%26utm_campaign%3Dpartenariats%26utm_content%3DCM Commerce\"> Más información </a> </span> </div> </section><script> $(document).ready( function () { $(\'#\'+rand(0)+\'_CM Commerce\').show(); }); function rand(nbr){ return Math.floor(Math.random()*(nbr+1)); } </script> </div>'),
(209, 4, ' <div id=\"wrap_id_advice_1587565713924\"> <section id=\"0_CM Commerce\" class=\"panel\" style=\"display:none\"> <header class=\"panel-heading\"> <span class=\"icon-lightbulb\"></span> Consejo del día </header> <div class=\"panel-body\" style=\"padding:0\"> <img class=\"img-responsive\" src=\"https://storage.googleapis.com/production-gamification-assets/tips/CM Commerce.png\" style=\"float:right; margin-left: 5px;\"> <img src=\"https://gamification.prestashop.com/api/getAdviceImg/1587565713924.png\"/> <p> <b>¿Sabías que las marcas que usan opiniones de sus clientes en sus emails de carritos abandonados, experimentan aumentos del 5% al 15% en su tasa de recuperación?</b> </p> <p> CM Commerce combina automatizaciones de email con prueba social para recuperar más ingresos perdidos. </p> <span class=\"text-right\" style=\"float:right\"> <a class=\"btn btn-default\" target=\"_blank\" href=\"https://gamification.prestashop.com/get_advice_link.php?id_advice=1587565713924&url=https://addons.prestashop.com/es/remarketing-carritos-abandonados/48652-cm-commerce.html%3Futm_source%3Dback-office%26utm_medium%3Dtipoftheday%26utm_campaign%3Dpartenariats%26utm_content%3DCM Commerce\"> Más información </a> </span> </div> </section><script> $(document).ready( function () { $(\'#\'+rand(0)+\'_CM Commerce\').show(); }); function rand(nbr){ return Math.floor(Math.random()*(nbr+1)); } </script> </div>'),
(210, 1, ' <div id=\"wrap_id_advice_1533286918885\"> <section id=\"0_Mailchimp\" class=\"panel\" style=\"display:none\"> <header class=\"panel-heading\"> <span class=\"icon-lightbulb\"></span> Consejo del día </header> <div class=\"panel-body\" style=\"padding:0\"> <img class=\"img-responsive\" src=\"https://storage.googleapis.com/production-gamification-assets/tips/Mailchimp.png\" style=\"float:right; margin-left: 5px;\"> <img src=\"https://gamification.prestashop.com/api/getAdviceImg/1533286918885.png\"/> <p> <b>Aumente las ventas recordando a los clientes los artículos que han dejado atrás</b> </p> <p> El 67 % de las cestas de compra en internet se abandonan antes del pago. Los correos electrónicos de cestas sin compra le ayudan a hacer un seguimiento de las personas que salen sin comprar y les convencen para finalizarla.  </p> <span class=\"text-right\" style=\"float:right\"> <a class=\"btn btn-default\" target=\"_blank\" href=\"https://gamification.prestashop.com/get_advice_link.php?id_advice=1533286918885&url=https://addons.prestashop.com/es/newsletter-sms/26957-mailchimp-for-prestashop.html%3Futm_source%3Dback-office%26utm_medium%3Dtipoftheday%26utm_campaign%3Dpartenariats%26utm_content%3DMailchimp\"> Empiece a recuperar las ventas perdidas </a> </span> </div> </section><section id=\"1_Mailchimp\" class=\"panel\" style=\"display:none\"> <header class=\"panel-heading\"> <span class=\"icon-lightbulb\"></span> Consejo del día </header> <div class=\"panel-body\" style=\"padding:0\"> <img class=\"img-responsive\" src=\"https://storage.googleapis.com/production-gamification-assets/tips/Mailchimp.png\" style=\"float:right; margin-left: 5px;\"> <img src=\"https://gamification.prestashop.com/api/getAdviceImg/1533286918885.png\"/> <p> <b>Venda más cosas recompensando a los clientes leales</b> </p> <p> Recompense a sus mejores clientes con una serie de correos electrónicos automatizados que contengan cupones especiales u otras ofertas exclusivas, y obtenga casi 5 veces más pedidos por destinatario que un correo electrónico masivo normal.  </p> <span class=\"text-right\" style=\"float:right\"> <a class=\"btn btn-default\" target=\"_blank\" href=\"https://gamification.prestashop.com/get_advice_link.php?id_advice=1533286918885&url=https://addons.prestashop.com/es/newsletter-sms/26957-mailchimp-for-prestashop.html%3Futm_source%3Dback-office%26utm_medium%3Dtipoftheday%26utm_campaign%3Dpartenariats%26utm_content%3DMailchimp\"> Empiece a dar las gracias a sus clientes </a> </span> </div> </section><section id=\"2_Mailchimp\" class=\"panel\" style=\"display:none\"> <header class=\"panel-heading\"> <span class=\"icon-lightbulb\"></span> Consejo del día </header> <div class=\"panel-body\" style=\"padding:0\"> <img class=\"img-responsive\" src=\"https://storage.googleapis.com/production-gamification-assets/tips/Mailchimp.png\" style=\"float:right; margin-left: 5px;\"> <img src=\"https://gamification.prestashop.com/api/getAdviceImg/1533286918885.png\"/> <p> <b>Aumente el compromiso y los ingresos aprendiendo más sobre su audiencia </b> </p> <p> Cree correos electrónicos personalizados y relevantes dirigidos a su público en función de datos demográficos como el sexo y la edad. </p> <span class=\"text-right\" style=\"float:right\"> <a class=\"btn btn-default\" target=\"_blank\" href=\"https://gamification.prestashop.com/get_advice_link.php?id_advice=1533286918885&url=https://addons.prestashop.com/es/newsletter-sms/26957-mailchimp-for-prestashop.html%3Futm_source%3Dback-office%26utm_medium%3Dtipoftheday%26utm_campaign%3Dpartenariats%26utm_content%3DMailchimp\"> Vea cómo MailChimp puede ayudar </a> </span> </div> </section><script> $(document).ready( function () { $(\'#\'+rand(2)+\'_Mailchimp\').show(); }); function rand(nbr){ return Math.floor(Math.random()*(nbr+1)); } </script> </div>'),
(210, 3, ' <div id=\"wrap_id_advice_1533286918885\"> <section id=\"0_Mailchimp\" class=\"panel\" style=\"display:none\"> <header class=\"panel-heading\"> <span class=\"icon-lightbulb\"></span> Consejo del día </header> <div class=\"panel-body\" style=\"padding:0\"> <img class=\"img-responsive\" src=\"https://storage.googleapis.com/production-gamification-assets/tips/Mailchimp.png\" style=\"float:right; margin-left: 5px;\"> <img src=\"https://gamification.prestashop.com/api/getAdviceImg/1533286918885.png\"/> <p> <b>Aumente las ventas recordando a los clientes los artículos que han dejado atrás</b> </p> <p> El 67 % de las cestas de compra en internet se abandonan antes del pago. Los correos electrónicos de cestas sin compra le ayudan a hacer un seguimiento de las personas que salen sin comprar y les convencen para finalizarla.  </p> <span class=\"text-right\" style=\"float:right\"> <a class=\"btn btn-default\" target=\"_blank\" href=\"https://gamification.prestashop.com/get_advice_link.php?id_advice=1533286918885&url=https://addons.prestashop.com/es/newsletter-sms/26957-mailchimp-for-prestashop.html%3Futm_source%3Dback-office%26utm_medium%3Dtipoftheday%26utm_campaign%3Dpartenariats%26utm_content%3DMailchimp\"> Empiece a recuperar las ventas perdidas </a> </span> </div> </section><section id=\"1_Mailchimp\" class=\"panel\" style=\"display:none\"> <header class=\"panel-heading\"> <span class=\"icon-lightbulb\"></span> Consejo del día </header> <div class=\"panel-body\" style=\"padding:0\"> <img class=\"img-responsive\" src=\"https://storage.googleapis.com/production-gamification-assets/tips/Mailchimp.png\" style=\"float:right; margin-left: 5px;\"> <img src=\"https://gamification.prestashop.com/api/getAdviceImg/1533286918885.png\"/> <p> <b>Venda más cosas recompensando a los clientes leales</b> </p> <p> Recompense a sus mejores clientes con una serie de correos electrónicos automatizados que contengan cupones especiales u otras ofertas exclusivas, y obtenga casi 5 veces más pedidos por destinatario que un correo electrónico masivo normal.  </p> <span class=\"text-right\" style=\"float:right\"> <a class=\"btn btn-default\" target=\"_blank\" href=\"https://gamification.prestashop.com/get_advice_link.php?id_advice=1533286918885&url=https://addons.prestashop.com/es/newsletter-sms/26957-mailchimp-for-prestashop.html%3Futm_source%3Dback-office%26utm_medium%3Dtipoftheday%26utm_campaign%3Dpartenariats%26utm_content%3DMailchimp\"> Empiece a dar las gracias a sus clientes </a> </span> </div> </section><section id=\"2_Mailchimp\" class=\"panel\" style=\"display:none\"> <header class=\"panel-heading\"> <span class=\"icon-lightbulb\"></span> Consejo del día </header> <div class=\"panel-body\" style=\"padding:0\"> <img class=\"img-responsive\" src=\"https://storage.googleapis.com/production-gamification-assets/tips/Mailchimp.png\" style=\"float:right; margin-left: 5px;\"> <img src=\"https://gamification.prestashop.com/api/getAdviceImg/1533286918885.png\"/> <p> <b>Aumente el compromiso y los ingresos aprendiendo más sobre su audiencia </b> </p> <p> Cree correos electrónicos personalizados y relevantes dirigidos a su público en función de datos demográficos como el sexo y la edad. </p> <span class=\"text-right\" style=\"float:right\"> <a class=\"btn btn-default\" target=\"_blank\" href=\"https://gamification.prestashop.com/get_advice_link.php?id_advice=1533286918885&url=https://addons.prestashop.com/es/newsletter-sms/26957-mailchimp-for-prestashop.html%3Futm_source%3Dback-office%26utm_medium%3Dtipoftheday%26utm_campaign%3Dpartenariats%26utm_content%3DMailchimp\"> Vea cómo MailChimp puede ayudar </a> </span> </div> </section><script> $(document).ready( function () { $(\'#\'+rand(2)+\'_Mailchimp\').show(); }); function rand(nbr){ return Math.floor(Math.random()*(nbr+1)); } </script> </div>'),
(210, 4, ' <div id=\"wrap_id_advice_1533286918885\"> <section id=\"0_Mailchimp\" class=\"panel\" style=\"display:none\"> <header class=\"panel-heading\"> <span class=\"icon-lightbulb\"></span> Consejo del día </header> <div class=\"panel-body\" style=\"padding:0\"> <img class=\"img-responsive\" src=\"https://storage.googleapis.com/production-gamification-assets/tips/Mailchimp.png\" style=\"float:right; margin-left: 5px;\"> <img src=\"https://gamification.prestashop.com/api/getAdviceImg/1533286918885.png\"/> <p> <b>Aumente las ventas recordando a los clientes los artículos que han dejado atrás</b> </p> <p> El 67 % de las cestas de compra en internet se abandonan antes del pago. Los correos electrónicos de cestas sin compra le ayudan a hacer un seguimiento de las personas que salen sin comprar y les convencen para finalizarla.  </p> <span class=\"text-right\" style=\"float:right\"> <a class=\"btn btn-default\" target=\"_blank\" href=\"https://gamification.prestashop.com/get_advice_link.php?id_advice=1533286918885&url=https://addons.prestashop.com/es/newsletter-sms/26957-mailchimp-for-prestashop.html%3Futm_source%3Dback-office%26utm_medium%3Dtipoftheday%26utm_campaign%3Dpartenariats%26utm_content%3DMailchimp\"> Empiece a recuperar las ventas perdidas </a> </span> </div> </section><section id=\"1_Mailchimp\" class=\"panel\" style=\"display:none\"> <header class=\"panel-heading\"> <span class=\"icon-lightbulb\"></span> Consejo del día </header> <div class=\"panel-body\" style=\"padding:0\"> <img class=\"img-responsive\" src=\"https://storage.googleapis.com/production-gamification-assets/tips/Mailchimp.png\" style=\"float:right; margin-left: 5px;\"> <img src=\"https://gamification.prestashop.com/api/getAdviceImg/1533286918885.png\"/> <p> <b>Venda más cosas recompensando a los clientes leales</b> </p> <p> Recompense a sus mejores clientes con una serie de correos electrónicos automatizados que contengan cupones especiales u otras ofertas exclusivas, y obtenga casi 5 veces más pedidos por destinatario que un correo electrónico masivo normal.  </p> <span class=\"text-right\" style=\"float:right\"> <a class=\"btn btn-default\" target=\"_blank\" href=\"https://gamification.prestashop.com/get_advice_link.php?id_advice=1533286918885&url=https://addons.prestashop.com/es/newsletter-sms/26957-mailchimp-for-prestashop.html%3Futm_source%3Dback-office%26utm_medium%3Dtipoftheday%26utm_campaign%3Dpartenariats%26utm_content%3DMailchimp\"> Empiece a dar las gracias a sus clientes </a> </span> </div> </section><section id=\"2_Mailchimp\" class=\"panel\" style=\"display:none\"> <header class=\"panel-heading\"> <span class=\"icon-lightbulb\"></span> Consejo del día </header> <div class=\"panel-body\" style=\"padding:0\"> <img class=\"img-responsive\" src=\"https://storage.googleapis.com/production-gamification-assets/tips/Mailchimp.png\" style=\"float:right; margin-left: 5px;\"> <img src=\"https://gamification.prestashop.com/api/getAdviceImg/1533286918885.png\"/> <p> <b>Aumente el compromiso y los ingresos aprendiendo más sobre su audiencia </b> </p> <p> Cree correos electrónicos personalizados y relevantes dirigidos a su público en función de datos demográficos como el sexo y la edad. </p> <span class=\"text-right\" style=\"float:right\"> <a class=\"btn btn-default\" target=\"_blank\" href=\"https://gamification.prestashop.com/get_advice_link.php?id_advice=1533286918885&url=https://addons.prestashop.com/es/newsletter-sms/26957-mailchimp-for-prestashop.html%3Futm_source%3Dback-office%26utm_medium%3Dtipoftheday%26utm_campaign%3Dpartenariats%26utm_content%3DMailchimp\"> Vea cómo MailChimp puede ayudar </a> </span> </div> </section><script> $(document).ready( function () { $(\'#\'+rand(2)+\'_Mailchimp\').show(); }); function rand(nbr){ return Math.floor(Math.random()*(nbr+1)); } </script> </div>'),
(229, 1, '<div id=\"wrap_id_advice_87436260\">\n            <div class=\"col-lg-6\">\n              <section id=\"\" class=\"panel panel-advice\" style=\"position: relative; padding: 10px; min-height: 75px;\">\n                <a href=\"#\" id=\"87436260\" class=\"close_link gamification_premium_close\" style=\"display: none; position: absolute; top: 10px; right: 10px;\">\n                  <i class=\"icon-remove\"></i>\n                </a>\n                <span class=\"gamification-close-confirmation hide\">\n                  ¿Está seguro?\n                  <button class=\"btn btn-default btn-sm\" data-advice=\"delete\">\n                    <i class=\"icon-trash\"></i>Eliminar\n                  </button>\n                  <button class=\"btn btn-default btn-sm\" data-advice=\"cancel\">Cancelar</button>\n                </span>\n                <a class=\"preactivationLink row\" rel=\"CM Commerce\" href=\"{link}AdminModules{/link}&install=CM Commerce&module_name=CM Commerce&redirectconfig\" style=\"display: table; margin: 0; text-decoration: none;\">\n                  <img src=\"https://storage.googleapis.com/production-gamification-assets/premium/CM Commerce.png\" class=\"advice-img img-thumbnail\">\n                  <img src=\"https://gamification.prestashop.com/api/getAdviceImg/87436260.png\" class=\"hide\">\n                  <p class=\"advice-description\" style=\"padding: 0 20px; display: table-cell; vertical-align: middle;\">Convierte email en el impulsor número 1 del crecimiento de tu tienda online.</p>\n                </a>\n              </section>\n            </div>\n            <script>\n              $(document).ready( function () {\n                var link = $(\'#wrap_id_advice_87436260 .preactivationLink\')[0].href;\n                link = encodeURIComponent(link);\n                var newUrl = \'https://gamification.prestashop.com/get_advice_link.php?id_advice=87436260&url=\'+link;\n                $(\'#wrap_id_advice_87436260 .preactivationLink\')[0].href = newUrl;\n              });\n            </script>\n          </div>'),
(229, 3, '<div id=\"wrap_id_advice_87436260\">\n            <div class=\"col-lg-6\">\n              <section id=\"\" class=\"panel panel-advice\" style=\"position: relative; padding: 10px; min-height: 75px;\">\n                <a href=\"#\" id=\"87436260\" class=\"close_link gamification_premium_close\" style=\"display: none; position: absolute; top: 10px; right: 10px;\">\n                  <i class=\"icon-remove\"></i>\n                </a>\n                <span class=\"gamification-close-confirmation hide\">\n                  ¿Está seguro?\n                  <button class=\"btn btn-default btn-sm\" data-advice=\"delete\">\n                    <i class=\"icon-trash\"></i>Eliminar\n                  </button>\n                  <button class=\"btn btn-default btn-sm\" data-advice=\"cancel\">Cancelar</button>\n                </span>\n                <a class=\"preactivationLink row\" rel=\"CM Commerce\" href=\"{link}AdminModules{/link}&install=CM Commerce&module_name=CM Commerce&redirectconfig\" style=\"display: table; margin: 0; text-decoration: none;\">\n                  <img src=\"https://storage.googleapis.com/production-gamification-assets/premium/CM Commerce.png\" class=\"advice-img img-thumbnail\">\n                  <img src=\"https://gamification.prestashop.com/api/getAdviceImg/87436260.png\" class=\"hide\">\n                  <p class=\"advice-description\" style=\"padding: 0 20px; display: table-cell; vertical-align: middle;\">Convierte email en el impulsor número 1 del crecimiento de tu tienda online.</p>\n                </a>\n              </section>\n            </div>\n            <script>\n              $(document).ready( function () {\n                var link = $(\'#wrap_id_advice_87436260 .preactivationLink\')[0].href;\n                link = encodeURIComponent(link);\n                var newUrl = \'https://gamification.prestashop.com/get_advice_link.php?id_advice=87436260&url=\'+link;\n                $(\'#wrap_id_advice_87436260 .preactivationLink\')[0].href = newUrl;\n              });\n            </script>\n          </div>'),
(229, 4, '<div id=\"wrap_id_advice_87436260\">\n            <div class=\"col-lg-6\">\n              <section id=\"\" class=\"panel panel-advice\" style=\"position: relative; padding: 10px; min-height: 75px;\">\n                <a href=\"#\" id=\"87436260\" class=\"close_link gamification_premium_close\" style=\"display: none; position: absolute; top: 10px; right: 10px;\">\n                  <i class=\"icon-remove\"></i>\n                </a>\n                <span class=\"gamification-close-confirmation hide\">\n                  ¿Está seguro?\n                  <button class=\"btn btn-default btn-sm\" data-advice=\"delete\">\n                    <i class=\"icon-trash\"></i>Eliminar\n                  </button>\n                  <button class=\"btn btn-default btn-sm\" data-advice=\"cancel\">Cancelar</button>\n                </span>\n                <a class=\"preactivationLink row\" rel=\"CM Commerce\" href=\"{link}AdminModules{/link}&install=CM Commerce&module_name=CM Commerce&redirectconfig\" style=\"display: table; margin: 0; text-decoration: none;\">\n                  <img src=\"https://storage.googleapis.com/production-gamification-assets/premium/CM Commerce.png\" class=\"advice-img img-thumbnail\">\n                  <img src=\"https://gamification.prestashop.com/api/getAdviceImg/87436260.png\" class=\"hide\">\n                  <p class=\"advice-description\" style=\"padding: 0 20px; display: table-cell; vertical-align: middle;\">Convierte email en el impulsor número 1 del crecimiento de tu tienda online.</p>\n                </a>\n              </section>\n            </div>\n            <script>\n              $(document).ready( function () {\n                var link = $(\'#wrap_id_advice_87436260 .preactivationLink\')[0].href;\n                link = encodeURIComponent(link);\n                var newUrl = \'https://gamification.prestashop.com/get_advice_link.php?id_advice=87436260&url=\'+link;\n                $(\'#wrap_id_advice_87436260 .preactivationLink\')[0].href = newUrl;\n              });\n            </script>\n          </div>'),
(230, 1, '<div id=\"wrap_id_advice_21519003\">\n            <div class=\"col-lg-6\">\n              <section id=\"\" class=\"panel panel-advice\" style=\"position: relative; padding: 10px; min-height: 75px;\">\n                <a href=\"#\" id=\"21519003\" class=\"close_link gamification_premium_close\" style=\"display: none; position: absolute; top: 10px; right: 10px;\">\n                  <i class=\"icon-remove\"></i>\n                </a>\n                <span class=\"gamification-close-confirmation hide\">\n                  ¿Está seguro?\n                  <button class=\"btn btn-default btn-sm\" data-advice=\"delete\">\n                    <i class=\"icon-trash\"></i>Eliminar\n                  </button>\n                  <button class=\"btn btn-default btn-sm\" data-advice=\"cancel\">Cancelar</button>\n                </span>\n                <a class=\"preactivationLink row\" rel=\"Mercado Pago\" href=\"{link}AdminModules{/link}&install=Mercado Pago&module_name=Mercado Pago&redirectconfig\" style=\"display: table; margin: 0; text-decoration: none;\">\n                  <img src=\"https://storage.googleapis.com/production-gamification-assets/premium/Mercado Pago.png?1590506838867?1591630398038?1628004993116?1628005287457\" class=\"advice-img img-thumbnail\">\n                  <img src=\"https://gamification.prestashop.com/api/getAdviceImg/21519003.png\" class=\"hide\">\n                  <p class=\"advice-description\" style=\"padding: 0 20px; display: table-cell; vertical-align: middle;\">Aumenta tus ventas y recibe pagos de inmediato con el Checkout Pro Mercado Pago o Checkout transparente</p>\n                </a>\n              </section>\n            </div>\n            <script>\n              $(document).ready( function () {\n                var link = $(\'#wrap_id_advice_21519003 .preactivationLink\')[0].href;\n                link = encodeURIComponent(link);\n                var newUrl = \'https://gamification.prestashop.com/get_advice_link.php?id_advice=21519003&url=\'+link;\n                $(\'#wrap_id_advice_21519003 .preactivationLink\')[0].href = newUrl;\n              });\n            </script>\n          </div>'),
(230, 3, '<div id=\"wrap_id_advice_21519003\">\n            <div class=\"col-lg-6\">\n              <section id=\"\" class=\"panel panel-advice\" style=\"position: relative; padding: 10px; min-height: 75px;\">\n                <a href=\"#\" id=\"21519003\" class=\"close_link gamification_premium_close\" style=\"display: none; position: absolute; top: 10px; right: 10px;\">\n                  <i class=\"icon-remove\"></i>\n                </a>\n                <span class=\"gamification-close-confirmation hide\">\n                  ¿Está seguro?\n                  <button class=\"btn btn-default btn-sm\" data-advice=\"delete\">\n                    <i class=\"icon-trash\"></i>Eliminar\n                  </button>\n                  <button class=\"btn btn-default btn-sm\" data-advice=\"cancel\">Cancelar</button>\n                </span>\n                <a class=\"preactivationLink row\" rel=\"Mercado Pago\" href=\"{link}AdminModules{/link}&install=Mercado Pago&module_name=Mercado Pago&redirectconfig\" style=\"display: table; margin: 0; text-decoration: none;\">\n                  <img src=\"https://storage.googleapis.com/production-gamification-assets/premium/Mercado Pago.png?1590506838867?1591630398038?1628004993116?1628005287457\" class=\"advice-img img-thumbnail\">\n                  <img src=\"https://gamification.prestashop.com/api/getAdviceImg/21519003.png\" class=\"hide\">\n                  <p class=\"advice-description\" style=\"padding: 0 20px; display: table-cell; vertical-align: middle;\">Aumenta tus ventas y recibe pagos de inmediato con el Checkout Pro Mercado Pago o Checkout transparente</p>\n                </a>\n              </section>\n            </div>\n            <script>\n              $(document).ready( function () {\n                var link = $(\'#wrap_id_advice_21519003 .preactivationLink\')[0].href;\n                link = encodeURIComponent(link);\n                var newUrl = \'https://gamification.prestashop.com/get_advice_link.php?id_advice=21519003&url=\'+link;\n                $(\'#wrap_id_advice_21519003 .preactivationLink\')[0].href = newUrl;\n              });\n            </script>\n          </div>'),
(230, 4, '<div id=\"wrap_id_advice_21519003\">\n            <div class=\"col-lg-6\">\n              <section id=\"\" class=\"panel panel-advice\" style=\"position: relative; padding: 10px; min-height: 75px;\">\n                <a href=\"#\" id=\"21519003\" class=\"close_link gamification_premium_close\" style=\"display: none; position: absolute; top: 10px; right: 10px;\">\n                  <i class=\"icon-remove\"></i>\n                </a>\n                <span class=\"gamification-close-confirmation hide\">\n                  ¿Está seguro?\n                  <button class=\"btn btn-default btn-sm\" data-advice=\"delete\">\n                    <i class=\"icon-trash\"></i>Eliminar\n                  </button>\n                  <button class=\"btn btn-default btn-sm\" data-advice=\"cancel\">Cancelar</button>\n                </span>\n                <a class=\"preactivationLink row\" rel=\"Mercado Pago\" href=\"{link}AdminModules{/link}&install=Mercado Pago&module_name=Mercado Pago&redirectconfig\" style=\"display: table; margin: 0; text-decoration: none;\">\n                  <img src=\"https://storage.googleapis.com/production-gamification-assets/premium/Mercado Pago.png?1590506838867?1591630398038?1628004993116?1628005287457\" class=\"advice-img img-thumbnail\">\n                  <img src=\"https://gamification.prestashop.com/api/getAdviceImg/21519003.png\" class=\"hide\">\n                  <p class=\"advice-description\" style=\"padding: 0 20px; display: table-cell; vertical-align: middle;\">Aumenta tus ventas y recibe pagos de inmediato con el Checkout Pro Mercado Pago o Checkout transparente</p>\n                </a>\n              </section>\n            </div>\n            <script>\n              $(document).ready( function () {\n                var link = $(\'#wrap_id_advice_21519003 .preactivationLink\')[0].href;\n                link = encodeURIComponent(link);\n                var newUrl = \'https://gamification.prestashop.com/get_advice_link.php?id_advice=21519003&url=\'+link;\n                $(\'#wrap_id_advice_21519003 .preactivationLink\')[0].href = newUrl;\n              });\n            </script>\n          </div>'),
(231, 1, '<div id=\"wrap_id_advice_853\">\n            <div class=\"col-lg-6\">\n              <section id=\"\" class=\"panel panel-advice\" style=\"position: relative; padding: 10px; min-height: 75px;\">\n                <a href=\"#\" id=\"853\" class=\"close_link gamification_premium_close\" style=\"display: none; position: absolute; top: 10px; right: 10px;\">\n                  <i class=\"icon-remove\"></i>\n                </a>\n                <span class=\"gamification-close-confirmation hide\">\n                  ¿Está seguro?\n                  <button class=\"btn btn-default btn-sm\" data-advice=\"delete\">\n                    <i class=\"icon-trash\"></i>Eliminar\n                  </button>\n                  <button class=\"btn btn-default btn-sm\" data-advice=\"cancel\">Cancelar</button>\n                </span>\n                <a class=\"preactivationLink row\" rel=\"mailchimp\" href=\"{link}AdminModules{/link}&install=mailchimp&module_name=mailchimp&redirectconfig\" style=\"display: table; margin: 0; text-decoration: none;\">\n                  <img src=\"https://storage.googleapis.com/production-gamification-assets/premium/mailchimp.png\" class=\"advice-img img-thumbnail\">\n                  <img src=\"https://gamification.prestashop.com/api/getAdviceImg/853.png\" class=\"hide\">\n                  <p class=\"advice-description\" style=\"padding: 0 20px; display: table-cell; vertical-align: middle;\">Aumenta tus ventas y conecta tus clientes con las herramientas MailChimp. Configura ahora</p>\n                </a>\n              </section>\n            </div>\n            <script>\n              $(document).ready( function () {\n                var link = $(\'#wrap_id_advice_853 .preactivationLink\')[0].href;\n                link = encodeURIComponent(link);\n                var newUrl = \'https://gamification.prestashop.com/get_advice_link.php?id_advice=853&url=\'+link;\n                $(\'#wrap_id_advice_853 .preactivationLink\')[0].href = newUrl;\n              });\n            </script>\n          </div>'),
(231, 3, '<div id=\"wrap_id_advice_853\">\n            <div class=\"col-lg-6\">\n              <section id=\"\" class=\"panel panel-advice\" style=\"position: relative; padding: 10px; min-height: 75px;\">\n                <a href=\"#\" id=\"853\" class=\"close_link gamification_premium_close\" style=\"display: none; position: absolute; top: 10px; right: 10px;\">\n                  <i class=\"icon-remove\"></i>\n                </a>\n                <span class=\"gamification-close-confirmation hide\">\n                  ¿Está seguro?\n                  <button class=\"btn btn-default btn-sm\" data-advice=\"delete\">\n                    <i class=\"icon-trash\"></i>Eliminar\n                  </button>\n                  <button class=\"btn btn-default btn-sm\" data-advice=\"cancel\">Cancelar</button>\n                </span>\n                <a class=\"preactivationLink row\" rel=\"mailchimp\" href=\"{link}AdminModules{/link}&install=mailchimp&module_name=mailchimp&redirectconfig\" style=\"display: table; margin: 0; text-decoration: none;\">\n                  <img src=\"https://storage.googleapis.com/production-gamification-assets/premium/mailchimp.png\" class=\"advice-img img-thumbnail\">\n                  <img src=\"https://gamification.prestashop.com/api/getAdviceImg/853.png\" class=\"hide\">\n                  <p class=\"advice-description\" style=\"padding: 0 20px; display: table-cell; vertical-align: middle;\">Aumenta tus ventas y conecta tus clientes con las herramientas MailChimp. Configura ahora</p>\n                </a>\n              </section>\n            </div>\n            <script>\n              $(document).ready( function () {\n                var link = $(\'#wrap_id_advice_853 .preactivationLink\')[0].href;\n                link = encodeURIComponent(link);\n                var newUrl = \'https://gamification.prestashop.com/get_advice_link.php?id_advice=853&url=\'+link;\n                $(\'#wrap_id_advice_853 .preactivationLink\')[0].href = newUrl;\n              });\n            </script>\n          </div>'),
(231, 4, '<div id=\"wrap_id_advice_853\">\n            <div class=\"col-lg-6\">\n              <section id=\"\" class=\"panel panel-advice\" style=\"position: relative; padding: 10px; min-height: 75px;\">\n                <a href=\"#\" id=\"853\" class=\"close_link gamification_premium_close\" style=\"display: none; position: absolute; top: 10px; right: 10px;\">\n                  <i class=\"icon-remove\"></i>\n                </a>\n                <span class=\"gamification-close-confirmation hide\">\n                  ¿Está seguro?\n                  <button class=\"btn btn-default btn-sm\" data-advice=\"delete\">\n                    <i class=\"icon-trash\"></i>Eliminar\n                  </button>\n                  <button class=\"btn btn-default btn-sm\" data-advice=\"cancel\">Cancelar</button>\n                </span>\n                <a class=\"preactivationLink row\" rel=\"mailchimp\" href=\"{link}AdminModules{/link}&install=mailchimp&module_name=mailchimp&redirectconfig\" style=\"display: table; margin: 0; text-decoration: none;\">\n                  <img src=\"https://storage.googleapis.com/production-gamification-assets/premium/mailchimp.png\" class=\"advice-img img-thumbnail\">\n                  <img src=\"https://gamification.prestashop.com/api/getAdviceImg/853.png\" class=\"hide\">\n                  <p class=\"advice-description\" style=\"padding: 0 20px; display: table-cell; vertical-align: middle;\">Aumenta tus ventas y conecta tus clientes con las herramientas MailChimp. Configura ahora</p>\n                </a>\n              </section>\n            </div>\n            <script>\n              $(document).ready( function () {\n                var link = $(\'#wrap_id_advice_853 .preactivationLink\')[0].href;\n                link = encodeURIComponent(link);\n                var newUrl = \'https://gamification.prestashop.com/get_advice_link.php?id_advice=853&url=\'+link;\n                $(\'#wrap_id_advice_853 .preactivationLink\')[0].href = newUrl;\n              });\n            </script>\n          </div>'),
(232, 1, '<div id=\"wrap_id_advice_674\">\n            <div class=\"col-lg-6\">\n              <section id=\"\" class=\"panel panel-advice\" style=\"position: relative; padding: 10px; min-height: 75px;\">\n                <a href=\"#\" id=\"674\" class=\"close_link gamification_premium_close\" style=\"display: none; position: absolute; top: 10px; right: 10px;\">\n                  <i class=\"icon-remove\"></i>\n                </a>\n                <span class=\"gamification-close-confirmation hide\">\n                  ¿Está seguro?\n                  <button class=\"btn btn-default btn-sm\" data-advice=\"delete\">\n                    <i class=\"icon-trash\"></i>Eliminar\n                  </button>\n                  <button class=\"btn btn-default btn-sm\" data-advice=\"cancel\">Cancelar</button>\n                </span>\n                <a class=\"preactivationLink row\" rel=\"sendinblue\" href=\"{link}AdminModules{/link}&install=sendinblue&module_name=sendinblue&redirectconfig\" style=\"display: table; margin: 0; text-decoration: none;\">\n                  <img src=\"https://storage.googleapis.com/production-gamification-assets/premium/sendinblue.png\" class=\"advice-img img-thumbnail\">\n                  <img src=\"https://gamification.prestashop.com/api/getAdviceImg/674.png\" class=\"hide\">\n                  <p class=\"advice-description\" style=\"padding: 0 20px; display: table-cell; vertical-align: middle;\">Maneja fácilmente tus campañas de emails, newsletters, SMS en una sola plataforma<br/></p>\n                </a>\n              </section>\n            </div>\n            <script>\n              $(document).ready( function () {\n                var link = $(\'#wrap_id_advice_674 .preactivationLink\')[0].href;\n                link = encodeURIComponent(link);\n                var newUrl = \'https://gamification.prestashop.com/get_advice_link.php?id_advice=674&url=\'+link;\n                $(\'#wrap_id_advice_674 .preactivationLink\')[0].href = newUrl;\n              });\n            </script>\n          </div>'),
(232, 3, '<div id=\"wrap_id_advice_674\">\n            <div class=\"col-lg-6\">\n              <section id=\"\" class=\"panel panel-advice\" style=\"position: relative; padding: 10px; min-height: 75px;\">\n                <a href=\"#\" id=\"674\" class=\"close_link gamification_premium_close\" style=\"display: none; position: absolute; top: 10px; right: 10px;\">\n                  <i class=\"icon-remove\"></i>\n                </a>\n                <span class=\"gamification-close-confirmation hide\">\n                  ¿Está seguro?\n                  <button class=\"btn btn-default btn-sm\" data-advice=\"delete\">\n                    <i class=\"icon-trash\"></i>Eliminar\n                  </button>\n                  <button class=\"btn btn-default btn-sm\" data-advice=\"cancel\">Cancelar</button>\n                </span>\n                <a class=\"preactivationLink row\" rel=\"sendinblue\" href=\"{link}AdminModules{/link}&install=sendinblue&module_name=sendinblue&redirectconfig\" style=\"display: table; margin: 0; text-decoration: none;\">\n                  <img src=\"https://storage.googleapis.com/production-gamification-assets/premium/sendinblue.png\" class=\"advice-img img-thumbnail\">\n                  <img src=\"https://gamification.prestashop.com/api/getAdviceImg/674.png\" class=\"hide\">\n                  <p class=\"advice-description\" style=\"padding: 0 20px; display: table-cell; vertical-align: middle;\">Maneja fácilmente tus campañas de emails, newsletters, SMS en una sola plataforma<br/></p>\n                </a>\n              </section>\n            </div>\n            <script>\n              $(document).ready( function () {\n                var link = $(\'#wrap_id_advice_674 .preactivationLink\')[0].href;\n                link = encodeURIComponent(link);\n                var newUrl = \'https://gamification.prestashop.com/get_advice_link.php?id_advice=674&url=\'+link;\n                $(\'#wrap_id_advice_674 .preactivationLink\')[0].href = newUrl;\n              });\n            </script>\n          </div>'),
(232, 4, '<div id=\"wrap_id_advice_674\">\n            <div class=\"col-lg-6\">\n              <section id=\"\" class=\"panel panel-advice\" style=\"position: relative; padding: 10px; min-height: 75px;\">\n                <a href=\"#\" id=\"674\" class=\"close_link gamification_premium_close\" style=\"display: none; position: absolute; top: 10px; right: 10px;\">\n                  <i class=\"icon-remove\"></i>\n                </a>\n                <span class=\"gamification-close-confirmation hide\">\n                  ¿Está seguro?\n                  <button class=\"btn btn-default btn-sm\" data-advice=\"delete\">\n                    <i class=\"icon-trash\"></i>Eliminar\n                  </button>\n                  <button class=\"btn btn-default btn-sm\" data-advice=\"cancel\">Cancelar</button>\n                </span>\n                <a class=\"preactivationLink row\" rel=\"sendinblue\" href=\"{link}AdminModules{/link}&install=sendinblue&module_name=sendinblue&redirectconfig\" style=\"display: table; margin: 0; text-decoration: none;\">\n                  <img src=\"https://storage.googleapis.com/production-gamification-assets/premium/sendinblue.png\" class=\"advice-img img-thumbnail\">\n                  <img src=\"https://gamification.prestashop.com/api/getAdviceImg/674.png\" class=\"hide\">\n                  <p class=\"advice-description\" style=\"padding: 0 20px; display: table-cell; vertical-align: middle;\">Maneja fácilmente tus campañas de emails, newsletters, SMS en una sola plataforma<br/></p>\n                </a>\n              </section>\n            </div>\n            <script>\n              $(document).ready( function () {\n                var link = $(\'#wrap_id_advice_674 .preactivationLink\')[0].href;\n                link = encodeURIComponent(link);\n                var newUrl = \'https://gamification.prestashop.com/get_advice_link.php?id_advice=674&url=\'+link;\n                $(\'#wrap_id_advice_674 .preactivationLink\')[0].href = newUrl;\n              });\n            </script>\n          </div>'),
(233, 1, ' <div id=\"wrap_id_advice_65723132\"> <section id=\"0_CM Commerce\" class=\"panel\" style=\"display:none\"> <header class=\"panel-heading\"> <span class=\"icon-lightbulb\"></span> Consejo del día </header> <div class=\"panel-body\" style=\"padding:0\"> <img class=\"img-responsive\" src=\"https://storage.googleapis.com/production-gamification-assets/tips/CM Commerce.png\" style=\"float:right; margin-left: 5px;\"> <img src=\"https://gamification.prestashop.com/api/getAdviceImg/65723132.png\"/> <p> <b>¿Sabías que las marcas que usan opiniones de sus clientes en sus emails de carritos abandonados, experimentan aumentos del 5% al 15% en su tasa de recuperación?</b> </p> <p> CM Commerce combina automatizaciones de email con prueba social para recuperar más ingresos perdidos. </p> <span class=\"text-right\" style=\"float:right\"> <a class=\"btn btn-default\" target=\"_blank\" href=\"https://gamification.prestashop.com/get_advice_link.php?id_advice=65723132&url=https://addons.prestashop.com/es/remarketing-carritos-abandonados/48652-cm-commerce.html%3Futm_source%3Dback-office%26utm_medium%3Dtipoftheday%26utm_campaign%3Dpartenariats%26utm_content%3DCM Commerce\"> Más información </a> </span> </div> </section><script> $(document).ready( function () { $(\'#\'+rand(0)+\'_CM Commerce\').show(); }); function rand(nbr){ return Math.floor(Math.random()*(nbr+1)); } </script> </div>');
INSERT INTO `pr_advice_lang` (`id_advice`, `id_lang`, `html`) VALUES
(233, 3, ' <div id=\"wrap_id_advice_65723132\"> <section id=\"0_CM Commerce\" class=\"panel\" style=\"display:none\"> <header class=\"panel-heading\"> <span class=\"icon-lightbulb\"></span> Consejo del día </header> <div class=\"panel-body\" style=\"padding:0\"> <img class=\"img-responsive\" src=\"https://storage.googleapis.com/production-gamification-assets/tips/CM Commerce.png\" style=\"float:right; margin-left: 5px;\"> <img src=\"https://gamification.prestashop.com/api/getAdviceImg/65723132.png\"/> <p> <b>¿Sabías que las marcas que usan opiniones de sus clientes en sus emails de carritos abandonados, experimentan aumentos del 5% al 15% en su tasa de recuperación?</b> </p> <p> CM Commerce combina automatizaciones de email con prueba social para recuperar más ingresos perdidos. </p> <span class=\"text-right\" style=\"float:right\"> <a class=\"btn btn-default\" target=\"_blank\" href=\"https://gamification.prestashop.com/get_advice_link.php?id_advice=65723132&url=https://addons.prestashop.com/es/remarketing-carritos-abandonados/48652-cm-commerce.html%3Futm_source%3Dback-office%26utm_medium%3Dtipoftheday%26utm_campaign%3Dpartenariats%26utm_content%3DCM Commerce\"> Más información </a> </span> </div> </section><script> $(document).ready( function () { $(\'#\'+rand(0)+\'_CM Commerce\').show(); }); function rand(nbr){ return Math.floor(Math.random()*(nbr+1)); } </script> </div>'),
(233, 4, ' <div id=\"wrap_id_advice_65723132\"> <section id=\"0_CM Commerce\" class=\"panel\" style=\"display:none\"> <header class=\"panel-heading\"> <span class=\"icon-lightbulb\"></span> Consejo del día </header> <div class=\"panel-body\" style=\"padding:0\"> <img class=\"img-responsive\" src=\"https://storage.googleapis.com/production-gamification-assets/tips/CM Commerce.png\" style=\"float:right; margin-left: 5px;\"> <img src=\"https://gamification.prestashop.com/api/getAdviceImg/65723132.png\"/> <p> <b>¿Sabías que las marcas que usan opiniones de sus clientes en sus emails de carritos abandonados, experimentan aumentos del 5% al 15% en su tasa de recuperación?</b> </p> <p> CM Commerce combina automatizaciones de email con prueba social para recuperar más ingresos perdidos. </p> <span class=\"text-right\" style=\"float:right\"> <a class=\"btn btn-default\" target=\"_blank\" href=\"https://gamification.prestashop.com/get_advice_link.php?id_advice=65723132&url=https://addons.prestashop.com/es/remarketing-carritos-abandonados/48652-cm-commerce.html%3Futm_source%3Dback-office%26utm_medium%3Dtipoftheday%26utm_campaign%3Dpartenariats%26utm_content%3DCM Commerce\"> Más información </a> </span> </div> </section><script> $(document).ready( function () { $(\'#\'+rand(0)+\'_CM Commerce\').show(); }); function rand(nbr){ return Math.floor(Math.random()*(nbr+1)); } </script> </div>'),
(234, 1, ' <div id=\"wrap_id_advice_54650729\"> <section id=\"0_Mailchimp\" class=\"panel\" style=\"display:none\"> <header class=\"panel-heading\"> <span class=\"icon-lightbulb\"></span> Consejo del día </header> <div class=\"panel-body\" style=\"padding:0\"> <img class=\"img-responsive\" src=\"https://storage.googleapis.com/production-gamification-assets/tips/Mailchimp.png\" style=\"float:right; margin-left: 5px;\"> <img src=\"https://gamification.prestashop.com/api/getAdviceImg/54650729.png\"/> <p> <b>Aumente las ventas recordando a los clientes los artículos que han dejado atrás</b> </p> <p> El 67 % de las cestas de compra en internet se abandonan antes del pago. Los correos electrónicos de cestas sin compra le ayudan a hacer un seguimiento de las personas que salen sin comprar y les convencen para finalizarla.  </p> <span class=\"text-right\" style=\"float:right\"> <a class=\"btn btn-default\" target=\"_blank\" href=\"https://gamification.prestashop.com/get_advice_link.php?id_advice=54650729&url=https://addons.prestashop.com/es/newsletter-sms/26957-mailchimp-for-prestashop.html%3Futm_source%3Dback-office%26utm_medium%3Dtipoftheday%26utm_campaign%3Dpartenariats%26utm_content%3DMailchimp\"> Empiece a recuperar las ventas perdidas </a> </span> </div> </section><section id=\"1_Mailchimp\" class=\"panel\" style=\"display:none\"> <header class=\"panel-heading\"> <span class=\"icon-lightbulb\"></span> Consejo del día </header> <div class=\"panel-body\" style=\"padding:0\"> <img class=\"img-responsive\" src=\"https://storage.googleapis.com/production-gamification-assets/tips/Mailchimp.png\" style=\"float:right; margin-left: 5px;\"> <img src=\"https://gamification.prestashop.com/api/getAdviceImg/54650729.png\"/> <p> <b>Venda más cosas recompensando a los clientes leales</b> </p> <p> Recompense a sus mejores clientes con una serie de correos electrónicos automatizados que contengan cupones especiales u otras ofertas exclusivas, y obtenga casi 5 veces más pedidos por destinatario que un correo electrónico masivo normal.  </p> <span class=\"text-right\" style=\"float:right\"> <a class=\"btn btn-default\" target=\"_blank\" href=\"https://gamification.prestashop.com/get_advice_link.php?id_advice=54650729&url=https://addons.prestashop.com/es/newsletter-sms/26957-mailchimp-for-prestashop.html%3Futm_source%3Dback-office%26utm_medium%3Dtipoftheday%26utm_campaign%3Dpartenariats%26utm_content%3DMailchimp\"> Empiece a dar las gracias a sus clientes </a> </span> </div> </section><section id=\"2_Mailchimp\" class=\"panel\" style=\"display:none\"> <header class=\"panel-heading\"> <span class=\"icon-lightbulb\"></span> Consejo del día </header> <div class=\"panel-body\" style=\"padding:0\"> <img class=\"img-responsive\" src=\"https://storage.googleapis.com/production-gamification-assets/tips/Mailchimp.png\" style=\"float:right; margin-left: 5px;\"> <img src=\"https://gamification.prestashop.com/api/getAdviceImg/54650729.png\"/> <p> <b>Aumente el compromiso y los ingresos aprendiendo más sobre su audiencia </b> </p> <p> Cree correos electrónicos personalizados y relevantes dirigidos a su público en función de datos demográficos como el sexo y la edad. </p> <span class=\"text-right\" style=\"float:right\"> <a class=\"btn btn-default\" target=\"_blank\" href=\"https://gamification.prestashop.com/get_advice_link.php?id_advice=54650729&url=https://addons.prestashop.com/es/newsletter-sms/26957-mailchimp-for-prestashop.html%3Futm_source%3Dback-office%26utm_medium%3Dtipoftheday%26utm_campaign%3Dpartenariats%26utm_content%3DMailchimp\"> Vea cómo MailChimp puede ayudar </a> </span> </div> </section><script> $(document).ready( function () { $(\'#\'+rand(2)+\'_Mailchimp\').show(); }); function rand(nbr){ return Math.floor(Math.random()*(nbr+1)); } </script> </div>'),
(234, 3, ' <div id=\"wrap_id_advice_54650729\"> <section id=\"0_Mailchimp\" class=\"panel\" style=\"display:none\"> <header class=\"panel-heading\"> <span class=\"icon-lightbulb\"></span> Consejo del día </header> <div class=\"panel-body\" style=\"padding:0\"> <img class=\"img-responsive\" src=\"https://storage.googleapis.com/production-gamification-assets/tips/Mailchimp.png\" style=\"float:right; margin-left: 5px;\"> <img src=\"https://gamification.prestashop.com/api/getAdviceImg/54650729.png\"/> <p> <b>Aumente las ventas recordando a los clientes los artículos que han dejado atrás</b> </p> <p> El 67 % de las cestas de compra en internet se abandonan antes del pago. Los correos electrónicos de cestas sin compra le ayudan a hacer un seguimiento de las personas que salen sin comprar y les convencen para finalizarla.  </p> <span class=\"text-right\" style=\"float:right\"> <a class=\"btn btn-default\" target=\"_blank\" href=\"https://gamification.prestashop.com/get_advice_link.php?id_advice=54650729&url=https://addons.prestashop.com/es/newsletter-sms/26957-mailchimp-for-prestashop.html%3Futm_source%3Dback-office%26utm_medium%3Dtipoftheday%26utm_campaign%3Dpartenariats%26utm_content%3DMailchimp\"> Empiece a recuperar las ventas perdidas </a> </span> </div> </section><section id=\"1_Mailchimp\" class=\"panel\" style=\"display:none\"> <header class=\"panel-heading\"> <span class=\"icon-lightbulb\"></span> Consejo del día </header> <div class=\"panel-body\" style=\"padding:0\"> <img class=\"img-responsive\" src=\"https://storage.googleapis.com/production-gamification-assets/tips/Mailchimp.png\" style=\"float:right; margin-left: 5px;\"> <img src=\"https://gamification.prestashop.com/api/getAdviceImg/54650729.png\"/> <p> <b>Venda más cosas recompensando a los clientes leales</b> </p> <p> Recompense a sus mejores clientes con una serie de correos electrónicos automatizados que contengan cupones especiales u otras ofertas exclusivas, y obtenga casi 5 veces más pedidos por destinatario que un correo electrónico masivo normal.  </p> <span class=\"text-right\" style=\"float:right\"> <a class=\"btn btn-default\" target=\"_blank\" href=\"https://gamification.prestashop.com/get_advice_link.php?id_advice=54650729&url=https://addons.prestashop.com/es/newsletter-sms/26957-mailchimp-for-prestashop.html%3Futm_source%3Dback-office%26utm_medium%3Dtipoftheday%26utm_campaign%3Dpartenariats%26utm_content%3DMailchimp\"> Empiece a dar las gracias a sus clientes </a> </span> </div> </section><section id=\"2_Mailchimp\" class=\"panel\" style=\"display:none\"> <header class=\"panel-heading\"> <span class=\"icon-lightbulb\"></span> Consejo del día </header> <div class=\"panel-body\" style=\"padding:0\"> <img class=\"img-responsive\" src=\"https://storage.googleapis.com/production-gamification-assets/tips/Mailchimp.png\" style=\"float:right; margin-left: 5px;\"> <img src=\"https://gamification.prestashop.com/api/getAdviceImg/54650729.png\"/> <p> <b>Aumente el compromiso y los ingresos aprendiendo más sobre su audiencia </b> </p> <p> Cree correos electrónicos personalizados y relevantes dirigidos a su público en función de datos demográficos como el sexo y la edad. </p> <span class=\"text-right\" style=\"float:right\"> <a class=\"btn btn-default\" target=\"_blank\" href=\"https://gamification.prestashop.com/get_advice_link.php?id_advice=54650729&url=https://addons.prestashop.com/es/newsletter-sms/26957-mailchimp-for-prestashop.html%3Futm_source%3Dback-office%26utm_medium%3Dtipoftheday%26utm_campaign%3Dpartenariats%26utm_content%3DMailchimp\"> Vea cómo MailChimp puede ayudar </a> </span> </div> </section><script> $(document).ready( function () { $(\'#\'+rand(2)+\'_Mailchimp\').show(); }); function rand(nbr){ return Math.floor(Math.random()*(nbr+1)); } </script> </div>'),
(234, 4, ' <div id=\"wrap_id_advice_54650729\"> <section id=\"0_Mailchimp\" class=\"panel\" style=\"display:none\"> <header class=\"panel-heading\"> <span class=\"icon-lightbulb\"></span> Consejo del día </header> <div class=\"panel-body\" style=\"padding:0\"> <img class=\"img-responsive\" src=\"https://storage.googleapis.com/production-gamification-assets/tips/Mailchimp.png\" style=\"float:right; margin-left: 5px;\"> <img src=\"https://gamification.prestashop.com/api/getAdviceImg/54650729.png\"/> <p> <b>Aumente las ventas recordando a los clientes los artículos que han dejado atrás</b> </p> <p> El 67 % de las cestas de compra en internet se abandonan antes del pago. Los correos electrónicos de cestas sin compra le ayudan a hacer un seguimiento de las personas que salen sin comprar y les convencen para finalizarla.  </p> <span class=\"text-right\" style=\"float:right\"> <a class=\"btn btn-default\" target=\"_blank\" href=\"https://gamification.prestashop.com/get_advice_link.php?id_advice=54650729&url=https://addons.prestashop.com/es/newsletter-sms/26957-mailchimp-for-prestashop.html%3Futm_source%3Dback-office%26utm_medium%3Dtipoftheday%26utm_campaign%3Dpartenariats%26utm_content%3DMailchimp\"> Empiece a recuperar las ventas perdidas </a> </span> </div> </section><section id=\"1_Mailchimp\" class=\"panel\" style=\"display:none\"> <header class=\"panel-heading\"> <span class=\"icon-lightbulb\"></span> Consejo del día </header> <div class=\"panel-body\" style=\"padding:0\"> <img class=\"img-responsive\" src=\"https://storage.googleapis.com/production-gamification-assets/tips/Mailchimp.png\" style=\"float:right; margin-left: 5px;\"> <img src=\"https://gamification.prestashop.com/api/getAdviceImg/54650729.png\"/> <p> <b>Venda más cosas recompensando a los clientes leales</b> </p> <p> Recompense a sus mejores clientes con una serie de correos electrónicos automatizados que contengan cupones especiales u otras ofertas exclusivas, y obtenga casi 5 veces más pedidos por destinatario que un correo electrónico masivo normal.  </p> <span class=\"text-right\" style=\"float:right\"> <a class=\"btn btn-default\" target=\"_blank\" href=\"https://gamification.prestashop.com/get_advice_link.php?id_advice=54650729&url=https://addons.prestashop.com/es/newsletter-sms/26957-mailchimp-for-prestashop.html%3Futm_source%3Dback-office%26utm_medium%3Dtipoftheday%26utm_campaign%3Dpartenariats%26utm_content%3DMailchimp\"> Empiece a dar las gracias a sus clientes </a> </span> </div> </section><section id=\"2_Mailchimp\" class=\"panel\" style=\"display:none\"> <header class=\"panel-heading\"> <span class=\"icon-lightbulb\"></span> Consejo del día </header> <div class=\"panel-body\" style=\"padding:0\"> <img class=\"img-responsive\" src=\"https://storage.googleapis.com/production-gamification-assets/tips/Mailchimp.png\" style=\"float:right; margin-left: 5px;\"> <img src=\"https://gamification.prestashop.com/api/getAdviceImg/54650729.png\"/> <p> <b>Aumente el compromiso y los ingresos aprendiendo más sobre su audiencia </b> </p> <p> Cree correos electrónicos personalizados y relevantes dirigidos a su público en función de datos demográficos como el sexo y la edad. </p> <span class=\"text-right\" style=\"float:right\"> <a class=\"btn btn-default\" target=\"_blank\" href=\"https://gamification.prestashop.com/get_advice_link.php?id_advice=54650729&url=https://addons.prestashop.com/es/newsletter-sms/26957-mailchimp-for-prestashop.html%3Futm_source%3Dback-office%26utm_medium%3Dtipoftheday%26utm_campaign%3Dpartenariats%26utm_content%3DMailchimp\"> Vea cómo MailChimp puede ayudar </a> </span> </div> </section><script> $(document).ready( function () { $(\'#\'+rand(2)+\'_Mailchimp\').show(); }); function rand(nbr){ return Math.floor(Math.random()*(nbr+1)); } </script> </div>'),
(235, 1, ' <div id=\"wrap_id_advice_89120841\"> <section id=\"0_Mercado Pago\" class=\"panel\" style=\"display:none\"> <header class=\"panel-heading\"> <span class=\"icon-lightbulb\"></span> Consejo del día </header> <div class=\"panel-body\" style=\"padding:0\"> <img class=\"img-responsive\" src=\"https://storage.googleapis.com/production-gamification-assets/tips/Mercado Pago.png?1590149359869?1590149517127?1590149691614?1590149770224?1591610464108?1591610511463?1591611002480\" style=\"float:right; margin-left: 5px;\"> <img src=\"https://gamification.prestashop.com/api/getAdviceImg/89120841.png\"/> <p> <b>Aumenta tus ventas y recibí pagos inmediatamente con Checkout Pro de Mercado Pago o Checkout Transparente</b> </p> <p> Instala el módulo de Mercado Pago y cobra a través del Checkout Mercado Pago de forma rápida, fácil y segura. Podrás elegir por la experiencia modal o redireccionada. Aumenta tus ventas aceptando todos los métodos de pago.\n\n\n </p> <span class=\"text-right\" style=\"float:right\"> <a class=\"btn btn-default\" target=\"_blank\" href=\"https://gamification.prestashop.com/get_advice_link.php?id_advice=89120841&url=https://addons.prestashop.com/es/pago-tarjeta-carteras-digitales/23962-mercado-pago.html%3Futm_source%3Dback-office%26utm_medium%3Dtipoftheday%26utm_campaign%3Dpartenariats%26utm_content%3DMercado Pago\"> Saber más </a> </span> </div> </section><script> $(document).ready( function () { $(\'#\'+rand(0)+\'_Mercado Pago\').show(); }); function rand(nbr){ return Math.floor(Math.random()*(nbr+1)); } </script> </div>'),
(235, 3, ' <div id=\"wrap_id_advice_89120841\"> <section id=\"0_Mercado Pago\" class=\"panel\" style=\"display:none\"> <header class=\"panel-heading\"> <span class=\"icon-lightbulb\"></span> Consejo del día </header> <div class=\"panel-body\" style=\"padding:0\"> <img class=\"img-responsive\" src=\"https://storage.googleapis.com/production-gamification-assets/tips/Mercado Pago.png?1590149359869?1590149517127?1590149691614?1590149770224?1591610464108?1591610511463?1591611002480\" style=\"float:right; margin-left: 5px;\"> <img src=\"https://gamification.prestashop.com/api/getAdviceImg/89120841.png\"/> <p> <b>Aumenta tus ventas y recibí pagos inmediatamente con Checkout Pro de Mercado Pago o Checkout Transparente</b> </p> <p> Instala el módulo de Mercado Pago y cobra a través del Checkout Mercado Pago de forma rápida, fácil y segura. Podrás elegir por la experiencia modal o redireccionada. Aumenta tus ventas aceptando todos los métodos de pago.\n\n\n </p> <span class=\"text-right\" style=\"float:right\"> <a class=\"btn btn-default\" target=\"_blank\" href=\"https://gamification.prestashop.com/get_advice_link.php?id_advice=89120841&url=https://addons.prestashop.com/es/pago-tarjeta-carteras-digitales/23962-mercado-pago.html%3Futm_source%3Dback-office%26utm_medium%3Dtipoftheday%26utm_campaign%3Dpartenariats%26utm_content%3DMercado Pago\"> Saber más </a> </span> </div> </section><script> $(document).ready( function () { $(\'#\'+rand(0)+\'_Mercado Pago\').show(); }); function rand(nbr){ return Math.floor(Math.random()*(nbr+1)); } </script> </div>'),
(235, 4, ' <div id=\"wrap_id_advice_89120841\"> <section id=\"0_Mercado Pago\" class=\"panel\" style=\"display:none\"> <header class=\"panel-heading\"> <span class=\"icon-lightbulb\"></span> Consejo del día </header> <div class=\"panel-body\" style=\"padding:0\"> <img class=\"img-responsive\" src=\"https://storage.googleapis.com/production-gamification-assets/tips/Mercado Pago.png?1590149359869?1590149517127?1590149691614?1590149770224?1591610464108?1591610511463?1591611002480\" style=\"float:right; margin-left: 5px;\"> <img src=\"https://gamification.prestashop.com/api/getAdviceImg/89120841.png\"/> <p> <b>Aumenta tus ventas y recibí pagos inmediatamente con Checkout Pro de Mercado Pago o Checkout Transparente</b> </p> <p> Instala el módulo de Mercado Pago y cobra a través del Checkout Mercado Pago de forma rápida, fácil y segura. Podrás elegir por la experiencia modal o redireccionada. Aumenta tus ventas aceptando todos los métodos de pago.\n\n\n </p> <span class=\"text-right\" style=\"float:right\"> <a class=\"btn btn-default\" target=\"_blank\" href=\"https://gamification.prestashop.com/get_advice_link.php?id_advice=89120841&url=https://addons.prestashop.com/es/pago-tarjeta-carteras-digitales/23962-mercado-pago.html%3Futm_source%3Dback-office%26utm_medium%3Dtipoftheday%26utm_campaign%3Dpartenariats%26utm_content%3DMercado Pago\"> Saber más </a> </span> </div> </section><script> $(document).ready( function () { $(\'#\'+rand(0)+\'_Mercado Pago\').show(); }); function rand(nbr){ return Math.floor(Math.random()*(nbr+1)); } </script> </div>'),
(236, 1, ' <div id=\"wrap_id_advice_22345864\"> <section id=\"0_OpenPay\" class=\"panel\" style=\"display:none\"> <header class=\"panel-heading\"> <span class=\"icon-lightbulb\"></span> Consejo del día </header> <div class=\"panel-body\" style=\"padding:0\"> <img class=\"img-responsive\" src=\"https://storage.googleapis.com/production-gamification-assets/tips/OpenPay.png\" style=\"float:right; margin-left: 5px;\"> <img src=\"https://gamification.prestashop.com/api/getAdviceImg/22345864.png\"/> <p> <b></b> </p> <p>  </p> <span class=\"text-right\" style=\"float:right\"> <a class=\"btn btn-default\" target=\"_blank\" href=\"https://gamification.prestashop.com/get_advice_link.php?id_advice=22345864&url=%3Futm_source%3Dback-office%26utm_medium%3Dtipoftheday%26utm_campaign%3Dpartenariats%26utm_content%3DOpenPay\">  </a> </span> </div> </section><script> $(document).ready( function () { $(\'#\'+rand(0)+\'_OpenPay\').show(); }); function rand(nbr){ return Math.floor(Math.random()*(nbr+1)); } </script> </div>'),
(236, 3, ' <div id=\"wrap_id_advice_22345864\"> <section id=\"0_OpenPay\" class=\"panel\" style=\"display:none\"> <header class=\"panel-heading\"> <span class=\"icon-lightbulb\"></span> Consejo del día </header> <div class=\"panel-body\" style=\"padding:0\"> <img class=\"img-responsive\" src=\"https://storage.googleapis.com/production-gamification-assets/tips/OpenPay.png\" style=\"float:right; margin-left: 5px;\"> <img src=\"https://gamification.prestashop.com/api/getAdviceImg/22345864.png\"/> <p> <b></b> </p> <p>  </p> <span class=\"text-right\" style=\"float:right\"> <a class=\"btn btn-default\" target=\"_blank\" href=\"https://gamification.prestashop.com/get_advice_link.php?id_advice=22345864&url=%3Futm_source%3Dback-office%26utm_medium%3Dtipoftheday%26utm_campaign%3Dpartenariats%26utm_content%3DOpenPay\">  </a> </span> </div> </section><script> $(document).ready( function () { $(\'#\'+rand(0)+\'_OpenPay\').show(); }); function rand(nbr){ return Math.floor(Math.random()*(nbr+1)); } </script> </div>'),
(236, 4, ' <div id=\"wrap_id_advice_22345864\"> <section id=\"0_OpenPay\" class=\"panel\" style=\"display:none\"> <header class=\"panel-heading\"> <span class=\"icon-lightbulb\"></span> Consejo del día </header> <div class=\"panel-body\" style=\"padding:0\"> <img class=\"img-responsive\" src=\"https://storage.googleapis.com/production-gamification-assets/tips/OpenPay.png\" style=\"float:right; margin-left: 5px;\"> <img src=\"https://gamification.prestashop.com/api/getAdviceImg/22345864.png\"/> <p> <b></b> </p> <p>  </p> <span class=\"text-right\" style=\"float:right\"> <a class=\"btn btn-default\" target=\"_blank\" href=\"https://gamification.prestashop.com/get_advice_link.php?id_advice=22345864&url=%3Futm_source%3Dback-office%26utm_medium%3Dtipoftheday%26utm_campaign%3Dpartenariats%26utm_content%3DOpenPay\">  </a> </span> </div> </section><script> $(document).ready( function () { $(\'#\'+rand(0)+\'_OpenPay\').show(); }); function rand(nbr){ return Math.floor(Math.random()*(nbr+1)); } </script> </div>');

-- --------------------------------------------------------

--
-- Estructura de tabla para la tabla `pr_alias`
--

CREATE TABLE `pr_alias` (
  `id_alias` int UNSIGNED NOT NULL,
  `alias` varchar(191) CHARACTER SET utf8mb4 COLLATE utf8mb4_general_ci NOT NULL,
  `search` varchar(255) CHARACTER SET utf8mb4 COLLATE utf8mb4_general_ci NOT NULL,
  `active` tinyint(1) NOT NULL DEFAULT '1'
) ENGINE=InnoDB DEFAULT CHARSET=utf8mb4 COLLATE=utf8mb4_general_ci;

--
-- Volcado de datos para la tabla `pr_alias`
--

INSERT INTO `pr_alias` (`id_alias`, `alias`, `search`, `active`) VALUES
(1, 'bloose', 'blouse', 1),
(2, 'blues', 'blouse', 1);

-- --------------------------------------------------------

--
-- Estructura de tabla para la tabla `pr_attachment`
--

CREATE TABLE `pr_attachment` (
  `id_attachment` int UNSIGNED NOT NULL,
  `file` varchar(40) CHARACTER SET utf8mb4 COLLATE utf8mb4_general_ci NOT NULL,
  `file_name` varchar(128) CHARACTER SET utf8mb4 COLLATE utf8mb4_general_ci NOT NULL,
  `file_size` bigint UNSIGNED NOT NULL DEFAULT '0',
  `mime` varchar(128) CHARACTER SET utf8mb4 COLLATE utf8mb4_general_ci NOT NULL
) ENGINE=InnoDB DEFAULT CHARSET=utf8mb4 COLLATE=utf8mb4_general_ci;

-- --------------------------------------------------------

--
-- Estructura de tabla para la tabla `pr_attachment_lang`
--

CREATE TABLE `pr_attachment_lang` (
  `id_attachment` int UNSIGNED NOT NULL,
  `id_lang` int UNSIGNED NOT NULL,
  `name` varchar(32) CHARACTER SET utf8mb4 COLLATE utf8mb4_general_ci DEFAULT NULL,
  `description` mediumtext CHARACTER SET utf8mb4 COLLATE utf8mb4_general_ci
) ENGINE=InnoDB DEFAULT CHARSET=utf8mb4 COLLATE=utf8mb4_general_ci;

-- --------------------------------------------------------

--
-- Estructura de tabla para la tabla `pr_attribute`
--

CREATE TABLE `pr_attribute` (
  `id_attribute` int NOT NULL,
  `id_attribute_group` int NOT NULL,
  `color` varchar(32) CHARACTER SET utf8mb4 COLLATE utf8mb4_general_ci NOT NULL,
  `position` int NOT NULL
) ENGINE=InnoDB DEFAULT CHARSET=utf8mb4 COLLATE=utf8mb4_general_ci;

--
-- Volcado de datos para la tabla `pr_attribute`
--

INSERT INTO `pr_attribute` (`id_attribute`, `id_attribute_group`, `color`, `position`) VALUES
(1, 1, '#00e887', 0),
(2, 1, '#d7ff11', 1),
(3, 1, '#0014b5', 2),
(4, 1, '#b11900', 3),
(5, 2, '#AAB2BD', 0),
(6, 2, '#CFC4A6', 1),
(7, 2, '#f5f5dc', 2),
(8, 2, '#ffffff', 3),
(9, 2, '#faebd7', 4),
(10, 2, '#E84C3D', 5),
(11, 2, '#434A54', 6),
(12, 2, '#C19A6B', 7),
(13, 2, '#F39C11', 8),
(14, 2, '#5D9CEC', 9),
(15, 2, '#A0D468', 10),
(16, 2, '#F1C40F', 11),
(17, 2, '#964B00', 12),
(18, 2, '#FCCACD', 13),
(19, 3, '', 0),
(20, 3, '', 1),
(21, 3, '', 2),
(22, 4, '', 0),
(23, 4, '', 1),
(24, 4, '', 2),
(25, 4, '', 3);

-- --------------------------------------------------------

--
-- Estructura de tabla para la tabla `pr_attribute_group`
--

CREATE TABLE `pr_attribute_group` (
  `id_attribute_group` int NOT NULL,
  `is_color_group` tinyint(1) NOT NULL,
  `group_type` varchar(255) CHARACTER SET utf8mb4 COLLATE utf8mb4_general_ci NOT NULL,
  `position` int NOT NULL
) ENGINE=InnoDB DEFAULT CHARSET=utf8mb4 COLLATE=utf8mb4_general_ci;

--
-- Volcado de datos para la tabla `pr_attribute_group`
--

INSERT INTO `pr_attribute_group` (`id_attribute_group`, `is_color_group`, `group_type`, `position`) VALUES
(1, 0, 'radio', 0),
(2, 1, 'color', 1),
(3, 0, 'select', 2),
(4, 0, 'select', 3);

-- --------------------------------------------------------

--
-- Estructura de tabla para la tabla `pr_attribute_group_lang`
--

CREATE TABLE `pr_attribute_group_lang` (
  `id_attribute_group` int NOT NULL,
  `id_lang` int NOT NULL,
  `name` varchar(128) CHARACTER SET utf8mb4 COLLATE utf8mb4_general_ci NOT NULL,
  `public_name` varchar(64) CHARACTER SET utf8mb4 COLLATE utf8mb4_general_ci NOT NULL
) ENGINE=InnoDB DEFAULT CHARSET=utf8mb4 COLLATE=utf8mb4_general_ci;

--
-- Volcado de datos para la tabla `pr_attribute_group_lang`
--

INSERT INTO `pr_attribute_group_lang` (`id_attribute_group`, `id_lang`, `name`, `public_name`) VALUES
(1, 1, 'Size', 'Size'),
(1, 3, 'Tamaño', 'Tamaño'),
(1, 4, 'Talles', 'Talles'),
(2, 1, 'Color', 'Color'),
(2, 3, 'color', 'color'),
(2, 4, 'Color', 'Color'),
(3, 1, 'Dimension', 'Dimension'),
(3, 3, 'Dimension', 'Dimension'),
(3, 4, 'Dimension', 'Dimension'),
(4, 1, 'Paper Type', 'Paper Type'),
(4, 3, 'Paper Type', 'Paper Type'),
(4, 4, 'Paper Type', 'Paper Type');

-- --------------------------------------------------------

--
-- Estructura de tabla para la tabla `pr_attribute_group_shop`
--

CREATE TABLE `pr_attribute_group_shop` (
  `id_attribute_group` int NOT NULL,
  `id_shop` int NOT NULL
) ENGINE=InnoDB DEFAULT CHARSET=utf8mb4 COLLATE=utf8mb4_general_ci;

--
-- Volcado de datos para la tabla `pr_attribute_group_shop`
--

INSERT INTO `pr_attribute_group_shop` (`id_attribute_group`, `id_shop`) VALUES
(1, 1),
(2, 1),
(3, 1),
(4, 1);

-- --------------------------------------------------------

--
-- Estructura de tabla para la tabla `pr_attribute_impact`
--

CREATE TABLE `pr_attribute_impact` (
  `id_attribute_impact` int UNSIGNED NOT NULL,
  `id_product` int UNSIGNED NOT NULL,
  `id_attribute` int UNSIGNED NOT NULL,
  `weight` decimal(20,6) NOT NULL,
  `price` decimal(20,6) NOT NULL DEFAULT '0.000000'
) ENGINE=InnoDB DEFAULT CHARSET=utf8mb4 COLLATE=utf8mb4_general_ci;

-- --------------------------------------------------------

--
-- Estructura de tabla para la tabla `pr_attribute_lang`
--

CREATE TABLE `pr_attribute_lang` (
  `id_attribute` int NOT NULL,
  `id_lang` int NOT NULL,
  `name` varchar(128) CHARACTER SET utf8mb4 COLLATE utf8mb4_general_ci NOT NULL
) ENGINE=InnoDB DEFAULT CHARSET=utf8mb4 COLLATE=utf8mb4_general_ci;

--
-- Volcado de datos para la tabla `pr_attribute_lang`
--

INSERT INTO `pr_attribute_lang` (`id_attribute`, `id_lang`, `name`) VALUES
(1, 1, 'S'),
(1, 3, 'S'),
(1, 4, 'S'),
(2, 1, 'M'),
(2, 3, 'M'),
(2, 4, 'M'),
(3, 1, 'L'),
(3, 3, 'L'),
(3, 4, 'L'),
(4, 1, 'XL'),
(4, 3, 'XL'),
(4, 4, 'XL'),
(5, 1, 'Grey'),
(5, 3, 'Gris'),
(5, 4, 'Gris'),
(6, 1, 'Taupe'),
(6, 3, 'Gris pardo'),
(6, 4, 'Gris pardo'),
(7, 1, 'Beige'),
(7, 3, 'Beige'),
(7, 4, 'Beige'),
(8, 1, 'White'),
(8, 3, 'Blanco'),
(8, 4, 'Blanco'),
(9, 1, 'Off White'),
(9, 3, 'Blanco roto'),
(9, 4, 'Blanco roto'),
(10, 1, 'Red'),
(10, 3, 'Rojo'),
(10, 4, 'Rojo'),
(11, 1, 'Black'),
(11, 3, 'Negro'),
(11, 4, 'Negro'),
(12, 1, 'Camel'),
(12, 3, 'Camel'),
(12, 4, 'Camel'),
(13, 1, 'Orange'),
(13, 3, 'Naranja'),
(13, 4, 'Naranja'),
(14, 1, 'Blue'),
(14, 3, 'Azul'),
(14, 4, 'Azul'),
(15, 1, 'Green'),
(15, 3, 'Verde'),
(15, 4, 'Verde'),
(16, 1, 'Yellow'),
(16, 3, 'Amarillo'),
(16, 4, 'Amarillo'),
(17, 1, 'Brown'),
(17, 3, 'Marrón'),
(17, 4, 'Marrón'),
(18, 1, 'Pink'),
(18, 3, 'Rosa'),
(18, 4, 'Rosa'),
(19, 1, '40x60cm'),
(19, 3, '40x60cm'),
(19, 4, '40x60cm'),
(20, 1, '60x90cm'),
(20, 3, '60x90cm'),
(20, 4, '60x90cm'),
(21, 1, '80x120cm'),
(21, 3, '80x120cm'),
(21, 4, '80x120cm'),
(22, 1, 'Ruled'),
(22, 3, 'Ruled'),
(22, 4, 'Ruled'),
(23, 1, 'Plain'),
(23, 3, 'Plain'),
(23, 4, 'Plain'),
(24, 1, 'Squarred'),
(24, 3, 'Squarred'),
(24, 4, 'Squarred'),
(25, 1, 'Doted'),
(25, 3, 'Doted'),
(25, 4, 'Doted');

-- --------------------------------------------------------

--
-- Estructura de tabla para la tabla `pr_attribute_shop`
--

CREATE TABLE `pr_attribute_shop` (
  `id_attribute` int NOT NULL,
  `id_shop` int NOT NULL
) ENGINE=InnoDB DEFAULT CHARSET=utf8mb4 COLLATE=utf8mb4_general_ci;

--
-- Volcado de datos para la tabla `pr_attribute_shop`
--

INSERT INTO `pr_attribute_shop` (`id_attribute`, `id_shop`) VALUES
(1, 1),
(2, 1),
(3, 1),
(4, 1),
(5, 1),
(6, 1),
(7, 1),
(8, 1),
(9, 1),
(10, 1),
(11, 1),
(12, 1),
(13, 1),
(14, 1),
(15, 1),
(16, 1),
(17, 1),
(18, 1),
(19, 1),
(20, 1),
(21, 1),
(22, 1),
(23, 1),
(24, 1),
(25, 1);

-- --------------------------------------------------------

--
-- Estructura de tabla para la tabla `pr_authorization_role`
--

CREATE TABLE `pr_authorization_role` (
  `id_authorization_role` int UNSIGNED NOT NULL,
  `slug` varchar(191) CHARACTER SET utf8mb4 COLLATE utf8mb4_general_ci NOT NULL
) ENGINE=InnoDB DEFAULT CHARSET=utf8mb4 COLLATE=utf8mb4_general_ci;

--
-- Volcado de datos para la tabla `pr_authorization_role`
--

INSERT INTO `pr_authorization_role` (`id_authorization_role`, `slug`) VALUES
(769, 'ROLE_MOD_MODULE_BLOCKREASSURANCE_CREATE'),
(772, 'ROLE_MOD_MODULE_BLOCKREASSURANCE_DELETE'),
(770, 'ROLE_MOD_MODULE_BLOCKREASSURANCE_READ'),
(771, 'ROLE_MOD_MODULE_BLOCKREASSURANCE_UPDATE'),
(1093, 'ROLE_MOD_MODULE_CONTACTFORM_CREATE'),
(1096, 'ROLE_MOD_MODULE_CONTACTFORM_DELETE'),
(1094, 'ROLE_MOD_MODULE_CONTACTFORM_READ'),
(1095, 'ROLE_MOD_MODULE_CONTACTFORM_UPDATE'),
(485, 'ROLE_MOD_MODULE_DASHACTIVITY_CREATE'),
(488, 'ROLE_MOD_MODULE_DASHACTIVITY_DELETE'),
(486, 'ROLE_MOD_MODULE_DASHACTIVITY_READ'),
(487, 'ROLE_MOD_MODULE_DASHACTIVITY_UPDATE'),
(497, 'ROLE_MOD_MODULE_DASHGOALS_CREATE'),
(500, 'ROLE_MOD_MODULE_DASHGOALS_DELETE'),
(498, 'ROLE_MOD_MODULE_DASHGOALS_READ'),
(499, 'ROLE_MOD_MODULE_DASHGOALS_UPDATE'),
(501, 'ROLE_MOD_MODULE_DASHPRODUCTS_CREATE'),
(504, 'ROLE_MOD_MODULE_DASHPRODUCTS_DELETE'),
(502, 'ROLE_MOD_MODULE_DASHPRODUCTS_READ'),
(503, 'ROLE_MOD_MODULE_DASHPRODUCTS_UPDATE'),
(489, 'ROLE_MOD_MODULE_DASHTRENDS_CREATE'),
(492, 'ROLE_MOD_MODULE_DASHTRENDS_DELETE'),
(490, 'ROLE_MOD_MODULE_DASHTRENDS_READ'),
(491, 'ROLE_MOD_MODULE_DASHTRENDS_UPDATE'),
(1065, 'ROLE_MOD_MODULE_DELETEORDERSFREE_CREATE'),
(1068, 'ROLE_MOD_MODULE_DELETEORDERSFREE_DELETE'),
(1066, 'ROLE_MOD_MODULE_DELETEORDERSFREE_READ'),
(1067, 'ROLE_MOD_MODULE_DELETEORDERSFREE_UPDATE'),
(1101, 'ROLE_MOD_MODULE_EICAPTCHA_CREATE'),
(1104, 'ROLE_MOD_MODULE_EICAPTCHA_DELETE'),
(1102, 'ROLE_MOD_MODULE_EICAPTCHA_READ'),
(1103, 'ROLE_MOD_MODULE_EICAPTCHA_UPDATE'),
(1097, 'ROLE_MOD_MODULE_FTM_RECAPTCHAV3_CREATE'),
(1100, 'ROLE_MOD_MODULE_FTM_RECAPTCHAV3_DELETE'),
(1098, 'ROLE_MOD_MODULE_FTM_RECAPTCHAV3_READ'),
(1099, 'ROLE_MOD_MODULE_FTM_RECAPTCHAV3_UPDATE'),
(729, 'ROLE_MOD_MODULE_GAMIFICATION_CREATE'),
(732, 'ROLE_MOD_MODULE_GAMIFICATION_DELETE'),
(730, 'ROLE_MOD_MODULE_GAMIFICATION_READ'),
(731, 'ROLE_MOD_MODULE_GAMIFICATION_UPDATE'),
(505, 'ROLE_MOD_MODULE_GRAPHNVD3_CREATE'),
(508, 'ROLE_MOD_MODULE_GRAPHNVD3_DELETE'),
(506, 'ROLE_MOD_MODULE_GRAPHNVD3_READ'),
(507, 'ROLE_MOD_MODULE_GRAPHNVD3_UPDATE'),
(509, 'ROLE_MOD_MODULE_GRIDHTML_CREATE'),
(512, 'ROLE_MOD_MODULE_GRIDHTML_DELETE'),
(510, 'ROLE_MOD_MODULE_GRIDHTML_READ'),
(511, 'ROLE_MOD_MODULE_GRIDHTML_UPDATE'),
(961, 'ROLE_MOD_MODULE_GSITEMAP_CREATE'),
(964, 'ROLE_MOD_MODULE_GSITEMAP_DELETE'),
(962, 'ROLE_MOD_MODULE_GSITEMAP_READ'),
(963, 'ROLE_MOD_MODULE_GSITEMAP_UPDATE'),
(1061, 'ROLE_MOD_MODULE_MERCADOPAGO_CREATE'),
(1064, 'ROLE_MOD_MODULE_MERCADOPAGO_DELETE'),
(1062, 'ROLE_MOD_MODULE_MERCADOPAGO_READ'),
(1063, 'ROLE_MOD_MODULE_MERCADOPAGO_UPDATE'),
(625, 'ROLE_MOD_MODULE_PAGESNOTFOUND_CREATE'),
(628, 'ROLE_MOD_MODULE_PAGESNOTFOUND_DELETE'),
(626, 'ROLE_MOD_MODULE_PAGESNOTFOUND_READ'),
(627, 'ROLE_MOD_MODULE_PAGESNOTFOUND_UPDATE'),
(1049, 'ROLE_MOD_MODULE_PRODUCTCOMMENTS_CREATE'),
(1052, 'ROLE_MOD_MODULE_PRODUCTCOMMENTS_DELETE'),
(1050, 'ROLE_MOD_MODULE_PRODUCTCOMMENTS_READ'),
(1051, 'ROLE_MOD_MODULE_PRODUCTCOMMENTS_UPDATE'),
(733, 'ROLE_MOD_MODULE_PSADDONSCONNECT_CREATE'),
(736, 'ROLE_MOD_MODULE_PSADDONSCONNECT_DELETE'),
(734, 'ROLE_MOD_MODULE_PSADDONSCONNECT_READ'),
(735, 'ROLE_MOD_MODULE_PSADDONSCONNECT_UPDATE'),
(737, 'ROLE_MOD_MODULE_PSGDPR_CREATE'),
(740, 'ROLE_MOD_MODULE_PSGDPR_DELETE'),
(738, 'ROLE_MOD_MODULE_PSGDPR_READ'),
(739, 'ROLE_MOD_MODULE_PSGDPR_UPDATE'),
(517, 'ROLE_MOD_MODULE_PS_BANNER_CREATE'),
(520, 'ROLE_MOD_MODULE_PS_BANNER_DELETE'),
(518, 'ROLE_MOD_MODULE_PS_BANNER_READ'),
(519, 'ROLE_MOD_MODULE_PS_BANNER_UPDATE'),
(1013, 'ROLE_MOD_MODULE_PS_BESTSELLERS_CREATE'),
(1016, 'ROLE_MOD_MODULE_PS_BESTSELLERS_DELETE'),
(1014, 'ROLE_MOD_MODULE_PS_BESTSELLERS_READ'),
(1015, 'ROLE_MOD_MODULE_PS_BESTSELLERS_UPDATE'),
(761, 'ROLE_MOD_MODULE_PS_BUYBUTTONLITE_CREATE'),
(764, 'ROLE_MOD_MODULE_PS_BUYBUTTONLITE_DELETE'),
(762, 'ROLE_MOD_MODULE_PS_BUYBUTTONLITE_READ'),
(763, 'ROLE_MOD_MODULE_PS_BUYBUTTONLITE_UPDATE'),
(1073, 'ROLE_MOD_MODULE_PS_CATEGORYPRODUCTS_CREATE'),
(1076, 'ROLE_MOD_MODULE_PS_CATEGORYPRODUCTS_DELETE'),
(1074, 'ROLE_MOD_MODULE_PS_CATEGORYPRODUCTS_READ'),
(1075, 'ROLE_MOD_MODULE_PS_CATEGORYPRODUCTS_UPDATE'),
(521, 'ROLE_MOD_MODULE_PS_CATEGORYTREE_CREATE'),
(524, 'ROLE_MOD_MODULE_PS_CATEGORYTREE_DELETE'),
(522, 'ROLE_MOD_MODULE_PS_CATEGORYTREE_READ'),
(523, 'ROLE_MOD_MODULE_PS_CATEGORYTREE_UPDATE'),
(525, 'ROLE_MOD_MODULE_PS_CHECKPAYMENT_CREATE'),
(528, 'ROLE_MOD_MODULE_PS_CHECKPAYMENT_DELETE'),
(526, 'ROLE_MOD_MODULE_PS_CHECKPAYMENT_READ'),
(527, 'ROLE_MOD_MODULE_PS_CHECKPAYMENT_UPDATE'),
(529, 'ROLE_MOD_MODULE_PS_CONTACTINFO_CREATE'),
(532, 'ROLE_MOD_MODULE_PS_CONTACTINFO_DELETE'),
(530, 'ROLE_MOD_MODULE_PS_CONTACTINFO_READ'),
(531, 'ROLE_MOD_MODULE_PS_CONTACTINFO_UPDATE'),
(1053, 'ROLE_MOD_MODULE_PS_CROSSSELLING_CREATE'),
(1056, 'ROLE_MOD_MODULE_PS_CROSSSELLING_DELETE'),
(1054, 'ROLE_MOD_MODULE_PS_CROSSSELLING_READ'),
(1055, 'ROLE_MOD_MODULE_PS_CROSSSELLING_UPDATE'),
(533, 'ROLE_MOD_MODULE_PS_CURRENCYSELECTOR_CREATE'),
(536, 'ROLE_MOD_MODULE_PS_CURRENCYSELECTOR_DELETE'),
(534, 'ROLE_MOD_MODULE_PS_CURRENCYSELECTOR_READ'),
(535, 'ROLE_MOD_MODULE_PS_CURRENCYSELECTOR_UPDATE'),
(537, 'ROLE_MOD_MODULE_PS_CUSTOMERACCOUNTLINKS_CREATE'),
(540, 'ROLE_MOD_MODULE_PS_CUSTOMERACCOUNTLINKS_DELETE'),
(538, 'ROLE_MOD_MODULE_PS_CUSTOMERACCOUNTLINKS_READ'),
(539, 'ROLE_MOD_MODULE_PS_CUSTOMERACCOUNTLINKS_UPDATE'),
(541, 'ROLE_MOD_MODULE_PS_CUSTOMERSIGNIN_CREATE'),
(544, 'ROLE_MOD_MODULE_PS_CUSTOMERSIGNIN_DELETE'),
(542, 'ROLE_MOD_MODULE_PS_CUSTOMERSIGNIN_READ'),
(543, 'ROLE_MOD_MODULE_PS_CUSTOMERSIGNIN_UPDATE'),
(545, 'ROLE_MOD_MODULE_PS_CUSTOMTEXT_CREATE'),
(548, 'ROLE_MOD_MODULE_PS_CUSTOMTEXT_DELETE'),
(546, 'ROLE_MOD_MODULE_PS_CUSTOMTEXT_READ'),
(547, 'ROLE_MOD_MODULE_PS_CUSTOMTEXT_UPDATE'),
(1057, 'ROLE_MOD_MODULE_PS_DATAPRIVACY_CREATE'),
(1060, 'ROLE_MOD_MODULE_PS_DATAPRIVACY_DELETE'),
(1058, 'ROLE_MOD_MODULE_PS_DATAPRIVACY_READ'),
(1059, 'ROLE_MOD_MODULE_PS_DATAPRIVACY_UPDATE'),
(1009, 'ROLE_MOD_MODULE_PS_EMAILSUBSCRIPTION_CREATE'),
(1012, 'ROLE_MOD_MODULE_PS_EMAILSUBSCRIPTION_DELETE'),
(1010, 'ROLE_MOD_MODULE_PS_EMAILSUBSCRIPTION_READ'),
(1011, 'ROLE_MOD_MODULE_PS_EMAILSUBSCRIPTION_UPDATE'),
(773, 'ROLE_MOD_MODULE_PS_FACETEDSEARCH_CREATE'),
(776, 'ROLE_MOD_MODULE_PS_FACETEDSEARCH_DELETE'),
(774, 'ROLE_MOD_MODULE_PS_FACETEDSEARCH_READ'),
(775, 'ROLE_MOD_MODULE_PS_FACETEDSEARCH_UPDATE'),
(557, 'ROLE_MOD_MODULE_PS_FAVICONNOTIFICATIONBO_CREATE'),
(560, 'ROLE_MOD_MODULE_PS_FAVICONNOTIFICATIONBO_DELETE'),
(558, 'ROLE_MOD_MODULE_PS_FAVICONNOTIFICATIONBO_READ'),
(559, 'ROLE_MOD_MODULE_PS_FAVICONNOTIFICATIONBO_UPDATE'),
(565, 'ROLE_MOD_MODULE_PS_FEATUREDPRODUCTS_CREATE'),
(568, 'ROLE_MOD_MODULE_PS_FEATUREDPRODUCTS_DELETE'),
(566, 'ROLE_MOD_MODULE_PS_FEATUREDPRODUCTS_READ'),
(567, 'ROLE_MOD_MODULE_PS_FEATUREDPRODUCTS_UPDATE'),
(569, 'ROLE_MOD_MODULE_PS_IMAGESLIDER_CREATE'),
(572, 'ROLE_MOD_MODULE_PS_IMAGESLIDER_DELETE'),
(570, 'ROLE_MOD_MODULE_PS_IMAGESLIDER_READ'),
(571, 'ROLE_MOD_MODULE_PS_IMAGESLIDER_UPDATE'),
(573, 'ROLE_MOD_MODULE_PS_LANGUAGESELECTOR_CREATE'),
(576, 'ROLE_MOD_MODULE_PS_LANGUAGESELECTOR_DELETE'),
(574, 'ROLE_MOD_MODULE_PS_LANGUAGESELECTOR_READ'),
(575, 'ROLE_MOD_MODULE_PS_LANGUAGESELECTOR_UPDATE'),
(581, 'ROLE_MOD_MODULE_PS_LINKLIST_CREATE'),
(584, 'ROLE_MOD_MODULE_PS_LINKLIST_DELETE'),
(582, 'ROLE_MOD_MODULE_PS_LINKLIST_READ'),
(583, 'ROLE_MOD_MODULE_PS_LINKLIST_UPDATE'),
(585, 'ROLE_MOD_MODULE_PS_MAINMENU_CREATE'),
(588, 'ROLE_MOD_MODULE_PS_MAINMENU_DELETE'),
(586, 'ROLE_MOD_MODULE_PS_MAINMENU_READ'),
(587, 'ROLE_MOD_MODULE_PS_MAINMENU_UPDATE'),
(749, 'ROLE_MOD_MODULE_PS_MBO_CREATE'),
(752, 'ROLE_MOD_MODULE_PS_MBO_DELETE'),
(750, 'ROLE_MOD_MODULE_PS_MBO_READ'),
(751, 'ROLE_MOD_MODULE_PS_MBO_UPDATE'),
(781, 'ROLE_MOD_MODULE_PS_NEWPRODUCTS_CREATE'),
(784, 'ROLE_MOD_MODULE_PS_NEWPRODUCTS_DELETE'),
(782, 'ROLE_MOD_MODULE_PS_NEWPRODUCTS_READ'),
(783, 'ROLE_MOD_MODULE_PS_NEWPRODUCTS_UPDATE'),
(589, 'ROLE_MOD_MODULE_PS_SEARCHBAR_CREATE'),
(592, 'ROLE_MOD_MODULE_PS_SEARCHBAR_DELETE'),
(590, 'ROLE_MOD_MODULE_PS_SEARCHBAR_READ'),
(591, 'ROLE_MOD_MODULE_PS_SEARCHBAR_UPDATE'),
(593, 'ROLE_MOD_MODULE_PS_SHAREBUTTONS_CREATE'),
(596, 'ROLE_MOD_MODULE_PS_SHAREBUTTONS_DELETE'),
(594, 'ROLE_MOD_MODULE_PS_SHAREBUTTONS_READ'),
(595, 'ROLE_MOD_MODULE_PS_SHAREBUTTONS_UPDATE'),
(597, 'ROLE_MOD_MODULE_PS_SHOPPINGCART_CREATE'),
(600, 'ROLE_MOD_MODULE_PS_SHOPPINGCART_DELETE'),
(598, 'ROLE_MOD_MODULE_PS_SHOPPINGCART_READ'),
(599, 'ROLE_MOD_MODULE_PS_SHOPPINGCART_UPDATE'),
(601, 'ROLE_MOD_MODULE_PS_SOCIALFOLLOW_CREATE'),
(604, 'ROLE_MOD_MODULE_PS_SOCIALFOLLOW_DELETE'),
(602, 'ROLE_MOD_MODULE_PS_SOCIALFOLLOW_READ'),
(603, 'ROLE_MOD_MODULE_PS_SOCIALFOLLOW_UPDATE'),
(1017, 'ROLE_MOD_MODULE_PS_SPECIALS_CREATE'),
(1020, 'ROLE_MOD_MODULE_PS_SPECIALS_DELETE'),
(1018, 'ROLE_MOD_MODULE_PS_SPECIALS_READ'),
(1019, 'ROLE_MOD_MODULE_PS_SPECIALS_UPDATE'),
(605, 'ROLE_MOD_MODULE_PS_THEMECUSTO_CREATE'),
(608, 'ROLE_MOD_MODULE_PS_THEMECUSTO_DELETE'),
(606, 'ROLE_MOD_MODULE_PS_THEMECUSTO_READ'),
(607, 'ROLE_MOD_MODULE_PS_THEMECUSTO_UPDATE'),
(1077, 'ROLE_MOD_MODULE_PS_VIEWEDPRODUCT_CREATE'),
(1080, 'ROLE_MOD_MODULE_PS_VIEWEDPRODUCT_DELETE'),
(1078, 'ROLE_MOD_MODULE_PS_VIEWEDPRODUCT_READ'),
(1079, 'ROLE_MOD_MODULE_PS_VIEWEDPRODUCT_UPDATE'),
(621, 'ROLE_MOD_MODULE_PS_WIREPAYMENT_CREATE'),
(624, 'ROLE_MOD_MODULE_PS_WIREPAYMENT_DELETE'),
(622, 'ROLE_MOD_MODULE_PS_WIREPAYMENT_READ'),
(623, 'ROLE_MOD_MODULE_PS_WIREPAYMENT_UPDATE'),
(629, 'ROLE_MOD_MODULE_SEKEYWORDS_CREATE'),
(632, 'ROLE_MOD_MODULE_SEKEYWORDS_DELETE'),
(630, 'ROLE_MOD_MODULE_SEKEYWORDS_READ'),
(631, 'ROLE_MOD_MODULE_SEKEYWORDS_UPDATE'),
(633, 'ROLE_MOD_MODULE_STATSBESTCATEGORIES_CREATE'),
(636, 'ROLE_MOD_MODULE_STATSBESTCATEGORIES_DELETE'),
(634, 'ROLE_MOD_MODULE_STATSBESTCATEGORIES_READ'),
(635, 'ROLE_MOD_MODULE_STATSBESTCATEGORIES_UPDATE'),
(637, 'ROLE_MOD_MODULE_STATSBESTCUSTOMERS_CREATE'),
(640, 'ROLE_MOD_MODULE_STATSBESTCUSTOMERS_DELETE'),
(638, 'ROLE_MOD_MODULE_STATSBESTCUSTOMERS_READ'),
(639, 'ROLE_MOD_MODULE_STATSBESTCUSTOMERS_UPDATE'),
(641, 'ROLE_MOD_MODULE_STATSBESTPRODUCTS_CREATE'),
(644, 'ROLE_MOD_MODULE_STATSBESTPRODUCTS_DELETE'),
(642, 'ROLE_MOD_MODULE_STATSBESTPRODUCTS_READ'),
(643, 'ROLE_MOD_MODULE_STATSBESTPRODUCTS_UPDATE'),
(645, 'ROLE_MOD_MODULE_STATSBESTSUPPLIERS_CREATE'),
(648, 'ROLE_MOD_MODULE_STATSBESTSUPPLIERS_DELETE'),
(646, 'ROLE_MOD_MODULE_STATSBESTSUPPLIERS_READ'),
(647, 'ROLE_MOD_MODULE_STATSBESTSUPPLIERS_UPDATE'),
(649, 'ROLE_MOD_MODULE_STATSBESTVOUCHERS_CREATE'),
(652, 'ROLE_MOD_MODULE_STATSBESTVOUCHERS_DELETE'),
(650, 'ROLE_MOD_MODULE_STATSBESTVOUCHERS_READ'),
(651, 'ROLE_MOD_MODULE_STATSBESTVOUCHERS_UPDATE'),
(653, 'ROLE_MOD_MODULE_STATSCARRIER_CREATE'),
(656, 'ROLE_MOD_MODULE_STATSCARRIER_DELETE'),
(654, 'ROLE_MOD_MODULE_STATSCARRIER_READ'),
(655, 'ROLE_MOD_MODULE_STATSCARRIER_UPDATE'),
(657, 'ROLE_MOD_MODULE_STATSCATALOG_CREATE'),
(660, 'ROLE_MOD_MODULE_STATSCATALOG_DELETE'),
(658, 'ROLE_MOD_MODULE_STATSCATALOG_READ'),
(659, 'ROLE_MOD_MODULE_STATSCATALOG_UPDATE'),
(661, 'ROLE_MOD_MODULE_STATSCHECKUP_CREATE'),
(664, 'ROLE_MOD_MODULE_STATSCHECKUP_DELETE'),
(662, 'ROLE_MOD_MODULE_STATSCHECKUP_READ'),
(663, 'ROLE_MOD_MODULE_STATSCHECKUP_UPDATE'),
(665, 'ROLE_MOD_MODULE_STATSDATA_CREATE'),
(668, 'ROLE_MOD_MODULE_STATSDATA_DELETE'),
(666, 'ROLE_MOD_MODULE_STATSDATA_READ'),
(667, 'ROLE_MOD_MODULE_STATSDATA_UPDATE'),
(669, 'ROLE_MOD_MODULE_STATSEQUIPMENT_CREATE'),
(672, 'ROLE_MOD_MODULE_STATSEQUIPMENT_DELETE'),
(670, 'ROLE_MOD_MODULE_STATSEQUIPMENT_READ'),
(671, 'ROLE_MOD_MODULE_STATSEQUIPMENT_UPDATE'),
(673, 'ROLE_MOD_MODULE_STATSFORECAST_CREATE'),
(676, 'ROLE_MOD_MODULE_STATSFORECAST_DELETE'),
(674, 'ROLE_MOD_MODULE_STATSFORECAST_READ'),
(675, 'ROLE_MOD_MODULE_STATSFORECAST_UPDATE'),
(677, 'ROLE_MOD_MODULE_STATSLIVE_CREATE'),
(680, 'ROLE_MOD_MODULE_STATSLIVE_DELETE'),
(678, 'ROLE_MOD_MODULE_STATSLIVE_READ'),
(679, 'ROLE_MOD_MODULE_STATSLIVE_UPDATE'),
(1005, 'ROLE_MOD_MODULE_STATSNEWSLETTER_CREATE'),
(1008, 'ROLE_MOD_MODULE_STATSNEWSLETTER_DELETE'),
(1006, 'ROLE_MOD_MODULE_STATSNEWSLETTER_READ'),
(1007, 'ROLE_MOD_MODULE_STATSNEWSLETTER_UPDATE'),
(685, 'ROLE_MOD_MODULE_STATSORIGIN_CREATE'),
(688, 'ROLE_MOD_MODULE_STATSORIGIN_DELETE'),
(686, 'ROLE_MOD_MODULE_STATSORIGIN_READ'),
(687, 'ROLE_MOD_MODULE_STATSORIGIN_UPDATE'),
(689, 'ROLE_MOD_MODULE_STATSPERSONALINFOS_CREATE'),
(692, 'ROLE_MOD_MODULE_STATSPERSONALINFOS_DELETE'),
(690, 'ROLE_MOD_MODULE_STATSPERSONALINFOS_READ'),
(691, 'ROLE_MOD_MODULE_STATSPERSONALINFOS_UPDATE'),
(693, 'ROLE_MOD_MODULE_STATSPRODUCT_CREATE'),
(696, 'ROLE_MOD_MODULE_STATSPRODUCT_DELETE'),
(694, 'ROLE_MOD_MODULE_STATSPRODUCT_READ'),
(695, 'ROLE_MOD_MODULE_STATSPRODUCT_UPDATE'),
(697, 'ROLE_MOD_MODULE_STATSREGISTRATIONS_CREATE'),
(700, 'ROLE_MOD_MODULE_STATSREGISTRATIONS_DELETE'),
(698, 'ROLE_MOD_MODULE_STATSREGISTRATIONS_READ'),
(699, 'ROLE_MOD_MODULE_STATSREGISTRATIONS_UPDATE'),
(701, 'ROLE_MOD_MODULE_STATSSALES_CREATE'),
(704, 'ROLE_MOD_MODULE_STATSSALES_DELETE'),
(702, 'ROLE_MOD_MODULE_STATSSALES_READ'),
(703, 'ROLE_MOD_MODULE_STATSSALES_UPDATE'),
(705, 'ROLE_MOD_MODULE_STATSSEARCH_CREATE'),
(708, 'ROLE_MOD_MODULE_STATSSEARCH_DELETE'),
(706, 'ROLE_MOD_MODULE_STATSSEARCH_READ'),
(707, 'ROLE_MOD_MODULE_STATSSEARCH_UPDATE'),
(709, 'ROLE_MOD_MODULE_STATSSTOCK_CREATE'),
(712, 'ROLE_MOD_MODULE_STATSSTOCK_DELETE'),
(710, 'ROLE_MOD_MODULE_STATSSTOCK_READ'),
(711, 'ROLE_MOD_MODULE_STATSSTOCK_UPDATE'),
(713, 'ROLE_MOD_MODULE_STATSVISITS_CREATE'),
(716, 'ROLE_MOD_MODULE_STATSVISITS_DELETE'),
(714, 'ROLE_MOD_MODULE_STATSVISITS_READ'),
(715, 'ROLE_MOD_MODULE_STATSVISITS_UPDATE'),
(717, 'ROLE_MOD_MODULE_WELCOME_CREATE'),
(720, 'ROLE_MOD_MODULE_WELCOME_DELETE'),
(718, 'ROLE_MOD_MODULE_WELCOME_READ'),
(719, 'ROLE_MOD_MODULE_WELCOME_UPDATE'),
(1081, 'ROLE_MOD_MODULE_WHATSAPP_CREATE'),
(1084, 'ROLE_MOD_MODULE_WHATSAPP_DELETE'),
(1082, 'ROLE_MOD_MODULE_WHATSAPP_READ'),
(1083, 'ROLE_MOD_MODULE_WHATSAPP_UPDATE'),
(1, 'ROLE_MOD_TAB_ADMINACCESS_CREATE'),
(4, 'ROLE_MOD_TAB_ADMINACCESS_DELETE'),
(2, 'ROLE_MOD_TAB_ADMINACCESS_READ'),
(3, 'ROLE_MOD_TAB_ADMINACCESS_UPDATE'),
(5, 'ROLE_MOD_TAB_ADMINADDONSCATALOG_CREATE'),
(8, 'ROLE_MOD_TAB_ADMINADDONSCATALOG_DELETE'),
(6, 'ROLE_MOD_TAB_ADMINADDONSCATALOG_READ'),
(7, 'ROLE_MOD_TAB_ADMINADDONSCATALOG_UPDATE'),
(9, 'ROLE_MOD_TAB_ADMINADDRESSES_CREATE'),
(12, 'ROLE_MOD_TAB_ADMINADDRESSES_DELETE'),
(10, 'ROLE_MOD_TAB_ADMINADDRESSES_READ'),
(11, 'ROLE_MOD_TAB_ADMINADDRESSES_UPDATE'),
(13, 'ROLE_MOD_TAB_ADMINADMINPREFERENCES_CREATE'),
(16, 'ROLE_MOD_TAB_ADMINADMINPREFERENCES_DELETE'),
(14, 'ROLE_MOD_TAB_ADMINADMINPREFERENCES_READ'),
(15, 'ROLE_MOD_TAB_ADMINADMINPREFERENCES_UPDATE'),
(17, 'ROLE_MOD_TAB_ADMINADVANCEDPARAMETERS_CREATE'),
(20, 'ROLE_MOD_TAB_ADMINADVANCEDPARAMETERS_DELETE'),
(18, 'ROLE_MOD_TAB_ADMINADVANCEDPARAMETERS_READ'),
(19, 'ROLE_MOD_TAB_ADMINADVANCEDPARAMETERS_UPDATE'),
(741, 'ROLE_MOD_TAB_ADMINAJAXPSGDPR_CREATE'),
(744, 'ROLE_MOD_TAB_ADMINAJAXPSGDPR_DELETE'),
(742, 'ROLE_MOD_TAB_ADMINAJAXPSGDPR_READ'),
(743, 'ROLE_MOD_TAB_ADMINAJAXPSGDPR_UPDATE'),
(765, 'ROLE_MOD_TAB_ADMINAJAXPS_BUYBUTTONLITE_CREATE'),
(768, 'ROLE_MOD_TAB_ADMINAJAXPS_BUYBUTTONLITE_DELETE'),
(766, 'ROLE_MOD_TAB_ADMINAJAXPS_BUYBUTTONLITE_READ'),
(767, 'ROLE_MOD_TAB_ADMINAJAXPS_BUYBUTTONLITE_UPDATE'),
(21, 'ROLE_MOD_TAB_ADMINATTACHMENTS_CREATE'),
(24, 'ROLE_MOD_TAB_ADMINATTACHMENTS_DELETE'),
(22, 'ROLE_MOD_TAB_ADMINATTACHMENTS_READ'),
(23, 'ROLE_MOD_TAB_ADMINATTACHMENTS_UPDATE'),
(25, 'ROLE_MOD_TAB_ADMINATTRIBUTESGROUPS_CREATE'),
(28, 'ROLE_MOD_TAB_ADMINATTRIBUTESGROUPS_DELETE'),
(26, 'ROLE_MOD_TAB_ADMINATTRIBUTESGROUPS_READ'),
(27, 'ROLE_MOD_TAB_ADMINATTRIBUTESGROUPS_UPDATE'),
(29, 'ROLE_MOD_TAB_ADMINBACKUP_CREATE'),
(32, 'ROLE_MOD_TAB_ADMINBACKUP_DELETE'),
(30, 'ROLE_MOD_TAB_ADMINBACKUP_READ'),
(31, 'ROLE_MOD_TAB_ADMINBACKUP_UPDATE'),
(981, 'ROLE_MOD_TAB_ADMINBLOCKLISTING_CREATE'),
(984, 'ROLE_MOD_TAB_ADMINBLOCKLISTING_DELETE'),
(982, 'ROLE_MOD_TAB_ADMINBLOCKLISTING_READ'),
(983, 'ROLE_MOD_TAB_ADMINBLOCKLISTING_UPDATE'),
(33, 'ROLE_MOD_TAB_ADMINCARRIERS_CREATE'),
(36, 'ROLE_MOD_TAB_ADMINCARRIERS_DELETE'),
(34, 'ROLE_MOD_TAB_ADMINCARRIERS_READ'),
(35, 'ROLE_MOD_TAB_ADMINCARRIERS_UPDATE'),
(37, 'ROLE_MOD_TAB_ADMINCARTRULES_CREATE'),
(40, 'ROLE_MOD_TAB_ADMINCARTRULES_DELETE'),
(38, 'ROLE_MOD_TAB_ADMINCARTRULES_READ'),
(39, 'ROLE_MOD_TAB_ADMINCARTRULES_UPDATE'),
(41, 'ROLE_MOD_TAB_ADMINCARTS_CREATE'),
(44, 'ROLE_MOD_TAB_ADMINCARTS_DELETE'),
(42, 'ROLE_MOD_TAB_ADMINCARTS_READ'),
(43, 'ROLE_MOD_TAB_ADMINCARTS_UPDATE'),
(45, 'ROLE_MOD_TAB_ADMINCATALOG_CREATE'),
(48, 'ROLE_MOD_TAB_ADMINCATALOG_DELETE'),
(46, 'ROLE_MOD_TAB_ADMINCATALOG_READ'),
(47, 'ROLE_MOD_TAB_ADMINCATALOG_UPDATE'),
(49, 'ROLE_MOD_TAB_ADMINCATEGORIES_CREATE'),
(52, 'ROLE_MOD_TAB_ADMINCATEGORIES_DELETE'),
(50, 'ROLE_MOD_TAB_ADMINCATEGORIES_READ'),
(51, 'ROLE_MOD_TAB_ADMINCATEGORIES_UPDATE'),
(53, 'ROLE_MOD_TAB_ADMINCMSCONTENT_CREATE'),
(56, 'ROLE_MOD_TAB_ADMINCMSCONTENT_DELETE'),
(54, 'ROLE_MOD_TAB_ADMINCMSCONTENT_READ'),
(55, 'ROLE_MOD_TAB_ADMINCMSCONTENT_UPDATE'),
(1025, 'ROLE_MOD_TAB_ADMINCONFIGUREFAVICONBO_CREATE'),
(1028, 'ROLE_MOD_TAB_ADMINCONFIGUREFAVICONBO_DELETE'),
(1026, 'ROLE_MOD_TAB_ADMINCONFIGUREFAVICONBO_READ'),
(1027, 'ROLE_MOD_TAB_ADMINCONFIGUREFAVICONBO_UPDATE'),
(57, 'ROLE_MOD_TAB_ADMINCONTACTS_CREATE'),
(60, 'ROLE_MOD_TAB_ADMINCONTACTS_DELETE'),
(58, 'ROLE_MOD_TAB_ADMINCONTACTS_READ'),
(59, 'ROLE_MOD_TAB_ADMINCONTACTS_UPDATE'),
(61, 'ROLE_MOD_TAB_ADMINCOUNTRIES_CREATE'),
(64, 'ROLE_MOD_TAB_ADMINCOUNTRIES_DELETE'),
(62, 'ROLE_MOD_TAB_ADMINCOUNTRIES_READ'),
(63, 'ROLE_MOD_TAB_ADMINCOUNTRIES_UPDATE'),
(65, 'ROLE_MOD_TAB_ADMINCURRENCIES_CREATE'),
(68, 'ROLE_MOD_TAB_ADMINCURRENCIES_DELETE'),
(66, 'ROLE_MOD_TAB_ADMINCURRENCIES_READ'),
(67, 'ROLE_MOD_TAB_ADMINCURRENCIES_UPDATE'),
(69, 'ROLE_MOD_TAB_ADMINCUSTOMERPREFERENCES_CREATE'),
(72, 'ROLE_MOD_TAB_ADMINCUSTOMERPREFERENCES_DELETE'),
(70, 'ROLE_MOD_TAB_ADMINCUSTOMERPREFERENCES_READ'),
(71, 'ROLE_MOD_TAB_ADMINCUSTOMERPREFERENCES_UPDATE'),
(73, 'ROLE_MOD_TAB_ADMINCUSTOMERS_CREATE'),
(76, 'ROLE_MOD_TAB_ADMINCUSTOMERS_DELETE'),
(74, 'ROLE_MOD_TAB_ADMINCUSTOMERS_READ'),
(75, 'ROLE_MOD_TAB_ADMINCUSTOMERS_UPDATE'),
(77, 'ROLE_MOD_TAB_ADMINCUSTOMERTHREADS_CREATE'),
(80, 'ROLE_MOD_TAB_ADMINCUSTOMERTHREADS_DELETE'),
(78, 'ROLE_MOD_TAB_ADMINCUSTOMERTHREADS_READ'),
(79, 'ROLE_MOD_TAB_ADMINCUSTOMERTHREADS_UPDATE'),
(81, 'ROLE_MOD_TAB_ADMINDASHBOARD_CREATE'),
(84, 'ROLE_MOD_TAB_ADMINDASHBOARD_DELETE'),
(82, 'ROLE_MOD_TAB_ADMINDASHBOARD_READ'),
(83, 'ROLE_MOD_TAB_ADMINDASHBOARD_UPDATE'),
(493, 'ROLE_MOD_TAB_ADMINDASHGOALS_CREATE'),
(496, 'ROLE_MOD_TAB_ADMINDASHGOALS_DELETE'),
(494, 'ROLE_MOD_TAB_ADMINDASHGOALS_READ'),
(495, 'ROLE_MOD_TAB_ADMINDASHGOALS_UPDATE'),
(85, 'ROLE_MOD_TAB_ADMINDELIVERYSLIP_CREATE'),
(88, 'ROLE_MOD_TAB_ADMINDELIVERYSLIP_DELETE'),
(86, 'ROLE_MOD_TAB_ADMINDELIVERYSLIP_READ'),
(87, 'ROLE_MOD_TAB_ADMINDELIVERYSLIP_UPDATE'),
(745, 'ROLE_MOD_TAB_ADMINDOWNLOADINVOICESPSGDPR_CREATE'),
(748, 'ROLE_MOD_TAB_ADMINDOWNLOADINVOICESPSGDPR_DELETE'),
(746, 'ROLE_MOD_TAB_ADMINDOWNLOADINVOICESPSGDPR_READ'),
(747, 'ROLE_MOD_TAB_ADMINDOWNLOADINVOICESPSGDPR_UPDATE'),
(89, 'ROLE_MOD_TAB_ADMINEMAILS_CREATE'),
(92, 'ROLE_MOD_TAB_ADMINEMAILS_DELETE'),
(90, 'ROLE_MOD_TAB_ADMINEMAILS_READ'),
(91, 'ROLE_MOD_TAB_ADMINEMAILS_UPDATE'),
(93, 'ROLE_MOD_TAB_ADMINEMPLOYEES_CREATE'),
(96, 'ROLE_MOD_TAB_ADMINEMPLOYEES_DELETE'),
(94, 'ROLE_MOD_TAB_ADMINEMPLOYEES_READ'),
(95, 'ROLE_MOD_TAB_ADMINEMPLOYEES_UPDATE'),
(97, 'ROLE_MOD_TAB_ADMINFEATURES_CREATE'),
(100, 'ROLE_MOD_TAB_ADMINFEATURES_DELETE'),
(98, 'ROLE_MOD_TAB_ADMINFEATURES_READ'),
(99, 'ROLE_MOD_TAB_ADMINFEATURES_UPDATE'),
(725, 'ROLE_MOD_TAB_ADMINGAMIFICATION_CREATE'),
(728, 'ROLE_MOD_TAB_ADMINGAMIFICATION_DELETE'),
(726, 'ROLE_MOD_TAB_ADMINGAMIFICATION_READ'),
(727, 'ROLE_MOD_TAB_ADMINGAMIFICATION_UPDATE'),
(101, 'ROLE_MOD_TAB_ADMINGENDERS_CREATE'),
(104, 'ROLE_MOD_TAB_ADMINGENDERS_DELETE'),
(102, 'ROLE_MOD_TAB_ADMINGENDERS_READ'),
(103, 'ROLE_MOD_TAB_ADMINGENDERS_UPDATE'),
(105, 'ROLE_MOD_TAB_ADMINGEOLOCATION_CREATE'),
(108, 'ROLE_MOD_TAB_ADMINGEOLOCATION_DELETE'),
(106, 'ROLE_MOD_TAB_ADMINGEOLOCATION_READ'),
(107, 'ROLE_MOD_TAB_ADMINGEOLOCATION_UPDATE'),
(109, 'ROLE_MOD_TAB_ADMINGROUPS_CREATE'),
(112, 'ROLE_MOD_TAB_ADMINGROUPS_DELETE'),
(110, 'ROLE_MOD_TAB_ADMINGROUPS_READ'),
(111, 'ROLE_MOD_TAB_ADMINGROUPS_UPDATE'),
(113, 'ROLE_MOD_TAB_ADMINIMAGES_CREATE'),
(116, 'ROLE_MOD_TAB_ADMINIMAGES_DELETE'),
(114, 'ROLE_MOD_TAB_ADMINIMAGES_READ'),
(115, 'ROLE_MOD_TAB_ADMINIMAGES_UPDATE'),
(117, 'ROLE_MOD_TAB_ADMINIMPORT_CREATE'),
(120, 'ROLE_MOD_TAB_ADMINIMPORT_DELETE'),
(118, 'ROLE_MOD_TAB_ADMINIMPORT_READ'),
(119, 'ROLE_MOD_TAB_ADMINIMPORT_UPDATE'),
(121, 'ROLE_MOD_TAB_ADMININFORMATION_CREATE'),
(124, 'ROLE_MOD_TAB_ADMININFORMATION_DELETE'),
(122, 'ROLE_MOD_TAB_ADMININFORMATION_READ'),
(123, 'ROLE_MOD_TAB_ADMININFORMATION_UPDATE'),
(125, 'ROLE_MOD_TAB_ADMININTERNATIONAL_CREATE'),
(128, 'ROLE_MOD_TAB_ADMININTERNATIONAL_DELETE'),
(126, 'ROLE_MOD_TAB_ADMININTERNATIONAL_READ'),
(127, 'ROLE_MOD_TAB_ADMININTERNATIONAL_UPDATE'),
(129, 'ROLE_MOD_TAB_ADMININVOICES_CREATE'),
(132, 'ROLE_MOD_TAB_ADMININVOICES_DELETE'),
(130, 'ROLE_MOD_TAB_ADMININVOICES_READ'),
(131, 'ROLE_MOD_TAB_ADMININVOICES_UPDATE'),
(133, 'ROLE_MOD_TAB_ADMINLANGUAGES_CREATE'),
(136, 'ROLE_MOD_TAB_ADMINLANGUAGES_DELETE'),
(134, 'ROLE_MOD_TAB_ADMINLANGUAGES_READ'),
(135, 'ROLE_MOD_TAB_ADMINLANGUAGES_UPDATE'),
(137, 'ROLE_MOD_TAB_ADMINLINKWIDGET_CREATE'),
(140, 'ROLE_MOD_TAB_ADMINLINKWIDGET_DELETE'),
(138, 'ROLE_MOD_TAB_ADMINLINKWIDGET_READ'),
(139, 'ROLE_MOD_TAB_ADMINLINKWIDGET_UPDATE'),
(141, 'ROLE_MOD_TAB_ADMINLOCALIZATION_CREATE'),
(144, 'ROLE_MOD_TAB_ADMINLOCALIZATION_DELETE'),
(142, 'ROLE_MOD_TAB_ADMINLOCALIZATION_READ'),
(143, 'ROLE_MOD_TAB_ADMINLOCALIZATION_UPDATE'),
(145, 'ROLE_MOD_TAB_ADMINLOGS_CREATE'),
(148, 'ROLE_MOD_TAB_ADMINLOGS_DELETE'),
(146, 'ROLE_MOD_TAB_ADMINLOGS_READ'),
(147, 'ROLE_MOD_TAB_ADMINLOGS_UPDATE'),
(465, 'ROLE_MOD_TAB_ADMINMAILTHEME_CREATE'),
(468, 'ROLE_MOD_TAB_ADMINMAILTHEME_DELETE'),
(466, 'ROLE_MOD_TAB_ADMINMAILTHEME_READ'),
(467, 'ROLE_MOD_TAB_ADMINMAILTHEME_UPDATE'),
(149, 'ROLE_MOD_TAB_ADMINMAINTENANCE_CREATE'),
(152, 'ROLE_MOD_TAB_ADMINMAINTENANCE_DELETE'),
(150, 'ROLE_MOD_TAB_ADMINMAINTENANCE_READ'),
(151, 'ROLE_MOD_TAB_ADMINMAINTENANCE_UPDATE'),
(153, 'ROLE_MOD_TAB_ADMINMANUFACTURERS_CREATE'),
(156, 'ROLE_MOD_TAB_ADMINMANUFACTURERS_DELETE'),
(154, 'ROLE_MOD_TAB_ADMINMANUFACTURERS_READ'),
(155, 'ROLE_MOD_TAB_ADMINMANUFACTURERS_UPDATE'),
(157, 'ROLE_MOD_TAB_ADMINMETA_CREATE'),
(160, 'ROLE_MOD_TAB_ADMINMETA_DELETE'),
(158, 'ROLE_MOD_TAB_ADMINMETA_READ'),
(159, 'ROLE_MOD_TAB_ADMINMETA_UPDATE'),
(473, 'ROLE_MOD_TAB_ADMINMODULESCATALOG_CREATE'),
(476, 'ROLE_MOD_TAB_ADMINMODULESCATALOG_DELETE'),
(474, 'ROLE_MOD_TAB_ADMINMODULESCATALOG_READ'),
(475, 'ROLE_MOD_TAB_ADMINMODULESCATALOG_UPDATE'),
(469, 'ROLE_MOD_TAB_ADMINMODULESMANAGE_CREATE'),
(472, 'ROLE_MOD_TAB_ADMINMODULESMANAGE_DELETE'),
(470, 'ROLE_MOD_TAB_ADMINMODULESMANAGE_READ'),
(471, 'ROLE_MOD_TAB_ADMINMODULESMANAGE_UPDATE'),
(173, 'ROLE_MOD_TAB_ADMINMODULESNOTIFICATIONS_CREATE'),
(176, 'ROLE_MOD_TAB_ADMINMODULESNOTIFICATIONS_DELETE'),
(174, 'ROLE_MOD_TAB_ADMINMODULESNOTIFICATIONS_READ'),
(175, 'ROLE_MOD_TAB_ADMINMODULESNOTIFICATIONS_UPDATE'),
(165, 'ROLE_MOD_TAB_ADMINMODULESPOSITIONS_CREATE'),
(168, 'ROLE_MOD_TAB_ADMINMODULESPOSITIONS_DELETE'),
(166, 'ROLE_MOD_TAB_ADMINMODULESPOSITIONS_READ'),
(167, 'ROLE_MOD_TAB_ADMINMODULESPOSITIONS_UPDATE'),
(177, 'ROLE_MOD_TAB_ADMINMODULESSF_CREATE'),
(180, 'ROLE_MOD_TAB_ADMINMODULESSF_DELETE'),
(178, 'ROLE_MOD_TAB_ADMINMODULESSF_READ'),
(179, 'ROLE_MOD_TAB_ADMINMODULESSF_UPDATE'),
(169, 'ROLE_MOD_TAB_ADMINMODULESUPDATES_CREATE'),
(172, 'ROLE_MOD_TAB_ADMINMODULESUPDATES_DELETE'),
(170, 'ROLE_MOD_TAB_ADMINMODULESUPDATES_READ'),
(171, 'ROLE_MOD_TAB_ADMINMODULESUPDATES_UPDATE'),
(161, 'ROLE_MOD_TAB_ADMINMODULES_CREATE'),
(164, 'ROLE_MOD_TAB_ADMINMODULES_DELETE'),
(162, 'ROLE_MOD_TAB_ADMINMODULES_READ'),
(163, 'ROLE_MOD_TAB_ADMINMODULES_UPDATE'),
(181, 'ROLE_MOD_TAB_ADMINORDERMESSAGE_CREATE'),
(184, 'ROLE_MOD_TAB_ADMINORDERMESSAGE_DELETE'),
(182, 'ROLE_MOD_TAB_ADMINORDERMESSAGE_READ'),
(183, 'ROLE_MOD_TAB_ADMINORDERMESSAGE_UPDATE'),
(185, 'ROLE_MOD_TAB_ADMINORDERPREFERENCES_CREATE'),
(188, 'ROLE_MOD_TAB_ADMINORDERPREFERENCES_DELETE'),
(186, 'ROLE_MOD_TAB_ADMINORDERPREFERENCES_READ'),
(187, 'ROLE_MOD_TAB_ADMINORDERPREFERENCES_UPDATE'),
(189, 'ROLE_MOD_TAB_ADMINORDERS_CREATE'),
(192, 'ROLE_MOD_TAB_ADMINORDERS_DELETE'),
(190, 'ROLE_MOD_TAB_ADMINORDERS_READ'),
(191, 'ROLE_MOD_TAB_ADMINORDERS_UPDATE'),
(193, 'ROLE_MOD_TAB_ADMINOUTSTANDING_CREATE'),
(196, 'ROLE_MOD_TAB_ADMINOUTSTANDING_DELETE'),
(194, 'ROLE_MOD_TAB_ADMINOUTSTANDING_READ'),
(195, 'ROLE_MOD_TAB_ADMINOUTSTANDING_UPDATE'),
(197, 'ROLE_MOD_TAB_ADMINPARENTATTRIBUTESGROUPS_CREATE'),
(200, 'ROLE_MOD_TAB_ADMINPARENTATTRIBUTESGROUPS_DELETE'),
(198, 'ROLE_MOD_TAB_ADMINPARENTATTRIBUTESGROUPS_READ'),
(199, 'ROLE_MOD_TAB_ADMINPARENTATTRIBUTESGROUPS_UPDATE'),
(201, 'ROLE_MOD_TAB_ADMINPARENTCARTRULES_CREATE'),
(204, 'ROLE_MOD_TAB_ADMINPARENTCARTRULES_DELETE'),
(202, 'ROLE_MOD_TAB_ADMINPARENTCARTRULES_READ'),
(203, 'ROLE_MOD_TAB_ADMINPARENTCARTRULES_UPDATE'),
(205, 'ROLE_MOD_TAB_ADMINPARENTCOUNTRIES_CREATE'),
(208, 'ROLE_MOD_TAB_ADMINPARENTCOUNTRIES_DELETE'),
(206, 'ROLE_MOD_TAB_ADMINPARENTCOUNTRIES_READ'),
(207, 'ROLE_MOD_TAB_ADMINPARENTCOUNTRIES_UPDATE'),
(213, 'ROLE_MOD_TAB_ADMINPARENTCUSTOMERPREFERENCES_CREATE'),
(216, 'ROLE_MOD_TAB_ADMINPARENTCUSTOMERPREFERENCES_DELETE'),
(214, 'ROLE_MOD_TAB_ADMINPARENTCUSTOMERPREFERENCES_READ'),
(215, 'ROLE_MOD_TAB_ADMINPARENTCUSTOMERPREFERENCES_UPDATE'),
(217, 'ROLE_MOD_TAB_ADMINPARENTCUSTOMERTHREADS_CREATE'),
(220, 'ROLE_MOD_TAB_ADMINPARENTCUSTOMERTHREADS_DELETE'),
(218, 'ROLE_MOD_TAB_ADMINPARENTCUSTOMERTHREADS_READ'),
(219, 'ROLE_MOD_TAB_ADMINPARENTCUSTOMERTHREADS_UPDATE'),
(209, 'ROLE_MOD_TAB_ADMINPARENTCUSTOMER_CREATE'),
(212, 'ROLE_MOD_TAB_ADMINPARENTCUSTOMER_DELETE'),
(210, 'ROLE_MOD_TAB_ADMINPARENTCUSTOMER_READ'),
(211, 'ROLE_MOD_TAB_ADMINPARENTCUSTOMER_UPDATE'),
(221, 'ROLE_MOD_TAB_ADMINPARENTEMPLOYEES_CREATE'),
(224, 'ROLE_MOD_TAB_ADMINPARENTEMPLOYEES_DELETE'),
(222, 'ROLE_MOD_TAB_ADMINPARENTEMPLOYEES_READ'),
(223, 'ROLE_MOD_TAB_ADMINPARENTEMPLOYEES_UPDATE'),
(225, 'ROLE_MOD_TAB_ADMINPARENTLOCALIZATION_CREATE'),
(228, 'ROLE_MOD_TAB_ADMINPARENTLOCALIZATION_DELETE'),
(226, 'ROLE_MOD_TAB_ADMINPARENTLOCALIZATION_READ'),
(227, 'ROLE_MOD_TAB_ADMINPARENTLOCALIZATION_UPDATE'),
(461, 'ROLE_MOD_TAB_ADMINPARENTMAILTHEME_CREATE'),
(464, 'ROLE_MOD_TAB_ADMINPARENTMAILTHEME_DELETE'),
(462, 'ROLE_MOD_TAB_ADMINPARENTMAILTHEME_READ'),
(463, 'ROLE_MOD_TAB_ADMINPARENTMAILTHEME_UPDATE'),
(229, 'ROLE_MOD_TAB_ADMINPARENTMANUFACTURERS_CREATE'),
(232, 'ROLE_MOD_TAB_ADMINPARENTMANUFACTURERS_DELETE'),
(230, 'ROLE_MOD_TAB_ADMINPARENTMANUFACTURERS_READ'),
(231, 'ROLE_MOD_TAB_ADMINPARENTMANUFACTURERS_UPDATE'),
(237, 'ROLE_MOD_TAB_ADMINPARENTMETA_CREATE'),
(240, 'ROLE_MOD_TAB_ADMINPARENTMETA_DELETE'),
(238, 'ROLE_MOD_TAB_ADMINPARENTMETA_READ'),
(239, 'ROLE_MOD_TAB_ADMINPARENTMETA_UPDATE'),
(477, 'ROLE_MOD_TAB_ADMINPARENTMODULESCATALOG_CREATE'),
(480, 'ROLE_MOD_TAB_ADMINPARENTMODULESCATALOG_DELETE'),
(478, 'ROLE_MOD_TAB_ADMINPARENTMODULESCATALOG_READ'),
(479, 'ROLE_MOD_TAB_ADMINPARENTMODULESCATALOG_UPDATE'),
(233, 'ROLE_MOD_TAB_ADMINPARENTMODULESSF_CREATE'),
(236, 'ROLE_MOD_TAB_ADMINPARENTMODULESSF_DELETE'),
(234, 'ROLE_MOD_TAB_ADMINPARENTMODULESSF_READ'),
(235, 'ROLE_MOD_TAB_ADMINPARENTMODULESSF_UPDATE'),
(241, 'ROLE_MOD_TAB_ADMINPARENTMODULES_CREATE'),
(244, 'ROLE_MOD_TAB_ADMINPARENTMODULES_DELETE'),
(242, 'ROLE_MOD_TAB_ADMINPARENTMODULES_READ'),
(243, 'ROLE_MOD_TAB_ADMINPARENTMODULES_UPDATE'),
(245, 'ROLE_MOD_TAB_ADMINPARENTORDERPREFERENCES_CREATE'),
(248, 'ROLE_MOD_TAB_ADMINPARENTORDERPREFERENCES_DELETE'),
(246, 'ROLE_MOD_TAB_ADMINPARENTORDERPREFERENCES_READ'),
(247, 'ROLE_MOD_TAB_ADMINPARENTORDERPREFERENCES_UPDATE'),
(249, 'ROLE_MOD_TAB_ADMINPARENTORDERS_CREATE'),
(252, 'ROLE_MOD_TAB_ADMINPARENTORDERS_DELETE'),
(250, 'ROLE_MOD_TAB_ADMINPARENTORDERS_READ'),
(251, 'ROLE_MOD_TAB_ADMINPARENTORDERS_UPDATE'),
(253, 'ROLE_MOD_TAB_ADMINPARENTPAYMENT_CREATE'),
(256, 'ROLE_MOD_TAB_ADMINPARENTPAYMENT_DELETE'),
(254, 'ROLE_MOD_TAB_ADMINPARENTPAYMENT_READ'),
(255, 'ROLE_MOD_TAB_ADMINPARENTPAYMENT_UPDATE'),
(257, 'ROLE_MOD_TAB_ADMINPARENTPREFERENCES_CREATE'),
(260, 'ROLE_MOD_TAB_ADMINPARENTPREFERENCES_DELETE'),
(258, 'ROLE_MOD_TAB_ADMINPARENTPREFERENCES_READ'),
(259, 'ROLE_MOD_TAB_ADMINPARENTPREFERENCES_UPDATE'),
(261, 'ROLE_MOD_TAB_ADMINPARENTREQUESTSQL_CREATE'),
(264, 'ROLE_MOD_TAB_ADMINPARENTREQUESTSQL_DELETE'),
(262, 'ROLE_MOD_TAB_ADMINPARENTREQUESTSQL_READ'),
(263, 'ROLE_MOD_TAB_ADMINPARENTREQUESTSQL_UPDATE'),
(265, 'ROLE_MOD_TAB_ADMINPARENTSEARCHCONF_CREATE'),
(268, 'ROLE_MOD_TAB_ADMINPARENTSEARCHCONF_DELETE'),
(266, 'ROLE_MOD_TAB_ADMINPARENTSEARCHCONF_READ'),
(267, 'ROLE_MOD_TAB_ADMINPARENTSEARCHCONF_UPDATE'),
(269, 'ROLE_MOD_TAB_ADMINPARENTSHIPPING_CREATE'),
(272, 'ROLE_MOD_TAB_ADMINPARENTSHIPPING_DELETE'),
(270, 'ROLE_MOD_TAB_ADMINPARENTSHIPPING_READ'),
(271, 'ROLE_MOD_TAB_ADMINPARENTSHIPPING_UPDATE'),
(273, 'ROLE_MOD_TAB_ADMINPARENTSTOCKMANAGEMENT_CREATE'),
(276, 'ROLE_MOD_TAB_ADMINPARENTSTOCKMANAGEMENT_DELETE'),
(274, 'ROLE_MOD_TAB_ADMINPARENTSTOCKMANAGEMENT_READ'),
(275, 'ROLE_MOD_TAB_ADMINPARENTSTOCKMANAGEMENT_UPDATE'),
(277, 'ROLE_MOD_TAB_ADMINPARENTSTORES_CREATE'),
(280, 'ROLE_MOD_TAB_ADMINPARENTSTORES_DELETE'),
(278, 'ROLE_MOD_TAB_ADMINPARENTSTORES_READ'),
(279, 'ROLE_MOD_TAB_ADMINPARENTSTORES_UPDATE'),
(281, 'ROLE_MOD_TAB_ADMINPARENTTAXES_CREATE'),
(284, 'ROLE_MOD_TAB_ADMINPARENTTAXES_DELETE'),
(282, 'ROLE_MOD_TAB_ADMINPARENTTAXES_READ'),
(283, 'ROLE_MOD_TAB_ADMINPARENTTAXES_UPDATE'),
(285, 'ROLE_MOD_TAB_ADMINPARENTTHEMES_CREATE'),
(288, 'ROLE_MOD_TAB_ADMINPARENTTHEMES_DELETE'),
(286, 'ROLE_MOD_TAB_ADMINPARENTTHEMES_READ'),
(287, 'ROLE_MOD_TAB_ADMINPARENTTHEMES_UPDATE'),
(293, 'ROLE_MOD_TAB_ADMINPAYMENTPREFERENCES_CREATE'),
(296, 'ROLE_MOD_TAB_ADMINPAYMENTPREFERENCES_DELETE'),
(294, 'ROLE_MOD_TAB_ADMINPAYMENTPREFERENCES_READ'),
(295, 'ROLE_MOD_TAB_ADMINPAYMENTPREFERENCES_UPDATE'),
(289, 'ROLE_MOD_TAB_ADMINPAYMENT_CREATE'),
(292, 'ROLE_MOD_TAB_ADMINPAYMENT_DELETE'),
(290, 'ROLE_MOD_TAB_ADMINPAYMENT_READ'),
(291, 'ROLE_MOD_TAB_ADMINPAYMENT_UPDATE'),
(297, 'ROLE_MOD_TAB_ADMINPERFORMANCE_CREATE'),
(300, 'ROLE_MOD_TAB_ADMINPERFORMANCE_DELETE'),
(298, 'ROLE_MOD_TAB_ADMINPERFORMANCE_READ'),
(299, 'ROLE_MOD_TAB_ADMINPERFORMANCE_UPDATE'),
(301, 'ROLE_MOD_TAB_ADMINPPREFERENCES_CREATE'),
(304, 'ROLE_MOD_TAB_ADMINPPREFERENCES_DELETE'),
(302, 'ROLE_MOD_TAB_ADMINPPREFERENCES_READ'),
(303, 'ROLE_MOD_TAB_ADMINPPREFERENCES_UPDATE'),
(305, 'ROLE_MOD_TAB_ADMINPREFERENCES_CREATE'),
(308, 'ROLE_MOD_TAB_ADMINPREFERENCES_DELETE'),
(306, 'ROLE_MOD_TAB_ADMINPREFERENCES_READ'),
(307, 'ROLE_MOD_TAB_ADMINPREFERENCES_UPDATE'),
(309, 'ROLE_MOD_TAB_ADMINPRODUCTS_CREATE'),
(312, 'ROLE_MOD_TAB_ADMINPRODUCTS_DELETE'),
(310, 'ROLE_MOD_TAB_ADMINPRODUCTS_READ'),
(311, 'ROLE_MOD_TAB_ADMINPRODUCTS_UPDATE'),
(313, 'ROLE_MOD_TAB_ADMINPROFILES_CREATE'),
(316, 'ROLE_MOD_TAB_ADMINPROFILES_DELETE'),
(314, 'ROLE_MOD_TAB_ADMINPROFILES_READ'),
(315, 'ROLE_MOD_TAB_ADMINPROFILES_UPDATE'),
(1029, 'ROLE_MOD_TAB_ADMINPSMBOADDONS_CREATE'),
(1032, 'ROLE_MOD_TAB_ADMINPSMBOADDONS_DELETE'),
(1030, 'ROLE_MOD_TAB_ADMINPSMBOADDONS_READ'),
(1031, 'ROLE_MOD_TAB_ADMINPSMBOADDONS_UPDATE'),
(753, 'ROLE_MOD_TAB_ADMINPSMBOMODULE_CREATE'),
(756, 'ROLE_MOD_TAB_ADMINPSMBOMODULE_DELETE'),
(754, 'ROLE_MOD_TAB_ADMINPSMBOMODULE_READ'),
(755, 'ROLE_MOD_TAB_ADMINPSMBOMODULE_UPDATE'),
(1033, 'ROLE_MOD_TAB_ADMINPSMBORECOMMENDED_CREATE'),
(1036, 'ROLE_MOD_TAB_ADMINPSMBORECOMMENDED_DELETE'),
(1034, 'ROLE_MOD_TAB_ADMINPSMBORECOMMENDED_READ'),
(1035, 'ROLE_MOD_TAB_ADMINPSMBORECOMMENDED_UPDATE'),
(757, 'ROLE_MOD_TAB_ADMINPSMBOTHEME_CREATE'),
(760, 'ROLE_MOD_TAB_ADMINPSMBOTHEME_DELETE'),
(758, 'ROLE_MOD_TAB_ADMINPSMBOTHEME_READ'),
(759, 'ROLE_MOD_TAB_ADMINPSMBOTHEME_UPDATE'),
(1045, 'ROLE_MOD_TAB_ADMINPSTHEMECUSTOADVANCED_CREATE'),
(1048, 'ROLE_MOD_TAB_ADMINPSTHEMECUSTOADVANCED_DELETE'),
(1046, 'ROLE_MOD_TAB_ADMINPSTHEMECUSTOADVANCED_READ'),
(1047, 'ROLE_MOD_TAB_ADMINPSTHEMECUSTOADVANCED_UPDATE'),
(1041, 'ROLE_MOD_TAB_ADMINPSTHEMECUSTOCONFIGURATION_CREATE'),
(1044, 'ROLE_MOD_TAB_ADMINPSTHEMECUSTOCONFIGURATION_DELETE'),
(1042, 'ROLE_MOD_TAB_ADMINPSTHEMECUSTOCONFIGURATION_READ'),
(1043, 'ROLE_MOD_TAB_ADMINPSTHEMECUSTOCONFIGURATION_UPDATE'),
(317, 'ROLE_MOD_TAB_ADMINREFERRERS_CREATE'),
(320, 'ROLE_MOD_TAB_ADMINREFERRERS_DELETE'),
(318, 'ROLE_MOD_TAB_ADMINREFERRERS_READ'),
(319, 'ROLE_MOD_TAB_ADMINREFERRERS_UPDATE'),
(321, 'ROLE_MOD_TAB_ADMINREQUESTSQL_CREATE'),
(324, 'ROLE_MOD_TAB_ADMINREQUESTSQL_DELETE'),
(322, 'ROLE_MOD_TAB_ADMINREQUESTSQL_READ'),
(323, 'ROLE_MOD_TAB_ADMINREQUESTSQL_UPDATE'),
(325, 'ROLE_MOD_TAB_ADMINRETURN_CREATE'),
(328, 'ROLE_MOD_TAB_ADMINRETURN_DELETE'),
(326, 'ROLE_MOD_TAB_ADMINRETURN_READ'),
(327, 'ROLE_MOD_TAB_ADMINRETURN_UPDATE'),
(329, 'ROLE_MOD_TAB_ADMINSEARCHCONF_CREATE'),
(332, 'ROLE_MOD_TAB_ADMINSEARCHCONF_DELETE'),
(330, 'ROLE_MOD_TAB_ADMINSEARCHCONF_READ'),
(331, 'ROLE_MOD_TAB_ADMINSEARCHCONF_UPDATE'),
(333, 'ROLE_MOD_TAB_ADMINSEARCHENGINES_CREATE'),
(336, 'ROLE_MOD_TAB_ADMINSEARCHENGINES_DELETE'),
(334, 'ROLE_MOD_TAB_ADMINSEARCHENGINES_READ'),
(335, 'ROLE_MOD_TAB_ADMINSEARCHENGINES_UPDATE'),
(337, 'ROLE_MOD_TAB_ADMINSHIPPING_CREATE'),
(340, 'ROLE_MOD_TAB_ADMINSHIPPING_DELETE'),
(338, 'ROLE_MOD_TAB_ADMINSHIPPING_READ'),
(339, 'ROLE_MOD_TAB_ADMINSHIPPING_UPDATE'),
(341, 'ROLE_MOD_TAB_ADMINSHOPGROUP_CREATE'),
(344, 'ROLE_MOD_TAB_ADMINSHOPGROUP_DELETE'),
(342, 'ROLE_MOD_TAB_ADMINSHOPGROUP_READ'),
(343, 'ROLE_MOD_TAB_ADMINSHOPGROUP_UPDATE'),
(345, 'ROLE_MOD_TAB_ADMINSHOPURL_CREATE'),
(348, 'ROLE_MOD_TAB_ADMINSHOPURL_DELETE'),
(346, 'ROLE_MOD_TAB_ADMINSHOPURL_READ'),
(347, 'ROLE_MOD_TAB_ADMINSHOPURL_UPDATE'),
(349, 'ROLE_MOD_TAB_ADMINSLIP_CREATE'),
(352, 'ROLE_MOD_TAB_ADMINSLIP_DELETE'),
(350, 'ROLE_MOD_TAB_ADMINSLIP_READ'),
(351, 'ROLE_MOD_TAB_ADMINSLIP_UPDATE'),
(353, 'ROLE_MOD_TAB_ADMINSPECIFICPRICERULE_CREATE'),
(356, 'ROLE_MOD_TAB_ADMINSPECIFICPRICERULE_DELETE'),
(354, 'ROLE_MOD_TAB_ADMINSPECIFICPRICERULE_READ'),
(355, 'ROLE_MOD_TAB_ADMINSPECIFICPRICERULE_UPDATE'),
(357, 'ROLE_MOD_TAB_ADMINSTATES_CREATE'),
(360, 'ROLE_MOD_TAB_ADMINSTATES_DELETE'),
(358, 'ROLE_MOD_TAB_ADMINSTATES_READ'),
(359, 'ROLE_MOD_TAB_ADMINSTATES_UPDATE'),
(361, 'ROLE_MOD_TAB_ADMINSTATS_CREATE'),
(364, 'ROLE_MOD_TAB_ADMINSTATS_DELETE'),
(362, 'ROLE_MOD_TAB_ADMINSTATS_READ'),
(363, 'ROLE_MOD_TAB_ADMINSTATS_UPDATE'),
(365, 'ROLE_MOD_TAB_ADMINSTATUSES_CREATE'),
(368, 'ROLE_MOD_TAB_ADMINSTATUSES_DELETE'),
(366, 'ROLE_MOD_TAB_ADMINSTATUSES_READ'),
(367, 'ROLE_MOD_TAB_ADMINSTATUSES_UPDATE'),
(373, 'ROLE_MOD_TAB_ADMINSTOCKCONFIGURATION_CREATE'),
(376, 'ROLE_MOD_TAB_ADMINSTOCKCONFIGURATION_DELETE'),
(374, 'ROLE_MOD_TAB_ADMINSTOCKCONFIGURATION_READ'),
(375, 'ROLE_MOD_TAB_ADMINSTOCKCONFIGURATION_UPDATE'),
(377, 'ROLE_MOD_TAB_ADMINSTOCKCOVER_CREATE'),
(380, 'ROLE_MOD_TAB_ADMINSTOCKCOVER_DELETE'),
(378, 'ROLE_MOD_TAB_ADMINSTOCKCOVER_READ'),
(379, 'ROLE_MOD_TAB_ADMINSTOCKCOVER_UPDATE'),
(381, 'ROLE_MOD_TAB_ADMINSTOCKINSTANTSTATE_CREATE'),
(384, 'ROLE_MOD_TAB_ADMINSTOCKINSTANTSTATE_DELETE'),
(382, 'ROLE_MOD_TAB_ADMINSTOCKINSTANTSTATE_READ'),
(383, 'ROLE_MOD_TAB_ADMINSTOCKINSTANTSTATE_UPDATE'),
(385, 'ROLE_MOD_TAB_ADMINSTOCKMANAGEMENT_CREATE'),
(388, 'ROLE_MOD_TAB_ADMINSTOCKMANAGEMENT_DELETE'),
(386, 'ROLE_MOD_TAB_ADMINSTOCKMANAGEMENT_READ'),
(387, 'ROLE_MOD_TAB_ADMINSTOCKMANAGEMENT_UPDATE'),
(389, 'ROLE_MOD_TAB_ADMINSTOCKMVT_CREATE'),
(392, 'ROLE_MOD_TAB_ADMINSTOCKMVT_DELETE'),
(390, 'ROLE_MOD_TAB_ADMINSTOCKMVT_READ'),
(391, 'ROLE_MOD_TAB_ADMINSTOCKMVT_UPDATE'),
(369, 'ROLE_MOD_TAB_ADMINSTOCK_CREATE'),
(372, 'ROLE_MOD_TAB_ADMINSTOCK_DELETE'),
(370, 'ROLE_MOD_TAB_ADMINSTOCK_READ'),
(371, 'ROLE_MOD_TAB_ADMINSTOCK_UPDATE'),
(393, 'ROLE_MOD_TAB_ADMINSTORES_CREATE'),
(396, 'ROLE_MOD_TAB_ADMINSTORES_DELETE'),
(394, 'ROLE_MOD_TAB_ADMINSTORES_READ'),
(395, 'ROLE_MOD_TAB_ADMINSTORES_UPDATE'),
(397, 'ROLE_MOD_TAB_ADMINSUPPLIERS_CREATE'),
(400, 'ROLE_MOD_TAB_ADMINSUPPLIERS_DELETE'),
(398, 'ROLE_MOD_TAB_ADMINSUPPLIERS_READ'),
(399, 'ROLE_MOD_TAB_ADMINSUPPLIERS_UPDATE'),
(401, 'ROLE_MOD_TAB_ADMINSUPPLYORDERS_CREATE'),
(404, 'ROLE_MOD_TAB_ADMINSUPPLYORDERS_DELETE'),
(402, 'ROLE_MOD_TAB_ADMINSUPPLYORDERS_READ'),
(403, 'ROLE_MOD_TAB_ADMINSUPPLYORDERS_UPDATE'),
(405, 'ROLE_MOD_TAB_ADMINTAGS_CREATE'),
(408, 'ROLE_MOD_TAB_ADMINTAGS_DELETE'),
(406, 'ROLE_MOD_TAB_ADMINTAGS_READ'),
(407, 'ROLE_MOD_TAB_ADMINTAGS_UPDATE'),
(409, 'ROLE_MOD_TAB_ADMINTAXES_CREATE'),
(412, 'ROLE_MOD_TAB_ADMINTAXES_DELETE'),
(410, 'ROLE_MOD_TAB_ADMINTAXES_READ'),
(411, 'ROLE_MOD_TAB_ADMINTAXES_UPDATE'),
(413, 'ROLE_MOD_TAB_ADMINTAXRULESGROUP_CREATE'),
(416, 'ROLE_MOD_TAB_ADMINTAXRULESGROUP_DELETE'),
(414, 'ROLE_MOD_TAB_ADMINTAXRULESGROUP_READ'),
(415, 'ROLE_MOD_TAB_ADMINTAXRULESGROUP_UPDATE'),
(421, 'ROLE_MOD_TAB_ADMINTHEMESCATALOG_CREATE'),
(424, 'ROLE_MOD_TAB_ADMINTHEMESCATALOG_DELETE'),
(422, 'ROLE_MOD_TAB_ADMINTHEMESCATALOG_READ'),
(423, 'ROLE_MOD_TAB_ADMINTHEMESCATALOG_UPDATE'),
(1037, 'ROLE_MOD_TAB_ADMINTHEMESPARENT_CREATE'),
(1040, 'ROLE_MOD_TAB_ADMINTHEMESPARENT_DELETE'),
(1038, 'ROLE_MOD_TAB_ADMINTHEMESPARENT_READ'),
(1039, 'ROLE_MOD_TAB_ADMINTHEMESPARENT_UPDATE'),
(417, 'ROLE_MOD_TAB_ADMINTHEMES_CREATE'),
(420, 'ROLE_MOD_TAB_ADMINTHEMES_DELETE'),
(418, 'ROLE_MOD_TAB_ADMINTHEMES_READ'),
(419, 'ROLE_MOD_TAB_ADMINTHEMES_UPDATE'),
(425, 'ROLE_MOD_TAB_ADMINTRACKING_CREATE'),
(428, 'ROLE_MOD_TAB_ADMINTRACKING_DELETE'),
(426, 'ROLE_MOD_TAB_ADMINTRACKING_READ'),
(427, 'ROLE_MOD_TAB_ADMINTRACKING_UPDATE'),
(429, 'ROLE_MOD_TAB_ADMINTRANSLATIONS_CREATE'),
(432, 'ROLE_MOD_TAB_ADMINTRANSLATIONS_DELETE'),
(430, 'ROLE_MOD_TAB_ADMINTRANSLATIONS_READ'),
(431, 'ROLE_MOD_TAB_ADMINTRANSLATIONS_UPDATE'),
(433, 'ROLE_MOD_TAB_ADMINWAREHOUSES_CREATE'),
(436, 'ROLE_MOD_TAB_ADMINWAREHOUSES_DELETE'),
(434, 'ROLE_MOD_TAB_ADMINWAREHOUSES_READ'),
(435, 'ROLE_MOD_TAB_ADMINWAREHOUSES_UPDATE'),
(437, 'ROLE_MOD_TAB_ADMINWEBSERVICE_CREATE'),
(440, 'ROLE_MOD_TAB_ADMINWEBSERVICE_DELETE'),
(438, 'ROLE_MOD_TAB_ADMINWEBSERVICE_READ'),
(439, 'ROLE_MOD_TAB_ADMINWEBSERVICE_UPDATE'),
(721, 'ROLE_MOD_TAB_ADMINWELCOME_CREATE'),
(724, 'ROLE_MOD_TAB_ADMINWELCOME_DELETE'),
(722, 'ROLE_MOD_TAB_ADMINWELCOME_READ'),
(723, 'ROLE_MOD_TAB_ADMINWELCOME_UPDATE'),
(441, 'ROLE_MOD_TAB_ADMINZONES_CREATE'),
(444, 'ROLE_MOD_TAB_ADMINZONES_DELETE'),
(442, 'ROLE_MOD_TAB_ADMINZONES_READ'),
(443, 'ROLE_MOD_TAB_ADMINZONES_UPDATE'),
(445, 'ROLE_MOD_TAB_CONFIGURE_CREATE'),
(448, 'ROLE_MOD_TAB_CONFIGURE_DELETE'),
(446, 'ROLE_MOD_TAB_CONFIGURE_READ'),
(447, 'ROLE_MOD_TAB_CONFIGURE_UPDATE'),
(1069, 'ROLE_MOD_TAB_DELETEORDERSTAB_CREATE'),
(1072, 'ROLE_MOD_TAB_DELETEORDERSTAB_DELETE'),
(1070, 'ROLE_MOD_TAB_DELETEORDERSTAB_READ'),
(1071, 'ROLE_MOD_TAB_DELETEORDERSTAB_UPDATE'),
(449, 'ROLE_MOD_TAB_IMPROVE_CREATE'),
(452, 'ROLE_MOD_TAB_IMPROVE_DELETE'),
(450, 'ROLE_MOD_TAB_IMPROVE_READ'),
(451, 'ROLE_MOD_TAB_IMPROVE_UPDATE'),
(453, 'ROLE_MOD_TAB_SELL_CREATE'),
(456, 'ROLE_MOD_TAB_SELL_DELETE'),
(454, 'ROLE_MOD_TAB_SELL_READ'),
(455, 'ROLE_MOD_TAB_SELL_UPDATE'),
(457, 'ROLE_MOD_TAB_SHOPPARAMETERS_CREATE'),
(460, 'ROLE_MOD_TAB_SHOPPARAMETERS_DELETE'),
(458, 'ROLE_MOD_TAB_SHOPPARAMETERS_READ'),
(459, 'ROLE_MOD_TAB_SHOPPARAMETERS_UPDATE');

-- --------------------------------------------------------

--
-- Estructura de tabla para la tabla `pr_badge`
--

CREATE TABLE `pr_badge` (
  `id_badge` int NOT NULL,
  `id_ps_badge` int NOT NULL,
  `type` varchar(32) NOT NULL,
  `id_group` int NOT NULL,
  `group_position` int NOT NULL,
  `scoring` int NOT NULL,
  `awb` int DEFAULT '0',
  `validated` tinyint UNSIGNED NOT NULL DEFAULT '0'
) ENGINE=InnoDB DEFAULT CHARSET=utf8;

--
-- Volcado de datos para la tabla `pr_badge`
--

INSERT INTO `pr_badge` (`id_badge`, `id_ps_badge`, `type`, `id_group`, `group_position`, `scoring`, `awb`, `validated`) VALUES
(1, 159, 'feature', 41, 1, 5, 1, 0),
(2, 160, 'feature', 41, 2, 10, 1, 0),
(3, 161, 'feature', 41, 3, 15, 1, 0),
(4, 162, 'feature', 41, 4, 20, 1, 0),
(5, 163, 'feature', 41, 1, 5, 1, 0),
(6, 164, 'feature', 41, 2, 10, 1, 0),
(7, 165, 'feature', 41, 3, 15, 1, 0),
(8, 166, 'feature', 41, 4, 20, 1, 0),
(9, 195, 'feature', 41, 1, 5, 1, 0),
(10, 196, 'feature', 41, 2, 10, 1, 0),
(11, 229, 'feature', 41, 1, 5, 1, 0),
(12, 230, 'feature', 41, 2, 10, 1, 0),
(13, 231, 'feature', 41, 3, 15, 1, 0),
(14, 232, 'feature', 41, 4, 20, 1, 0),
(15, 233, 'feature', 41, 1, 5, 1, 0),
(16, 234, 'feature', 41, 2, 10, 1, 0),
(17, 235, 'feature', 41, 3, 15, 1, 0),
(18, 236, 'feature', 41, 4, 20, 1, 0),
(19, 241, 'feature', 41, 1, 5, 1, 0),
(20, 242, 'feature', 41, 2, 10, 1, 0),
(21, 243, 'feature', 41, 3, 15, 1, 0),
(22, 244, 'feature', 41, 4, 20, 1, 0),
(23, 249, 'feature', 41, 1, 5, 1, 0),
(24, 250, 'feature', 41, 2, 10, 1, 0),
(25, 251, 'feature', 41, 3, 15, 1, 0),
(26, 252, 'feature', 41, 4, 20, 1, 0),
(27, 253, 'feature', 41, 1, 5, 1, 0),
(28, 254, 'feature', 41, 2, 10, 1, 0),
(29, 255, 'feature', 41, 3, 15, 1, 0),
(30, 256, 'feature', 41, 4, 20, 1, 0),
(31, 261, 'feature', 41, 1, 5, 1, 0),
(32, 262, 'feature', 41, 2, 10, 1, 0),
(33, 269, 'feature', 41, 1, 5, 1, 0),
(34, 270, 'feature', 41, 2, 10, 1, 0),
(35, 271, 'feature', 41, 3, 15, 1, 0),
(36, 272, 'feature', 41, 4, 20, 1, 0),
(37, 273, 'feature', 41, 1, 5, 1, 0),
(38, 274, 'feature', 41, 2, 10, 1, 0),
(39, 275, 'feature', 41, 3, 15, 1, 0),
(40, 276, 'feature', 41, 4, 20, 1, 0),
(41, 277, 'feature', 41, 1, 5, 1, 0),
(42, 278, 'feature', 41, 2, 10, 1, 0),
(43, 279, 'feature', 41, 3, 15, 1, 0),
(44, 280, 'feature', 41, 4, 20, 1, 0),
(45, 281, 'feature', 41, 1, 5, 1, 0),
(46, 282, 'feature', 41, 2, 10, 1, 0),
(47, 283, 'feature', 41, 3, 15, 1, 0),
(48, 284, 'feature', 41, 4, 20, 1, 0),
(49, 285, 'feature', 41, 1, 5, 1, 0),
(50, 286, 'feature', 41, 2, 10, 1, 0),
(51, 287, 'feature', 41, 3, 15, 1, 0),
(52, 288, 'feature', 41, 4, 20, 1, 0),
(53, 289, 'feature', 41, 1, 5, 1, 0),
(54, 290, 'feature', 41, 2, 10, 1, 0),
(55, 291, 'feature', 41, 3, 15, 1, 0),
(56, 292, 'feature', 41, 4, 20, 1, 0),
(57, 293, 'feature', 41, 1, 5, 1, 0),
(58, 294, 'feature', 41, 2, 10, 1, 0),
(59, 295, 'feature', 41, 3, 15, 1, 0),
(60, 296, 'feature', 41, 4, 20, 1, 0),
(61, 297, 'feature', 41, 1, 5, 1, 0),
(62, 298, 'feature', 41, 2, 10, 1, 0),
(63, 299, 'feature', 41, 3, 15, 1, 0),
(64, 300, 'feature', 41, 4, 20, 1, 0),
(65, 301, 'feature', 41, 1, 5, 1, 0),
(66, 302, 'feature', 41, 2, 10, 1, 0),
(67, 303, 'feature', 41, 3, 15, 1, 0),
(68, 304, 'feature', 41, 4, 20, 1, 0),
(69, 305, 'feature', 41, 1, 5, 1, 0),
(70, 306, 'feature', 41, 2, 10, 1, 0),
(71, 307, 'feature', 41, 3, 15, 1, 0),
(72, 308, 'feature', 41, 4, 20, 1, 0),
(73, 309, 'feature', 41, 1, 5, 1, 0),
(74, 310, 'feature', 41, 2, 10, 1, 0),
(75, 311, 'feature', 41, 3, 15, 1, 0),
(76, 312, 'feature', 41, 4, 20, 1, 0),
(77, 313, 'feature', 41, 1, 5, 1, 0),
(78, 314, 'feature', 41, 2, 10, 1, 0),
(79, 315, 'feature', 41, 3, 15, 1, 0),
(80, 316, 'feature', 41, 4, 20, 1, 0),
(81, 317, 'feature', 41, 1, 5, 1, 0),
(82, 318, 'feature', 41, 2, 10, 1, 0),
(83, 319, 'feature', 41, 3, 15, 1, 0),
(84, 320, 'feature', 41, 4, 20, 1, 0),
(85, 321, 'feature', 41, 1, 5, 1, 0),
(86, 322, 'feature', 41, 2, 10, 1, 0),
(87, 323, 'feature', 41, 3, 15, 1, 0),
(88, 324, 'feature', 41, 4, 20, 1, 0),
(89, 325, 'feature', 41, 1, 5, 1, 0),
(90, 326, 'feature', 41, 2, 10, 1, 0),
(91, 327, 'feature', 41, 3, 15, 1, 0),
(92, 328, 'feature', 41, 4, 20, 1, 0),
(93, 329, 'feature', 41, 1, 5, 1, 0),
(94, 330, 'feature', 41, 2, 10, 1, 0),
(95, 331, 'feature', 41, 3, 15, 1, 0),
(96, 332, 'feature', 41, 4, 20, 1, 0),
(97, 333, 'feature', 41, 1, 5, 1, 0),
(98, 334, 'feature', 41, 2, 10, 1, 0),
(99, 335, 'feature', 41, 3, 15, 1, 0),
(100, 336, 'feature', 41, 4, 20, 1, 0),
(101, 337, 'feature', 41, 1, 5, 1, 0),
(102, 338, 'feature', 41, 2, 10, 1, 0),
(103, 339, 'feature', 41, 3, 15, 1, 0),
(104, 340, 'feature', 41, 4, 20, 1, 0),
(105, 341, 'feature', 41, 1, 5, 1, 0),
(106, 342, 'feature', 41, 2, 10, 1, 0),
(107, 343, 'feature', 41, 3, 15, 1, 0),
(108, 344, 'feature', 41, 4, 20, 1, 0),
(109, 345, 'feature', 41, 1, 5, 1, 0),
(110, 346, 'feature', 41, 2, 10, 1, 0),
(111, 347, 'feature', 41, 3, 15, 1, 0),
(112, 348, 'feature', 41, 4, 20, 1, 0),
(113, 349, 'feature', 41, 1, 5, 1, 0),
(114, 350, 'feature', 41, 2, 10, 1, 0),
(115, 351, 'feature', 41, 3, 15, 1, 0),
(116, 352, 'feature', 41, 4, 20, 1, 0),
(117, 353, 'feature', 41, 1, 5, 1, 0),
(118, 354, 'feature', 41, 2, 10, 1, 0),
(119, 355, 'feature', 41, 3, 15, 1, 0),
(120, 356, 'feature', 41, 4, 20, 1, 0),
(121, 357, 'feature', 41, 1, 5, 1, 0),
(122, 358, 'feature', 41, 2, 10, 1, 0),
(123, 359, 'feature', 41, 3, 15, 1, 0),
(124, 360, 'feature', 41, 4, 20, 1, 0),
(125, 1, 'feature', 1, 1, 10, 0, 0),
(126, 2, 'feature', 2, 1, 10, 0, 0),
(127, 3, 'feature', 2, 2, 15, 0, 0),
(128, 4, 'feature', 3, 1, 15, 0, 1),
(129, 5, 'feature', 3, 2, 15, 0, 1),
(130, 6, 'feature', 4, 1, 15, 0, 1),
(131, 7, 'feature', 4, 2, 15, 0, 1),
(132, 8, 'feature', 5, 1, 5, 0, 1),
(133, 9, 'feature', 5, 2, 10, 0, 1),
(134, 10, 'feature', 6, 1, 15, 0, 1),
(135, 11, 'feature', 6, 2, 10, 0, 0),
(136, 12, 'feature', 6, 3, 10, 0, 0),
(137, 13, 'feature', 5, 3, 10, 0, 0),
(138, 14, 'feature', 5, 4, 15, 0, 0),
(139, 15, 'feature', 5, 5, 20, 0, 0),
(140, 16, 'feature', 5, 6, 20, 0, 0),
(141, 17, 'achievement', 7, 1, 5, 0, 1),
(142, 18, 'achievement', 7, 2, 10, 0, 1),
(143, 19, 'feature', 8, 1, 15, 0, 1),
(144, 20, 'feature', 8, 2, 15, 0, 0),
(145, 21, 'feature', 9, 1, 15, 0, 0),
(146, 22, 'feature', 10, 1, 10, 0, 0),
(147, 23, 'feature', 10, 2, 10, 0, 0),
(148, 24, 'feature', 10, 3, 10, 0, 0),
(149, 25, 'feature', 10, 4, 10, 0, 0),
(150, 26, 'feature', 10, 5, 10, 0, 0),
(151, 27, 'feature', 4, 3, 10, 0, 1),
(152, 28, 'feature', 3, 3, 10, 0, 0),
(153, 29, 'achievement', 11, 1, 5, 0, 0),
(154, 30, 'achievement', 11, 2, 10, 0, 0),
(155, 31, 'achievement', 11, 3, 15, 0, 0),
(156, 32, 'achievement', 11, 4, 20, 0, 0),
(157, 33, 'achievement', 11, 5, 25, 0, 0),
(158, 34, 'achievement', 11, 6, 30, 0, 0),
(159, 35, 'achievement', 7, 3, 15, 0, 1),
(160, 36, 'achievement', 7, 4, 20, 0, 1),
(161, 37, 'achievement', 7, 5, 25, 0, 1),
(162, 38, 'achievement', 7, 6, 30, 0, 0),
(163, 39, 'achievement', 12, 1, 5, 0, 1),
(164, 40, 'achievement', 12, 2, 10, 0, 1),
(165, 41, 'achievement', 12, 3, 15, 0, 1),
(166, 42, 'achievement', 12, 4, 20, 0, 0),
(167, 43, 'achievement', 12, 5, 25, 0, 0),
(168, 44, 'achievement', 12, 6, 30, 0, 0),
(169, 45, 'achievement', 13, 1, 5, 0, 1),
(170, 46, 'achievement', 13, 2, 10, 0, 1),
(171, 47, 'achievement', 13, 3, 15, 0, 0),
(172, 48, 'achievement', 13, 4, 20, 0, 0),
(173, 49, 'achievement', 13, 5, 25, 0, 0),
(174, 50, 'achievement', 13, 6, 30, 0, 0),
(175, 51, 'achievement', 14, 1, 5, 0, 1),
(176, 52, 'achievement', 14, 2, 10, 0, 0),
(177, 53, 'achievement', 14, 3, 15, 0, 0),
(178, 54, 'achievement', 14, 4, 20, 0, 0),
(179, 55, 'achievement', 14, 5, 25, 0, 0),
(180, 56, 'achievement', 14, 6, 30, 0, 0),
(181, 57, 'achievement', 15, 1, 5, 0, 1),
(182, 58, 'achievement', 15, 2, 10, 0, 0),
(183, 59, 'achievement', 15, 3, 15, 0, 0),
(184, 60, 'achievement', 15, 4, 20, 0, 0),
(185, 61, 'achievement', 15, 5, 25, 0, 0),
(186, 62, 'achievement', 15, 6, 30, 0, 0),
(187, 63, 'achievement', 16, 1, 5, 0, 1),
(188, 64, 'achievement', 16, 2, 10, 0, 1),
(235, 65, 'achievement', 16, 3, 15, 0, 0),
(236, 66, 'achievement', 16, 4, 20, 0, 0),
(237, 67, 'achievement', 16, 5, 25, 0, 0),
(238, 68, 'achievement', 16, 6, 30, 0, 0),
(239, 74, 'international', 22, 1, 10, 0, 0),
(240, 75, 'international', 23, 1, 10, 0, 0),
(241, 83, 'international', 31, 1, 10, 0, 0),
(242, 84, 'international', 25, 1, 10, 0, 0),
(243, 85, 'international', 32, 1, 10, 0, 0),
(244, 86, 'international', 33, 1, 10, 0, 0),
(245, 87, 'international', 34, 1, 10, 0, 0),
(246, 88, 'feature', 35, 1, 5, 0, 1),
(247, 89, 'feature', 35, 2, 10, 0, 0),
(248, 90, 'feature', 35, 3, 10, 0, 0),
(249, 91, 'feature', 35, 4, 10, 0, 0),
(250, 92, 'feature', 35, 5, 10, 0, 0),
(251, 93, 'feature', 35, 6, 10, 0, 0),
(252, 94, 'feature', 36, 1, 5, 0, 1),
(253, 95, 'feature', 36, 2, 5, 0, 1),
(254, 96, 'feature', 36, 3, 10, 0, 0),
(255, 97, 'feature', 36, 4, 10, 0, 0),
(256, 98, 'feature', 36, 5, 20, 0, 0),
(257, 99, 'feature', 36, 6, 20, 0, 0),
(258, 100, 'feature', 8, 3, 15, 0, 1),
(259, 101, 'achievement', 37, 1, 5, 0, 0),
(260, 102, 'achievement', 37, 2, 5, 0, 0),
(261, 103, 'achievement', 37, 3, 10, 0, 0),
(262, 104, 'achievement', 37, 4, 10, 0, 0),
(263, 105, 'achievement', 37, 5, 15, 0, 0),
(264, 106, 'achievement', 37, 6, 15, 0, 0),
(265, 107, 'achievement', 38, 1, 10, 0, 0),
(266, 108, 'achievement', 38, 2, 10, 0, 0),
(267, 109, 'achievement', 38, 3, 15, 0, 0),
(268, 110, 'achievement', 38, 4, 20, 0, 0),
(269, 111, 'achievement', 38, 5, 25, 0, 0),
(270, 112, 'achievement', 38, 6, 30, 0, 0),
(271, 113, 'achievement', 39, 1, 10, 0, 0),
(272, 114, 'achievement', 39, 2, 20, 0, 0),
(273, 115, 'achievement', 39, 3, 30, 0, 0),
(274, 116, 'achievement', 39, 4, 40, 0, 0),
(275, 117, 'achievement', 39, 5, 50, 0, 0),
(276, 118, 'achievement', 39, 6, 50, 0, 0),
(277, 119, 'feature', 40, 1, 10, 0, 0),
(278, 120, 'feature', 40, 2, 15, 0, 0),
(279, 121, 'feature', 40, 3, 20, 0, 0),
(280, 122, 'feature', 40, 4, 25, 0, 0);

-- --------------------------------------------------------

--
-- Estructura de tabla para la tabla `pr_badge_lang`
--

CREATE TABLE `pr_badge_lang` (
  `id_badge` int NOT NULL,
  `id_lang` int NOT NULL,
  `name` varchar(64) DEFAULT NULL,
  `description` varchar(255) DEFAULT NULL,
  `group_name` varchar(255) DEFAULT NULL
) ENGINE=InnoDB DEFAULT CHARSET=utf8;

--
-- Volcado de datos para la tabla `pr_badge_lang`
--

INSERT INTO `pr_badge_lang` (`id_badge`, `id_lang`, `name`, `description`, `group_name`) VALUES
(1, 1, 'Shopgate installed', 'You have installed the Shopgate module', 'Partners'),
(1, 3, 'Shopgate installed', 'You have installed the Shopgate module', 'Partners'),
(1, 4, 'Shopgate installed', 'You have installed the Shopgate module', 'Partners'),
(2, 1, 'Shopgate configured', 'You have configured the Shopgate module', 'Partners'),
(2, 3, 'Shopgate configured', 'You have configured the Shopgate module', 'Partners'),
(2, 4, 'Shopgate configured', 'You have configured the Shopgate module', 'Partners'),
(3, 1, 'Shopgate active', 'Your Shopgate module is active', 'Partners'),
(3, 3, 'Shopgate active', 'Your Shopgate module is active', 'Partners'),
(3, 4, 'Shopgate active', 'Your Shopgate module is active', 'Partners'),
(4, 1, 'Shopgate very active', 'Your Shopgate module is very active', 'Partners'),
(4, 3, 'Shopgate very active', 'Your Shopgate module is very active', 'Partners'),
(4, 4, 'Shopgate very active', 'Your Shopgate module is very active', 'Partners'),
(5, 1, 'Skrill installed', 'You have installed the Skrill module', 'Partners'),
(5, 3, 'Skrill installed', 'You have installed the Skrill module', 'Partners'),
(5, 4, 'Skrill installed', 'You have installed the Skrill module', 'Partners'),
(6, 1, 'Skrill configured', 'You have configured the Skrill module', 'Partners'),
(6, 3, 'Skrill configured', 'You have configured the Skrill module', 'Partners'),
(6, 4, 'Skrill configured', 'You have configured the Skrill module', 'Partners'),
(7, 1, 'Skrill active', 'Your Skrill module is active', 'Partners'),
(7, 3, 'Skrill active', 'Your Skrill module is active', 'Partners'),
(7, 4, 'Skrill active', 'Your Skrill module is active', 'Partners'),
(8, 1, 'Skrill very active', 'Your Skrill module is very active', 'Partners'),
(8, 3, 'Skrill very active', 'Your Skrill module is very active', 'Partners'),
(8, 4, 'Skrill very active', 'Your Skrill module is very active', 'Partners'),
(9, 1, 'Shopping Feed installed', 'You have installed the Shopping Feed module', 'Partners'),
(9, 3, 'Shopping Feed installed', 'You have installed the Shopping Feed module', 'Partners'),
(9, 4, 'Shopping Feed installed', 'You have installed the Shopping Feed module', 'Partners'),
(10, 1, 'Shopping Feed configured', 'You have configured the Shopping Feed module', 'Partners'),
(10, 3, 'Shopping Feed configured', 'You have configured the Shopping Feed module', 'Partners'),
(10, 4, 'Shopping Feed configured', 'You have configured the Shopping Feed module', 'Partners'),
(11, 1, 'Alliance Payment installed', 'You have installed the Alliance Payment module', 'Partners'),
(11, 3, 'Alliance Payment installed', 'You have installed the Alliance Payment module', 'Partners'),
(11, 4, 'Alliance Payment installed', 'You have installed the Alliance Payment module', 'Partners'),
(12, 1, 'Alliance Payment configured', 'You have configured the Alliance Payment module', 'Partners'),
(12, 3, 'Alliance Payment configured', 'You have configured the Alliance Payment module', 'Partners'),
(12, 4, 'Alliance Payment configured', 'You have configured the Alliance Payment module', 'Partners'),
(13, 1, 'Alliance Payment active', 'Your Alliance Payment module is active', 'Partners'),
(13, 3, 'Alliance Payment active', 'Your Alliance Payment module is active', 'Partners'),
(13, 4, 'Alliance Payment active', 'Your Alliance Payment module is active', 'Partners'),
(14, 1, 'Alliance Payment very active', 'Your Alliance Payment module is very active', 'Partners'),
(14, 3, 'Alliance Payment very active', 'Your Alliance Payment module is very active', 'Partners'),
(14, 4, 'Alliance Payment very active', 'Your Alliance Payment module is very active', 'Partners'),
(15, 1, 'Authorize Aim installed', 'You have installed the Authorize Aim module', 'Partners'),
(15, 3, 'Authorize Aim installed', 'You have installed the Authorize Aim module', 'Partners'),
(15, 4, 'Authorize Aim installed', 'You have installed the Authorize Aim module', 'Partners'),
(16, 1, 'Authorize Aim configured', 'You have configured the Authorize Aim module', 'Partners'),
(16, 3, 'Authorize Aim configured', 'You have configured the Authorize Aim module', 'Partners'),
(16, 4, 'Authorize Aim configured', 'You have configured the Authorize Aim module', 'Partners'),
(17, 1, 'Authorize Aim active', 'Your Authorize Aim module is active', 'Partners'),
(17, 3, 'Authorize Aim active', 'Your Authorize Aim module is active', 'Partners'),
(17, 4, 'Authorize Aim active', 'Your Authorize Aim module is active', 'Partners'),
(18, 1, 'Authorize Aim very active', 'Your Authorize Aim module is very active', 'Partners'),
(18, 3, 'Authorize Aim very active', 'Your Authorize Aim module is very active', 'Partners'),
(18, 4, 'Authorize Aim very active', 'Your Authorize Aim module is very active', 'Partners'),
(19, 1, 'Blue Pay installed', 'You have installed the Blue Pay module', 'Partners'),
(19, 3, 'Blue Pay installed', 'You have installed the Blue Pay module', 'Partners'),
(19, 4, 'Blue Pay installed', 'You have installed the Blue Pay module', 'Partners'),
(20, 1, 'Blue Pay configured', 'You have configured the Blue Pay module', 'Partners'),
(20, 3, 'Blue Pay configured', 'You have configured the Blue Pay module', 'Partners'),
(20, 4, 'Blue Pay configured', 'You have configured the Blue Pay module', 'Partners'),
(21, 1, 'Blue Pay active', 'Your Blue Pay module is active', 'Partners'),
(21, 3, 'Blue Pay active', 'Your Blue Pay module is active', 'Partners'),
(21, 4, 'Blue Pay active', 'Your Blue Pay module is active', 'Partners'),
(22, 1, 'Blue Pay very active', 'Your Blue Pay module is very active', 'Partners'),
(22, 3, 'Blue Pay very active', 'Your Blue Pay module is very active', 'Partners'),
(22, 4, 'Blue Pay very active', 'Your Blue Pay module is very active', 'Partners'),
(23, 1, 'Ebay installed', 'You have installed the Ebay module', 'Partners'),
(23, 3, 'Ebay installed', 'You have installed the Ebay module', 'Partners'),
(23, 4, 'Ebay installed', 'You have installed the Ebay module', 'Partners'),
(24, 1, 'Ebay configured', 'You have configured the Ebay module', 'Partners'),
(24, 3, 'Ebay configured', 'You have configured the Ebay module', 'Partners'),
(24, 4, 'Ebay configured', 'You have configured the Ebay module', 'Partners'),
(25, 1, 'Ebay active', 'Your Ebay module is active', 'Partners'),
(25, 3, 'Ebay active', 'Your Ebay module is active', 'Partners'),
(25, 4, 'Ebay active', 'Your Ebay module is active', 'Partners'),
(26, 1, 'Ebay very active', 'Your Ebay module is very active', 'Partners'),
(26, 3, 'Ebay very active', 'Your Ebay module is very active', 'Partners'),
(26, 4, 'Ebay very active', 'Your Ebay module is very active', 'Partners'),
(27, 1, 'PayPlug installed', 'You have installed the PayPlug module', 'Partners'),
(27, 3, 'PayPlug installed', 'You have installed the PayPlug module', 'Partners'),
(27, 4, 'PayPlug installed', 'You have installed the PayPlug module', 'Partners'),
(28, 1, 'PayPlug configured', 'You have configured the PayPlug module', 'Partners'),
(28, 3, 'PayPlug configured', 'You have configured the PayPlug module', 'Partners'),
(28, 4, 'PayPlug configured', 'You have configured the PayPlug module', 'Partners'),
(29, 1, 'PayPlug active', 'Your PayPlug module is active', 'Partners'),
(29, 3, 'PayPlug active', 'Your PayPlug module is active', 'Partners'),
(29, 4, 'PayPlug active', 'Your PayPlug module is active', 'Partners'),
(30, 1, 'PayPlug very active', 'Your PayPlug module is very active', 'Partners'),
(30, 3, 'PayPlug very active', 'Your PayPlug module is very active', 'Partners'),
(30, 4, 'PayPlug very active', 'Your PayPlug module is very active', 'Partners'),
(31, 1, 'Affinity Items installed', 'You have installed the Affinity Items module', 'Partners'),
(31, 3, 'Affinity Items installed', 'You have installed the Affinity Items module', 'Partners'),
(31, 4, 'Affinity Items installed', 'You have installed the Affinity Items module', 'Partners'),
(32, 1, 'Affinity Items configured', 'You have configured the Affinity Items module', 'Partners'),
(32, 3, 'Affinity Items configured', 'You have configured the Affinity Items module', 'Partners'),
(32, 4, 'Affinity Items configured', 'You have configured the Affinity Items module', 'Partners'),
(33, 1, 'DPD Poland installed', 'You have installed the DPD Poland module', 'Partners'),
(33, 3, 'DPD Poland installed', 'You have installed the DPD Poland module', 'Partners'),
(33, 4, 'DPD Poland installed', 'You have installed the DPD Poland module', 'Partners'),
(34, 1, 'DPD Poland configured', 'You have configured the DPD Poland module', 'Partners'),
(34, 3, 'DPD Poland configured', 'You have configured the DPD Poland module', 'Partners'),
(34, 4, 'DPD Poland configured', 'You have configured the DPD Poland module', 'Partners'),
(35, 1, 'DPD Poland active', 'Your DPD Poland module is active', 'Partners'),
(35, 3, 'DPD Poland active', 'Your DPD Poland module is active', 'Partners'),
(35, 4, 'DPD Poland active', 'Your DPD Poland module is active', 'Partners'),
(36, 1, 'DPD Poland very active', 'Your DPD Poland module is very active', 'Partners'),
(36, 3, 'DPD Poland very active', 'Your DPD Poland module is very active', 'Partners'),
(36, 4, 'DPD Poland very active', 'Your DPD Poland module is very active', 'Partners'),
(37, 1, 'Envoimoinscher installed', 'You have installed the Envoimoinscher module', 'Partners'),
(37, 3, 'Envoimoinscher installed', 'You have installed the Envoimoinscher module', 'Partners'),
(37, 4, 'Envoimoinscher installed', 'You have installed the Envoimoinscher module', 'Partners'),
(38, 1, 'Envoimoinscher configured', 'You have configured the Envoimoinscher module', 'Partners'),
(38, 3, 'Envoimoinscher configured', 'You have configured the Envoimoinscher module', 'Partners'),
(38, 4, 'Envoimoinscher configured', 'You have configured the Envoimoinscher module', 'Partners'),
(39, 1, 'Envoimoinscher active', 'Your Envoimoinscher module is active', 'Partners'),
(39, 3, 'Envoimoinscher active', 'Your Envoimoinscher module is active', 'Partners'),
(39, 4, 'Envoimoinscher active', 'Your Envoimoinscher module is active', 'Partners'),
(40, 1, 'Envoimoinscher very active', 'Your Envoimoinscher module is very active', 'Partners'),
(40, 3, 'Envoimoinscher very active', 'Your Envoimoinscher module is very active', 'Partners'),
(40, 4, 'Envoimoinscher very active', 'Your Envoimoinscher module is very active', 'Partners'),
(41, 1, 'Klik&Pay installed', 'You have installed the Klik&Pay module', 'Partners'),
(41, 3, 'Klik&Pay installed', 'You have installed the Klik&Pay module', 'Partners'),
(41, 4, 'Klik&Pay installed', 'You have installed the Klik&Pay module', 'Partners'),
(42, 1, 'Klik&Pay configured', 'You have configured the Klik&Pay module', 'Partners'),
(42, 3, 'Klik&Pay configured', 'You have configured the Klik&Pay module', 'Partners'),
(42, 4, 'Klik&Pay configured', 'You have configured the Klik&Pay module', 'Partners'),
(43, 1, 'Klik&Pay active', 'Your Klik&Pay module is active', 'Partners'),
(43, 3, 'Klik&Pay active', 'Your Klik&Pay module is active', 'Partners'),
(43, 4, 'Klik&Pay active', 'Your Klik&Pay module is active', 'Partners'),
(44, 1, 'Klik&Pay very active', 'Your Klik&Pay module is very active', 'Partners'),
(44, 3, 'Klik&Pay very active', 'Your Klik&Pay module is very active', 'Partners'),
(44, 4, 'Klik&Pay very active', 'Your Klik&Pay module is very active', 'Partners'),
(45, 1, 'Clickline installed', 'You have installed the Clickline module', 'Partners'),
(45, 3, 'Clickline installed', 'You have installed the Clickline module', 'Partners'),
(45, 4, 'Clickline installed', 'You have installed the Clickline module', 'Partners'),
(46, 1, 'Clickline configured', 'You have configured the Clickline module', 'Partners'),
(46, 3, 'Clickline configured', 'You have configured the Clickline module', 'Partners'),
(46, 4, 'Clickline configured', 'You have configured the Clickline module', 'Partners'),
(47, 1, 'Clickline active', 'Your Clickline module is active', 'Partners'),
(47, 3, 'Clickline active', 'Your Clickline module is active', 'Partners'),
(47, 4, 'Clickline active', 'Your Clickline module is active', 'Partners'),
(48, 1, 'Clickline very active', 'Your Clickline module is very active', 'Partners'),
(48, 3, 'Clickline very active', 'Your Clickline module is very active', 'Partners'),
(48, 4, 'Clickline very active', 'Your Clickline module is very active', 'Partners'),
(49, 1, 'CDiscount installed', 'You have installed the CDiscount module', 'Partners'),
(49, 3, 'CDiscount installed', 'You have installed the CDiscount module', 'Partners'),
(49, 4, 'CDiscount installed', 'You have installed the CDiscount module', 'Partners'),
(50, 1, 'CDiscount configured', 'You have configured the CDiscount module', 'Partners'),
(50, 3, 'CDiscount configured', 'You have configured the CDiscount module', 'Partners'),
(50, 4, 'CDiscount configured', 'You have configured the CDiscount module', 'Partners'),
(51, 1, 'CDiscount active', 'Your CDiscount module is active', 'Partners'),
(51, 3, 'CDiscount active', 'Your CDiscount module is active', 'Partners'),
(51, 4, 'CDiscount active', 'Your CDiscount module is active', 'Partners'),
(52, 1, 'CDiscount very active', 'Your CDiscount module is very active', 'Partners'),
(52, 3, 'CDiscount very active', 'Your CDiscount module is very active', 'Partners'),
(52, 4, 'CDiscount very active', 'Your CDiscount module is very active', 'Partners'),
(53, 1, 'illicoPresta installed', 'You have installed the illicoPresta module', 'Partners'),
(53, 3, 'illicoPresta installed', 'You have installed the illicoPresta module', 'Partners'),
(53, 4, 'illicoPresta installed', 'You have installed the illicoPresta module', 'Partners'),
(54, 1, 'illicoPresta configured', 'You have configured the illicoPresta module', 'Partners'),
(54, 3, 'illicoPresta configured', 'You have configured the illicoPresta module', 'Partners'),
(54, 4, 'illicoPresta configured', 'You have configured the illicoPresta module', 'Partners'),
(55, 1, 'illicoPresta active', 'Your illicoPresta module is active', 'Partners'),
(55, 3, 'illicoPresta active', 'Your illicoPresta module is active', 'Partners'),
(55, 4, 'illicoPresta active', 'Your illicoPresta module is active', 'Partners'),
(56, 1, 'illicoPresta very active', 'Your illicoPresta module is very active', 'Partners'),
(56, 3, 'illicoPresta very active', 'Your illicoPresta module is very active', 'Partners'),
(56, 4, 'illicoPresta very active', 'Your illicoPresta module is very active', 'Partners'),
(57, 1, 'NetReviews installed', 'You have installed the NetReviews module', 'Partners'),
(57, 3, 'NetReviews installed', 'You have installed the NetReviews module', 'Partners'),
(57, 4, 'NetReviews installed', 'You have installed the NetReviews module', 'Partners'),
(58, 1, 'NetReviews configured', 'You have configured the NetReviews module', 'Partners'),
(58, 3, 'NetReviews configured', 'You have configured the NetReviews module', 'Partners'),
(58, 4, 'NetReviews configured', 'You have configured the NetReviews module', 'Partners'),
(59, 1, 'NetReviews active', 'Your NetReviews module is active', 'Partners'),
(59, 3, 'NetReviews active', 'Your NetReviews module is active', 'Partners'),
(59, 4, 'NetReviews active', 'Your NetReviews module is active', 'Partners'),
(60, 1, 'NetReviews very active', 'Your NetReviews module is very active', 'Partners'),
(60, 3, 'NetReviews very active', 'Your NetReviews module is very active', 'Partners'),
(60, 4, 'NetReviews very active', 'Your NetReviews module is very active', 'Partners'),
(61, 1, 'Bluesnap installed', 'You have installed the Bluesnap module', 'Partners'),
(61, 3, 'Bluesnap installed', 'You have installed the Bluesnap module', 'Partners'),
(61, 4, 'Bluesnap installed', 'You have installed the Bluesnap module', 'Partners'),
(62, 1, 'Bluesnap configured', 'You have configured the Bluesnap module', 'Partners'),
(62, 3, 'Bluesnap configured', 'You have configured the Bluesnap module', 'Partners'),
(62, 4, 'Bluesnap configured', 'You have configured the Bluesnap module', 'Partners'),
(63, 1, 'Bluesnap active', 'Your Bluesnap module is active', 'Partners'),
(63, 3, 'Bluesnap active', 'Your Bluesnap module is active', 'Partners'),
(63, 4, 'Bluesnap active', 'Your Bluesnap module is active', 'Partners'),
(64, 1, 'Bluesnap very active', 'Your Bluesnap module is very active', 'Partners'),
(64, 3, 'Bluesnap very active', 'Your Bluesnap module is very active', 'Partners'),
(64, 4, 'Bluesnap very active', 'Your Bluesnap module is very active', 'Partners'),
(65, 1, 'Desjardins installed', 'You have installed the Desjardins module', 'Partners'),
(65, 3, 'Desjardins installed', 'You have installed the Desjardins module', 'Partners'),
(65, 4, 'Desjardins installed', 'You have installed the Desjardins module', 'Partners'),
(66, 1, 'Desjardins configured', 'You have configured the Desjardins module', 'Partners'),
(66, 3, 'Desjardins configured', 'You have configured the Desjardins module', 'Partners'),
(66, 4, 'Desjardins configured', 'You have configured the Desjardins module', 'Partners'),
(67, 1, 'Desjardins active', 'Your Desjardins module is active', 'Partners'),
(67, 3, 'Desjardins active', 'Your Desjardins module is active', 'Partners'),
(67, 4, 'Desjardins active', 'Your Desjardins module is active', 'Partners'),
(68, 1, 'Desjardins very active', 'Your Desjardins module is very active', 'Partners'),
(68, 3, 'Desjardins very active', 'Your Desjardins module is very active', 'Partners'),
(68, 4, 'Desjardins very active', 'Your Desjardins module is very active', 'Partners'),
(69, 1, 'First Data installed', 'You have installed the First Data module', 'Partners'),
(69, 3, 'First Data installed', 'You have installed the First Data module', 'Partners'),
(69, 4, 'First Data installed', 'You have installed the First Data module', 'Partners'),
(70, 1, 'First Data configured', 'You have configured the First Data module', 'Partners'),
(70, 3, 'First Data configured', 'You have configured the First Data module', 'Partners'),
(70, 4, 'First Data configured', 'You have configured the First Data module', 'Partners'),
(71, 1, 'First Data active', 'Your First Data module is active', 'Partners'),
(71, 3, 'First Data active', 'Your First Data module is active', 'Partners'),
(71, 4, 'First Data active', 'Your First Data module is active', 'Partners'),
(72, 1, 'First Data very active', 'Your First Data module is very active', 'Partners'),
(72, 3, 'First Data very active', 'Your First Data module is very active', 'Partners'),
(72, 4, 'First Data very active', 'Your First Data module is very active', 'Partners'),
(73, 1, 'Give.it installed', 'You have installed the Give.it module', 'Partners'),
(73, 3, 'Give.it installed', 'You have installed the Give.it module', 'Partners'),
(73, 4, 'Give.it installed', 'You have installed the Give.it module', 'Partners'),
(74, 1, 'Give.it configured', 'You have configured the Give.it module', 'Partners'),
(74, 3, 'Give.it configured', 'You have configured the Give.it module', 'Partners'),
(74, 4, 'Give.it configured', 'You have configured the Give.it module', 'Partners'),
(75, 1, 'Give.it active', 'Your Give.it module is active', 'Partners'),
(75, 3, 'Give.it active', 'Your Give.it module is active', 'Partners'),
(75, 4, 'Give.it active', 'Your Give.it module is active', 'Partners'),
(76, 1, 'Give.it very active', 'Your Give.it module is very active', 'Partners'),
(76, 3, 'Give.it very active', 'Your Give.it module is very active', 'Partners'),
(76, 4, 'Give.it very active', 'Your Give.it module is very active', 'Partners'),
(77, 1, 'Google Analytics installed', 'You have installed the Google Analytics module', 'Partners'),
(77, 3, 'Google Analytics installed', 'You have installed the Google Analytics module', 'Partners'),
(77, 4, 'Google Analytics installed', 'You have installed the Google Analytics module', 'Partners'),
(78, 1, 'Google Analytics configured', 'You have configured the Google Analytics module', 'Partners'),
(78, 3, 'Google Analytics configured', 'You have configured the Google Analytics module', 'Partners'),
(78, 4, 'Google Analytics configured', 'You have configured the Google Analytics module', 'Partners'),
(79, 1, 'Google Analytics active', 'Your Google Analytics module is active', 'Partners'),
(79, 3, 'Google Analytics active', 'Your Google Analytics module is active', 'Partners'),
(79, 4, 'Google Analytics active', 'Your Google Analytics module is active', 'Partners'),
(80, 1, 'Google Analytics very active', 'Your Google Analytics module is very active', 'Partners'),
(80, 3, 'Google Analytics very active', 'Your Google Analytics module is very active', 'Partners'),
(80, 4, 'Google Analytics very active', 'Your Google Analytics module is very active', 'Partners'),
(81, 1, 'PagSeguro installed', 'You have installed the PagSeguro module', 'Partners'),
(81, 3, 'PagSeguro installed', 'You have installed the PagSeguro module', 'Partners'),
(81, 4, 'PagSeguro installed', 'You have installed the PagSeguro module', 'Partners'),
(82, 1, 'PagSeguro configured', 'You have configured the PagSeguro module', 'Partners'),
(82, 3, 'PagSeguro configured', 'You have configured the PagSeguro module', 'Partners'),
(82, 4, 'PagSeguro configured', 'You have configured the PagSeguro module', 'Partners'),
(83, 1, 'PagSeguro active', 'Your PagSeguro module is active', 'Partners'),
(83, 3, 'PagSeguro active', 'Your PagSeguro module is active', 'Partners'),
(83, 4, 'PagSeguro active', 'Your PagSeguro module is active', 'Partners'),
(84, 1, 'PagSeguro very active', 'Your PagSeguro module is very active', 'Partners'),
(84, 3, 'PagSeguro very active', 'Your PagSeguro module is very active', 'Partners'),
(84, 4, 'PagSeguro very active', 'Your PagSeguro module is very active', 'Partners'),
(85, 1, 'Paypal MX installed', 'You have installed the Paypal MX module', 'Partners'),
(85, 3, 'Paypal MX installed', 'You have installed the Paypal MX module', 'Partners'),
(85, 4, 'Paypal MX installed', 'You have installed the Paypal MX module', 'Partners'),
(86, 1, 'Paypal MX configured', 'You have configured the Paypal MX module', 'Partners'),
(86, 3, 'Paypal MX configured', 'You have configured the Paypal MX module', 'Partners'),
(86, 4, 'Paypal MX configured', 'You have configured the Paypal MX module', 'Partners'),
(87, 1, 'Paypal MX active', 'Your Paypal MX module is active', 'Partners'),
(87, 3, 'Paypal MX active', 'Your Paypal MX module is active', 'Partners'),
(87, 4, 'Paypal MX active', 'Your Paypal MX module is active', 'Partners'),
(88, 1, 'Paypal MX very active', 'Your Paypal MX module is very active', 'Partners'),
(88, 3, 'Paypal MX very active', 'Your Paypal MX module is very active', 'Partners'),
(88, 4, 'Paypal MX very active', 'Your Paypal MX module is very active', 'Partners'),
(89, 1, 'Paypal USA installed', 'You have installed the Paypal USA module', 'Partners'),
(89, 3, 'Paypal USA installed', 'You have installed the Paypal USA module', 'Partners'),
(89, 4, 'Paypal USA installed', 'You have installed the Paypal USA module', 'Partners'),
(90, 1, 'Paypal USA configured', 'You have configured the Paypal USA module', 'Partners'),
(90, 3, 'Paypal USA configured', 'You have configured the Paypal USA module', 'Partners'),
(90, 4, 'Paypal USA configured', 'You have configured the Paypal USA module', 'Partners'),
(91, 1, 'Paypal USA active', 'Your Paypal USA module is active', 'Partners'),
(91, 3, 'Paypal USA active', 'Your Paypal USA module is active', 'Partners'),
(91, 4, 'Paypal USA active', 'Your Paypal USA module is active', 'Partners'),
(92, 1, 'Paypal USA very active', 'Your Paypal USA module is very active', 'Partners'),
(92, 3, 'Paypal USA very active', 'Your Paypal USA module is very active', 'Partners'),
(92, 4, 'Paypal USA very active', 'Your Paypal USA module is very active', 'Partners'),
(93, 1, 'PayULatam installed', 'You have installed the PayULatam module', 'Partners'),
(93, 3, 'PayULatam installed', 'You have installed the PayULatam module', 'Partners'),
(93, 4, 'PayULatam installed', 'You have installed the PayULatam module', 'Partners'),
(94, 1, 'PayULatam configured', 'You have configured the PayULatam module', 'Partners'),
(94, 3, 'PayULatam configured', 'You have configured the PayULatam module', 'Partners'),
(94, 4, 'PayULatam configured', 'You have configured the PayULatam module', 'Partners'),
(95, 1, 'PayULatam active', 'Your PayULatam module is active', 'Partners'),
(95, 3, 'PayULatam active', 'Your PayULatam module is active', 'Partners'),
(95, 4, 'PayULatam active', 'Your PayULatam module is active', 'Partners'),
(96, 1, 'PayULatam very active', 'Your PayULatam module is very active', 'Partners'),
(96, 3, 'PayULatam very active', 'Your PayULatam module is very active', 'Partners'),
(96, 4, 'PayULatam very active', 'Your PayULatam module is very active', 'Partners'),
(97, 1, 'PrestaStats installed', 'You have installed the PrestaStats module', 'Partners'),
(97, 3, 'PrestaStats installed', 'You have installed the PrestaStats module', 'Partners'),
(97, 4, 'PrestaStats installed', 'You have installed the PrestaStats module', 'Partners'),
(98, 1, 'PrestaStats configured', 'You have configured the PrestaStats module', 'Partners'),
(98, 3, 'PrestaStats configured', 'You have configured the PrestaStats module', 'Partners'),
(98, 4, 'PrestaStats configured', 'You have configured the PrestaStats module', 'Partners'),
(99, 1, 'PrestaStats active', 'Your PrestaStats module is active', 'Partners'),
(99, 3, 'PrestaStats active', 'Your PrestaStats module is active', 'Partners'),
(99, 4, 'PrestaStats active', 'Your PrestaStats module is active', 'Partners'),
(100, 1, 'PrestaStats very active', 'Your PrestaStats module is very active', 'Partners'),
(100, 3, 'PrestaStats very active', 'Your PrestaStats module is very active', 'Partners'),
(100, 4, 'PrestaStats very active', 'Your PrestaStats module is very active', 'Partners'),
(101, 1, 'Riskified installed', 'You have installed the Riskified module', 'Partners'),
(101, 3, 'Riskified installed', 'You have installed the Riskified module', 'Partners'),
(101, 4, 'Riskified installed', 'You have installed the Riskified module', 'Partners'),
(102, 1, 'Riskified configured', 'You have configured the Riskified module', 'Partners'),
(102, 3, 'Riskified configured', 'You have configured the Riskified module', 'Partners'),
(102, 4, 'Riskified configured', 'You have configured the Riskified module', 'Partners'),
(103, 1, 'Riskified active', 'Your Riskified module is active', 'Partners'),
(103, 3, 'Riskified active', 'Your Riskified module is active', 'Partners'),
(103, 4, 'Riskified active', 'Your Riskified module is active', 'Partners'),
(104, 1, 'Riskified very active', 'Your Riskified module is very active', 'Partners'),
(104, 3, 'Riskified very active', 'Your Riskified module is very active', 'Partners'),
(104, 4, 'Riskified very active', 'Your Riskified module is very active', 'Partners'),
(105, 1, 'Simplify installed', 'You have installed the Simplify module', 'Partners'),
(105, 3, 'Simplify installed', 'You have installed the Simplify module', 'Partners'),
(105, 4, 'Simplify installed', 'You have installed the Simplify module', 'Partners'),
(106, 1, 'Simplify configured', 'You have configured the Simplify module', 'Partners'),
(106, 3, 'Simplify configured', 'You have configured the Simplify module', 'Partners'),
(106, 4, 'Simplify configured', 'You have configured the Simplify module', 'Partners'),
(107, 1, 'Simplify active', 'Your Simplify module is active', 'Partners'),
(107, 3, 'Simplify active', 'Your Simplify module is active', 'Partners'),
(107, 4, 'Simplify active', 'Your Simplify module is active', 'Partners'),
(108, 1, 'Simplify very active', 'Your Simplify module is very active', 'Partners'),
(108, 3, 'Simplify very active', 'Your Simplify module is very active', 'Partners'),
(108, 4, 'Simplify very active', 'Your Simplify module is very active', 'Partners'),
(109, 1, 'VTPayment installed', 'You have installed the VTPayment module', 'Partners'),
(109, 3, 'VTPayment installed', 'You have installed the VTPayment module', 'Partners'),
(109, 4, 'VTPayment installed', 'You have installed the VTPayment module', 'Partners'),
(110, 1, 'VTPayment configured', 'You have configured the VTPayment module', 'Partners'),
(110, 3, 'VTPayment configured', 'You have configured the VTPayment module', 'Partners'),
(110, 4, 'VTPayment configured', 'You have configured the VTPayment module', 'Partners'),
(111, 1, 'VTPayment active', 'Your VTPayment module is active', 'Partners'),
(111, 3, 'VTPayment active', 'Your VTPayment module is active', 'Partners'),
(111, 4, 'VTPayment active', 'Your VTPayment module is active', 'Partners'),
(112, 1, 'VTPayment very active', 'Your VTPayment module is very active', 'Partners'),
(112, 3, 'VTPayment very active', 'Your VTPayment module is very active', 'Partners'),
(112, 4, 'VTPayment very active', 'Your VTPayment module is very active', 'Partners'),
(113, 1, 'Yotpo installed', 'You have installed the Yotpo module', 'Partners'),
(113, 3, 'Yotpo installed', 'You have installed the Yotpo module', 'Partners'),
(113, 4, 'Yotpo installed', 'You have installed the Yotpo module', 'Partners'),
(114, 1, 'Yotpo configured', 'You have configured the Yotpo module', 'Partners'),
(114, 3, 'Yotpo configured', 'You have configured the Yotpo module', 'Partners'),
(114, 4, 'Yotpo configured', 'You have configured the Yotpo module', 'Partners'),
(115, 1, 'Yotpo active', 'Your Yotpo module is active', 'Partners'),
(115, 3, 'Yotpo active', 'Your Yotpo module is active', 'Partners'),
(115, 4, 'Yotpo active', 'Your Yotpo module is active', 'Partners'),
(116, 1, 'Yotpo very active', 'Your Yotpo module is very active', 'Partners'),
(116, 3, 'Yotpo very active', 'Your Yotpo module is very active', 'Partners'),
(116, 4, 'Yotpo very active', 'Your Yotpo module is very active', 'Partners'),
(117, 1, 'Youstice installed', 'You have installed the Youstice module', 'Partners'),
(117, 3, 'Youstice installed', 'You have installed the Youstice module', 'Partners'),
(117, 4, 'Youstice installed', 'You have installed the Youstice module', 'Partners'),
(118, 1, 'Youstice configured', 'You have configured the Youstice module', 'Partners'),
(118, 3, 'Youstice configured', 'You have configured the Youstice module', 'Partners'),
(118, 4, 'Youstice configured', 'You have configured the Youstice module', 'Partners'),
(119, 1, 'Youstice active', 'Your Youstice module is active', 'Partners'),
(119, 3, 'Youstice active', 'Your Youstice module is active', 'Partners'),
(119, 4, 'Youstice active', 'Your Youstice module is active', 'Partners'),
(120, 1, 'Youstice very active', 'Your Youstice module is very active', 'Partners'),
(120, 3, 'Youstice very active', 'Your Youstice module is very active', 'Partners'),
(120, 4, 'Youstice very active', 'Your Youstice module is very active', 'Partners'),
(121, 1, 'Loyalty Lion installed', 'You have installed the Loyalty Lion module', 'Partners'),
(121, 3, 'Loyalty Lion installed', 'You have installed the Loyalty Lion module', 'Partners'),
(121, 4, 'Loyalty Lion installed', 'You have installed the Loyalty Lion module', 'Partners'),
(122, 1, 'Loyalty Lion configured', 'You have configured the Loyalty Lion module', 'Partners'),
(122, 3, 'Loyalty Lion configured', 'You have configured the Loyalty Lion module', 'Partners'),
(122, 4, 'Loyalty Lion configured', 'You have configured the Loyalty Lion module', 'Partners'),
(123, 1, 'Loyalty Lion active', 'Your Loyalty Lion module is active', 'Partners'),
(123, 3, 'Loyalty Lion active', 'Your Loyalty Lion module is active', 'Partners'),
(123, 4, 'Loyalty Lion active', 'Your Loyalty Lion module is active', 'Partners'),
(124, 1, 'Loyalty Lion very active', 'Your Loyalty Lion module is very active', 'Partners'),
(124, 3, 'Loyalty Lion very active', 'Your Loyalty Lion module is very active', 'Partners'),
(124, 4, 'Loyalty Lion very active', 'Your Loyalty Lion module is very active', 'Partners'),
(125, 1, 'SEO', 'You enabled the URL rewriting through the tab \"Preferences > SEO and URLs\".', 'SEO'),
(125, 3, 'SEO', 'You enabled the URL rewriting through the tab \"Preferences > SEO and URLs\".', 'SEO'),
(125, 4, 'SEO', 'You enabled the URL rewriting through the tab \"Preferences > SEO and URLs\".', 'SEO'),
(126, 1, 'Site Performance', 'You enabled CCC (Combine, Compress and Cache), Rijndael and Smarty through the tab \r\nAdvanced Parameters > Performance.', 'Site Performance'),
(126, 3, 'Site Performance', 'You enabled CCC (Combine, Compress and Cache), Rijndael and Smarty through the tab \r\nAdvanced Parameters > Performance.', 'Site Performance'),
(126, 4, 'Site Performance', 'You enabled CCC (Combine, Compress and Cache), Rijndael and Smarty through the tab \r\nAdvanced Parameters > Performance.', 'Site Performance'),
(127, 1, 'Site Performance', 'You enabled media servers through the tab \"Advanced parameters > Performance\".', 'Site Performance'),
(127, 3, 'Site Performance', 'You enabled media servers through the tab \"Advanced parameters > Performance\".', 'Site Performance'),
(127, 4, 'Site Performance', 'You enabled media servers through the tab \"Advanced parameters > Performance\".', 'Site Performance'),
(128, 1, 'Payment', 'You configured a payment solution on your shop.', 'Payment'),
(128, 3, 'Payment', 'You configured a payment solution on your shop.', 'Payment'),
(128, 4, 'Payment', 'You configured a payment solution on your shop.', 'Payment'),
(129, 1, 'Payment', 'You offer two different payment methods to your customers.', 'Payment'),
(129, 3, 'Payment', 'You offer two different payment methods to your customers.', 'Payment'),
(129, 4, 'Payment', 'You offer two different payment methods to your customers.', 'Payment'),
(130, 1, 'Shipping', 'You configured a carrier on your shop.', 'Shipping'),
(130, 3, 'Shipping', 'You configured a carrier on your shop.', 'Shipping'),
(130, 4, 'Shipping', 'You configured a carrier on your shop.', 'Shipping'),
(131, 1, 'Shipping', 'You offer two shipping solutions (carriers) to your customers.', 'Shipping'),
(131, 3, 'Shipping', 'You offer two shipping solutions (carriers) to your customers.', 'Shipping'),
(131, 4, 'Shipping', 'You offer two shipping solutions (carriers) to your customers.', 'Shipping'),
(132, 1, 'Catalog Size', 'You added your first product to your catalog!', 'Catalog Size'),
(132, 3, 'Catalog Size', 'You added your first product to your catalog!', 'Catalog Size'),
(132, 4, 'Catalog Size', 'You added your first product to your catalog!', 'Catalog Size'),
(133, 1, 'Catalog Size', 'You have 10 products within your catalog.', 'Catalog Size'),
(133, 3, 'Catalog Size', 'You have 10 products within your catalog.', 'Catalog Size'),
(133, 4, 'Catalog Size', 'You have 10 products within your catalog.', 'Catalog Size'),
(134, 1, 'Contact information', 'You configured your phone number so your customers can reach you!', 'Contact information'),
(134, 3, 'Contact information', 'You configured your phone number so your customers can reach you!', 'Contact information'),
(134, 4, 'Contact information', 'You configured your phone number so your customers can reach you!', 'Contact information'),
(135, 1, 'Contact information', 'You added a third email address to your contact form.', 'Contact information'),
(135, 3, 'Contact information', 'You added a third email address to your contact form.', 'Contact information'),
(135, 4, 'Contact information', 'You added a third email address to your contact form.', 'Contact information'),
(136, 1, 'Contact information', 'You suggest a total of 5 departments to be reached by your customers via your contact form.', 'Contact information'),
(136, 3, 'Contact information', 'You suggest a total of 5 departments to be reached by your customers via your contact form.', 'Contact information'),
(136, 4, 'Contact information', 'You suggest a total of 5 departments to be reached by your customers via your contact form.', 'Contact information'),
(137, 1, 'Catalog Size', 'You have 100 products within your catalog.', 'Catalog Size'),
(137, 3, 'Catalog Size', 'You have 100 products within your catalog.', 'Catalog Size'),
(137, 4, 'Catalog Size', 'You have 100 products within your catalog.', 'Catalog Size'),
(138, 1, 'Catalog Size', 'You have 1,000 products within your catalog.', 'Catalog Size'),
(138, 3, 'Catalog Size', 'You have 1,000 products within your catalog.', 'Catalog Size'),
(138, 4, 'Catalog Size', 'You have 1,000 products within your catalog.', 'Catalog Size'),
(139, 1, 'Catalog Size', 'You have 10,000 products within your catalog.', 'Catalog Size'),
(139, 3, 'Catalog Size', 'You have 10,000 products within your catalog.', 'Catalog Size'),
(139, 4, 'Catalog Size', 'You have 10,000 products within your catalog.', 'Catalog Size'),
(140, 1, 'Catalog Size', 'You have 100,000 products within your catalog.', 'Catalog Size'),
(140, 3, 'Catalog Size', 'You have 100,000 products within your catalog.', 'Catalog Size'),
(140, 4, 'Catalog Size', 'You have 100,000 products within your catalog.', 'Catalog Size'),
(141, 1, 'Days of Experience', 'You just installed PrestaShop!', 'Days of Experience'),
(141, 3, 'Days of Experience', 'You just installed PrestaShop!', 'Days of Experience'),
(141, 4, 'Days of Experience', 'You just installed PrestaShop!', 'Days of Experience'),
(142, 1, 'Days of Experience', 'You installed PrestaShop a week ago!', 'Days of Experience'),
(142, 3, 'Days of Experience', 'You installed PrestaShop a week ago!', 'Days of Experience'),
(142, 4, 'Days of Experience', 'You installed PrestaShop a week ago!', 'Days of Experience'),
(143, 1, 'Customization', 'You uploaded your own logo.', 'Customization'),
(143, 3, 'Customization', 'You uploaded your own logo.', 'Customization'),
(143, 4, 'Customization', 'You uploaded your own logo.', 'Customization'),
(144, 1, 'Customization', 'You installed a new template.', 'Customization'),
(144, 3, 'Customization', 'You installed a new template.', 'Customization'),
(144, 4, 'Customization', 'You installed a new template.', 'Customization'),
(145, 1, 'Addons', 'You connected your back-office to the Addons platform using your PrestaShop Addons account.', 'Addons'),
(145, 3, 'Addons', 'You connected your back-office to the Addons platform using your PrestaShop Addons account.', 'Addons'),
(145, 4, 'Addons', 'You connected your back-office to the Addons platform using your PrestaShop Addons account.', 'Addons'),
(146, 1, 'Multistores', 'You enabled the Multistores feature.', 'Multistores'),
(146, 3, 'Multistores', 'You enabled the Multistores feature.', 'Multistores'),
(146, 4, 'Multistores', 'You enabled the Multistores feature.', 'Multistores'),
(147, 1, 'Multistores', 'You manage two shops with the Multistores feature.', 'Multistores'),
(147, 3, 'Multistores', 'You manage two shops with the Multistores feature.', 'Multistores'),
(147, 4, 'Multistores', 'You manage two shops with the Multistores feature.', 'Multistores'),
(148, 1, 'Multistores', 'You manage two different groups of shops using the Multistores feature.', 'Multistores'),
(148, 3, 'Multistores', 'You manage two different groups of shops using the Multistores feature.', 'Multistores'),
(148, 4, 'Multistores', 'You manage two different groups of shops using the Multistores feature.', 'Multistores'),
(149, 1, 'Multistores', 'You manage five shops with the Multistores feature.', 'Multistores'),
(149, 3, 'Multistores', 'You manage five shops with the Multistores feature.', 'Multistores'),
(149, 4, 'Multistores', 'You manage five shops with the Multistores feature.', 'Multistores'),
(150, 1, 'Multistores', 'You manage five different groups of shops using the Multistores feature.', 'Multistores'),
(150, 3, 'Multistores', 'You manage five different groups of shops using the Multistores feature.', 'Multistores'),
(150, 4, 'Multistores', 'You manage five different groups of shops using the Multistores feature.', 'Multistores'),
(151, 1, 'Shipping', 'You offer three different shipping solutions (carriers) to your customers.', 'Shipping'),
(151, 3, 'Shipping', 'You offer three different shipping solutions (carriers) to your customers.', 'Shipping'),
(151, 4, 'Shipping', 'You offer three different shipping solutions (carriers) to your customers.', 'Shipping'),
(152, 1, 'Payment', 'You offer three different payment methods to your customers.', 'Payment'),
(152, 3, 'Payment', 'You offer three different payment methods to your customers.', 'Payment'),
(152, 4, 'Payment', 'You offer three different payment methods to your customers.', 'Payment'),
(153, 1, 'Revenue', 'You get this badge when you reach 200 USD in sales.', 'Revenue'),
(153, 3, 'Revenue', 'You get this badge when you reach 200 USD in sales.', 'Revenue'),
(153, 4, 'Revenue', 'You get this badge when you reach 200 USD in sales.', 'Revenue'),
(154, 1, 'Revenue', 'You get this badge when you reach 1000 USD in sales.', 'Revenue'),
(154, 3, 'Revenue', 'You get this badge when you reach 1000 USD in sales.', 'Revenue'),
(154, 4, 'Revenue', 'You get this badge when you reach 1000 USD in sales.', 'Revenue'),
(155, 1, 'Revenue', 'You get this badge when you reach 1000 USD in sales.', 'Revenue'),
(155, 3, 'Revenue', 'You get this badge when you reach 1000 USD in sales.', 'Revenue'),
(155, 4, 'Revenue', 'You get this badge when you reach 1000 USD in sales.', 'Revenue'),
(156, 1, 'Revenue', 'You get this badge when you reach 200 USD in sales.', 'Revenue'),
(156, 3, 'Revenue', 'You get this badge when you reach 200 USD in sales.', 'Revenue'),
(156, 4, 'Revenue', 'You get this badge when you reach 200 USD in sales.', 'Revenue'),
(157, 1, 'Revenue', 'You get this badge when you reach 1000 USD in sales.', 'Revenue'),
(157, 3, 'Revenue', 'You get this badge when you reach 1000 USD in sales.', 'Revenue'),
(157, 4, 'Revenue', 'You get this badge when you reach 1000 USD in sales.', 'Revenue'),
(158, 1, 'Revenue', 'You get this badge when you reach 1000 USD in sales.', 'Revenue'),
(158, 3, 'Revenue', 'You get this badge when you reach 1000 USD in sales.', 'Revenue'),
(158, 4, 'Revenue', 'You get this badge when you reach 1000 USD in sales.', 'Revenue'),
(159, 1, 'Days of Experience', 'You installed PrestaShop a month ago!', 'Days of Experience'),
(159, 3, 'Days of Experience', 'You installed PrestaShop a month ago!', 'Days of Experience'),
(159, 4, 'Days of Experience', 'You installed PrestaShop a month ago!', 'Days of Experience'),
(160, 1, 'Days of Experience', 'You installed PrestaShop six months ago!', 'Days of Experience'),
(160, 3, 'Days of Experience', 'You installed PrestaShop six months ago!', 'Days of Experience'),
(160, 4, 'Days of Experience', 'You installed PrestaShop six months ago!', 'Days of Experience'),
(161, 1, 'Days of Experience', 'You installed PrestaShop a year ago!', 'Days of Experience'),
(161, 3, 'Days of Experience', 'You installed PrestaShop a year ago!', 'Days of Experience'),
(161, 4, 'Days of Experience', 'You installed PrestaShop a year ago!', 'Days of Experience'),
(162, 1, 'Days of Experience', 'You installed PrestaShop two years ago!', 'Days of Experience'),
(162, 3, 'Days of Experience', 'You installed PrestaShop two years ago!', 'Days of Experience'),
(162, 4, 'Days of Experience', 'You installed PrestaShop two years ago!', 'Days of Experience'),
(163, 1, 'Visitors', 'You reached 10 visitors!', 'Visitors'),
(163, 3, 'Visitors', 'You reached 10 visitors!', 'Visitors'),
(163, 4, 'Visitors', 'You reached 10 visitors!', 'Visitors'),
(164, 1, 'Visitors', 'You reached 100 visitors!', 'Visitors'),
(164, 3, 'Visitors', 'You reached 100 visitors!', 'Visitors'),
(164, 4, 'Visitors', 'You reached 100 visitors!', 'Visitors'),
(165, 1, 'Visitors', 'You reached 1,000 visitors!', 'Visitors'),
(165, 3, 'Visitors', 'You reached 1,000 visitors!', 'Visitors'),
(165, 4, 'Visitors', 'You reached 1,000 visitors!', 'Visitors'),
(166, 1, 'Visitors', 'You reached 10,000 visitors!', 'Visitors'),
(166, 3, 'Visitors', 'You reached 10,000 visitors!', 'Visitors'),
(166, 4, 'Visitors', 'You reached 10,000 visitors!', 'Visitors'),
(167, 1, 'Visitors', 'You reached 100,000 visitors!', 'Visitors'),
(167, 3, 'Visitors', 'You reached 100,000 visitors!', 'Visitors'),
(167, 4, 'Visitors', 'You reached 100,000 visitors!', 'Visitors'),
(168, 1, 'Visitors', 'You reached 1,000,000 visitors!', 'Visitors'),
(168, 3, 'Visitors', 'You reached 1,000,000 visitors!', 'Visitors'),
(168, 4, 'Visitors', 'You reached 1,000,000 visitors!', 'Visitors'),
(169, 1, 'Customer Carts', 'Two carts have been created by visitors', 'Customer Carts'),
(169, 3, 'Customer Carts', 'Two carts have been created by visitors', 'Customer Carts'),
(169, 4, 'Customer Carts', 'Two carts have been created by visitors', 'Customer Carts'),
(170, 1, 'Customer Carts', 'Ten carts have been created by visitors.', 'Customer Carts'),
(170, 3, 'Customer Carts', 'Ten carts have been created by visitors.', 'Customer Carts'),
(170, 4, 'Customer Carts', 'Ten carts have been created by visitors.', 'Customer Carts'),
(171, 1, 'Customer Carts', 'A hundred carts have been created by visitors on your shop.', 'Customer Carts'),
(171, 3, 'Customer Carts', 'A hundred carts have been created by visitors on your shop.', 'Customer Carts'),
(171, 4, 'Customer Carts', 'A hundred carts have been created by visitors on your shop.', 'Customer Carts'),
(172, 1, 'Customer Carts', 'A thousand carts have been created by visitors on your shop.', 'Customer Carts'),
(172, 3, 'Customer Carts', 'A thousand carts have been created by visitors on your shop.', 'Customer Carts'),
(172, 4, 'Customer Carts', 'A thousand carts have been created by visitors on your shop.', 'Customer Carts'),
(173, 1, 'Customer Carts', '10,000 carts have been created by visitors.', 'Customer Carts'),
(173, 3, 'Customer Carts', '10,000 carts have been created by visitors.', 'Customer Carts'),
(173, 4, 'Customer Carts', '10,000 carts have been created by visitors.', 'Customer Carts'),
(174, 1, 'Customer Carts', '100,000 carts have been created by visitors.', 'Customer Carts'),
(174, 3, 'Customer Carts', '100,000 carts have been created by visitors.', 'Customer Carts'),
(174, 4, 'Customer Carts', '100,000 carts have been created by visitors.', 'Customer Carts'),
(175, 1, 'Orders', 'You received your first order.', 'Orders'),
(175, 3, 'Orders', 'You received your first order.', 'Orders'),
(175, 4, 'Orders', 'You received your first order.', 'Orders'),
(176, 1, 'Orders', '10 orders have been placed through your online shop.', 'Orders'),
(176, 3, 'Orders', '10 orders have been placed through your online shop.', 'Orders'),
(176, 4, 'Orders', '10 orders have been placed through your online shop.', 'Orders'),
(177, 1, 'Orders', 'You received 100 orders through your online shop!', 'Orders'),
(177, 3, 'Orders', 'You received 100 orders through your online shop!', 'Orders'),
(177, 4, 'Orders', 'You received 100 orders through your online shop!', 'Orders'),
(178, 1, 'Orders', 'You received 1,000 orders through your online shop, congrats!', 'Orders'),
(178, 3, 'Orders', 'You received 1,000 orders through your online shop, congrats!', 'Orders'),
(178, 4, 'Orders', 'You received 1,000 orders through your online shop, congrats!', 'Orders'),
(179, 1, 'Orders', 'You received 10,000 orders through your online shop, cheers!', 'Orders'),
(179, 3, 'Orders', 'You received 10,000 orders through your online shop, cheers!', 'Orders'),
(179, 4, 'Orders', 'You received 10,000 orders through your online shop, cheers!', 'Orders'),
(180, 1, 'Orders', 'You received 100,000 orders through your online shop!', 'Orders'),
(180, 3, 'Orders', 'You received 100,000 orders through your online shop!', 'Orders'),
(180, 4, 'Orders', 'You received 100,000 orders through your online shop!', 'Orders'),
(181, 1, 'Customer Service Threads', 'You received  your first customer\'s message.', 'Customer Service Threads'),
(181, 3, 'Customer Service Threads', 'You received  your first customer\'s message.', 'Customer Service Threads'),
(181, 4, 'Customer Service Threads', 'You received  your first customer\'s message.', 'Customer Service Threads'),
(182, 1, 'Customer Service Threads', 'You received 10 messages from your customers.', 'Customer Service Threads'),
(182, 3, 'Customer Service Threads', 'You received 10 messages from your customers.', 'Customer Service Threads'),
(182, 4, 'Customer Service Threads', 'You received 10 messages from your customers.', 'Customer Service Threads'),
(183, 1, 'Customer Service Threads', 'You received 100 messages from your customers.', 'Customer Service Threads'),
(183, 3, 'Customer Service Threads', 'You received 100 messages from your customers.', 'Customer Service Threads'),
(183, 4, 'Customer Service Threads', 'You received 100 messages from your customers.', 'Customer Service Threads'),
(184, 1, 'Customer Service Threads', 'You received 1,000 messages from your customers.', 'Customer Service Threads'),
(184, 3, 'Customer Service Threads', 'You received 1,000 messages from your customers.', 'Customer Service Threads'),
(184, 4, 'Customer Service Threads', 'You received 1,000 messages from your customers.', 'Customer Service Threads'),
(185, 1, 'Customer Service Threads', 'You received 10,000 messages from your customers.', 'Customer Service Threads'),
(185, 3, 'Customer Service Threads', 'You received 10,000 messages from your customers.', 'Customer Service Threads'),
(185, 4, 'Customer Service Threads', 'You received 10,000 messages from your customers.', 'Customer Service Threads'),
(186, 1, 'Customer Service Threads', 'You received 100,000 messages from your customers.', 'Customer Service Threads'),
(186, 3, 'Customer Service Threads', 'You received 100,000 messages from your customers.', 'Customer Service Threads'),
(186, 4, 'Customer Service Threads', 'You received 100,000 messages from your customers.', 'Customer Service Threads'),
(187, 1, 'Customers', 'You got the first customer registered on your shop!', 'Customers'),
(187, 3, 'Customers', 'You got the first customer registered on your shop!', 'Customers'),
(187, 4, 'Customers', 'You got the first customer registered on your shop!', 'Customers'),
(188, 1, 'Customers', 'You have over 10 customers registered on your shop.', 'Customers'),
(188, 3, 'Customers', 'You have over 10 customers registered on your shop.', 'Customers'),
(188, 4, 'Customers', 'You have over 10 customers registered on your shop.', 'Customers'),
(235, 1, 'Customers', '', ''),
(235, 3, 'Customers', 'You have over 100 customers registered on your shop.', 'Customers'),
(235, 4, 'Customers', 'You have over 100 customers registered on your shop.', 'Customers'),
(236, 1, 'Customers', '', ''),
(236, 3, 'Customers', 'You have over 1,000 customers registered on your shop.', 'Customers'),
(236, 4, 'Customers', 'You have over 1,000 customers registered on your shop.', 'Customers'),
(237, 1, 'Customers', '', ''),
(237, 3, 'Customers', 'You have over 10,000 customers registered on your shop.', 'Customers');
INSERT INTO `pr_badge_lang` (`id_badge`, `id_lang`, `name`, `description`, `group_name`) VALUES
(237, 4, 'Customers', 'You have over 10,000 customers registered on your shop.', 'Customers'),
(238, 1, 'Customers', '', ''),
(238, 3, 'Customers', 'You have over 100,000 customers registered on your shop.', 'Customers'),
(238, 4, 'Customers', 'You have over 100,000 customers registered on your shop.', 'Customers'),
(239, 1, 'North America', '', ''),
(239, 3, 'North America', 'You got your first sale in North America', 'North America'),
(239, 4, 'North America', 'You got your first sale in North America', 'North America'),
(240, 1, 'Oceania', '', ''),
(240, 3, 'Oceania', 'You got your first sale in Oceania', 'Oceania'),
(240, 4, 'Oceania', 'You got your first sale in Oceania', 'Oceania'),
(241, 1, 'Asia', '', ''),
(241, 3, 'Asia', 'You got your first sale in Asia', 'Asia'),
(241, 4, 'Asia', 'You got your first sale in Asia', 'Asia'),
(242, 1, 'South America', '', ''),
(242, 3, 'South America', 'You got your first sale in South America', 'South America'),
(242, 4, 'South America', 'You got your first sale in South America', 'South America'),
(243, 1, 'Europe', '', ''),
(243, 3, 'Europe', 'You got your first sale in  Europe!', 'Europe'),
(243, 4, 'Europe', 'You got your first sale in  Europe!', 'Europe'),
(244, 1, 'Africa', '', ''),
(244, 3, 'Africa', 'You got your first sale in Africa', 'Africa'),
(244, 4, 'Africa', 'You got your first sale in Africa', 'Africa'),
(245, 1, 'Maghreb', '', ''),
(245, 3, 'Maghreb', 'You got your first sale in Maghreb', 'Maghreb'),
(245, 4, 'Maghreb', 'You got your first sale in Maghreb', 'Maghreb'),
(246, 1, 'Your Team\'s Employees', '', ''),
(246, 3, 'Your Team\'s Employees', 'First employee account added to your shop', 'Your Team\'s Employees'),
(246, 4, 'Your Team\'s Employees', 'First employee account added to your shop', 'Your Team\'s Employees'),
(247, 1, 'Your Team\'s Employees', '', ''),
(247, 3, 'Your Team\'s Employees', '3 employee accounts added to your shop', 'Your Team\'s Employees'),
(247, 4, 'Your Team\'s Employees', '3 employee accounts added to your shop', 'Your Team\'s Employees'),
(248, 1, 'Your Team\'s Employees', '', ''),
(248, 3, 'Your Team\'s Employees', '5 employee accounts added to your shop', 'Your Team\'s Employees'),
(248, 4, 'Your Team\'s Employees', '5 employee accounts added to your shop', 'Your Team\'s Employees'),
(249, 1, 'Your Team\'s Employees', '', ''),
(249, 3, 'Your Team\'s Employees', '10 employee accounts added to your shop', 'Your Team\'s Employees'),
(249, 4, 'Your Team\'s Employees', '10 employee accounts added to your shop', 'Your Team\'s Employees'),
(250, 1, 'Your Team\'s Employees', '', ''),
(250, 3, 'Your Team\'s Employees', '20 employee accounts added to your shop', 'Your Team\'s Employees'),
(250, 4, 'Your Team\'s Employees', '20 employee accounts added to your shop', 'Your Team\'s Employees'),
(251, 1, 'Your Team\'s Employees', '', ''),
(251, 3, 'Your Team\'s Employees', '40 employee accounts added to your shop', 'Your Team\'s Employees'),
(251, 4, 'Your Team\'s Employees', '40 employee accounts added to your shop', 'Your Team\'s Employees'),
(252, 1, 'Product Pictures', '', ''),
(252, 3, 'Product Pictures', 'First photo added to your catalog', 'Product Pictures'),
(252, 4, 'Product Pictures', 'First photo added to your catalog', 'Product Pictures'),
(253, 1, 'Product Pictures', '', ''),
(253, 3, 'Product Pictures', '50 photos added to your catalog', 'Product Pictures'),
(253, 4, 'Product Pictures', '50 photos added to your catalog', 'Product Pictures'),
(254, 1, 'Product Pictures', '', ''),
(254, 3, 'Product Pictures', '100 photos added to your catalog', 'Product Pictures'),
(254, 4, 'Product Pictures', '100 photos added to your catalog', 'Product Pictures'),
(255, 1, 'Product Pictures', '', ''),
(255, 3, 'Product Pictures', '1,000 photos added to your catalog', 'Product Pictures'),
(255, 4, 'Product Pictures', '1,000 photos added to your catalog', 'Product Pictures'),
(256, 1, 'Product Pictures', '', ''),
(256, 3, 'Product Pictures', '10,000 photos added to your catalog', 'Product Pictures'),
(256, 4, 'Product Pictures', '10,000 photos added to your catalog', 'Product Pictures'),
(257, 1, 'Product Pictures', '', ''),
(257, 3, 'Product Pictures', '50,000 photos added to your catalog', 'Product Pictures'),
(257, 4, 'Product Pictures', '50,000 photos added to your catalog', 'Product Pictures'),
(258, 1, 'Customization', '', ''),
(258, 3, 'Customization', 'First CMS page added to your catalog', 'Customization'),
(258, 4, 'Customization', 'First CMS page added to your catalog', 'Customization'),
(259, 1, 'Cart Rules', '', ''),
(259, 3, 'Cart Rules', 'First cart rules configured on your shop', 'Cart Rules'),
(259, 4, 'Cart Rules', 'First cart rules configured on your shop', 'Cart Rules'),
(260, 1, 'Cart Rules', '', ''),
(260, 3, 'Cart Rules', 'You have 10 cart rules configured on your shop', 'Cart Rules'),
(260, 4, 'Cart Rules', 'You have 10 cart rules configured on your shop', 'Cart Rules'),
(261, 1, 'Cart Rules', '', ''),
(261, 3, 'Cart Rules', 'You have 100 cart rules configured on your shop', 'Cart Rules'),
(261, 4, 'Cart Rules', 'You have 100 cart rules configured on your shop', 'Cart Rules'),
(262, 1, 'Cart Rules', '', ''),
(262, 3, 'Cart Rules', 'You have 500 cart rules configured on your shop', 'Cart Rules'),
(262, 4, 'Cart Rules', 'You have 500 cart rules configured on your shop', 'Cart Rules'),
(263, 1, 'Cart Rules', '', ''),
(263, 3, 'Cart Rules', 'You have 1,000 cart rules configured on your shop', 'Cart Rules'),
(263, 4, 'Cart Rules', 'You have 1,000 cart rules configured on your shop', 'Cart Rules'),
(264, 1, 'Cart Rules', '', ''),
(264, 3, 'Cart Rules', 'You have 5,000 cart rules configured on your shop', 'Cart Rules'),
(264, 4, 'Cart Rules', 'You have 5,000 cart rules configured on your shop', 'Cart Rules'),
(265, 1, 'International Orders', '', ''),
(265, 3, 'International Orders', 'First international order placed on your shop.', 'International Orders'),
(265, 4, 'International Orders', 'First international order placed on your shop.', 'International Orders'),
(266, 1, 'International Orders', '', ''),
(266, 3, 'International Orders', '10 international orders placed on your shop.', 'International Orders'),
(266, 4, 'International Orders', '10 international orders placed on your shop.', 'International Orders'),
(267, 1, 'International Orders', '', ''),
(267, 3, 'International Orders', '100 international orders placed on your shop!', 'International Orders'),
(267, 4, 'International Orders', '100 international orders placed on your shop!', 'International Orders'),
(268, 1, 'International Orders', '', ''),
(268, 3, 'International Orders', '1,000 international orders placed on your shop!', 'International Orders'),
(268, 4, 'International Orders', '1,000 international orders placed on your shop!', 'International Orders'),
(269, 1, 'International Orders', '', ''),
(269, 3, 'International Orders', '5,000 international orders placed on your shop!', 'International Orders'),
(269, 4, 'International Orders', '5,000 international orders placed on your shop!', 'International Orders'),
(270, 1, 'International Orders', '', ''),
(270, 3, 'International Orders', '10,000 international orders placed on your shop!', 'International Orders'),
(270, 4, 'International Orders', '10,000 international orders placed on your shop!', 'International Orders'),
(271, 1, 'Store', '', ''),
(271, 3, 'Store', 'First store configured on your shop!', 'Store'),
(271, 4, 'Store', 'First store configured on your shop!', 'Store'),
(272, 1, 'Store', '', ''),
(272, 3, 'Store', 'You have 2 stores configured on your shop', 'Store'),
(272, 4, 'Store', 'You have 2 stores configured on your shop', 'Store'),
(273, 1, 'Store', '', ''),
(273, 3, 'Store', 'You have 5 stores configured on your shop', 'Store'),
(273, 4, 'Store', 'You have 5 stores configured on your shop', 'Store'),
(274, 1, 'Store', '', ''),
(274, 3, 'Store', 'You have 10 stores configured on your shop', 'Store'),
(274, 4, 'Store', 'You have 10 stores configured on your shop', 'Store'),
(275, 1, 'Store', '', ''),
(275, 3, 'Store', 'You have 20 stores configured on your shop', 'Store'),
(275, 4, 'Store', 'You have 20 stores configured on your shop', 'Store'),
(276, 1, 'Store', '', ''),
(276, 3, 'Store', 'You have 50 stores configured on your shop', 'Store'),
(276, 4, 'Store', 'You have 50 stores configured on your shop', 'Store'),
(277, 1, 'Webservice x1', '', ''),
(277, 3, 'Webservice x1', 'First webservice account added to your shop', 'WebService'),
(277, 4, 'Webservice x1', 'First webservice account added to your shop', 'WebService'),
(278, 1, 'Webservice x2', '', ''),
(278, 3, 'Webservice x2', '2 webservice accounts added to your shop', 'WebService'),
(278, 4, 'Webservice x2', '2 webservice accounts added to your shop', 'WebService'),
(279, 1, 'Webservice x3', '', ''),
(279, 3, 'Webservice x3', '3 webservice accounts added to your shop', 'WebService'),
(279, 4, 'Webservice x3', '3 webservice accounts added to your shop', 'WebService'),
(280, 1, 'Webservice x4', '', ''),
(280, 3, 'Webservice x4', '4 webservice accounts added to your shop', 'WebService'),
(280, 4, 'Webservice x4', '4 webservice accounts added to your shop', 'WebService');

-- --------------------------------------------------------

--
-- Estructura de tabla para la tabla `pr_carrier`
--

CREATE TABLE `pr_carrier` (
  `id_carrier` int UNSIGNED NOT NULL,
  `id_reference` int UNSIGNED NOT NULL,
  `id_tax_rules_group` int UNSIGNED DEFAULT '0',
  `name` varchar(64) CHARACTER SET utf8mb4 COLLATE utf8mb4_general_ci NOT NULL,
  `url` varchar(255) CHARACTER SET utf8mb4 COLLATE utf8mb4_general_ci DEFAULT NULL,
  `active` tinyint UNSIGNED NOT NULL DEFAULT '0',
  `deleted` tinyint UNSIGNED NOT NULL DEFAULT '0',
  `shipping_handling` tinyint UNSIGNED NOT NULL DEFAULT '1',
  `range_behavior` tinyint UNSIGNED NOT NULL DEFAULT '0',
  `is_module` tinyint UNSIGNED NOT NULL DEFAULT '0',
  `is_free` tinyint UNSIGNED NOT NULL DEFAULT '0',
  `shipping_external` tinyint UNSIGNED NOT NULL DEFAULT '0',
  `need_range` tinyint UNSIGNED NOT NULL DEFAULT '0',
  `external_module_name` varchar(64) CHARACTER SET utf8mb4 COLLATE utf8mb4_general_ci DEFAULT NULL,
  `shipping_method` int NOT NULL DEFAULT '0',
  `position` int UNSIGNED NOT NULL DEFAULT '0',
  `max_width` int DEFAULT '0',
  `max_height` int DEFAULT '0',
  `max_depth` int DEFAULT '0',
  `max_weight` decimal(20,6) DEFAULT '0.000000',
  `grade` int DEFAULT '0'
) ENGINE=InnoDB DEFAULT CHARSET=utf8mb4 COLLATE=utf8mb4_general_ci;

--
-- Volcado de datos para la tabla `pr_carrier`
--

INSERT INTO `pr_carrier` (`id_carrier`, `id_reference`, `id_tax_rules_group`, `name`, `url`, `active`, `deleted`, `shipping_handling`, `range_behavior`, `is_module`, `is_free`, `shipping_external`, `need_range`, `external_module_name`, `shipping_method`, `position`, `max_width`, `max_height`, `max_depth`, `max_weight`, `grade`) VALUES
(1, 1, 0, 'Mi comercio electrónico', '', 1, 1, 0, 0, 0, 1, 0, 0, '', 1, 0, 0, 0, 0, 0.000000, 0),
(2, 2, 0, 'My carrier', '', 1, 1, 1, 0, 0, 0, 0, 0, '', 1, 0, 0, 0, 0, 0.000000, 0),
(3, 3, 0, 'Prueb', '', 1, 1, 0, 1, 0, 0, 0, 0, '', 1, 0, 0, 0, 0, 0.000000, 0),
(4, 4, 0, 'Prueb', '', 1, 1, 0, 1, 0, 0, 0, 0, '', 1, 1, 0, 0, 0, 0.000000, 0),
(5, 3, 0, 'Prueba', '', 1, 1, 0, 1, 0, 0, 0, 0, '', 1, 0, 0, 0, 0, 0.000000, 0),
(25, 25, 0, 'Tienda Online Envio', '', 1, 1, 0, 1, 0, 0, 0, 0, '', 1, 1, 0, 0, 0, 0.000000, 0),
(26, 3, 0, 'Tienda Online ', '', 1, 0, 0, 1, 0, 1, 0, 0, '', 1, 0, 0, 0, 0, 0.000000, 0),
(27, 25, 0, 'Tienda Delivery', '', 1, 0, 0, 1, 0, 0, 0, 0, '', 1, 1, 0, 0, 0, 0.000000, 0);

-- --------------------------------------------------------

--
-- Estructura de tabla para la tabla `pr_carrier_group`
--

CREATE TABLE `pr_carrier_group` (
  `id_carrier` int UNSIGNED NOT NULL,
  `id_group` int UNSIGNED NOT NULL
) ENGINE=InnoDB DEFAULT CHARSET=utf8mb4 COLLATE=utf8mb4_general_ci;

--
-- Volcado de datos para la tabla `pr_carrier_group`
--

INSERT INTO `pr_carrier_group` (`id_carrier`, `id_group`) VALUES
(1, 1),
(1, 2),
(1, 3),
(2, 1),
(2, 2),
(2, 3),
(3, 1),
(3, 2),
(3, 3),
(4, 1),
(4, 2),
(4, 3),
(5, 1),
(5, 2),
(5, 3),
(6, 1),
(6, 2),
(6, 3),
(7, 1),
(7, 2),
(7, 3),
(8, 1),
(8, 2),
(8, 3),
(9, 1),
(9, 2),
(9, 3),
(10, 1),
(10, 2),
(10, 3),
(11, 1),
(11, 2),
(11, 3),
(12, 1),
(12, 2),
(12, 3),
(13, 1),
(13, 2),
(13, 3),
(14, 1),
(14, 2),
(14, 3),
(15, 1),
(15, 2),
(15, 3),
(16, 1),
(16, 2),
(16, 3),
(17, 1),
(17, 2),
(17, 3),
(18, 1),
(18, 2),
(18, 3),
(19, 1),
(19, 2),
(19, 3),
(20, 1),
(20, 2),
(20, 3),
(21, 1),
(21, 2),
(21, 3),
(22, 1),
(22, 2),
(22, 3),
(23, 1),
(23, 2),
(23, 3),
(24, 1),
(24, 2),
(24, 3),
(25, 1),
(25, 2),
(25, 3),
(26, 1),
(26, 2),
(26, 3),
(27, 1),
(27, 2),
(27, 3);

-- --------------------------------------------------------

--
-- Estructura de tabla para la tabla `pr_carrier_lang`
--

CREATE TABLE `pr_carrier_lang` (
  `id_carrier` int UNSIGNED NOT NULL,
  `id_shop` int UNSIGNED NOT NULL DEFAULT '1',
  `id_lang` int UNSIGNED NOT NULL,
  `delay` varchar(512) CHARACTER SET utf8mb4 COLLATE utf8mb4_general_ci DEFAULT NULL
) ENGINE=InnoDB DEFAULT CHARSET=utf8mb4 COLLATE=utf8mb4_general_ci;

--
-- Volcado de datos para la tabla `pr_carrier_lang`
--

INSERT INTO `pr_carrier_lang` (`id_carrier`, `id_shop`, `id_lang`, `delay`) VALUES
(1, 1, 1, 'Pick up in-store'),
(2, 1, 1, 'Delivery next day!'),
(3, 1, 1, 'Recoge en tienda'),
(4, 1, 1, 'Recoge en tienda'),
(5, 1, 1, 'Recoge en tienda'),
(19, 1, 1, 'Estándar'),
(20, 1, 1, 'Prioritario'),
(21, 1, 1, 'Express'),
(25, 1, 1, 'Acordar con el vendedor antes de la compra'),
(26, 1, 1, 'Recoge en tienda'),
(27, 1, 1, 'Acordar con el vendedor antes de la compra'),
(1, 1, 3, 'Recoger en tienda'),
(2, 1, 3, '¡Envío en 24h!'),
(3, 1, 3, 'Recoge en tienda'),
(4, 1, 3, 'Recoge en tienda'),
(5, 1, 3, 'Recoge en tienda'),
(19, 1, 3, 'Estándar'),
(20, 1, 3, 'Prioritario'),
(21, 1, 3, 'Express'),
(25, 1, 3, 'Acordar con el vendedor antes de la compra'),
(26, 1, 3, 'Recoge en tienda'),
(27, 1, 3, 'Acordar con el vendedor antes de la compra'),
(1, 1, 4, 'Recoger en tienda'),
(2, 1, 4, '¡Envío en 24h!'),
(3, 1, 4, 'Recoge en tienda'),
(4, 1, 4, 'Recoge en tienda'),
(5, 1, 4, 'Recoge en tienda'),
(19, 1, 4, 'Estándar'),
(20, 1, 4, 'Prioritario'),
(21, 1, 4, 'Express'),
(25, 1, 4, 'Acordar con el vendedor antes de la compra'),
(26, 1, 4, 'Recoge en tienda'),
(27, 1, 4, 'Ante cualquier duda, consultar por Whatsapp antes de continuar');

-- --------------------------------------------------------

--
-- Estructura de tabla para la tabla `pr_carrier_shop`
--

CREATE TABLE `pr_carrier_shop` (
  `id_carrier` int UNSIGNED NOT NULL,
  `id_shop` int UNSIGNED NOT NULL
) ENGINE=InnoDB DEFAULT CHARSET=utf8mb4 COLLATE=utf8mb4_general_ci;

--
-- Volcado de datos para la tabla `pr_carrier_shop`
--

INSERT INTO `pr_carrier_shop` (`id_carrier`, `id_shop`) VALUES
(1, 1),
(2, 1),
(3, 1),
(4, 1),
(5, 1),
(19, 1),
(20, 1),
(21, 1),
(25, 1),
(26, 1),
(27, 1);

-- --------------------------------------------------------

--
-- Estructura de tabla para la tabla `pr_carrier_tax_rules_group_shop`
--

CREATE TABLE `pr_carrier_tax_rules_group_shop` (
  `id_carrier` int UNSIGNED NOT NULL,
  `id_tax_rules_group` int UNSIGNED NOT NULL,
  `id_shop` int UNSIGNED NOT NULL
) ENGINE=InnoDB DEFAULT CHARSET=utf8mb4 COLLATE=utf8mb4_general_ci;

--
-- Volcado de datos para la tabla `pr_carrier_tax_rules_group_shop`
--

INSERT INTO `pr_carrier_tax_rules_group_shop` (`id_carrier`, `id_tax_rules_group`, `id_shop`) VALUES
(1, 1, 1),
(2, 1, 1),
(3, 0, 1),
(4, 0, 1),
(5, 0, 1),
(25, 0, 1),
(26, 0, 1),
(27, 0, 1);

-- --------------------------------------------------------

--
-- Estructura de tabla para la tabla `pr_carrier_zone`
--

CREATE TABLE `pr_carrier_zone` (
  `id_carrier` int UNSIGNED NOT NULL,
  `id_zone` int UNSIGNED NOT NULL
) ENGINE=InnoDB DEFAULT CHARSET=utf8mb4 COLLATE=utf8mb4_general_ci;

--
-- Volcado de datos para la tabla `pr_carrier_zone`
--

INSERT INTO `pr_carrier_zone` (`id_carrier`, `id_zone`) VALUES
(25, 9),
(25, 10),
(25, 11),
(25, 12),
(25, 13),
(25, 14),
(25, 15),
(25, 16),
(25, 17),
(25, 18),
(25, 19),
(25, 20),
(25, 21),
(25, 22),
(25, 23),
(25, 24),
(25, 25),
(25, 26),
(25, 27),
(25, 28),
(25, 29),
(25, 30),
(25, 31),
(25, 32),
(27, 9),
(27, 10),
(27, 11),
(27, 12),
(27, 13),
(27, 14),
(27, 15),
(27, 16),
(27, 17),
(27, 18),
(27, 19),
(27, 20),
(27, 21),
(27, 22),
(27, 23),
(27, 24),
(27, 25),
(27, 26),
(27, 27),
(27, 28),
(27, 29),
(27, 30),
(27, 31),
(27, 32);

-- --------------------------------------------------------

--
-- Estructura de tabla para la tabla `pr_cart`
--

CREATE TABLE `pr_cart` (
  `id_cart` int UNSIGNED NOT NULL,
  `id_shop_group` int UNSIGNED NOT NULL DEFAULT '1',
  `id_shop` int UNSIGNED NOT NULL DEFAULT '1',
  `id_carrier` int UNSIGNED NOT NULL,
  `delivery_option` mediumtext CHARACTER SET utf8mb4 COLLATE utf8mb4_general_ci NOT NULL,
  `id_lang` int UNSIGNED NOT NULL,
  `id_address_delivery` int UNSIGNED NOT NULL,
  `id_address_invoice` int UNSIGNED NOT NULL,
  `id_currency` int UNSIGNED NOT NULL,
  `id_customer` int UNSIGNED NOT NULL,
  `id_guest` int UNSIGNED NOT NULL,
  `secure_key` varchar(32) CHARACTER SET utf8mb4 COLLATE utf8mb4_general_ci NOT NULL DEFAULT '-1',
  `recyclable` tinyint UNSIGNED NOT NULL DEFAULT '1',
  `gift` tinyint UNSIGNED NOT NULL DEFAULT '0',
  `gift_message` mediumtext CHARACTER SET utf8mb4 COLLATE utf8mb4_general_ci,
  `mobile_theme` tinyint(1) NOT NULL DEFAULT '0',
  `allow_seperated_package` tinyint UNSIGNED NOT NULL DEFAULT '0',
  `date_add` datetime NOT NULL,
  `date_upd` datetime NOT NULL,
  `checkout_session_data` longtext CHARACTER SET utf8mb4 COLLATE utf8mb4_general_ci
) ENGINE=InnoDB DEFAULT CHARSET=utf8mb4 COLLATE=utf8mb4_general_ci;

-- --------------------------------------------------------

--
-- Estructura de tabla para la tabla `pr_cart_cart_rule`
--

CREATE TABLE `pr_cart_cart_rule` (
  `id_cart` int UNSIGNED NOT NULL,
  `id_cart_rule` int UNSIGNED NOT NULL
) ENGINE=InnoDB DEFAULT CHARSET=utf8mb4 COLLATE=utf8mb4_general_ci;

-- --------------------------------------------------------

--
-- Estructura de tabla para la tabla `pr_cart_product`
--

CREATE TABLE `pr_cart_product` (
  `id_cart` int UNSIGNED NOT NULL,
  `id_product` int UNSIGNED NOT NULL,
  `id_address_delivery` int UNSIGNED NOT NULL DEFAULT '0',
  `id_shop` int UNSIGNED NOT NULL DEFAULT '1',
  `id_product_attribute` int UNSIGNED NOT NULL DEFAULT '0',
  `id_customization` int UNSIGNED NOT NULL DEFAULT '0',
  `quantity` int UNSIGNED NOT NULL DEFAULT '0',
  `date_add` datetime NOT NULL
) ENGINE=InnoDB DEFAULT CHARSET=utf8mb4 COLLATE=utf8mb4_general_ci;

-- --------------------------------------------------------

--
-- Estructura de tabla para la tabla `pr_cart_rule`
--

CREATE TABLE `pr_cart_rule` (
  `id_cart_rule` int UNSIGNED NOT NULL,
  `id_customer` int UNSIGNED NOT NULL DEFAULT '0',
  `date_from` datetime NOT NULL,
  `date_to` datetime NOT NULL,
  `description` mediumtext CHARACTER SET utf8mb4 COLLATE utf8mb4_general_ci,
  `quantity` int UNSIGNED NOT NULL DEFAULT '0',
  `quantity_per_user` int UNSIGNED NOT NULL DEFAULT '0',
  `priority` int UNSIGNED NOT NULL DEFAULT '1',
  `partial_use` tinyint UNSIGNED NOT NULL DEFAULT '0',
  `code` varchar(254) CHARACTER SET utf8mb4 COLLATE utf8mb4_general_ci NOT NULL,
  `minimum_amount` decimal(20,6) NOT NULL DEFAULT '0.000000',
  `minimum_amount_tax` tinyint(1) NOT NULL DEFAULT '0',
  `minimum_amount_currency` int UNSIGNED NOT NULL DEFAULT '0',
  `minimum_amount_shipping` tinyint(1) NOT NULL DEFAULT '0',
  `country_restriction` tinyint UNSIGNED NOT NULL DEFAULT '0',
  `carrier_restriction` tinyint UNSIGNED NOT NULL DEFAULT '0',
  `group_restriction` tinyint UNSIGNED NOT NULL DEFAULT '0',
  `cart_rule_restriction` tinyint UNSIGNED NOT NULL DEFAULT '0',
  `product_restriction` tinyint UNSIGNED NOT NULL DEFAULT '0',
  `shop_restriction` tinyint UNSIGNED NOT NULL DEFAULT '0',
  `free_shipping` tinyint(1) NOT NULL DEFAULT '0',
  `reduction_percent` decimal(5,2) NOT NULL DEFAULT '0.00',
  `reduction_amount` decimal(20,6) NOT NULL DEFAULT '0.000000',
  `reduction_tax` tinyint UNSIGNED NOT NULL DEFAULT '0',
  `reduction_currency` int UNSIGNED NOT NULL DEFAULT '0',
  `reduction_product` int NOT NULL DEFAULT '0',
  `reduction_exclude_special` tinyint UNSIGNED NOT NULL DEFAULT '0',
  `gift_product` int UNSIGNED NOT NULL DEFAULT '0',
  `gift_product_attribute` int UNSIGNED NOT NULL DEFAULT '0',
  `highlight` tinyint UNSIGNED NOT NULL DEFAULT '0',
  `active` tinyint UNSIGNED NOT NULL DEFAULT '0',
  `date_add` datetime NOT NULL,
  `date_upd` datetime NOT NULL
) ENGINE=InnoDB DEFAULT CHARSET=utf8mb4 COLLATE=utf8mb4_general_ci;

-- --------------------------------------------------------

--
-- Estructura de tabla para la tabla `pr_cart_rule_carrier`
--

CREATE TABLE `pr_cart_rule_carrier` (
  `id_cart_rule` int UNSIGNED NOT NULL,
  `id_carrier` int UNSIGNED NOT NULL
) ENGINE=InnoDB DEFAULT CHARSET=utf8mb4 COLLATE=utf8mb4_general_ci;

-- --------------------------------------------------------

--
-- Estructura de tabla para la tabla `pr_cart_rule_combination`
--

CREATE TABLE `pr_cart_rule_combination` (
  `id_cart_rule_1` int UNSIGNED NOT NULL,
  `id_cart_rule_2` int UNSIGNED NOT NULL
) ENGINE=InnoDB DEFAULT CHARSET=utf8mb4 COLLATE=utf8mb4_general_ci;

-- --------------------------------------------------------

--
-- Estructura de tabla para la tabla `pr_cart_rule_country`
--

CREATE TABLE `pr_cart_rule_country` (
  `id_cart_rule` int UNSIGNED NOT NULL,
  `id_country` int UNSIGNED NOT NULL
) ENGINE=InnoDB DEFAULT CHARSET=utf8mb4 COLLATE=utf8mb4_general_ci;

-- --------------------------------------------------------

--
-- Estructura de tabla para la tabla `pr_cart_rule_group`
--

CREATE TABLE `pr_cart_rule_group` (
  `id_cart_rule` int UNSIGNED NOT NULL,
  `id_group` int UNSIGNED NOT NULL
) ENGINE=InnoDB DEFAULT CHARSET=utf8mb4 COLLATE=utf8mb4_general_ci;

-- --------------------------------------------------------

--
-- Estructura de tabla para la tabla `pr_cart_rule_lang`
--

CREATE TABLE `pr_cart_rule_lang` (
  `id_cart_rule` int UNSIGNED NOT NULL,
  `id_lang` int UNSIGNED NOT NULL,
  `name` varchar(254) CHARACTER SET utf8mb4 COLLATE utf8mb4_general_ci NOT NULL
) ENGINE=InnoDB DEFAULT CHARSET=utf8mb4 COLLATE=utf8mb4_general_ci;

-- --------------------------------------------------------

--
-- Estructura de tabla para la tabla `pr_cart_rule_product_rule`
--

CREATE TABLE `pr_cart_rule_product_rule` (
  `id_product_rule` int UNSIGNED NOT NULL,
  `id_product_rule_group` int UNSIGNED NOT NULL,
  `type` enum('products','categories','attributes','manufacturers','suppliers') CHARACTER SET utf8mb4 COLLATE utf8mb4_general_ci NOT NULL
) ENGINE=InnoDB DEFAULT CHARSET=utf8mb4 COLLATE=utf8mb4_general_ci;

-- --------------------------------------------------------

--
-- Estructura de tabla para la tabla `pr_cart_rule_product_rule_group`
--

CREATE TABLE `pr_cart_rule_product_rule_group` (
  `id_product_rule_group` int UNSIGNED NOT NULL,
  `id_cart_rule` int UNSIGNED NOT NULL,
  `quantity` int UNSIGNED NOT NULL DEFAULT '1'
) ENGINE=InnoDB DEFAULT CHARSET=utf8mb4 COLLATE=utf8mb4_general_ci;

-- --------------------------------------------------------

--
-- Estructura de tabla para la tabla `pr_cart_rule_product_rule_value`
--

CREATE TABLE `pr_cart_rule_product_rule_value` (
  `id_product_rule` int UNSIGNED NOT NULL,
  `id_item` int UNSIGNED NOT NULL
) ENGINE=InnoDB DEFAULT CHARSET=utf8mb4 COLLATE=utf8mb4_general_ci;

-- --------------------------------------------------------

--
-- Estructura de tabla para la tabla `pr_cart_rule_shop`
--

CREATE TABLE `pr_cart_rule_shop` (
  `id_cart_rule` int UNSIGNED NOT NULL,
  `id_shop` int UNSIGNED NOT NULL
) ENGINE=InnoDB DEFAULT CHARSET=utf8mb4 COLLATE=utf8mb4_general_ci;

-- --------------------------------------------------------

--
-- Estructura de tabla para la tabla `pr_category`
--

CREATE TABLE `pr_category` (
  `id_category` int UNSIGNED NOT NULL,
  `id_parent` int UNSIGNED NOT NULL,
  `id_shop_default` int UNSIGNED NOT NULL DEFAULT '1',
  `level_depth` tinyint UNSIGNED NOT NULL DEFAULT '0',
  `nleft` int UNSIGNED NOT NULL DEFAULT '0',
  `nright` int UNSIGNED NOT NULL DEFAULT '0',
  `active` tinyint UNSIGNED NOT NULL DEFAULT '0',
  `date_add` datetime NOT NULL,
  `date_upd` datetime NOT NULL,
  `position` int UNSIGNED NOT NULL DEFAULT '0',
  `is_root_category` tinyint(1) NOT NULL DEFAULT '0'
) ENGINE=InnoDB DEFAULT CHARSET=utf8mb4 COLLATE=utf8mb4_general_ci;

--
-- Volcado de datos para la tabla `pr_category`
--

INSERT INTO `pr_category` (`id_category`, `id_parent`, `id_shop_default`, `level_depth`, `nleft`, `nright`, `active`, `date_add`, `date_upd`, `position`, `is_root_category`) VALUES
(1, 0, 1, 0, 1, 4, 1, '2020-02-12 22:11:48', '2020-02-12 22:11:48', 0, 0),
(2, 1, 1, 1, 2, 3, 1, '2020-02-12 22:11:48', '2021-03-29 13:49:01', 0, 1);

-- --------------------------------------------------------

--
-- Estructura de tabla para la tabla `pr_category_group`
--

CREATE TABLE `pr_category_group` (
  `id_category` int UNSIGNED NOT NULL,
  `id_group` int UNSIGNED NOT NULL
) ENGINE=InnoDB DEFAULT CHARSET=utf8mb4 COLLATE=utf8mb4_general_ci;

--
-- Volcado de datos para la tabla `pr_category_group`
--

INSERT INTO `pr_category_group` (`id_category`, `id_group`) VALUES
(2, 1),
(2, 2),
(2, 3);

-- --------------------------------------------------------

--
-- Estructura de tabla para la tabla `pr_category_lang`
--

CREATE TABLE `pr_category_lang` (
  `id_category` int UNSIGNED NOT NULL,
  `id_shop` int UNSIGNED NOT NULL DEFAULT '1',
  `id_lang` int UNSIGNED NOT NULL,
  `name` varchar(128) CHARACTER SET utf8mb4 COLLATE utf8mb4_general_ci NOT NULL,
  `description` mediumtext CHARACTER SET utf8mb4 COLLATE utf8mb4_general_ci,
  `link_rewrite` varchar(128) CHARACTER SET utf8mb4 COLLATE utf8mb4_general_ci NOT NULL,
  `meta_title` varchar(255) CHARACTER SET utf8mb4 COLLATE utf8mb4_general_ci DEFAULT NULL,
  `meta_keywords` varchar(255) CHARACTER SET utf8mb4 COLLATE utf8mb4_general_ci DEFAULT NULL,
  `meta_description` varchar(512) CHARACTER SET utf8mb4 COLLATE utf8mb4_general_ci DEFAULT NULL
) ENGINE=InnoDB DEFAULT CHARSET=utf8mb4 COLLATE=utf8mb4_general_ci;

--
-- Volcado de datos para la tabla `pr_category_lang`
--

INSERT INTO `pr_category_lang` (`id_category`, `id_shop`, `id_lang`, `name`, `description`, `link_rewrite`, `meta_title`, `meta_keywords`, `meta_description`) VALUES
(1, 1, 1, 'Root', '', 'root', '', '', ''),
(1, 1, 3, 'Raíz', '', 'raiz', '', '', ''),
(1, 1, 4, 'Raíz', '', 'raiz', '', '', ''),
(2, 1, 1, 'Home', '', 'home', '', '', ''),
(2, 1, 3, 'Inicio', '', 'inicio', '', '', ''),
(2, 1, 4, 'Inicio', '<p><!-- [if gte mso 9]><xml>\n <o:OfficeDocumentSettings>\n  <o:AllowPNG/>\n </o:OfficeDocumentSettings>\n</xml><![endif]--><!-- [if gte mso 9]><xml>\n <w:WordDocument>\n  <w:View>Normal</w:View>\n  <w:Zoom>0</w:Zoom>\n  <w:TrackMoves/>\n  <w:TrackFormatting/>\n  <w:HyphenationZone>21</w:HyphenationZone>\n  <w:PunctuationKerning/>\n  <w:ValidateAgainstSchemas/>\n  <w:SaveIfXMLInvalid>false</w:SaveIfXMLInvalid>\n  <w:IgnoreMixedContent>false</w:IgnoreMixedContent>\n  <w:AlwaysShowPlaceholderText>false</w:AlwaysShowPlaceholderText>\n  <w:DoNotPromoteQF/>\n  <w:LidThemeOther>ES</w:LidThemeOther>\n  <w:LidThemeAsian>X-NONE</w:LidThemeAsian>\n  <w:LidThemeComplexScript>X-NONE</w:LidThemeComplexScript>\n  <w:Compatibility>\n   <w:BreakWrappedTables/>\n   <w:SnapToGridInCell/>\n   <w:WrapTextWithPunct/>\n   <w:UseAsianBreakRules/>\n   <w:DontGrowAutofit/>\n   <w:SplitPgBreakAndParaMark/>\n   <w:EnableOpenTypeKerning/>\n   <w:DontFlipMirrorIndents/>\n   <w:OverrideTableStyleHps/>\n  </w:Compatibility>\n  <m:mathPr>\n   <m:mathFont m:val=\"Cambria Math\"/>\n   <m:brkBin m:val=\"before\"/>\n   <m:brkBinSub m:val=\"&#45;-\"/>\n   <m:smallFrac m:val=\"off\"/>\n   <m:dispDef/>\n   <m:lMargin m:val=\"0\"/>\n   <m:rMargin m:val=\"0\"/>\n   <m:defJc m:val=\"centerGroup\"/>\n   <m:wrapIndent m:val=\"1440\"/>\n   <m:intLim m:val=\"subSup\"/>\n   <m:naryLim m:val=\"undOvr\"/>\n  </m:mathPr></w:WordDocument>\n</xml><![endif]--><!-- [if gte mso 9]><xml>\n <w:LatentStyles DefLockedState=\"false\" DefUnhideWhenUsed=\"true\"\n  DefSemiHidden=\"true\" DefQFormat=\"false\" DefPriority=\"99\"\n  LatentStyleCount=\"267\">\n  <w:LsdException Locked=\"false\" Priority=\"0\" SemiHidden=\"false\"\n   UnhideWhenUsed=\"false\" QFormat=\"true\" Name=\"Normal\"/>\n  <w:LsdException Locked=\"false\" Priority=\"9\" SemiHidden=\"false\"\n   UnhideWhenUsed=\"false\" QFormat=\"true\" Name=\"heading 1\"/>\n  <w:LsdException Locked=\"false\" Priority=\"9\" QFormat=\"true\" Name=\"heading 2\"/>\n  <w:LsdException Locked=\"false\" Priority=\"9\" QFormat=\"true\" Name=\"heading 3\"/>\n  <w:LsdException Locked=\"false\" Priority=\"9\" QFormat=\"true\" Name=\"heading 4\"/>\n  <w:LsdException Locked=\"false\" Priority=\"9\" QFormat=\"true\" Name=\"heading 5\"/>\n  <w:LsdException Locked=\"false\" Priority=\"9\" QFormat=\"true\" Name=\"heading 6\"/>\n  <w:LsdException Locked=\"false\" Priority=\"9\" QFormat=\"true\" Name=\"heading 7\"/>\n  <w:LsdException Locked=\"false\" Priority=\"9\" QFormat=\"true\" Name=\"heading 8\"/>\n  <w:LsdException Locked=\"false\" Priority=\"9\" QFormat=\"true\" Name=\"heading 9\"/>\n  <w:LsdException Locked=\"false\" Priority=\"39\" Name=\"toc 1\"/>\n  <w:LsdException Locked=\"false\" Priority=\"39\" Name=\"toc 2\"/>\n  <w:LsdException Locked=\"false\" Priority=\"39\" Name=\"toc 3\"/>\n  <w:LsdException Locked=\"false\" Priority=\"39\" Name=\"toc 4\"/>\n  <w:LsdException Locked=\"false\" Priority=\"39\" Name=\"toc 5\"/>\n  <w:LsdException Locked=\"false\" Priority=\"39\" Name=\"toc 6\"/>\n  <w:LsdException Locked=\"false\" Priority=\"39\" Name=\"toc 7\"/>\n  <w:LsdException Locked=\"false\" Priority=\"39\" Name=\"toc 8\"/>\n  <w:LsdException Locked=\"false\" Priority=\"39\" Name=\"toc 9\"/>\n  <w:LsdException Locked=\"false\" Priority=\"35\" QFormat=\"true\" Name=\"caption\"/>\n  <w:LsdException Locked=\"false\" Priority=\"10\" SemiHidden=\"false\"\n   UnhideWhenUsed=\"false\" QFormat=\"true\" Name=\"Title\"/>\n  <w:LsdException Locked=\"false\" Priority=\"1\" Name=\"Default Paragraph Font\"/>\n  <w:LsdException Locked=\"false\" Priority=\"11\" SemiHidden=\"false\"\n   UnhideWhenUsed=\"false\" QFormat=\"true\" Name=\"Subtitle\"/>\n  <w:LsdException Locked=\"false\" Priority=\"22\" SemiHidden=\"false\"\n   UnhideWhenUsed=\"false\" QFormat=\"true\" Name=\"Strong\"/>\n  <w:LsdException Locked=\"false\" Priority=\"20\" SemiHidden=\"false\"\n   UnhideWhenUsed=\"false\" QFormat=\"true\" Name=\"Emphasis\"/>\n  <w:LsdException Locked=\"false\" Priority=\"59\" SemiHidden=\"false\"\n   UnhideWhenUsed=\"false\" Name=\"Table Grid\"/>\n  <w:LsdException Locked=\"false\" UnhideWhenUsed=\"false\" Name=\"Placeholder Text\"/>\n  <w:LsdException Locked=\"false\" Priority=\"1\" SemiHidden=\"false\"\n   UnhideWhenUsed=\"false\" QFormat=\"true\" Name=\"No Spacing\"/>\n  <w:LsdException Locked=\"false\" Priority=\"60\" SemiHidden=\"false\"\n   UnhideWhenUsed=\"false\" Name=\"Light Shading\"/>\n  <w:LsdException Locked=\"false\" Priority=\"61\" SemiHidden=\"false\"\n   UnhideWhenUsed=\"false\" Name=\"Light List\"/>\n  <w:LsdException Locked=\"false\" Priority=\"62\" SemiHidden=\"false\"\n   UnhideWhenUsed=\"false\" Name=\"Light Grid\"/>\n  <w:LsdException Locked=\"false\" Priority=\"63\" SemiHidden=\"false\"\n   UnhideWhenUsed=\"false\" Name=\"Medium Shading 1\"/>\n  <w:LsdException Locked=\"false\" Priority=\"64\" SemiHidden=\"false\"\n   UnhideWhenUsed=\"false\" Name=\"Medium Shading 2\"/>\n  <w:LsdException Locked=\"false\" Priority=\"65\" SemiHidden=\"false\"\n   UnhideWhenUsed=\"false\" Name=\"Medium List 1\"/>\n  <w:LsdException Locked=\"false\" Priority=\"66\" SemiHidden=\"false\"\n   UnhideWhenUsed=\"false\" Name=\"Medium List 2\"/>\n  <w:LsdException Locked=\"false\" Priority=\"67\" SemiHidden=\"false\"\n   UnhideWhenUsed=\"false\" Name=\"Medium Grid 1\"/>\n  <w:LsdException Locked=\"false\" Priority=\"68\" SemiHidden=\"false\"\n   UnhideWhenUsed=\"false\" Name=\"Medium Grid 2\"/>\n  <w:LsdException Locked=\"false\" Priority=\"69\" SemiHidden=\"false\"\n   UnhideWhenUsed=\"false\" Name=\"Medium Grid 3\"/>\n  <w:LsdException Locked=\"false\" Priority=\"70\" SemiHidden=\"false\"\n   UnhideWhenUsed=\"false\" Name=\"Dark List\"/>\n  <w:LsdException Locked=\"false\" Priority=\"71\" SemiHidden=\"false\"\n   UnhideWhenUsed=\"false\" Name=\"Colorful Shading\"/>\n  <w:LsdException Locked=\"false\" Priority=\"72\" SemiHidden=\"false\"\n   UnhideWhenUsed=\"false\" Name=\"Colorful List\"/>\n  <w:LsdException Locked=\"false\" Priority=\"73\" SemiHidden=\"false\"\n   UnhideWhenUsed=\"false\" Name=\"Colorful Grid\"/>\n  <w:LsdException Locked=\"false\" Priority=\"60\" SemiHidden=\"false\"\n   UnhideWhenUsed=\"false\" Name=\"Light Shading Accent 1\"/>\n  <w:LsdException Locked=\"false\" Priority=\"61\" SemiHidden=\"false\"\n   UnhideWhenUsed=\"false\" Name=\"Light List Accent 1\"/>\n  <w:LsdException Locked=\"false\" Priority=\"62\" SemiHidden=\"false\"\n   UnhideWhenUsed=\"false\" Name=\"Light Grid Accent 1\"/>\n  <w:LsdException Locked=\"false\" Priority=\"63\" SemiHidden=\"false\"\n   UnhideWhenUsed=\"false\" Name=\"Medium Shading 1 Accent 1\"/>\n  <w:LsdException Locked=\"false\" Priority=\"64\" SemiHidden=\"false\"\n   UnhideWhenUsed=\"false\" Name=\"Medium Shading 2 Accent 1\"/>\n  <w:LsdException Locked=\"false\" Priority=\"65\" SemiHidden=\"false\"\n   UnhideWhenUsed=\"false\" Name=\"Medium List 1 Accent 1\"/>\n  <w:LsdException Locked=\"false\" UnhideWhenUsed=\"false\" Name=\"Revision\"/>\n  <w:LsdException Locked=\"false\" Priority=\"34\" SemiHidden=\"false\"\n   UnhideWhenUsed=\"false\" QFormat=\"true\" Name=\"List Paragraph\"/>\n  <w:LsdException Locked=\"false\" Priority=\"29\" SemiHidden=\"false\"\n   UnhideWhenUsed=\"false\" QFormat=\"true\" Name=\"Quote\"/>\n  <w:LsdException Locked=\"false\" Priority=\"30\" SemiHidden=\"false\"\n   UnhideWhenUsed=\"false\" QFormat=\"true\" Name=\"Intense Quote\"/>\n  <w:LsdException Locked=\"false\" Priority=\"66\" SemiHidden=\"false\"\n   UnhideWhenUsed=\"false\" Name=\"Medium List 2 Accent 1\"/>\n  <w:LsdException Locked=\"false\" Priority=\"67\" SemiHidden=\"false\"\n   UnhideWhenUsed=\"false\" Name=\"Medium Grid 1 Accent 1\"/>\n  <w:LsdException Locked=\"false\" Priority=\"68\" SemiHidden=\"false\"\n   UnhideWhenUsed=\"false\" Name=\"Medium Grid 2 Accent 1\"/>\n  <w:LsdException Locked=\"false\" Priority=\"69\" SemiHidden=\"false\"\n   UnhideWhenUsed=\"false\" Name=\"Medium Grid 3 Accent 1\"/>\n  <w:LsdException Locked=\"false\" Priority=\"70\" SemiHidden=\"false\"\n   UnhideWhenUsed=\"false\" Name=\"Dark List Accent 1\"/>\n  <w:LsdException Locked=\"false\" Priority=\"71\" SemiHidden=\"false\"\n   UnhideWhenUsed=\"false\" Name=\"Colorful Shading Accent 1\"/>\n  <w:LsdException Locked=\"false\" Priority=\"72\" SemiHidden=\"false\"\n   UnhideWhenUsed=\"false\" Name=\"Colorful List Accent 1\"/>\n  <w:LsdException Locked=\"false\" Priority=\"73\" SemiHidden=\"false\"\n   UnhideWhenUsed=\"false\" Name=\"Colorful Grid Accent 1\"/>\n  <w:LsdException Locked=\"false\" Priority=\"60\" SemiHidden=\"false\"\n   UnhideWhenUsed=\"false\" Name=\"Light Shading Accent 2\"/>\n  <w:LsdException Locked=\"false\" Priority=\"61\" SemiHidden=\"false\"\n   UnhideWhenUsed=\"false\" Name=\"Light List Accent 2\"/>\n  <w:LsdException Locked=\"false\" Priority=\"62\" SemiHidden=\"false\"\n   UnhideWhenUsed=\"false\" Name=\"Light Grid Accent 2\"/>\n  <w:LsdException Locked=\"false\" Priority=\"63\" SemiHidden=\"false\"\n   UnhideWhenUsed=\"false\" Name=\"Medium Shading 1 Accent 2\"/>\n  <w:LsdException Locked=\"false\" Priority=\"64\" SemiHidden=\"false\"\n   UnhideWhenUsed=\"false\" Name=\"Medium Shading 2 Accent 2\"/>\n  <w:LsdException Locked=\"false\" Priority=\"65\" SemiHidden=\"false\"\n   UnhideWhenUsed=\"false\" Name=\"Medium List 1 Accent 2\"/>\n  <w:LsdException Locked=\"false\" Priority=\"66\" SemiHidden=\"false\"\n   UnhideWhenUsed=\"false\" Name=\"Medium List 2 Accent 2\"/>\n  <w:LsdException Locked=\"false\" Priority=\"67\" SemiHidden=\"false\"\n   UnhideWhenUsed=\"false\" Name=\"Medium Grid 1 Accent 2\"/>\n  <w:LsdException Locked=\"false\" Priority=\"68\" SemiHidden=\"false\"\n   UnhideWhenUsed=\"false\" Name=\"Medium Grid 2 Accent 2\"/>\n  <w:LsdException Locked=\"false\" Priority=\"69\" SemiHidden=\"false\"\n   UnhideWhenUsed=\"false\" Name=\"Medium Grid 3 Accent 2\"/>\n  <w:LsdException Locked=\"false\" Priority=\"70\" SemiHidden=\"false\"\n   UnhideWhenUsed=\"false\" Name=\"Dark List Accent 2\"/>\n  <w:LsdException Locked=\"false\" Priority=\"71\" SemiHidden=\"false\"\n   UnhideWhenUsed=\"false\" Name=\"Colorful Shading Accent 2\"/>\n  <w:LsdException Locked=\"false\" Priority=\"72\" SemiHidden=\"false\"\n   UnhideWhenUsed=\"false\" Name=\"Colorful List Accent 2\"/>\n  <w:LsdException Locked=\"false\" Priority=\"73\" SemiHidden=\"false\"\n   UnhideWhenUsed=\"false\" Name=\"Colorful Grid Accent 2\"/>\n  <w:LsdException Locked=\"false\" Priority=\"60\" SemiHidden=\"false\"\n   UnhideWhenUsed=\"false\" Name=\"Light Shading Accent 3\"/>\n  <w:LsdException Locked=\"false\" Priority=\"61\" SemiHidden=\"false\"\n   UnhideWhenUsed=\"false\" Name=\"Light List Accent 3\"/>\n  <w:LsdException Locked=\"false\" Priority=\"62\" SemiHidden=\"false\"\n   UnhideWhenUsed=\"false\" Name=\"Light Grid Accent 3\"/>\n  <w:LsdException Locked=\"false\" Priority=\"63\" SemiHidden=\"false\"\n   UnhideWhenUsed=\"false\" Name=\"Medium Shading 1 Accent 3\"/>\n  <w:LsdException Locked=\"false\" Priority=\"64\" SemiHidden=\"false\"\n   UnhideWhenUsed=\"false\" Name=\"Medium Shading 2 Accent 3\"/>\n  <w:LsdException Locked=\"false\" Priority=\"65\" SemiHidden=\"false\"\n   UnhideWhenUsed=\"false\" Name=\"Medium List 1 Accent 3\"/>\n  <w:LsdException Locked=\"false\" Priority=\"66\" SemiHidden=\"false\"\n   UnhideWhenUsed=\"false\" Name=\"Medium List 2 Accent 3\"/>\n  <w:LsdException Locked=\"false\" Priority=\"67\" SemiHidden=\"false\"\n   UnhideWhenUsed=\"false\" Name=\"Medium Grid 1 Accent 3\"/>\n  <w:LsdException Locked=\"false\" Priority=\"68\" SemiHidden=\"false\"\n   UnhideWhenUsed=\"false\" Name=\"Medium Grid 2 Accent 3\"/>\n  <w:LsdException Locked=\"false\" Priority=\"69\" SemiHidden=\"false\"\n   UnhideWhenUsed=\"false\" Name=\"Medium Grid 3 Accent 3\"/>\n  <w:LsdException Locked=\"false\" Priority=\"70\" SemiHidden=\"false\"\n   UnhideWhenUsed=\"false\" Name=\"Dark List Accent 3\"/>\n  <w:LsdException Locked=\"false\" Priority=\"71\" SemiHidden=\"false\"\n   UnhideWhenUsed=\"false\" Name=\"Colorful Shading Accent 3\"/>\n  <w:LsdException Locked=\"false\" Priority=\"72\" SemiHidden=\"false\"\n   UnhideWhenUsed=\"false\" Name=\"Colorful List Accent 3\"/>\n  <w:LsdException Locked=\"false\" Priority=\"73\" SemiHidden=\"false\"\n   UnhideWhenUsed=\"false\" Name=\"Colorful Grid Accent 3\"/>\n  <w:LsdException Locked=\"false\" Priority=\"60\" SemiHidden=\"false\"\n   UnhideWhenUsed=\"false\" Name=\"Light Shading Accent 4\"/>\n  <w:LsdException Locked=\"false\" Priority=\"61\" SemiHidden=\"false\"\n   UnhideWhenUsed=\"false\" Name=\"Light List Accent 4\"/>\n  <w:LsdException Locked=\"false\" Priority=\"62\" SemiHidden=\"false\"\n   UnhideWhenUsed=\"false\" Name=\"Light Grid Accent 4\"/>\n  <w:LsdException Locked=\"false\" Priority=\"63\" SemiHidden=\"false\"\n   UnhideWhenUsed=\"false\" Name=\"Medium Shading 1 Accent 4\"/>\n  <w:LsdException Locked=\"false\" Priority=\"64\" SemiHidden=\"false\"\n   UnhideWhenUsed=\"false\" Name=\"Medium Shading 2 Accent 4\"/>\n  <w:LsdException Locked=\"false\" Priority=\"65\" SemiHidden=\"false\"\n   UnhideWhenUsed=\"false\" Name=\"Medium List 1 Accent 4\"/>\n  <w:LsdException Locked=\"false\" Priority=\"66\" SemiHidden=\"false\"\n   UnhideWhenUsed=\"false\" Name=\"Medium List 2 Accent 4\"/>\n  <w:LsdException Locked=\"false\" Priority=\"67\" SemiHidden=\"false\"\n   UnhideWhenUsed=\"false\" Name=\"Medium Grid 1 Accent 4\"/>\n  <w:LsdException Locked=\"false\" Priority=\"68\" SemiHidden=\"false\"\n   UnhideWhenUsed=\"false\" Name=\"Medium Grid 2 Accent 4\"/>\n  <w:LsdException Locked=\"false\" Priority=\"69\" SemiHidden=\"false\"\n   UnhideWhenUsed=\"false\" Name=\"Medium Grid 3 Accent 4\"/>\n  <w:LsdException Locked=\"false\" Priority=\"70\" SemiHidden=\"false\"\n   UnhideWhenUsed=\"false\" Name=\"Dark List Accent 4\"/>\n  <w:LsdException Locked=\"false\" Priority=\"71\" SemiHidden=\"false\"\n   UnhideWhenUsed=\"false\" Name=\"Colorful Shading Accent 4\"/>\n  <w:LsdException Locked=\"false\" Priority=\"72\" SemiHidden=\"false\"\n   UnhideWhenUsed=\"false\" Name=\"Colorful List Accent 4\"/>\n  <w:LsdException Locked=\"false\" Priority=\"73\" SemiHidden=\"false\"\n   UnhideWhenUsed=\"false\" Name=\"Colorful Grid Accent 4\"/>\n  <w:LsdException Locked=\"false\" Priority=\"60\" SemiHidden=\"false\"\n   UnhideWhenUsed=\"false\" Name=\"Light Shading Accent 5\"/>\n  <w:LsdException Locked=\"false\" Priority=\"61\" SemiHidden=\"false\"\n   UnhideWhenUsed=\"false\" Name=\"Light List Accent 5\"/>\n  <w:LsdException Locked=\"false\" Priority=\"62\" SemiHidden=\"false\"\n   UnhideWhenUsed=\"false\" Name=\"Light Grid Accent 5\"/>\n  <w:LsdException Locked=\"false\" Priority=\"63\" SemiHidden=\"false\"\n   UnhideWhenUsed=\"false\" Name=\"Medium Shading 1 Accent 5\"/>\n  <w:LsdException Locked=\"false\" Priority=\"64\" SemiHidden=\"false\"\n   UnhideWhenUsed=\"false\" Name=\"Medium Shading 2 Accent 5\"/>\n  <w:LsdException Locked=\"false\" Priority=\"65\" SemiHidden=\"false\"\n   UnhideWhenUsed=\"false\" Name=\"Medium List 1 Accent 5\"/>\n  <w:LsdException Locked=\"false\" Priority=\"66\" SemiHidden=\"false\"\n   UnhideWhenUsed=\"false\" Name=\"Medium List 2 Accent 5\"/>\n  <w:LsdException Locked=\"false\" Priority=\"67\" SemiHidden=\"false\"\n   UnhideWhenUsed=\"false\" Name=\"Medium Grid 1 Accent 5\"/>\n  <w:LsdException Locked=\"false\" Priority=\"68\" SemiHidden=\"false\"\n   UnhideWhenUsed=\"false\" Name=\"Medium Grid 2 Accent 5\"/>\n  <w:LsdException Locked=\"false\" Priority=\"69\" SemiHidden=\"false\"\n   UnhideWhenUsed=\"false\" Name=\"Medium Grid 3 Accent 5\"/>\n  <w:LsdException Locked=\"false\" Priority=\"70\" SemiHidden=\"false\"\n   UnhideWhenUsed=\"false\" Name=\"Dark List Accent 5\"/>\n  <w:LsdException Locked=\"false\" Priority=\"71\" SemiHidden=\"false\"\n   UnhideWhenUsed=\"false\" Name=\"Colorful Shading Accent 5\"/>\n  <w:LsdException Locked=\"false\" Priority=\"72\" SemiHidden=\"false\"\n   UnhideWhenUsed=\"false\" Name=\"Colorful List Accent 5\"/>\n  <w:LsdException Locked=\"false\" Priority=\"73\" SemiHidden=\"false\"\n   UnhideWhenUsed=\"false\" Name=\"Colorful Grid Accent 5\"/>\n  <w:LsdException Locked=\"false\" Priority=\"60\" SemiHidden=\"false\"\n   UnhideWhenUsed=\"false\" Name=\"Light Shading Accent 6\"/>\n  <w:LsdException Locked=\"false\" Priority=\"61\" SemiHidden=\"false\"\n   UnhideWhenUsed=\"false\" Name=\"Light List Accent 6\"/>\n  <w:LsdException Locked=\"false\" Priority=\"62\" SemiHidden=\"false\"\n   UnhideWhenUsed=\"false\" Name=\"Light Grid Accent 6\"/>\n  <w:LsdException Locked=\"false\" Priority=\"63\" SemiHidden=\"false\"\n   UnhideWhenUsed=\"false\" Name=\"Medium Shading 1 Accent 6\"/>\n  <w:LsdException Locked=\"false\" Priority=\"64\" SemiHidden=\"false\"\n   UnhideWhenUsed=\"false\" Name=\"Medium Shading 2 Accent 6\"/>\n  <w:LsdException Locked=\"false\" Priority=\"65\" SemiHidden=\"false\"\n   UnhideWhenUsed=\"false\" Name=\"Medium List 1 Accent 6\"/>\n  <w:LsdException Locked=\"false\" Priority=\"66\" SemiHidden=\"false\"\n   UnhideWhenUsed=\"false\" Name=\"Medium List 2 Accent 6\"/>\n  <w:LsdException Locked=\"false\" Priority=\"67\" SemiHidden=\"false\"\n   UnhideWhenUsed=\"false\" Name=\"Medium Grid 1 Accent 6\"/>\n  <w:LsdException Locked=\"false\" Priority=\"68\" SemiHidden=\"false\"\n   UnhideWhenUsed=\"false\" Name=\"Medium Grid 2 Accent 6\"/>\n  <w:LsdException Locked=\"false\" Priority=\"69\" SemiHidden=\"false\"\n   UnhideWhenUsed=\"false\" Name=\"Medium Grid 3 Accent 6\"/>\n  <w:LsdException Locked=\"false\" Priority=\"70\" SemiHidden=\"false\"\n   UnhideWhenUsed=\"false\" Name=\"Dark List Accent 6\"/>\n  <w:LsdException Locked=\"false\" Priority=\"71\" SemiHidden=\"false\"\n   UnhideWhenUsed=\"false\" Name=\"Colorful Shading Accent 6\"/>\n  <w:LsdException Locked=\"false\" Priority=\"72\" SemiHidden=\"false\"\n   UnhideWhenUsed=\"false\" Name=\"Colorful List Accent 6\"/>\n  <w:LsdException Locked=\"false\" Priority=\"73\" SemiHidden=\"false\"\n   UnhideWhenUsed=\"false\" Name=\"Colorful Grid Accent 6\"/>\n  <w:LsdException Locked=\"false\" Priority=\"19\" SemiHidden=\"false\"\n   UnhideWhenUsed=\"false\" QFormat=\"true\" Name=\"Subtle Emphasis\"/>\n  <w:LsdException Locked=\"false\" Priority=\"21\" SemiHidden=\"false\"\n   UnhideWhenUsed=\"false\" QFormat=\"true\" Name=\"Intense Emphasis\"/>\n  <w:LsdException Locked=\"false\" Priority=\"31\" SemiHidden=\"false\"\n   UnhideWhenUsed=\"false\" QFormat=\"true\" Name=\"Subtle Reference\"/>\n  <w:LsdException Locked=\"false\" Priority=\"32\" SemiHidden=\"false\"\n   UnhideWhenUsed=\"false\" QFormat=\"true\" Name=\"Intense Reference\"/>\n  <w:LsdException Locked=\"false\" Priority=\"33\" SemiHidden=\"false\"\n   UnhideWhenUsed=\"false\" QFormat=\"true\" Name=\"Book Title\"/>\n  <w:LsdException Locked=\"false\" Priority=\"37\" Name=\"Bibliography\"/>\n  <w:LsdException Locked=\"false\" Priority=\"39\" QFormat=\"true\" Name=\"TOC Heading\"/>\n </w:LatentStyles>\n</xml><![endif]--><!-- [if gte mso 10]>\n<style>\n /* Style Definitions */\n table.MsoNormalTable\n	{mso-style-name:\"Tabla normal\";\n	mso-tstyle-rowband-size:0;\n	mso-tstyle-colband-size:0;\n	mso-style-noshow:yes;\n	mso-style-priority:99;\n	mso-style-parent:\"\";\n	mso-padding-alt:0cm 5.4pt 0cm 5.4pt;\n	mso-para-margin-top:0cm;\n	mso-para-margin-right:0cm;\n	mso-para-margin-bottom:10.0pt;\n	mso-para-margin-left:0cm;\n	line-height:115%;\n	mso-pagination:widow-orphan;\n	font-size:11.0pt;\n	font-family:\"Calibri\",\"sans-serif\";\n	mso-ascii-font-family:Calibri;\n	mso-ascii-theme-font:minor-latin;\n	mso-hansi-font-family:Calibri;\n	mso-hansi-theme-font:minor-latin;\n	mso-bidi-font-family:\"Times New Roman\";\n	mso-bidi-theme-font:minor-bidi;\n	mso-fareast-language:EN-US;}\n</style>\n<![endif]--></p>\n<p class=\"MsoNormal\" style=\"text-align:justify;\"><span class=\"st\"><b><span style=\"font-size:16pt;line-height:115%;font-family:Arial, \'sans-serif\';\"> </span></b></span></p>', 'inicio', '', '', '');

-- --------------------------------------------------------

--
-- Estructura de tabla para la tabla `pr_category_product`
--

