CREATE TABLE `pr_connections_page` (
  `id_connections` int UNSIGNED NOT NULL,
  `id_page` int UNSIGNED NOT NULL,
  `time_start` datetime NOT NULL,
  `time_end` datetime DEFAULT NULL
) ENGINE=InnoDB DEFAULT CHARSET=utf8mb4 COLLATE=utf8mb4_general_ci;

-- --------------------------------------------------------

--
-- Estructura de tabla para la tabla `pr_connections_source`
--

CREATE TABLE `pr_connections_source` (
  `id_connections_source` int UNSIGNED NOT NULL,
  `id_connections` int UNSIGNED NOT NULL,
  `http_referer` varchar(255) CHARACTER SET utf8mb4 COLLATE utf8mb4_general_ci DEFAULT NULL,
  `request_uri` varchar(255) CHARACTER SET utf8mb4 COLLATE utf8mb4_general_ci DEFAULT NULL,
  `keywords` varchar(255) CHARACTER SET utf8mb4 COLLATE utf8mb4_general_ci DEFAULT NULL,
  `date_add` datetime NOT NULL
) ENGINE=InnoDB DEFAULT CHARSET=utf8mb4 COLLATE=utf8mb4_general_ci;

--
-- Volcado de datos para la tabla `pr_connections_source`
--

INSERT INTO `pr_connections_source` (`id_connections_source`, `id_connections`, `http_referer`, `request_uri`, `keywords`, `date_add`) VALUES
(1, 15, 'http://ccabreraok.tk/', 'ccabreraok.tk/prestatowebs/ag/', '', '2020-03-03 09:53:03'),
(2, 49, 'http://ccabreraok.tk/', 'ccabreraok.tk/prestatowebs/', '', '2020-03-10 14:07:44'),
(3, 59, 'http://www.ccabreraok.tk/', 'ccabreraok.tk/prestatowebs/', '', '2020-03-11 14:13:41'),
(4, 60, 'http://www.ccabreraok.tk/', 'ccabreraok.tk/prestatowebs/', '', '2020-03-11 14:14:00'),
(5, 89, 'http://ca9.toservers.com:2082/cpsess0443845749/3rdparty/installatron/index.cgi', 'ccabreraok.tk/prestatowebs/', '', '2020-03-17 09:13:29'),
(6, 90, 'http://ccabreraok.tk/', 'ccabreraok.tk/prestatowebs/', '', '2020-03-18 09:55:48'),
(7, 90, 'http://ccabreraok.tk/', 'ccabreraok.tk/prestatowebs/', '', '2020-03-19 13:58:39'),
(8, 90, 'http://ccabreraok.tk/', 'ccabreraok.tk/prestatowebs/', '', '2020-03-19 13:58:39'),
(9, 90, 'http://ccabreraok.tk/', 'ccabreraok.tk/prestatowebs/', '', '2020-03-20 12:53:25'),
(10, 90, 'http://ccabreraok.tk/', 'ccabreraok.tk/prestatowebs/', '', '2020-03-20 12:55:29'),
(11, 374, 'http://www.bing.com/search?q=amazon', 'ccabreraok.tk/prestatowebs/', '', '2020-04-15 09:50:48'),
(12, 373, 'http://www.bing.com/search?q=amazon', 'ccabreraok.tk/prestatowebs/', '', '2020-04-15 09:50:48'),
(13, 378, 'http://www.bing.com/search?q=amazon', 'ccabreraok.tk/prestatowebs/', '', '2020-04-15 10:23:07'),
(14, 401, 'http://www.bing.com/search?q=amazon', 'ccabreraok.tk/prestatowebs/', '', '2020-04-18 02:36:41'),
(15, 402, 'http://www.bing.com/search?q=amazon', 'ccabreraok.tk/prestatowebs/', '', '2020-04-18 02:36:47'),
(16, 432, 'http://www.bing.com/search?q=amazon', 'ccabreraok.tk/prestatowebs/', '', '2020-04-22 03:08:15'),
(17, 431, 'http://www.bing.com/search?q=amazon', 'ccabreraok.tk/prestatowebs/', '', '2020-04-22 03:08:15'),
(18, 433, 'http://www.bing.com/search?q=amazon', 'ccabreraok.tk/prestatowebs/', '', '2020-04-22 03:09:07'),
(19, 460, 'http://www.bing.com/search?q=amazon', 'ccabreraok.tk/prestatowebs/', '', '2020-04-24 07:52:30'),
(20, 461, 'http://www.bing.com/search?q=amazon', 'ccabreraok.tk/prestatowebs/', '', '2020-04-24 07:53:23'),
(21, 465, 'http://www.bing.com/search?q=amazon', 'ccabreraok.tk/prestatowebs/', '', '2020-04-24 11:35:26'),
(22, 498, 'http://www.bing.com/search?q=amazon', 'ccabreraok.tk/prestatowebs/', '', '2020-04-26 11:48:43'),
(23, 497, 'http://www.bing.com/search?q=amazon', 'ccabreraok.tk/prestatowebs/', '', '2020-04-26 11:48:43'),
(24, 499, 'http://www.bing.com/search?q=amazon', 'ccabreraok.tk/prestatowebs/', '', '2020-04-26 11:50:03'),
(25, 506, 'http://www.bing.com/search?q=amazon', 'ccabreraok.tk/prestatowebs/', '', '2020-04-27 13:04:15'),
(26, 507, 'http://www.bing.com/search?q=amazon', 'ccabreraok.tk/prestatowebs/', '', '2020-04-27 13:41:08'),
(27, 511, 'http://www.bing.com/search?q=amazon', 'ccabreraok.tk/prestatowebs/', '', '2020-04-28 02:46:27'),
(28, 510, 'http://www.bing.com/search?q=amazon', 'ccabreraok.tk/prestatowebs/', '', '2020-04-28 02:46:27'),
(29, 512, 'http://www.bing.com/search?q=amazon', 'ccabreraok.tk/prestatowebs/', '', '2020-04-28 03:05:35'),
(30, 611, 'http://ccabreraok.tk/', 'ccabreraok.tk/prestatowebs/', '', '2020-04-30 16:08:14'),
(31, 612, 'http://ccabreraok.tk/', 'ccabreraok.tk/prestatowebs/', '', '2020-04-30 16:09:19'),
(32, 629, 'http://ccabreraok.tk/', 'ccabreraok.tk/prestatowebs/', '', '2020-05-04 11:09:30'),
(33, 743, 'http://www.bing.com/search?q=amazon', 'ccabreraok.tk/prestatowebs/', '', '2020-05-06 02:35:51'),
(34, 766, 'http://www.bing.com/search?q=amazon', 'ccabreraok.tk/prestatowebs/', '', '2020-05-07 02:36:49'),
(35, 767, 'http://www.bing.com/search?q=amazon', 'ccabreraok.tk/prestatowebs/', '', '2020-05-07 02:36:49'),
(36, 768, 'http://www.bing.com/search?q=amazon', 'ccabreraok.tk/prestatowebs/', '', '2020-05-07 02:36:57'),
(37, 781, 'http://www.bing.com/search?q=amazon', 'ccabreraok.tk/prestatowebs/', '', '2020-05-08 02:36:40'),
(38, 787, 'http://www.bing.com/search?q=amazon', 'ccabreraok.tk/prestatowebs/', '', '2020-05-09 02:39:18'),
(39, 794, 'http://www.bing.com/search?q=amazon', 'ccabreraok.tk/prestatowebs/', '', '2020-05-10 02:37:02'),
(40, 793, 'http://www.bing.com/search?q=amazon', 'ccabreraok.tk/prestatowebs/', '', '2020-05-10 02:37:02'),
(41, 795, 'http://www.bing.com/search?q=amazon', 'ccabreraok.tk/prestatowebs/', '', '2020-05-10 02:37:48'),
(42, 827, 'http://www.bing.com/search?q=amazon', 'ccabreraok.tk/prestatowebs/', '', '2020-05-14 02:40:24'),
(43, 830, 'http://www.bing.com/search?q=amazon', 'ccabreraok.tk/prestatowebs/', '', '2020-05-14 05:21:47'),
(44, 842, 'http://www.bing.com/search?q=amazon', 'ccabreraok.tk/prestatowebs/', '', '2020-05-16 02:38:23'),
(45, 849, 'http://www.bing.com/search?q=amazon', 'ccabreraok.tk/prestatowebs/', '', '2020-05-17 01:34:41'),
(46, 852, 'http://www.bing.com/search?q=amazon', 'ccabreraok.tk/prestatowebs/', '', '2020-05-17 04:55:18'),
(47, 862, 'http://www.bing.com/search?q=amazon', 'ccabreraok.tk/prestatowebs/', '', '2020-05-18 04:48:53'),
(48, 868, 'http://www.bing.com/search?q=amazon', 'ccabreraok.tk/prestatowebs/', '', '2020-05-19 02:36:56'),
(49, 869, 'http://www.bing.com/search?q=amazon', 'ccabreraok.tk/prestatowebs/', '', '2020-05-19 02:36:56'),
(50, 892, 'http://www.bing.com/search?q=amazon', 'ccabreraok.tk/prestatowebs/', '', '2020-05-21 02:48:09'),
(51, 893, 'http://www.bing.com/search?q=amazon', 'ccabreraok.tk/prestatowebs/', '', '2020-05-21 02:48:12'),
(52, 898, 'http://www.bing.com/search?q=amazon', 'ccabreraok.tk/prestatowebs/', '', '2020-05-22 02:37:50'),
(53, 897, 'http://www.bing.com/search?q=amazon', 'ccabreraok.tk/prestatowebs/', '', '2020-05-22 02:37:50'),
(54, 911, 'http://www.bing.com/search?q=amazon', 'ccabreraok.tk/prestatowebs/', '', '2020-05-25 02:36:07'),
(55, 912, 'http://www.bing.com/search?q=amazon', 'ccabreraok.tk/prestatowebs/', '', '2020-05-25 02:36:07'),
(56, 913, 'http://www.bing.com/search?q=amazon', 'ccabreraok.tk/prestatowebs/', '', '2020-05-25 02:37:10'),
(57, 914, 'http://www.bing.com/search?q=amazon', 'ccabreraok.tk/prestatowebs/', '', '2020-05-25 02:37:47'),
(58, 916, 'http://www.bing.com/search?q=amazon', 'ccabreraok.tk/prestatowebs/', '', '2020-05-26 02:36:52'),
(59, 917, 'http://www.bing.com/search?q=amazon', 'ccabreraok.tk/prestatowebs/', '', '2020-05-26 02:36:52'),
(60, 918, 'http://www.bing.com/search?q=amazon', 'ccabreraok.tk/prestatowebs/', '', '2020-05-26 02:37:42'),
(61, 928, 'http://www.bing.com/search?q=amazon', 'ccabreraok.tk/prestatowebs/', '', '2020-05-27 03:13:46'),
(62, 948, 'http://www.bing.com/search?q=amazon', 'ccabreraok.tk/prestatowebs/', '', '2020-05-29 02:37:33'),
(63, 960, 'http://www.bing.com/search?q=amazon', 'ccabreraok.tk/prestatowebs/', '', '2020-05-30 02:38:34'),
(64, 961, 'http://www.bing.com/search?q=amazon', 'ccabreraok.tk/prestatowebs/', '', '2020-05-30 02:38:35'),
(65, 983, 'http://ca9.toservers.com:2082/cpsess8002686967/3rdparty/installatron/index.cgi', 'ccabreraok.tk/prestatowebs/', '', '2020-06-01 09:17:03'),
(66, 984, 'http://ca9.toservers.com:2082/cpsess8002686967/3rdparty/installatron/index.cgi', 'ccabreraok.tk/prestatowebs/', '', '2020-06-01 09:17:03'),
(67, 1044, 'http://www.bing.com/search?q=amazon', 'ccabreraok.tk/prestatowebs/', '', '2020-06-11 15:36:23'),
(68, 1058, 'http://www.bing.com/search?q=amazon', 'ccabreraok.tk/prestatowebs/', '', '2020-06-13 13:03:12'),
(69, 1066, 'http://www.bing.com/search?q=amazon', 'ccabreraok.tk/prestatowebs/', '', '2020-06-14 05:50:56'),
(70, 1065, 'http://www.bing.com/search?q=amazon', 'ccabreraok.tk/prestatowebs/', '', '2020-06-14 05:50:56'),
(71, 1064, 'http://www.bing.com/search?q=amazon', 'ccabreraok.tk/prestatowebs/', '', '2020-06-14 05:50:56'),
(72, 1067, 'http://www.bing.com/search?q=amazon', 'ccabreraok.tk/prestatowebs/', '', '2020-06-14 05:51:25'),
(73, 1068, 'http://www.bing.com/search?q=amazon', 'ccabreraok.tk/prestatowebs/', '', '2020-06-14 06:25:11'),
(74, 1075, 'http://www.bing.com/search?q=amazon', 'ccabreraok.tk/prestatowebs/', '', '2020-06-15 02:37:00'),
(75, 1076, 'http://www.bing.com/search?q=amazon', 'ccabreraok.tk/prestatowebs/', '', '2020-06-15 02:37:00'),
(76, 1081, 'http://www.bing.com/search?q=amazon', 'ccabreraok.tk/prestatowebs/', '', '2020-06-16 02:36:07'),
(77, 1082, 'http://www.bing.com/search?q=amazon', 'ccabreraok.tk/prestatowebs/', '', '2020-06-16 02:36:15'),
(78, 1101, 'http://www.bing.com/search?q=amazon', 'ccabreraok.tk/prestatowebs/', '', '2020-06-20 02:35:08'),
(79, 1102, 'http://www.bing.com/search?q=amazon', 'ccabreraok.tk/prestatowebs/', '', '2020-06-20 02:35:08'),
(80, 1103, 'http://www.bing.com/search?q=amazon', 'ccabreraok.tk/prestatowebs/', '', '2020-06-20 02:36:19'),
(81, 1104, 'http://www.bing.com/search?q=amazon', 'ccabreraok.tk/prestatowebs/', '', '2020-06-20 02:36:19'),
(82, 1125, 'http://www.bing.com/search?q=amazon', 'ccabreraok.tk/prestatowebs/', '', '2020-06-23 02:42:36'),
(83, 1126, 'http://www.bing.com/search?q=amazon', 'ccabreraok.tk/prestatowebs/', '', '2020-06-23 02:42:37'),
(84, 1132, 'http://www.bing.com/search?q=amazon', 'ccabreraok.tk/prestatowebs/', '', '2020-06-24 02:37:03'),
(85, 1133, 'http://www.bing.com/search?q=amazon', 'ccabreraok.tk/prestatowebs/', '', '2020-06-24 02:37:17'),
(86, 1139, 'http://www.bing.com/search?q=amazon', 'ccabreraok.tk/prestatowebs/', '', '2020-06-25 02:36:16'),
(87, 1138, 'http://www.bing.com/search?q=amazon', 'ccabreraok.tk/prestatowebs/', '', '2020-06-25 02:36:16'),
(88, 1142, 'http://www.bing.com/search?q=amazon', 'ccabreraok.tk/prestatowebs/', '', '2020-06-25 02:36:58'),
(89, 1149, 'http://www.bing.com/search?q=amazon', 'ccabreraok.tk/prestatowebs/', '', '2020-06-26 02:36:44'),
(90, 1155, 'http://www.bing.com/search?q=amazon', 'ccabreraok.tk/prestatowebs/', '', '2020-06-27 02:40:27'),
(91, 1177, 'http://www.bing.com/search?q=amazon', 'ccabreraok.tk/prestatowebs/', '', '2020-06-29 02:36:38'),
(92, 1176, 'http://www.bing.com/search?q=amazon', 'ccabreraok.tk/prestatowebs/', '', '2020-06-29 02:36:38'),
(93, 1182, 'http://www.bing.com/search?q=amazon', 'ccabreraok.tk/prestatowebs/', '', '2020-06-30 02:41:57'),
(94, 1185, 'http://www.bing.com/search?q=amazon', 'ccabreraok.tk/prestatowebs/', '', '2020-06-30 05:53:15'),
(95, 1190, 'http://www.bing.com/search?q=amazon', 'ccabreraok.tk/prestatowebs/', '', '2020-07-01 02:36:11'),
(96, 1191, 'http://www.bing.com/search?q=amazon', 'ccabreraok.tk/prestatowebs/', '', '2020-07-01 02:36:11'),
(97, 1192, 'http://www.bing.com/search?q=amazon', 'ccabreraok.tk/prestatowebs/', '', '2020-07-01 02:36:28'),
(98, 1193, 'http://www.bing.com/search?q=amazon', 'ccabreraok.tk/prestatowebs/', '', '2020-07-01 02:36:54'),
(99, 1208, 'http://www.bing.com/search?q=amazon', 'ccabreraok.tk/prestatowebs/', '', '2020-07-03 02:36:18'),
(100, 1209, 'http://www.bing.com/search?q=amazon', 'ccabreraok.tk/prestatowebs/', '', '2020-07-03 02:36:18'),
(101, 1215, 'http://www.bing.com/search?q=amazon', 'ccabreraok.tk/prestatowebs/', '', '2020-07-04 02:37:41'),
(102, 1216, 'http://www.bing.com/search?q=amazon', 'ccabreraok.tk/prestatowebs/', '', '2020-07-04 02:37:41'),
(103, 1217, 'http://www.bing.com/search?q=amazon', 'ccabreraok.tk/prestatowebs/', '', '2020-07-04 02:38:20'),
(104, 1248, 'http://www.bing.com/search?q=amazon', 'ccabreraok.tk/prestatowebs/', '', '2020-07-08 02:36:23'),
(105, 1247, 'http://www.bing.com/search?q=amazon', 'ccabreraok.tk/prestatowebs/', '', '2020-07-08 02:36:23'),
(106, 1256, 'http://www.bing.com/search?q=amazon', 'ccabreraok.tk/prestatowebs/', '', '2020-07-09 02:37:43'),
(107, 1257, 'http://www.bing.com/search?q=amazon', 'ccabreraok.tk/prestatowebs/', '', '2020-07-09 02:37:43'),
(108, 1274, 'http://www.bing.com/search?q=amazon', 'ccabreraok.tk/prestatowebs/', '', '2020-07-12 02:37:20'),
(109, 1275, 'http://www.bing.com/search?q=amazon', 'ccabreraok.tk/prestatowebs/', '', '2020-07-12 02:37:20'),
(110, 1309, 'http://www.bing.com/search?q=amazon', 'ccabreraok.tk/prestatowebs/', '', '2020-07-15 03:26:13'),
(111, 1310, 'http://www.bing.com/search?q=amazon', 'ccabreraok.tk/prestatowebs/', '', '2020-07-15 03:26:42'),
(112, 1344, 'https://ccabreraok.tk/', 'ccabreraok.tk/prestatowebs/', '', '2020-07-17 04:01:22'),
(113, 1350, 'http://www.bing.com/search?q=amazon', 'ccabreraok.tk/prestatowebs/', '', '2020-07-18 02:38:53'),
(114, 1367, 'http://www.bing.com/search?q=amazon', 'ccabreraok.tk/prestatowebs/', '', '2020-07-20 02:39:24'),
(115, 1366, 'http://www.bing.com/search?q=amazon', 'ccabreraok.tk/prestatowebs/', '', '2020-07-20 02:39:24'),
(116, 1395, 'http://www.bing.com/search?q=amazon', 'ccabreraok.tk/prestatowebs/', '', '2020-07-23 02:40:14'),
(117, 1405, 'http://www.bing.com/search?q=amazon', 'ccabreraok.tk/prestatowebs/', '', '2020-07-24 08:39:54'),
(118, 1412, 'http://www.bing.com/search?q=amazon', 'ccabreraok.tk/prestatowebs/', '', '2020-07-25 02:40:14'),
(119, 1450, 'http://www.bing.com/search?q=amazon', 'ccabreraok.tk/prestatowebs/', '', '2020-07-29 02:38:45'),
(120, 1451, 'http://www.bing.com/search?q=amazon', 'ccabreraok.tk/prestatowebs/', '', '2020-07-29 02:44:51'),
(121, 1460, 'http://www.bing.com/search?q=amazon', 'ccabreraok.tk/prestatowebs/', '', '2020-07-30 04:34:48'),
(122, 1461, 'http://www.bing.com/search?q=amazon', 'ccabreraok.tk/prestatowebs/', '', '2020-07-30 04:39:38'),
(123, 1477, 'http://www.bing.com/search?q=amazon', 'ccabreraok.tk/prestatowebs/', '', '2020-08-02 02:38:43'),
(124, 1480, 'http://www.bing.com/search?q=amazon', 'ccabreraok.tk/prestatowebs/', '', '2020-08-02 02:39:15'),
(125, 1488, 'http://www.bing.com/search?q=amazon', 'ccabreraok.tk/prestatowebs/', '', '2020-08-03 02:39:17'),
(126, 1489, 'http://www.bing.com/search?q=amazon', 'ccabreraok.tk/prestatowebs/', '', '2020-08-03 02:39:58'),
(127, 1508, 'http://ccabreraok.tk/', 'ccabreraok.tk/prestatowebs/', '', '2020-08-05 21:17:41'),
(128, 1510, 'http://www.bing.com/search?q=amazon', 'ccabreraok.tk/prestatowebs/', '', '2020-08-06 02:38:48'),
(129, 1517, 'http://www.bing.com/search?q=amazon', 'ccabreraok.tk/prestatowebs/', '', '2020-08-07 02:40:15'),
(130, 1528, 'http://www.bing.com/search?q=amazon', 'ccabreraok.tk/prestatowebs/', '', '2020-08-09 02:40:50'),
(131, 1545, 'http://mail.ccabreraok.tk/prestatowebs/', 'ccabreraok.tk/prestatowebs/', '', '2020-08-10 18:17:51'),
(132, 1569, 'http://baidu.com/', 'ccabreraok.tk/prestatowebs/', '', '2020-08-10 23:55:35'),
(133, 1570, 'http://baidu.com/', 'ccabreraok.tk/prestatowebs/', '', '2020-08-10 23:55:35'),
(134, 1571, 'http://baidu.com/', 'ccabreraok.tk/prestatowebs/', '', '2020-08-10 23:56:11'),
(135, 1572, 'http://baidu.com/', 'ccabreraok.tk/prestatowebs/', '', '2020-08-11 00:18:52'),
(136, 1592, 'http://baidu.com/', 'ccabreraok.tk/prestatowebs/', '', '2020-08-13 22:03:00'),
(137, 1594, 'http://baidu.com/', 'ccabreraok.tk/prestatowebs/', '', '2020-08-13 22:03:30'),
(138, 1596, 'http://baidu.com/', 'ccabreraok.tk/prestatowebs/', '', '2020-08-13 22:48:57'),
(139, 1612, 'http://baidu.com/', 'ccabreraok.tk/prestatowebs/', '', '2020-08-16 01:15:34'),
(140, 1611, 'http://baidu.com/', 'ccabreraok.tk/prestatowebs/', '', '2020-08-16 01:15:34'),
(141, 1613, 'http://baidu.com/', 'ccabreraok.tk/prestatowebs/', '', '2020-08-16 01:15:46'),
(142, 1618, 'http://www.bing.com/search?q=amazon', 'ccabreraok.tk/prestatowebs/', '', '2020-08-17 02:38:03'),
(143, 1619, 'http://www.bing.com/search?q=amazon', 'ccabreraok.tk/prestatowebs/', '', '2020-08-17 02:39:42'),
(144, 1631, 'http://baidu.com/', 'ccabreraok.tk/prestatowebs/', '', '2020-08-18 08:31:03'),
(145, 1632, 'http://baidu.com/', 'ccabreraok.tk/prestatowebs/', '', '2020-08-18 09:33:56'),
(146, 1634, 'http://baidu.com/', 'ccabreraok.tk/prestatowebs/', '', '2020-08-18 11:04:38'),
(147, 1635, 'http://baidu.com/', 'ccabreraok.tk/prestatowebs/', '', '2020-08-18 11:53:08'),
(148, 1636, 'http://baidu.com/', 'ccabreraok.tk/prestatowebs/', '', '2020-08-18 11:53:30'),
(149, 1650, 'http://baidu.com/', 'ccabreraok.tk/prestatowebs/', '', '2020-08-19 01:01:29'),
(150, 1652, 'http://baidu.com/', 'ccabreraok.tk/prestatowebs/', '', '2020-08-19 02:02:11'),
(151, 1658, 'http://baidu.com/', 'ccabreraok.tk/prestatowebs/', '', '2020-08-19 05:41:09'),
(152, 1659, 'http://baidu.com/', 'ccabreraok.tk/prestatowebs/', '', '2020-08-19 05:41:09'),
(153, 1660, 'http://baidu.com/', 'ccabreraok.tk/prestatowebs/', '', '2020-08-19 06:51:42'),
(154, 1661, 'http://baidu.com/', 'ccabreraok.tk/prestatowebs/', '', '2020-08-19 08:32:05'),
(155, 1663, 'http://baidu.com/', 'ccabreraok.tk/prestatowebs/', '', '2020-08-19 08:32:08'),
(156, 1664, 'http://baidu.com/', 'ccabreraok.tk/prestatowebs/', '', '2020-08-19 09:44:15'),
(157, 1665, 'http://baidu.com/', 'ccabreraok.tk/prestatowebs/', '', '2020-08-19 11:44:12'),
(158, 1667, 'http://baidu.com/', 'ccabreraok.tk/prestatowebs/', '', '2020-08-19 12:47:08'),
(159, 1666, 'http://baidu.com/', 'ccabreraok.tk/prestatowebs/', '', '2020-08-19 12:47:08'),
(160, 1903, 'https://ccabreraok.tk/', 'ccabreraok.tk/prestatowebs/', '', '2020-09-17 01:59:32'),
(161, 1912, 'https://ccabreraok.tk/', 'ccabreraok.tk/prestatowebs/', '', '2020-09-20 05:16:29'),
(162, 1913, 'https://ccabreraok.tk/', 'ccabreraok.tk/prestatowebs/', '', '2020-09-20 05:16:29'),
(163, 1919, 'https://ccabreraok.tk/', 'ccabreraok.tk/prestatowebs/', '', '2020-09-21 12:45:37'),
(164, 1918, 'https://ccabreraok.tk/', 'ccabreraok.tk/prestatowebs/', '', '2020-09-21 12:45:37'),
(165, 1923, 'https://ccabreraok.tk/', 'ccabreraok.tk/prestatowebs/', '', '2020-09-22 16:35:56'),
(166, 1922, 'https://ccabreraok.tk/', 'ccabreraok.tk/prestatowebs/', '', '2020-09-22 16:35:56'),
(167, 1926, 'https://ccabreraok.tk/', 'ccabreraok.tk/prestatowebs/', '', '2020-09-23 02:09:30'),
(168, 1926, 'https://ccabreraok.tk/', 'ccabreraok.tk/prestatowebs/', '', '2020-09-23 02:09:31'),
(169, 2035, 'http://ccabreraok.tk/', 'ccabreraok.tk/prestatowebs/', '', '2020-10-29 14:23:33'),
(170, 2040, 'http://ccabreraok.tk/', 'ccabreraok.tk/prestatowebs/', '', '2020-10-30 13:36:20'),
(171, 2035, 'http://ccabreraok.tk/', 'ccabreraok.tk/prestatowebs/', '', '2020-11-13 14:12:53'),
(172, 2080, 'https://ca10.toservers.com:2083/', 'ccabreraok.tk/prestatowebs/', '', '2020-11-18 10:02:20'),
(173, 2209, 'https://ca10.toservers.com:2083/', 'www.ccabreraok.tk/testtw/', '', '2021-01-13 14:34:16');

-- --------------------------------------------------------

--
-- Estructura de tabla para la tabla `pr_contact`
--

CREATE TABLE `pr_contact` (
  `id_contact` int UNSIGNED NOT NULL,
  `email` varchar(255) CHARACTER SET utf8mb4 COLLATE utf8mb4_general_ci NOT NULL,
  `customer_service` tinyint(1) NOT NULL DEFAULT '0',
  `position` tinyint UNSIGNED NOT NULL DEFAULT '0'
) ENGINE=InnoDB DEFAULT CHARSET=utf8mb4 COLLATE=utf8mb4_general_ci;

--
-- Volcado de datos para la tabla `pr_contact`
--

INSERT INTO `pr_contact` (`id_contact`, `email`, `customer_service`, `position`) VALUES
(2, 'soporte@towebs.com', 1, 0);

-- --------------------------------------------------------

--
-- Estructura de tabla para la tabla `pr_contact_lang`
--

CREATE TABLE `pr_contact_lang` (
  `id_contact` int UNSIGNED NOT NULL,
  `id_lang` int UNSIGNED NOT NULL,
  `name` varchar(255) CHARACTER SET utf8mb4 COLLATE utf8mb4_general_ci NOT NULL,
  `description` mediumtext CHARACTER SET utf8mb4 COLLATE utf8mb4_general_ci
) ENGINE=InnoDB DEFAULT CHARSET=utf8mb4 COLLATE=utf8mb4_general_ci;

--
-- Volcado de datos para la tabla `pr_contact_lang`
--

INSERT INTO `pr_contact_lang` (`id_contact`, `id_lang`, `name`, `description`) VALUES
(2, 1, 'Customer service', 'For any question about a product, an order'),
(2, 3, 'Servicio al cliente', 'Para cualquier pregunta sobre un artículo o un pedido'),
(2, 4, 'Servicio al cliente', 'Para cualquier pregunta sobre un artículo o un pedido');

-- --------------------------------------------------------

--
-- Estructura de tabla para la tabla `pr_contact_shop`
--

CREATE TABLE `pr_contact_shop` (
  `id_contact` int UNSIGNED NOT NULL,
  `id_shop` int UNSIGNED NOT NULL
) ENGINE=InnoDB DEFAULT CHARSET=utf8mb4 COLLATE=utf8mb4_general_ci;

--
-- Volcado de datos para la tabla `pr_contact_shop`
--

INSERT INTO `pr_contact_shop` (`id_contact`, `id_shop`) VALUES
(2, 1);

-- --------------------------------------------------------

--
-- Estructura de tabla para la tabla `pr_country`
--

CREATE TABLE `pr_country` (
  `id_country` int UNSIGNED NOT NULL,
  `id_zone` int UNSIGNED NOT NULL,
  `id_currency` int UNSIGNED NOT NULL DEFAULT '0',
  `iso_code` varchar(3) CHARACTER SET utf8mb4 COLLATE utf8mb4_general_ci NOT NULL,
  `call_prefix` int NOT NULL DEFAULT '0',
  `active` tinyint UNSIGNED NOT NULL DEFAULT '0',
  `contains_states` tinyint(1) NOT NULL DEFAULT '0',
  `need_identification_number` tinyint(1) NOT NULL DEFAULT '0',
  `need_zip_code` tinyint(1) NOT NULL DEFAULT '1',
  `zip_code_format` varchar(12) CHARACTER SET utf8mb4 COLLATE utf8mb4_general_ci NOT NULL DEFAULT '',
  `display_tax_label` tinyint(1) NOT NULL
) ENGINE=InnoDB DEFAULT CHARSET=utf8mb4 COLLATE=utf8mb4_general_ci;

--
-- Volcado de datos para la tabla `pr_country`
--

INSERT INTO `pr_country` (`id_country`, `id_zone`, `id_currency`, `iso_code`, `call_prefix`, `active`, `contains_states`, `need_identification_number`, `need_zip_code`, `zip_code_format`, `display_tax_label`) VALUES
(1, 0, 0, 'DE', 49, 0, 0, 0, 1, 'NNNNN', 1),
(2, 0, 0, 'AT', 43, 0, 0, 0, 1, 'NNNN', 1),
(3, 0, 0, 'BE', 32, 0, 0, 0, 1, 'NNNN', 1),
(4, 0, 0, 'CA', 1, 0, 1, 0, 1, 'LNL NLN', 0),
(5, 0, 0, 'CN', 86, 0, 0, 0, 1, 'NNNNNN', 1),
(6, 0, 0, 'ES', 34, 1, 1, 1, 1, 'NNNNN', 1),
(7, 0, 0, 'FI', 358, 0, 0, 0, 1, 'NNNNN', 1),
(8, 0, 0, 'FR', 33, 0, 0, 0, 1, 'NNNNN', 1),
(9, 0, 0, 'GR', 30, 0, 0, 0, 1, 'NNNNN', 1),
(10, 0, 0, 'IT', 39, 0, 1, 0, 1, 'NNNNN', 1),
(11, 0, 0, 'JP', 81, 0, 1, 0, 1, 'NNN-NNNN', 1),
(12, 0, 0, 'LU', 352, 0, 0, 0, 1, 'NNNN', 1),
(13, 0, 0, 'NL', 31, 0, 0, 0, 1, 'NNNN LL', 1),
(14, 0, 0, 'PL', 48, 0, 0, 0, 1, 'NN-NNN', 1),
(15, 0, 0, 'PT', 351, 0, 0, 0, 1, 'NNNN-NNN', 1),
(16, 0, 0, 'CZ', 420, 0, 0, 0, 1, 'NNN NN', 1),
(17, 0, 0, 'GB', 44, 0, 0, 0, 1, '', 1),
(18, 0, 0, 'SE', 46, 0, 0, 0, 1, 'NNN NN', 1),
(19, 0, 0, 'CH', 41, 0, 0, 0, 1, 'NNNN', 1),
(20, 0, 0, 'DK', 45, 0, 0, 0, 1, 'NNNN', 1),
(21, 0, 0, 'US', 1, 1, 1, 0, 1, 'NNNNN', 0),
(22, 0, 0, 'HK', 852, 0, 0, 0, 0, '', 1),
(23, 0, 0, 'NO', 47, 0, 0, 0, 1, 'NNNN', 1),
(24, 0, 0, 'AU', 61, 0, 1, 0, 1, 'NNNN', 1),
(25, 0, 0, 'SG', 65, 0, 0, 0, 1, 'NNNNNN', 1),
(26, 0, 0, 'IE', 353, 0, 0, 0, 0, '', 1),
(27, 0, 0, 'NZ', 64, 0, 0, 0, 1, 'NNNN', 1),
(28, 0, 0, 'KR', 82, 0, 0, 0, 1, 'NNN-NNN', 1),
(29, 0, 0, 'IL', 972, 0, 0, 0, 1, 'NNNNNNN', 1),
(30, 0, 0, 'ZA', 27, 0, 0, 0, 1, 'NNNN', 1),
(31, 0, 0, 'NG', 234, 0, 0, 0, 1, '', 1),
(32, 0, 0, 'CI', 225, 0, 0, 0, 1, '', 1),
(33, 0, 0, 'TG', 228, 0, 0, 0, 1, '', 1),
(34, 0, 0, 'BO', 591, 0, 0, 0, 1, '', 1),
(35, 0, 0, 'MU', 230, 0, 0, 0, 1, '', 1),
(36, 0, 0, 'RO', 40, 0, 0, 0, 1, 'NNNNNN', 1),
(37, 0, 0, 'SK', 421, 0, 0, 0, 1, 'NNN NN', 1),
(38, 0, 0, 'DZ', 213, 0, 0, 0, 1, 'NNNNN', 1),
(39, 0, 0, 'AS', 0, 0, 0, 0, 1, '', 1),
(40, 0, 0, 'AD', 376, 0, 0, 0, 1, 'CNNN', 1),
(41, 0, 0, 'AO', 244, 0, 0, 0, 0, '', 1),
(42, 0, 0, 'AI', 0, 0, 0, 0, 1, '', 1),
(43, 0, 0, 'AG', 0, 0, 0, 0, 1, '', 1),
(44, 0, 0, 'AR', 54, 1, 1, 0, 1, 'LNNNNLLL', 1),
(45, 0, 0, 'AM', 374, 0, 0, 0, 1, 'NNNN', 1),
(46, 0, 0, 'AW', 297, 0, 0, 0, 1, '', 1),
(47, 0, 0, 'AZ', 994, 0, 0, 0, 1, 'CNNNN', 1),
(48, 0, 0, 'BS', 0, 0, 0, 0, 1, '', 1),
(49, 0, 0, 'BH', 973, 0, 0, 0, 1, '', 1),
(50, 0, 0, 'BD', 880, 0, 0, 0, 1, 'NNNN', 1),
(51, 0, 0, 'BB', 0, 0, 0, 0, 1, 'CNNNNN', 1),
(52, 0, 0, 'BY', 0, 0, 0, 0, 1, 'NNNNNN', 1),
(53, 0, 0, 'BZ', 501, 0, 0, 0, 0, '', 1),
(54, 0, 0, 'BJ', 229, 0, 0, 0, 0, '', 1),
(55, 0, 0, 'BM', 0, 0, 0, 0, 1, '', 1),
(56, 0, 0, 'BT', 975, 0, 0, 0, 1, '', 1),
(57, 0, 0, 'BW', 267, 0, 0, 0, 1, '', 1),
(58, 0, 0, 'BR', 55, 0, 0, 0, 1, 'NNNNN-NNN', 1),
(59, 0, 0, 'BN', 673, 0, 0, 0, 1, 'LLNNNN', 1),
(60, 0, 0, 'BF', 226, 0, 0, 0, 1, '', 1),
(61, 0, 0, 'MM', 95, 0, 0, 0, 1, '', 1),
(62, 0, 0, 'BI', 257, 0, 0, 0, 1, '', 1),
(63, 0, 0, 'KH', 855, 0, 0, 0, 1, 'NNNNN', 1),
(64, 0, 0, 'CM', 237, 0, 0, 0, 1, '', 1),
(65, 0, 0, 'CV', 238, 0, 0, 0, 1, 'NNNN', 1),
(66, 0, 0, 'CF', 236, 0, 0, 0, 1, '', 1),
(67, 0, 0, 'TD', 235, 0, 0, 0, 1, '', 1),
(68, 0, 0, 'CL', 56, 0, 0, 0, 1, 'NNN-NNNN', 1),
(69, 0, 0, 'CO', 57, 0, 0, 0, 1, 'NNNNNN', 1),
(70, 0, 0, 'KM', 269, 0, 0, 0, 1, '', 1),
(71, 0, 0, 'CD', 242, 0, 0, 0, 1, '', 1),
(72, 0, 0, 'CG', 243, 0, 0, 0, 1, '', 1),
(73, 0, 0, 'CR', 506, 0, 0, 0, 1, 'NNNNN', 1),
(74, 0, 0, 'HR', 385, 0, 0, 0, 1, 'NNNNN', 1),
(75, 0, 0, 'CU', 53, 0, 0, 0, 1, '', 1),
(76, 0, 0, 'CY', 357, 0, 0, 0, 1, 'NNNN', 1),
(77, 0, 0, 'DJ', 253, 0, 0, 0, 1, '', 1),
(78, 0, 0, 'DM', 0, 0, 0, 0, 1, '', 1),
(79, 0, 0, 'DO', 0, 0, 0, 0, 1, '', 1),
(80, 0, 0, 'TL', 670, 0, 0, 0, 1, '', 1),
(81, 0, 0, 'EC', 593, 0, 0, 0, 1, 'CNNNNNN', 1),
(82, 0, 0, 'EG', 20, 0, 0, 0, 1, 'NNNNN', 1),
(83, 0, 0, 'SV', 503, 0, 0, 0, 1, '', 1),
(84, 0, 0, 'GQ', 240, 0, 0, 0, 1, '', 1),
(85, 0, 0, 'ER', 291, 0, 0, 0, 1, '', 1),
(86, 0, 0, 'EE', 372, 0, 0, 0, 1, 'NNNNN', 1),
(87, 0, 0, 'ET', 251, 0, 0, 0, 1, '', 1),
(88, 0, 0, 'FK', 0, 0, 0, 0, 1, 'LLLL NLL', 1),
(89, 0, 0, 'FO', 298, 0, 0, 0, 1, '', 1),
(90, 0, 0, 'FJ', 679, 0, 0, 0, 1, '', 1),
(91, 0, 0, 'GA', 241, 0, 0, 0, 1, '', 1),
(92, 0, 0, 'GM', 220, 0, 0, 0, 1, '', 1),
(93, 0, 0, 'GE', 995, 0, 0, 0, 1, 'NNNN', 1),
(94, 0, 0, 'GH', 233, 0, 0, 0, 1, '', 1),
(95, 0, 0, 'GD', 0, 0, 0, 0, 1, '', 1),
(96, 0, 0, 'GL', 299, 0, 0, 0, 1, '', 1),
(97, 0, 0, 'GI', 350, 0, 0, 0, 1, '', 1),
(98, 0, 0, 'GP', 590, 0, 0, 0, 1, '', 1),
(99, 0, 0, 'GU', 0, 0, 0, 0, 1, '', 1),
(100, 0, 0, 'GT', 502, 0, 0, 0, 1, '', 1),
(101, 0, 0, 'GG', 0, 0, 0, 0, 1, 'LLN NLL', 1),
(102, 0, 0, 'GN', 224, 0, 0, 0, 1, '', 1),
(103, 0, 0, 'GW', 245, 0, 0, 0, 1, '', 1),
(104, 0, 0, 'GY', 592, 0, 0, 0, 1, '', 1),
(105, 0, 0, 'HT', 509, 0, 0, 0, 1, '', 1),
(106, 0, 0, 'HM', 0, 0, 0, 0, 1, '', 1),
(107, 0, 0, 'VA', 379, 0, 0, 0, 1, 'NNNNN', 1),
(108, 0, 0, 'HN', 504, 0, 0, 0, 1, '', 1),
(109, 0, 0, 'IS', 354, 0, 0, 0, 1, 'NNN', 1),
(110, 0, 0, 'IN', 91, 0, 0, 0, 1, 'NNN NNN', 1),
(111, 0, 0, 'ID', 62, 0, 1, 0, 1, 'NNNNN', 1),
(112, 0, 0, 'IR', 98, 0, 0, 0, 1, 'NNNNN-NNNNN', 1),
(113, 0, 0, 'IQ', 964, 0, 0, 0, 1, 'NNNNN', 1),
(114, 0, 0, 'IM', 0, 0, 0, 0, 1, 'CN NLL', 1),
(115, 0, 0, 'JM', 0, 0, 0, 0, 1, '', 1),
(116, 0, 0, 'JE', 0, 0, 0, 0, 1, 'CN NLL', 1),
(117, 0, 0, 'JO', 962, 0, 0, 0, 1, '', 1),
(118, 0, 0, 'KZ', 7, 0, 0, 0, 1, 'NNNNNN', 1),
(119, 0, 0, 'KE', 254, 0, 0, 0, 1, '', 1),
(120, 0, 0, 'KI', 686, 0, 0, 0, 1, '', 1),
(121, 0, 0, 'KP', 850, 0, 0, 0, 1, '', 1),
(122, 0, 0, 'KW', 965, 0, 0, 0, 1, '', 1),
(123, 0, 0, 'KG', 996, 0, 0, 0, 1, '', 1),
(124, 0, 0, 'LA', 856, 0, 0, 0, 1, '', 1),
(125, 0, 0, 'LV', 371, 0, 0, 0, 1, 'C-NNNN', 1),
(126, 0, 0, 'LB', 961, 0, 0, 0, 1, '', 1),
(127, 0, 0, 'LS', 266, 0, 0, 0, 1, '', 1),
(128, 0, 0, 'LR', 231, 0, 0, 0, 1, '', 1),
(129, 0, 0, 'LY', 218, 0, 0, 0, 1, '', 1),
(130, 0, 0, 'LI', 423, 0, 0, 0, 1, 'NNNN', 1),
(131, 0, 0, 'LT', 370, 0, 0, 0, 1, 'NNNNN', 1),
(132, 0, 0, 'MO', 853, 0, 0, 0, 0, '', 1),
(133, 0, 0, 'MK', 389, 0, 0, 0, 1, '', 1),
(134, 0, 0, 'MG', 261, 0, 0, 0, 1, '', 1),
(135, 0, 0, 'MW', 265, 0, 0, 0, 1, '', 1),
(136, 0, 0, 'MY', 60, 0, 0, 0, 1, 'NNNNN', 1),
(137, 0, 0, 'MV', 960, 0, 0, 0, 1, '', 1),
(138, 0, 0, 'ML', 223, 0, 0, 0, 1, '', 1),
(139, 0, 0, 'MT', 356, 0, 0, 0, 1, 'LLL NNNN', 1),
(140, 0, 0, 'MH', 692, 0, 0, 0, 1, '', 1),
(141, 0, 0, 'MQ', 596, 0, 0, 0, 1, '', 1),
(142, 0, 0, 'MR', 222, 0, 0, 0, 1, '', 1),
(143, 0, 0, 'HU', 36, 0, 0, 0, 1, 'NNNN', 1),
(144, 0, 0, 'YT', 262, 0, 0, 0, 1, '', 1),
(145, 0, 0, 'MX', 52, 0, 1, 1, 1, 'NNNNN', 1),
(146, 0, 0, 'FM', 691, 0, 0, 0, 1, '', 1),
(147, 0, 0, 'MD', 373, 0, 0, 0, 1, 'C-NNNN', 1),
(148, 0, 0, 'MC', 377, 0, 0, 0, 1, '980NN', 1),
(149, 0, 0, 'MN', 976, 0, 0, 0, 1, '', 1),
(150, 0, 0, 'ME', 382, 0, 0, 0, 1, 'NNNNN', 1),
(151, 0, 0, 'MS', 0, 0, 0, 0, 1, '', 1),
(152, 0, 0, 'MA', 212, 0, 0, 0, 1, 'NNNNN', 1),
(153, 0, 0, 'MZ', 258, 0, 0, 0, 1, '', 1),
(154, 0, 0, 'NA', 264, 0, 0, 0, 1, '', 1),
(155, 0, 0, 'NR', 674, 0, 0, 0, 1, '', 1),
(156, 0, 0, 'NP', 977, 0, 0, 0, 1, '', 1),
(157, 0, 0, 'AN', 599, 0, 0, 0, 1, '', 1),
(158, 0, 0, 'NC', 687, 0, 0, 0, 1, '', 1),
(159, 0, 0, 'NI', 505, 0, 0, 0, 1, 'NNNNNN', 1),
(160, 0, 0, 'NE', 227, 0, 0, 0, 1, '', 1),
(161, 0, 0, 'NU', 683, 0, 0, 0, 1, '', 1),
(162, 0, 0, 'NF', 0, 0, 0, 0, 1, '', 1),
(163, 0, 0, 'MP', 0, 0, 0, 0, 1, '', 1),
(164, 0, 0, 'OM', 968, 0, 0, 0, 1, '', 1),
(165, 0, 0, 'PK', 92, 0, 0, 0, 1, '', 1),
(166, 0, 0, 'PW', 680, 0, 0, 0, 1, '', 1),
(167, 0, 0, 'PS', 0, 0, 0, 0, 1, '', 1),
(168, 0, 0, 'PA', 507, 0, 0, 0, 1, 'NNNNNN', 1),
(169, 0, 0, 'PG', 675, 0, 0, 0, 1, '', 1),
(170, 0, 0, 'PY', 595, 0, 0, 0, 1, '', 1),
(171, 0, 0, 'PE', 51, 0, 0, 0, 1, '', 1),
(172, 0, 0, 'PH', 63, 0, 0, 0, 1, 'NNNN', 1),
(173, 0, 0, 'PN', 0, 0, 0, 0, 1, 'LLLL NLL', 1),
(174, 0, 0, 'PR', 0, 0, 0, 0, 1, 'NNNNN', 1),
(175, 0, 0, 'QA', 974, 0, 0, 0, 1, '', 1),
(176, 0, 0, 'RE', 262, 0, 0, 0, 1, '', 1),
(177, 0, 0, 'RU', 7, 0, 0, 0, 1, 'NNNNNN', 1),
(178, 0, 0, 'RW', 250, 0, 0, 0, 1, '', 1),
(179, 0, 0, 'BL', 0, 0, 0, 0, 1, '', 1),
(180, 0, 0, 'KN', 0, 0, 0, 0, 1, '', 1),
(181, 0, 0, 'LC', 0, 0, 0, 0, 1, '', 1),
(182, 0, 0, 'MF', 0, 0, 0, 0, 1, '', 1),
(183, 0, 0, 'PM', 508, 0, 0, 0, 1, '', 1),
(184, 0, 0, 'VC', 0, 0, 0, 0, 1, '', 1),
(185, 0, 0, 'WS', 685, 0, 0, 0, 1, '', 1),
(186, 0, 0, 'SM', 378, 0, 0, 0, 1, 'NNNNN', 1),
(187, 0, 0, 'ST', 239, 0, 0, 0, 1, '', 1),
(188, 0, 0, 'SA', 966, 0, 0, 0, 1, '', 1),
(189, 0, 0, 'SN', 221, 0, 0, 0, 1, '', 1),
(190, 0, 0, 'RS', 381, 0, 0, 0, 1, 'NNNNN', 1),
(191, 0, 0, 'SC', 248, 0, 0, 0, 1, '', 1),
(192, 0, 0, 'SL', 232, 0, 0, 0, 1, '', 1),
(193, 0, 0, 'SI', 386, 0, 0, 0, 1, 'C-NNNN', 1),
(194, 0, 0, 'SB', 677, 0, 0, 0, 1, '', 1),
(195, 0, 0, 'SO', 252, 0, 0, 0, 1, '', 1),
(196, 0, 0, 'GS', 0, 0, 0, 0, 1, 'LLLL NLL', 1),
(197, 0, 0, 'LK', 94, 0, 0, 0, 1, 'NNNNN', 1),
(198, 0, 0, 'SD', 249, 0, 0, 0, 1, '', 1),
(199, 0, 0, 'SR', 597, 0, 0, 0, 1, '', 1),
(200, 0, 0, 'SJ', 0, 0, 0, 0, 1, '', 1),
(201, 0, 0, 'SZ', 268, 0, 0, 0, 1, '', 1),
(202, 0, 0, 'SY', 963, 0, 0, 0, 1, '', 1),
(203, 0, 0, 'TW', 886, 0, 0, 0, 1, 'NNNNN', 1),
(204, 0, 0, 'TJ', 992, 0, 0, 0, 1, '', 1),
(205, 0, 0, 'TZ', 255, 0, 0, 0, 1, '', 1),
(206, 0, 0, 'TH', 66, 0, 0, 0, 1, 'NNNNN', 1),
(207, 0, 0, 'TK', 690, 0, 0, 0, 1, '', 1),
(208, 0, 0, 'TO', 676, 0, 0, 0, 1, '', 1),
(209, 0, 0, 'TT', 0, 0, 0, 0, 1, '', 1),
(210, 0, 0, 'TN', 216, 0, 0, 0, 1, '', 1),
(211, 0, 0, 'TR', 90, 0, 0, 0, 1, 'NNNNN', 1),
(212, 0, 0, 'TM', 993, 0, 0, 0, 1, '', 1),
(213, 0, 0, 'TC', 0, 0, 0, 0, 1, 'LLLL NLL', 1),
(214, 0, 0, 'TV', 688, 0, 0, 0, 1, '', 1),
(215, 0, 0, 'UG', 256, 0, 0, 0, 1, '', 1),
(216, 0, 0, 'UA', 380, 0, 0, 0, 1, 'NNNNN', 1),
(217, 0, 0, 'AE', 971, 0, 0, 0, 1, '', 1),
(218, 0, 0, 'UY', 598, 0, 0, 0, 1, '', 1),
(219, 0, 0, 'UZ', 998, 0, 0, 0, 1, '', 1),
(220, 0, 0, 'VU', 678, 0, 0, 0, 1, '', 1),
(221, 0, 0, 'VE', 58, 0, 0, 0, 1, '', 1),
(222, 0, 0, 'VN', 84, 0, 0, 0, 1, 'NNNNNN', 1),
(223, 0, 0, 'VG', 0, 0, 0, 0, 1, 'CNNNN', 1),
(224, 0, 0, 'VI', 0, 0, 0, 0, 1, '', 1),
(225, 0, 0, 'WF', 681, 0, 0, 0, 1, '', 1),
(226, 0, 0, 'EH', 0, 0, 0, 0, 1, '', 1),
(227, 0, 0, 'YE', 967, 0, 0, 0, 1, '', 1),
(228, 0, 0, 'ZM', 260, 0, 0, 0, 1, '', 1),
(229, 0, 0, 'ZW', 263, 0, 0, 0, 1, '', 1),
(230, 0, 0, 'AL', 355, 0, 0, 0, 1, 'NNNN', 1),
(231, 0, 0, 'AF', 93, 0, 0, 0, 1, 'NNNN', 1),
(232, 0, 0, 'AQ', 0, 0, 0, 0, 1, '', 1),
(233, 0, 0, 'BA', 387, 0, 0, 0, 1, '', 1),
(234, 0, 0, 'BV', 0, 0, 0, 0, 1, '', 1),
(235, 0, 0, 'IO', 0, 0, 0, 0, 1, 'LLLL NLL', 1),
(236, 0, 0, 'BG', 359, 0, 0, 0, 1, 'NNNN', 1),
(237, 0, 0, 'KY', 0, 0, 0, 0, 1, '', 1),
(238, 0, 0, 'CX', 0, 0, 0, 0, 1, '', 1),
(239, 0, 0, 'CC', 0, 0, 0, 0, 1, '', 1),
(240, 0, 0, 'CK', 682, 0, 0, 0, 1, '', 1),
(241, 0, 0, 'GF', 594, 0, 0, 0, 1, '', 1),
(242, 0, 0, 'PF', 689, 0, 0, 0, 1, '', 1),
(243, 0, 0, 'TF', 0, 0, 0, 0, 1, '', 1),
(244, 0, 0, 'AX', 0, 0, 0, 0, 1, 'NNNNN', 1);

-- --------------------------------------------------------

--
-- Estructura de tabla para la tabla `pr_country_lang`
--

CREATE TABLE `pr_country_lang` (
  `id_country` int UNSIGNED NOT NULL,
  `id_lang` int UNSIGNED NOT NULL,
  `name` varchar(64) CHARACTER SET utf8mb4 COLLATE utf8mb4_general_ci NOT NULL
) ENGINE=InnoDB DEFAULT CHARSET=utf8mb4 COLLATE=utf8mb4_general_ci;

--
-- Volcado de datos para la tabla `pr_country_lang`
--

INSERT INTO `pr_country_lang` (`id_country`, `id_lang`, `name`) VALUES
(1, 1, 'Germany'),
(1, 3, 'Germany'),
(1, 4, 'Germany'),
(2, 1, 'Austria'),
(2, 3, 'Austria'),
(2, 4, 'Austria'),
(3, 1, 'Belgium'),
(3, 3, 'Belgium'),
(3, 4, 'Belgium'),
(4, 1, 'Canada'),
(4, 3, 'Canada'),
(4, 4, 'Canada'),
(5, 1, 'China'),
(5, 3, 'China'),
(5, 4, 'China'),
(6, 1, 'Spain'),
(6, 3, 'Spain'),
(6, 4, 'Spain'),
(7, 1, 'Finland'),
(7, 3, 'Finland'),
(7, 4, 'Finland'),
(8, 1, 'France'),
(8, 3, 'France'),
(8, 4, 'France'),
(9, 1, 'Greece'),
(9, 3, 'Greece'),
(9, 4, 'Greece'),
(10, 1, 'Italy'),
(10, 3, 'Italy'),
(10, 4, 'Italy'),
(11, 1, 'Japan'),
(11, 3, 'Japan'),
(11, 4, 'Japan'),
(12, 1, 'Luxemburg'),
(12, 3, 'Luxemburg'),
(12, 4, 'Luxemburg'),
(13, 1, 'Netherlands'),
(13, 3, 'Netherlands'),
(13, 4, 'Netherlands'),
(14, 1, 'Poland'),
(14, 3, 'Poland'),
(14, 4, 'Poland'),
(15, 1, 'Portugal'),
(15, 3, 'Portugal'),
(15, 4, 'Portugal'),
(16, 1, 'Czech Republic'),
(16, 3, 'Czech Republic'),
(16, 4, 'Czech Republic'),
(17, 1, 'United Kingdom'),
(17, 3, 'United Kingdom'),
(17, 4, 'United Kingdom'),
(18, 1, 'Sweden'),
(18, 3, 'Sweden'),
(18, 4, 'Sweden'),
(19, 1, 'Switzerland'),
(19, 3, 'Switzerland'),
(19, 4, 'Switzerland'),
(20, 1, 'Denmark'),
(20, 3, 'Denmark'),
(20, 4, 'Denmark'),
(21, 1, 'United States'),
(21, 3, 'United States'),
(21, 4, 'United States'),
(22, 1, 'HongKong'),
(22, 3, 'HongKong'),
(22, 4, 'HongKong'),
(23, 1, 'Norway'),
(23, 3, 'Norway'),
(23, 4, 'Norway'),
(24, 1, 'Australia'),
(24, 3, 'Australia'),
(24, 4, 'Australia'),
(25, 1, 'Singapore'),
(25, 3, 'Singapore'),
(25, 4, 'Singapore'),
(26, 1, 'Ireland'),
(26, 3, 'Ireland'),
(26, 4, 'Ireland'),
(27, 1, 'New Zealand'),
(27, 3, 'New Zealand'),
(27, 4, 'New Zealand'),
(28, 1, 'South Korea'),
(28, 3, 'South Korea'),
(28, 4, 'South Korea'),
(29, 1, 'Israel'),
(29, 3, 'Israel'),
(29, 4, 'Israel'),
(30, 1, 'South Africa'),
(30, 3, 'South Africa'),
(30, 4, 'South Africa'),
(31, 1, 'Nigeria'),
(31, 3, 'Nigeria'),
(31, 4, 'Nigeria'),
(32, 1, 'Ivory Coast'),
(32, 3, 'Ivory Coast'),
(32, 4, 'Ivory Coast'),
(33, 1, 'Togo'),
(33, 3, 'Togo'),
(33, 4, 'Togo'),
(34, 1, 'Bolivia'),
(34, 3, 'Bolivia'),
(34, 4, 'Bolivia'),
(35, 1, 'Mauritius'),
(35, 3, 'Mauritius'),
(35, 4, 'Mauritius'),
(36, 1, 'Romania'),
(36, 3, 'Romania'),
(36, 4, 'Romania'),
(37, 1, 'Slovakia'),
(37, 3, 'Slovakia'),
(37, 4, 'Slovakia'),
(38, 1, 'Algeria'),
(38, 3, 'Algeria'),
(38, 4, 'Algeria'),
(39, 1, 'American Samoa'),
(39, 3, 'American Samoa'),
(39, 4, 'American Samoa'),
(40, 1, 'Andorra'),
(40, 3, 'Andorra'),
(40, 4, 'Andorra'),
(41, 1, 'Angola'),
(41, 3, 'Angola'),
(41, 4, 'Angola'),
(42, 1, 'Anguilla'),
(42, 3, 'Anguilla'),
(42, 4, 'Anguilla'),
(43, 1, 'Antigua and Barbuda'),
(43, 3, 'Antigua and Barbuda'),
(43, 4, 'Antigua and Barbuda'),
(44, 1, 'Argentina'),
(44, 3, 'Argentina'),
(44, 4, 'Argentina'),
(45, 1, 'Armenia'),
(45, 3, 'Armenia'),
(45, 4, 'Armenia'),
(46, 1, 'Aruba'),
(46, 3, 'Aruba'),
(46, 4, 'Aruba'),
(47, 1, 'Azerbaijan'),
(47, 3, 'Azerbaijan'),
(47, 4, 'Azerbaijan'),
(48, 1, 'Bahamas'),
(48, 3, 'Bahamas'),
(48, 4, 'Bahamas'),
(49, 1, 'Bahrain'),
(49, 3, 'Bahrain'),
(49, 4, 'Bahrain'),
(50, 1, 'Bangladesh'),
(50, 3, 'Bangladesh'),
(50, 4, 'Bangladesh'),
(51, 1, 'Barbados'),
(51, 3, 'Barbados'),
(51, 4, 'Barbados'),
(52, 1, 'Belarus'),
(52, 3, 'Belarus'),
(52, 4, 'Belarus'),
(53, 1, 'Belize'),
(53, 3, 'Belize'),
(53, 4, 'Belize'),
(54, 1, 'Benin'),
(54, 3, 'Benin'),
(54, 4, 'Benin'),
(55, 1, 'Bermuda'),
(55, 3, 'Bermuda'),
(55, 4, 'Bermuda'),
(56, 1, 'Bhutan'),
(56, 3, 'Bhutan'),
(56, 4, 'Bhutan'),
(57, 1, 'Botswana'),
(57, 3, 'Botswana'),
(57, 4, 'Botswana'),
(58, 1, 'Brazil'),
(58, 3, 'Brazil'),
(58, 4, 'Brazil'),
(59, 1, 'Brunei'),
(59, 3, 'Brunei'),
(59, 4, 'Brunei'),
(60, 1, 'Burkina Faso'),
(60, 3, 'Burkina Faso'),
(60, 4, 'Burkina Faso'),
(61, 1, 'Burma (Myanmar)'),
(61, 3, 'Burma (Myanmar)'),
(61, 4, 'Burma (Myanmar)'),
(62, 1, 'Burundi'),
(62, 3, 'Burundi'),
(62, 4, 'Burundi'),
(63, 1, 'Cambodia'),
(63, 3, 'Cambodia'),
(63, 4, 'Cambodia'),
(64, 1, 'Cameroon'),
(64, 3, 'Cameroon'),
(64, 4, 'Cameroon'),
(65, 1, 'Cape Verde'),
(65, 3, 'Cape Verde'),
(65, 4, 'Cape Verde'),
(66, 1, 'Central African Republic'),
(66, 3, 'Central African Republic'),
(66, 4, 'Central African Republic'),
(67, 1, 'Chad'),
(67, 3, 'Chad'),
(67, 4, 'Chad'),
(68, 1, 'Chile'),
(68, 3, 'Chile'),
(68, 4, 'Chile'),
(69, 1, 'Colombia'),
(69, 3, 'Colombia'),
(69, 4, 'Colombia'),
(70, 1, 'Comoros'),
(70, 3, 'Comoros'),
(70, 4, 'Comoros'),
(71, 1, 'Congo, Dem. Republic'),
(71, 3, 'Congo, Dem. Republic'),
(71, 4, 'Congo, Dem. Republic'),
(72, 1, 'Congo, Republic'),
(72, 3, 'Congo, Republic'),
(72, 4, 'Congo, Republic'),
(73, 1, 'Costa Rica'),
(73, 3, 'Costa Rica'),
(73, 4, 'Costa Rica'),
(74, 1, 'Croatia'),
(74, 3, 'Croatia'),
(74, 4, 'Croatia'),
(75, 1, 'Cuba'),
(75, 3, 'Cuba'),
(75, 4, 'Cuba'),
(76, 1, 'Cyprus'),
(76, 3, 'Cyprus'),
(76, 4, 'Cyprus'),
(77, 1, 'Djibouti'),
(77, 3, 'Djibouti'),
(77, 4, 'Djibouti'),
(78, 1, 'Dominica'),
(78, 3, 'Dominica'),
(78, 4, 'Dominica'),
(79, 1, 'Dominican Republic'),
(79, 3, 'Dominican Republic'),
(79, 4, 'Dominican Republic'),
(80, 1, 'East Timor'),
(80, 3, 'East Timor'),
(80, 4, 'East Timor'),
(81, 1, 'Ecuador'),
(81, 3, 'Ecuador'),
(81, 4, 'Ecuador'),
(82, 1, 'Egypt'),
(82, 3, 'Egypt'),
(82, 4, 'Egypt'),
(83, 1, 'El Salvador'),
(83, 3, 'El Salvador'),
(83, 4, 'El Salvador'),
(84, 1, 'Equatorial Guinea'),
(84, 3, 'Equatorial Guinea'),
(84, 4, 'Equatorial Guinea'),
(85, 1, 'Eritrea'),
(85, 3, 'Eritrea'),
(85, 4, 'Eritrea'),
(86, 1, 'Estonia'),
(86, 3, 'Estonia'),
(86, 4, 'Estonia'),
(87, 1, 'Ethiopia'),
(87, 3, 'Ethiopia'),
(87, 4, 'Ethiopia'),
(88, 1, 'Falkland Islands'),
(88, 3, 'Falkland Islands'),
(88, 4, 'Falkland Islands'),
(89, 1, 'Faroe Islands'),
(89, 3, 'Faroe Islands'),
(89, 4, 'Faroe Islands'),
(90, 1, 'Fiji'),
(90, 3, 'Fiji'),
(90, 4, 'Fiji'),
(91, 1, 'Gabon'),
(91, 3, 'Gabon'),
(91, 4, 'Gabon'),
(92, 1, 'Gambia'),
(92, 3, 'Gambia'),
(92, 4, 'Gambia'),
(93, 1, 'Georgia'),
(93, 3, 'Georgia'),
(93, 4, 'Georgia'),
(94, 1, 'Ghana'),
(94, 3, 'Ghana'),
(94, 4, 'Ghana'),
(95, 1, 'Grenada'),
(95, 3, 'Grenada'),
(95, 4, 'Grenada'),
(96, 1, 'Greenland'),
(96, 3, 'Greenland'),
(96, 4, 'Greenland'),
(97, 1, 'Gibraltar'),
(97, 3, 'Gibraltar'),
(97, 4, 'Gibraltar'),
(98, 1, 'Guadeloupe'),
(98, 3, 'Guadeloupe'),
(98, 4, 'Guadeloupe'),
(99, 1, 'Guam'),
(99, 3, 'Guam'),
(99, 4, 'Guam'),
(100, 1, 'Guatemala'),
(100, 3, 'Guatemala'),
(100, 4, 'Guatemala'),
(101, 1, 'Guernsey'),
(101, 3, 'Guernsey'),
(101, 4, 'Guernsey'),
(102, 1, 'Guinea'),
(102, 3, 'Guinea'),
(102, 4, 'Guinea'),
(103, 1, 'Guinea-Bissau'),
(103, 3, 'Guinea-Bissau'),
(103, 4, 'Guinea-Bissau'),
(104, 1, 'Guyana'),
(104, 3, 'Guyana'),
(104, 4, 'Guyana'),
(105, 1, 'Haiti'),
(105, 3, 'Haiti'),
(105, 4, 'Haiti'),
(106, 1, 'Heard Island and McDonald Islands'),
(106, 3, 'Heard Island and McDonald Islands'),
(106, 4, 'Heard Island and McDonald Islands'),
(107, 1, 'Vatican City State'),
(107, 3, 'Vatican City State'),
(107, 4, 'Vatican City State'),
(108, 1, 'Honduras'),
(108, 3, 'Honduras'),
(108, 4, 'Honduras'),
(109, 1, 'Iceland'),
(109, 3, 'Iceland'),
(109, 4, 'Iceland'),
(110, 1, 'India'),
(110, 3, 'India'),
(110, 4, 'India'),
(111, 1, 'Indonesia'),
(111, 3, 'Indonesia'),
(111, 4, 'Indonesia'),
(112, 1, 'Iran'),
(112, 3, 'Iran'),
(112, 4, 'Iran'),
(113, 1, 'Iraq'),
(113, 3, 'Iraq'),
(113, 4, 'Iraq'),
(114, 1, 'Man Island'),
(114, 3, 'Man Island'),
(114, 4, 'Man Island'),
(115, 1, 'Jamaica'),
(115, 3, 'Jamaica'),
(115, 4, 'Jamaica'),
(116, 1, 'Jersey'),
(116, 3, 'Jersey'),
(116, 4, 'Jersey'),
(117, 1, 'Jordan'),
(117, 3, 'Jordan'),
(117, 4, 'Jordan'),
(118, 1, 'Kazakhstan'),
(118, 3, 'Kazakhstan'),
(118, 4, 'Kazakhstan'),
(119, 1, 'Kenya'),
(119, 3, 'Kenya'),
(119, 4, 'Kenya'),
(120, 1, 'Kiribati'),
(120, 3, 'Kiribati'),
(120, 4, 'Kiribati'),
(121, 1, 'Korea, Dem. Republic of'),
(121, 3, 'Korea, Dem. Republic of'),
(121, 4, 'Korea, Dem. Republic of'),
(122, 1, 'Kuwait'),
(122, 3, 'Kuwait'),
(122, 4, 'Kuwait'),
(123, 1, 'Kyrgyzstan'),
(123, 3, 'Kyrgyzstan'),
(123, 4, 'Kyrgyzstan'),
(124, 1, 'Laos'),
(124, 3, 'Laos'),
(124, 4, 'Laos'),
(125, 1, 'Latvia'),
(125, 3, 'Latvia'),
(125, 4, 'Latvia'),
(126, 1, 'Lebanon'),
(126, 3, 'Lebanon'),
(126, 4, 'Lebanon'),
(127, 1, 'Lesotho'),
(127, 3, 'Lesotho'),
(127, 4, 'Lesotho'),
(128, 1, 'Liberia'),
(128, 3, 'Liberia'),
(128, 4, 'Liberia'),
(129, 1, 'Libya'),
(129, 3, 'Libya'),
(129, 4, 'Libya'),
(130, 1, 'Liechtenstein'),
(130, 3, 'Liechtenstein'),
(130, 4, 'Liechtenstein'),
(131, 1, 'Lithuania'),
(131, 3, 'Lithuania'),
(131, 4, 'Lithuania'),
(132, 1, 'Macau'),
(132, 3, 'Macau'),
(132, 4, 'Macau'),
(133, 1, 'Macedonia'),
(133, 3, 'Macedonia'),
(133, 4, 'Macedonia'),
(134, 1, 'Madagascar'),
(134, 3, 'Madagascar'),
(134, 4, 'Madagascar'),
(135, 1, 'Malawi'),
(135, 3, 'Malawi'),
(135, 4, 'Malawi'),
(136, 1, 'Malaysia'),
(136, 3, 'Malaysia'),
(136, 4, 'Malaysia'),
(137, 1, 'Maldives'),
(137, 3, 'Maldives'),
(137, 4, 'Maldives'),
(138, 1, 'Mali'),
(138, 3, 'Mali'),
(138, 4, 'Mali'),
(139, 1, 'Malta'),
(139, 3, 'Malta'),
(139, 4, 'Malta'),
(140, 1, 'Marshall Islands'),
(140, 3, 'Marshall Islands'),
(140, 4, 'Marshall Islands'),
(141, 1, 'Martinique'),
(141, 3, 'Martinique'),
(141, 4, 'Martinique'),
(142, 1, 'Mauritania'),
(142, 3, 'Mauritania'),
(142, 4, 'Mauritania'),
(143, 1, 'Hungary'),
(143, 3, 'Hungary'),
(143, 4, 'Hungary'),
(144, 1, 'Mayotte'),
(144, 3, 'Mayotte'),
(144, 4, 'Mayotte'),
(145, 1, 'Mexico'),
(145, 3, 'Mexico'),
(145, 4, 'Mexico'),
(146, 1, 'Micronesia'),
(146, 3, 'Micronesia'),
(146, 4, 'Micronesia'),
(147, 1, 'Moldova'),
(147, 3, 'Moldova'),
(147, 4, 'Moldova'),
(148, 1, 'Monaco'),
(148, 3, 'Monaco'),
(148, 4, 'Monaco'),
(149, 1, 'Mongolia'),
(149, 3, 'Mongolia'),
(149, 4, 'Mongolia'),
(150, 1, 'Montenegro'),
(150, 3, 'Montenegro'),
(150, 4, 'Montenegro'),
(151, 1, 'Montserrat'),
(151, 3, 'Montserrat'),
(151, 4, 'Montserrat'),
(152, 1, 'Morocco'),
(152, 3, 'Morocco'),
(152, 4, 'Morocco'),
(153, 1, 'Mozambique'),
(153, 3, 'Mozambique'),
(153, 4, 'Mozambique'),
(154, 1, 'Namibia'),
(154, 3, 'Namibia'),
(154, 4, 'Namibia'),
(155, 1, 'Nauru'),
(155, 3, 'Nauru'),
(155, 4, 'Nauru'),
(156, 1, 'Nepal'),
(156, 3, 'Nepal'),
(156, 4, 'Nepal'),
(157, 1, 'Netherlands Antilles'),
(157, 3, 'Netherlands Antilles'),
(157, 4, 'Netherlands Antilles'),
(158, 1, 'New Caledonia'),
(158, 3, 'New Caledonia'),
(158, 4, 'New Caledonia'),
(159, 1, 'Nicaragua'),
(159, 3, 'Nicaragua'),
(159, 4, 'Nicaragua'),
(160, 1, 'Niger'),
(160, 3, 'Niger'),
(160, 4, 'Niger'),
(161, 1, 'Niue'),
(161, 3, 'Niue'),
(161, 4, 'Niue'),
(162, 1, 'Norfolk Island'),
(162, 3, 'Norfolk Island'),
(162, 4, 'Norfolk Island'),
(163, 1, 'Northern Mariana Islands'),
(163, 3, 'Northern Mariana Islands'),
(163, 4, 'Northern Mariana Islands'),
(164, 1, 'Oman'),
(164, 3, 'Oman'),
(164, 4, 'Oman'),
(165, 1, 'Pakistan'),
(165, 3, 'Pakistan'),
(165, 4, 'Pakistan'),
(166, 1, 'Palau'),
(166, 3, 'Palau'),
(166, 4, 'Palau'),
(167, 1, 'Palestinian Territories'),
(167, 3, 'Palestinian Territories'),
(167, 4, 'Palestinian Territories'),
(168, 1, 'Panama'),
(168, 3, 'Panama'),
(168, 4, 'Panama'),
(169, 1, 'Papua New Guinea'),
(169, 3, 'Papua New Guinea'),
(169, 4, 'Papua New Guinea'),
(170, 1, 'Paraguay'),
(170, 3, 'Paraguay'),
(170, 4, 'Paraguay'),
(171, 1, 'Peru'),
(171, 3, 'Peru'),
(171, 4, 'Peru'),
(172, 1, 'Philippines'),
(172, 3, 'Philippines'),
(172, 4, 'Philippines'),
(173, 1, 'Pitcairn'),
(173, 3, 'Pitcairn'),
(173, 4, 'Pitcairn'),
(174, 1, 'Puerto Rico'),
(174, 3, 'Puerto Rico'),
(174, 4, 'Puerto Rico'),
(175, 1, 'Qatar'),
(175, 3, 'Qatar'),
(175, 4, 'Qatar'),
(176, 1, 'Reunion Island'),
(176, 3, 'Reunion Island'),
(176, 4, 'Reunion Island'),
(177, 1, 'Russian Federation'),
(177, 3, 'Russian Federation'),
(177, 4, 'Russian Federation'),
(178, 1, 'Rwanda'),
(178, 3, 'Rwanda'),
(178, 4, 'Rwanda'),
(179, 1, 'Saint Barthelemy'),
(179, 3, 'Saint Barthelemy'),
(179, 4, 'Saint Barthelemy'),
(180, 1, 'Saint Kitts and Nevis'),
(180, 3, 'Saint Kitts and Nevis'),
(180, 4, 'Saint Kitts and Nevis'),
(181, 1, 'Saint Lucia'),
(181, 3, 'Saint Lucia'),
(181, 4, 'Saint Lucia'),
(182, 1, 'Saint Martin'),
(182, 3, 'Saint Martin'),
(182, 4, 'Saint Martin'),
(183, 1, 'Saint Pierre and Miquelon'),
(183, 3, 'Saint Pierre and Miquelon'),
(183, 4, 'Saint Pierre and Miquelon'),
(184, 1, 'Saint Vincent and the Grenadines'),
(184, 3, 'Saint Vincent and the Grenadines'),
(184, 4, 'Saint Vincent and the Grenadines'),
(185, 1, 'Samoa'),
(185, 3, 'Samoa'),
(185, 4, 'Samoa'),
(186, 1, 'San Marino'),
(186, 3, 'San Marino'),
(186, 4, 'San Marino'),
(187, 1, 'São Tomé and Príncipe'),
(187, 3, 'São Tomé and Príncipe'),
(187, 4, 'São Tomé and Príncipe'),
(188, 1, 'Saudi Arabia'),
(188, 3, 'Saudi Arabia'),
(188, 4, 'Saudi Arabia'),
(189, 1, 'Senegal'),
(189, 3, 'Senegal'),
(189, 4, 'Senegal'),
(190, 1, 'Serbia'),
(190, 3, 'Serbia'),
(190, 4, 'Serbia'),
(191, 1, 'Seychelles'),
(191, 3, 'Seychelles'),
(191, 4, 'Seychelles'),
(192, 1, 'Sierra Leone'),
(192, 3, 'Sierra Leone'),
(192, 4, 'Sierra Leone'),
(193, 1, 'Slovenia'),
(193, 3, 'Slovenia'),
(193, 4, 'Slovenia'),
(194, 1, 'Solomon Islands'),
(194, 3, 'Solomon Islands'),
(194, 4, 'Solomon Islands'),
(195, 1, 'Somalia'),
(195, 3, 'Somalia'),
(195, 4, 'Somalia'),
(196, 1, 'South Georgia and the South Sandwich Islands'),
(196, 3, 'South Georgia and the South Sandwich Islands'),
(196, 4, 'South Georgia and the South Sandwich Islands'),
(197, 1, 'Sri Lanka'),
(197, 3, 'Sri Lanka'),
(197, 4, 'Sri Lanka'),
(198, 1, 'Sudan'),
(198, 3, 'Sudan'),
(198, 4, 'Sudan'),
(199, 1, 'Suriname'),
(199, 3, 'Suriname'),
(199, 4, 'Suriname'),
(200, 1, 'Svalbard and Jan Mayen'),
(200, 3, 'Svalbard and Jan Mayen'),
(200, 4, 'Svalbard and Jan Mayen'),
(201, 1, 'Swaziland'),
(201, 3, 'Swaziland'),
(201, 4, 'Swaziland'),
(202, 1, 'Syria'),
(202, 3, 'Syria'),
(202, 4, 'Syria'),
(203, 1, 'Taiwan'),
(203, 3, 'Taiwan'),
(203, 4, 'Taiwan'),
(204, 1, 'Tajikistan'),
(204, 3, 'Tajikistan'),
(204, 4, 'Tajikistan'),
(205, 1, 'Tanzania'),
(205, 3, 'Tanzania'),
(205, 4, 'Tanzania'),
(206, 1, 'Thailand'),
(206, 3, 'Thailand'),
(206, 4, 'Thailand'),
(207, 1, 'Tokelau'),
(207, 3, 'Tokelau'),
(207, 4, 'Tokelau'),
(208, 1, 'Tonga'),
(208, 3, 'Tonga'),
(208, 4, 'Tonga'),
(209, 1, 'Trinidad and Tobago'),
(209, 3, 'Trinidad and Tobago'),
(209, 4, 'Trinidad and Tobago'),
(210, 1, 'Tunisia'),
(210, 3, 'Tunisia'),
(210, 4, 'Tunisia'),
(211, 1, 'Turkey'),
(211, 3, 'Turkey'),
(211, 4, 'Turkey'),
(212, 1, 'Turkmenistan'),
(212, 3, 'Turkmenistan'),
(212, 4, 'Turkmenistan'),
(213, 1, 'Turks and Caicos Islands'),
(213, 3, 'Turks and Caicos Islands'),
(213, 4, 'Turks and Caicos Islands'),
(214, 1, 'Tuvalu'),
(214, 3, 'Tuvalu'),
(214, 4, 'Tuvalu'),
(215, 1, 'Uganda'),
(215, 3, 'Uganda'),
(215, 4, 'Uganda'),
(216, 1, 'Ukraine'),
(216, 3, 'Ukraine'),
(216, 4, 'Ukraine'),
(217, 1, 'United Arab Emirates'),
(217, 3, 'United Arab Emirates'),
(217, 4, 'United Arab Emirates'),
(218, 1, 'Uruguay'),
(218, 3, 'Uruguay'),
(218, 4, 'Uruguay'),
(219, 1, 'Uzbekistan'),
(219, 3, 'Uzbekistan'),
(219, 4, 'Uzbekistan'),
(220, 1, 'Vanuatu'),
(220, 3, 'Vanuatu'),
(220, 4, 'Vanuatu'),
(221, 1, 'Venezuela'),
(221, 3, 'Venezuela'),
(221, 4, 'Venezuela'),
(222, 1, 'Vietnam'),
(222, 3, 'Vietnam'),
(222, 4, 'Vietnam'),
(223, 1, 'Virgin Islands (British)'),
(223, 3, 'Virgin Islands (British)'),
(223, 4, 'Virgin Islands (British)'),
(224, 1, 'Virgin Islands (U.S.)'),
(224, 3, 'Virgin Islands (U.S.)'),
(224, 4, 'Virgin Islands (U.S.)'),
(225, 1, 'Wallis and Futuna'),
(225, 3, 'Wallis and Futuna'),
(225, 4, 'Wallis and Futuna'),
(226, 1, 'Western Sahara'),
(226, 3, 'Western Sahara'),
(226, 4, 'Western Sahara'),
(227, 1, 'Yemen'),
(227, 3, 'Yemen'),
(227, 4, 'Yemen'),
(228, 1, 'Zambia'),
(228, 3, 'Zambia'),
(228, 4, 'Zambia'),
(229, 1, 'Zimbabwe'),
(229, 3, 'Zimbabwe'),
(229, 4, 'Zimbabwe'),
(230, 1, 'Albania'),
(230, 3, 'Albania'),
(230, 4, 'Albania'),
(231, 1, 'Afghanistan'),
(231, 3, 'Afghanistan'),
(231, 4, 'Afghanistan'),
(232, 1, 'Antarctica'),
(232, 3, 'Antarctica'),
(232, 4, 'Antarctica'),
(233, 1, 'Bosnia and Herzegovina'),
(233, 3, 'Bosnia and Herzegovina'),
(233, 4, 'Bosnia and Herzegovina'),
(234, 1, 'Bouvet Island'),
(234, 3, 'Bouvet Island'),
(234, 4, 'Bouvet Island'),
(235, 1, 'British Indian Ocean Territory'),
(235, 3, 'British Indian Ocean Territory'),
(235, 4, 'British Indian Ocean Territory'),
(236, 1, 'Bulgaria'),
(236, 3, 'Bulgaria'),
(236, 4, 'Bulgaria'),
(237, 1, 'Cayman Islands'),
(237, 3, 'Cayman Islands'),
(237, 4, 'Cayman Islands'),
(238, 1, 'Christmas Island'),
(238, 3, 'Christmas Island'),
(238, 4, 'Christmas Island'),
(239, 1, 'Cocos (Keeling) Islands'),
(239, 3, 'Cocos (Keeling) Islands'),
(239, 4, 'Cocos (Keeling) Islands'),
(240, 1, 'Cook Islands'),
(240, 3, 'Cook Islands'),
(240, 4, 'Cook Islands'),
(241, 1, 'French Guiana'),
(241, 3, 'French Guiana'),
(241, 4, 'French Guiana'),
(242, 1, 'French Polynesia'),
(242, 3, 'French Polynesia'),
(242, 4, 'French Polynesia'),
(243, 1, 'French Southern Territories'),
(243, 3, 'French Southern Territories'),
(243, 4, 'French Southern Territories'),
(244, 1, 'Åland Islands'),
(244, 3, 'Åland Islands'),
(244, 4, 'Åland Islands');

-- --------------------------------------------------------

--
-- Estructura de tabla para la tabla `pr_country_shop`
--

CREATE TABLE `pr_country_shop` (
  `id_country` int UNSIGNED NOT NULL,
  `id_shop` int UNSIGNED NOT NULL
) ENGINE=InnoDB DEFAULT CHARSET=utf8mb4 COLLATE=utf8mb4_general_ci;

--
-- Volcado de datos para la tabla `pr_country_shop`
--

INSERT INTO `pr_country_shop` (`id_country`, `id_shop`) VALUES
(1, 1),
(2, 1),
(3, 1),
(4, 1),
(5, 1),
(6, 1),
(7, 1),
(8, 1),
(9, 1),
(10, 1),
(11, 1),
(12, 1),
(13, 1),
(14, 1),
(15, 1),
(16, 1),
(17, 1),
(18, 1),
(19, 1),
(20, 1),
(21, 1),
(22, 1),
(23, 1),
(24, 1),
(25, 1),
(26, 1),
(27, 1),
(28, 1),
(29, 1),
(30, 1),
(31, 1),
(32, 1),
(33, 1),
(34, 1),
(35, 1),
(36, 1),
(37, 1),
(38, 1),
(39, 1),
(40, 1),
(41, 1),
(42, 1),
(43, 1),
(44, 1),
(45, 1),
(46, 1),
(47, 1),
(48, 1),
(49, 1),
(50, 1),
(51, 1),
(52, 1),
(53, 1),
(54, 1),
(55, 1),
(56, 1),
(57, 1),
(58, 1),
(59, 1),
(60, 1),
(61, 1),
(62, 1),
(63, 1),
(64, 1),
(65, 1),
(66, 1),
(67, 1),
(68, 1),
(69, 1),
(70, 1),
(71, 1),
(72, 1),
(73, 1),
(74, 1),
(75, 1),
(76, 1),
(77, 1),
(78, 1),
(79, 1),
(80, 1),
(81, 1),
(82, 1),
(83, 1),
(84, 1),
(85, 1),
(86, 1),
(87, 1),
(88, 1),
(89, 1),
(90, 1),
(91, 1),
(92, 1),
(93, 1),
(94, 1),
(95, 1),
(96, 1),
(97, 1),
(98, 1),
(99, 1),
(100, 1),
(101, 1),
(102, 1),
(103, 1),
(104, 1),
(105, 1),
(106, 1),
(107, 1),
(108, 1),
(109, 1),
(110, 1),
(111, 1),
(112, 1),
(113, 1),
(114, 1),
(115, 1),
(116, 1),
(117, 1),
(118, 1),
(119, 1),
(120, 1),
(121, 1),
(122, 1),
(123, 1),
(124, 1),
(125, 1),
(126, 1),
(127, 1),
(128, 1),
(129, 1),
(130, 1),
(131, 1),
(132, 1),
(133, 1),
(134, 1),
(135, 1),
(136, 1),
(137, 1),
(138, 1),
(139, 1),
(140, 1),
(141, 1),
(142, 1),
(143, 1),
(144, 1),
(145, 1),
(146, 1),
(147, 1),
(148, 1),
(149, 1),
(150, 1),
(151, 1),
(152, 1),
(153, 1),
(154, 1),
(155, 1),
(156, 1),
(157, 1),
(158, 1),
(159, 1),
(160, 1),
(161, 1),
(162, 1),
(163, 1),
(164, 1),
(165, 1),
(166, 1),
(167, 1),
(168, 1),
(169, 1),
(170, 1),
(171, 1),
(172, 1),
(173, 1),
(174, 1),
(175, 1),
(176, 1),
(177, 1),
(178, 1),
(179, 1),
(180, 1),
(181, 1),
(182, 1),
(183, 1),
(184, 1),
(185, 1),
(186, 1),
(187, 1),
(188, 1),
(189, 1),
(190, 1),
(191, 1),
(192, 1),
(193, 1),
(194, 1),
(195, 1),
(196, 1),
(197, 1),
(198, 1),
(199, 1),
(200, 1),
(201, 1),
(202, 1),
(203, 1),
(204, 1),
(205, 1),
(206, 1),
(207, 1),
(208, 1),
(209, 1),
(210, 1),
(211, 1),
(212, 1),
(213, 1),
(214, 1),
(215, 1),
(216, 1),
(217, 1),
(218, 1),
(219, 1),
(220, 1),
(221, 1),
(222, 1),
(223, 1),
(224, 1),
(225, 1),
(226, 1),
(227, 1),
(228, 1),
(229, 1),
(230, 1),
(231, 1),
(232, 1),
(233, 1),
(234, 1),
(235, 1),
(236, 1),
(237, 1),
(238, 1),
(239, 1),
(240, 1),
(241, 1),
(242, 1),
(243, 1),
(244, 1);

-- --------------------------------------------------------

--
-- Estructura de tabla para la tabla `pr_currency`
--

CREATE TABLE `pr_currency` (
  `id_currency` int UNSIGNED NOT NULL,
  `name` varchar(64) CHARACTER SET utf8mb4 COLLATE utf8mb4_general_ci NOT NULL,
  `iso_code` varchar(3) CHARACTER SET utf8mb4 COLLATE utf8mb4_general_ci NOT NULL DEFAULT '0',
  `numeric_iso_code` varchar(3) CHARACTER SET utf8mb4 COLLATE utf8mb4_general_ci DEFAULT NULL,
  `precision` int NOT NULL DEFAULT '6',
  `conversion_rate` decimal(13,6) NOT NULL,
  `deleted` tinyint UNSIGNED NOT NULL DEFAULT '0',
  `active` tinyint UNSIGNED NOT NULL DEFAULT '1',
  `unofficial` tinyint UNSIGNED NOT NULL DEFAULT '0',
  `modified` tinyint UNSIGNED NOT NULL DEFAULT '0'
) ENGINE=InnoDB DEFAULT CHARSET=utf8mb4 COLLATE=utf8mb4_general_ci;

--
-- Volcado de datos para la tabla `pr_currency`
--

INSERT INTO `pr_currency` (`id_currency`, `name`, `iso_code`, `numeric_iso_code`, `precision`, `conversion_rate`, `deleted`, `active`, `unofficial`, `modified`) VALUES
(1, '', 'USD', '840', 2, 1.000000, 1, 1, 0, 0),
(2, '', 'EUR', '978', 2, 1.000000, 1, 1, 0, 0),
(3, '', 'USD', '840', 2, 0.015549, 0, 0, 0, 0),
(4, '', 'ARS', '032', 2, 1.000000, 0, 1, 0, 0);

-- --------------------------------------------------------

--
-- Estructura de tabla para la tabla `pr_currency_lang`
--

CREATE TABLE `pr_currency_lang` (
  `id_currency` int UNSIGNED NOT NULL,
  `id_lang` int UNSIGNED NOT NULL,
  `name` varchar(255) CHARACTER SET utf8mb4 COLLATE utf8mb4_general_ci NOT NULL,
  `symbol` varchar(255) CHARACTER SET utf8mb4 COLLATE utf8mb4_general_ci NOT NULL,
  `pattern` varchar(255) CHARACTER SET utf8mb4 COLLATE utf8mb4_general_ci DEFAULT NULL
) ENGINE=InnoDB DEFAULT CHARSET=utf8mb4 COLLATE=utf8mb4_general_ci;

--
-- Volcado de datos para la tabla `pr_currency_lang`
--

INSERT INTO `pr_currency_lang` (`id_currency`, `id_lang`, `name`, `symbol`, `pattern`) VALUES
(1, 1, 'US Dollar', '$', NULL),
(1, 3, 'US Dollar', '$', NULL),
(1, 4, 'US Dollar', '$', NULL),
(2, 1, 'Euro', '€', NULL),
(2, 3, 'Euro', '€', NULL),
(2, 4, 'Euro', '€', NULL),
(3, 1, 'Dólar estadounidense', '$', NULL),
(3, 3, 'Dólar estadounidense', '$', NULL),
(3, 4, 'Dólar estadounidense', '$', NULL),
(4, 1, '', '', NULL),
(4, 3, '', '', NULL),
(4, 4, 'peso argentino', '$', NULL);

-- --------------------------------------------------------

--
-- Estructura de tabla para la tabla `pr_currency_shop`
--

CREATE TABLE `pr_currency_shop` (
  `id_currency` int UNSIGNED NOT NULL,
  `id_shop` int UNSIGNED NOT NULL,
  `conversion_rate` decimal(13,6) NOT NULL
) ENGINE=InnoDB DEFAULT CHARSET=utf8mb4 COLLATE=utf8mb4_general_ci;

--
-- Volcado de datos para la tabla `pr_currency_shop`
--

INSERT INTO `pr_currency_shop` (`id_currency`, `id_shop`, `conversion_rate`) VALUES
(1, 1, 1.000000),
(2, 1, 1.000000),
(3, 1, 0.015549),
(4, 1, 1.000000);

-- --------------------------------------------------------

--
-- Estructura de tabla para la tabla `pr_customer`
--

CREATE TABLE `pr_customer` (
  `id_customer` int UNSIGNED NOT NULL,
  `id_shop_group` int UNSIGNED NOT NULL DEFAULT '1',
  `id_shop` int UNSIGNED NOT NULL DEFAULT '1',
  `id_gender` int UNSIGNED NOT NULL,
  `id_default_group` int UNSIGNED NOT NULL DEFAULT '1',
  `id_lang` int UNSIGNED DEFAULT NULL,
  `id_risk` int UNSIGNED NOT NULL DEFAULT '1',
  `company` varchar(255) CHARACTER SET utf8mb4 COLLATE utf8mb4_general_ci DEFAULT NULL,
  `siret` varchar(14) CHARACTER SET utf8mb4 COLLATE utf8mb4_general_ci DEFAULT NULL,
  `ape` varchar(5) CHARACTER SET utf8mb4 COLLATE utf8mb4_general_ci DEFAULT NULL,
  `firstname` varchar(255) CHARACTER SET utf8mb4 COLLATE utf8mb4_general_ci NOT NULL,
  `lastname` varchar(255) CHARACTER SET utf8mb4 COLLATE utf8mb4_general_ci NOT NULL,
  `email` varchar(255) CHARACTER SET utf8mb4 COLLATE utf8mb4_general_ci NOT NULL,
  `passwd` varchar(255) CHARACTER SET utf8mb4 COLLATE utf8mb4_general_ci NOT NULL,
  `last_passwd_gen` timestamp NOT NULL DEFAULT CURRENT_TIMESTAMP,
  `birthday` date DEFAULT NULL,
  `newsletter` tinyint UNSIGNED NOT NULL DEFAULT '0',
  `ip_registration_newsletter` varchar(15) CHARACTER SET utf8mb4 COLLATE utf8mb4_general_ci DEFAULT NULL,
  `newsletter_date_add` datetime DEFAULT NULL,
  `optin` tinyint UNSIGNED NOT NULL DEFAULT '0',
  `website` varchar(128) CHARACTER SET utf8mb4 COLLATE utf8mb4_general_ci DEFAULT NULL,
  `outstanding_allow_amount` decimal(20,6) NOT NULL DEFAULT '0.000000',
  `show_public_prices` tinyint UNSIGNED NOT NULL DEFAULT '0',
  `max_payment_days` int UNSIGNED NOT NULL DEFAULT '60',
  `secure_key` varchar(32) CHARACTER SET utf8mb4 COLLATE utf8mb4_general_ci NOT NULL DEFAULT '-1',
  `note` mediumtext CHARACTER SET utf8mb4 COLLATE utf8mb4_general_ci,
  `active` tinyint UNSIGNED NOT NULL DEFAULT '0',
  `is_guest` tinyint(1) NOT NULL DEFAULT '0',
  `deleted` tinyint(1) NOT NULL DEFAULT '0',
  `date_add` datetime NOT NULL,
  `date_upd` datetime NOT NULL,
  `reset_password_token` varchar(40) CHARACTER SET utf8mb4 COLLATE utf8mb4_general_ci DEFAULT NULL,
  `reset_password_validity` datetime DEFAULT NULL
) ENGINE=InnoDB DEFAULT CHARSET=utf8mb4 COLLATE=utf8mb4_general_ci;

-- --------------------------------------------------------

--
-- Estructura de tabla para la tabla `pr_customer_group`
--

CREATE TABLE `pr_customer_group` (
  `id_customer` int UNSIGNED NOT NULL,
  `id_group` int UNSIGNED NOT NULL
) ENGINE=InnoDB DEFAULT CHARSET=utf8mb4 COLLATE=utf8mb4_general_ci;

-- --------------------------------------------------------

--
-- Estructura de tabla para la tabla `pr_customer_message`
--

CREATE TABLE `pr_customer_message` (
  `id_customer_message` int UNSIGNED NOT NULL,
  `id_customer_thread` int DEFAULT NULL,
  `id_employee` int UNSIGNED DEFAULT NULL,
  `message` longtext CHARACTER SET utf8mb4 COLLATE utf8mb4_general_ci NOT NULL,
  `file_name` varchar(18) CHARACTER SET utf8mb4 COLLATE utf8mb4_general_ci DEFAULT NULL,
  `ip_address` varchar(16) CHARACTER SET utf8mb4 COLLATE utf8mb4_general_ci DEFAULT NULL,
  `user_agent` varchar(128) CHARACTER SET utf8mb4 COLLATE utf8mb4_general_ci DEFAULT NULL,
  `date_add` datetime NOT NULL,
  `date_upd` datetime NOT NULL,
  `private` tinyint NOT NULL DEFAULT '0',
  `read` tinyint(1) NOT NULL DEFAULT '0'
) ENGINE=InnoDB DEFAULT CHARSET=utf8mb4 COLLATE=utf8mb4_general_ci;

-- --------------------------------------------------------

--
-- Estructura de tabla para la tabla `pr_customer_message_sync_imap`
--

CREATE TABLE `pr_customer_message_sync_imap` (
  `md5_header` varbinary(32) NOT NULL
) ENGINE=InnoDB DEFAULT CHARSET=utf8mb4 COLLATE=utf8mb4_general_ci;

-- --------------------------------------------------------

--
-- Estructura de tabla para la tabla `pr_customer_session`
--

CREATE TABLE `pr_customer_session` (
  `id_customer_session` int UNSIGNED NOT NULL,
  `id_customer` int UNSIGNED DEFAULT NULL,
  `token` varchar(40) CHARACTER SET utf8mb4 COLLATE utf8mb4_general_ci DEFAULT NULL
) ENGINE=InnoDB DEFAULT CHARSET=utf8mb4 COLLATE=utf8mb4_general_ci;

-- --------------------------------------------------------

--
-- Estructura de tabla para la tabla `pr_customer_thread`
--

CREATE TABLE `pr_customer_thread` (
  `id_customer_thread` int UNSIGNED NOT NULL,
  `id_shop` int UNSIGNED NOT NULL DEFAULT '1',
  `id_lang` int UNSIGNED NOT NULL,
  `id_contact` int UNSIGNED NOT NULL,
  `id_customer` int UNSIGNED DEFAULT NULL,
  `id_order` int UNSIGNED DEFAULT NULL,
  `id_product` int UNSIGNED DEFAULT NULL,
  `status` enum('open','closed','pending1','pending2') CHARACTER SET utf8mb4 COLLATE utf8mb4_general_ci NOT NULL DEFAULT 'open',
  `email` varchar(255) CHARACTER SET utf8mb4 COLLATE utf8mb4_general_ci NOT NULL,
  `token` varchar(12) CHARACTER SET utf8mb4 COLLATE utf8mb4_general_ci DEFAULT NULL,
  `date_add` datetime NOT NULL,
  `date_upd` datetime NOT NULL
) ENGINE=InnoDB DEFAULT CHARSET=utf8mb4 COLLATE=utf8mb4_general_ci;

-- --------------------------------------------------------

--
-- Estructura de tabla para la tabla `pr_customization`
--

CREATE TABLE `pr_customization` (
  `id_customization` int UNSIGNED NOT NULL,
  `id_product_attribute` int UNSIGNED NOT NULL DEFAULT '0',
  `id_address_delivery` int UNSIGNED NOT NULL DEFAULT '0',
  `id_cart` int UNSIGNED NOT NULL,
  `id_product` int NOT NULL,
  `quantity` int NOT NULL,
  `quantity_refunded` int NOT NULL DEFAULT '0',
  `quantity_returned` int NOT NULL DEFAULT '0',
  `in_cart` tinyint UNSIGNED NOT NULL DEFAULT '0'
) ENGINE=InnoDB DEFAULT CHARSET=utf8mb4 COLLATE=utf8mb4_general_ci;

-- --------------------------------------------------------

--
-- Estructura de tabla para la tabla `pr_customization_field`
--

CREATE TABLE `pr_customization_field` (
  `id_customization_field` int UNSIGNED NOT NULL,
  `id_product` int UNSIGNED NOT NULL,
  `type` tinyint(1) NOT NULL,
  `required` tinyint(1) NOT NULL,
  `is_module` tinyint(1) NOT NULL DEFAULT '0',
  `is_deleted` tinyint(1) NOT NULL DEFAULT '0'
) ENGINE=InnoDB DEFAULT CHARSET=utf8mb4 COLLATE=utf8mb4_general_ci;

-- --------------------------------------------------------

--
-- Estructura de tabla para la tabla `pr_customization_field_lang`
--

CREATE TABLE `pr_customization_field_lang` (
  `id_customization_field` int UNSIGNED NOT NULL,
  `id_lang` int UNSIGNED NOT NULL,
  `id_shop` int UNSIGNED NOT NULL DEFAULT '1',
  `name` varchar(255) CHARACTER SET utf8mb4 COLLATE utf8mb4_general_ci NOT NULL
) ENGINE=InnoDB DEFAULT CHARSET=utf8mb4 COLLATE=utf8mb4_general_ci;

-- --------------------------------------------------------

--
-- Estructura de tabla para la tabla `pr_customized_data`
--

CREATE TABLE `pr_customized_data` (
  `id_customization` int UNSIGNED NOT NULL,
  `type` tinyint(1) NOT NULL,
  `index` int NOT NULL,
  `value` varchar(255) CHARACTER SET utf8mb4 COLLATE utf8mb4_general_ci NOT NULL,
  `id_module` int NOT NULL DEFAULT '0',
  `price` decimal(20,6) NOT NULL DEFAULT '0.000000',
  `weight` decimal(20,6) NOT NULL DEFAULT '0.000000'
) ENGINE=InnoDB DEFAULT CHARSET=utf8mb4 COLLATE=utf8mb4_general_ci;

-- --------------------------------------------------------

--
-- Estructura de tabla para la tabla `pr_date_range`
--

CREATE TABLE `pr_date_range` (
  `id_date_range` int UNSIGNED NOT NULL,
  `time_start` datetime NOT NULL,
  `time_end` datetime NOT NULL
) ENGINE=InnoDB DEFAULT CHARSET=utf8mb4 COLLATE=utf8mb4_general_ci;

-- --------------------------------------------------------

--
-- Estructura de tabla para la tabla `pr_delivery`
--

CREATE TABLE `pr_delivery` (
  `id_delivery` int UNSIGNED NOT NULL,
  `id_shop` int UNSIGNED DEFAULT NULL,
  `id_shop_group` int UNSIGNED DEFAULT NULL,
  `id_carrier` int UNSIGNED NOT NULL,
  `id_range_price` int UNSIGNED DEFAULT NULL,
  `id_range_weight` int UNSIGNED DEFAULT NULL,
  `id_zone` int UNSIGNED NOT NULL,
  `price` decimal(20,6) NOT NULL
) ENGINE=InnoDB DEFAULT CHARSET=utf8mb4 COLLATE=utf8mb4_general_ci;

--
-- Volcado de datos para la tabla `pr_delivery`
--

INSERT INTO `pr_delivery` (`id_delivery`, `id_shop`, `id_shop_group`, `id_carrier`, `id_range_price`, `id_range_weight`, `id_zone`, `price`) VALUES
(339, NULL, NULL, 25, NULL, 24, 9, 100.000000),
(340, NULL, NULL, 25, NULL, 24, 10, 100.000000),
(341, NULL, NULL, 25, NULL, 24, 11, 100.000000),
(342, NULL, NULL, 25, NULL, 24, 12, 100.000000),
(343, NULL, NULL, 25, NULL, 24, 13, 100.000000),
(344, NULL, NULL, 25, NULL, 24, 14, 100.000000),
(345, NULL, NULL, 25, NULL, 24, 15, 100.000000),
(346, NULL, NULL, 25, NULL, 24, 16, 100.000000),
(347, NULL, NULL, 25, NULL, 24, 17, 100.000000),
(348, NULL, NULL, 25, NULL, 24, 18, 100.000000),
(349, NULL, NULL, 25, NULL, 24, 19, 100.000000),
(350, NULL, NULL, 25, NULL, 24, 20, 100.000000),
(351, NULL, NULL, 25, NULL, 24, 21, 100.000000),
(352, NULL, NULL, 25, NULL, 24, 22, 100.000000),
(353, NULL, NULL, 25, NULL, 24, 23, 100.000000),
(354, NULL, NULL, 25, NULL, 24, 24, 100.000000),
(355, NULL, NULL, 25, NULL, 24, 25, 100.000000),
(356, NULL, NULL, 25, NULL, 24, 26, 100.000000),
(357, NULL, NULL, 25, NULL, 24, 27, 100.000000),
(358, NULL, NULL, 25, NULL, 24, 28, 100.000000),
(359, NULL, NULL, 25, NULL, 24, 29, 100.000000),
(360, NULL, NULL, 25, NULL, 24, 30, 100.000000),
(361, NULL, NULL, 25, NULL, 24, 31, 100.000000),
(362, NULL, NULL, 25, NULL, 24, 32, 100.000000),
(387, NULL, NULL, 27, NULL, 26, 9, 100.000000),
(388, NULL, NULL, 27, NULL, 26, 10, 100.000000),
(389, NULL, NULL, 27, NULL, 26, 11, 100.000000),
(390, NULL, NULL, 27, NULL, 26, 12, 100.000000),
(391, NULL, NULL, 27, NULL, 26, 13, 100.000000),
(392, NULL, NULL, 27, NULL, 26, 14, 100.000000),
(393, NULL, NULL, 27, NULL, 26, 15, 100.000000),
(394, NULL, NULL, 27, NULL, 26, 16, 100.000000),
(395, NULL, NULL, 27, NULL, 26, 17, 100.000000),
(396, NULL, NULL, 27, NULL, 26, 18, 100.000000),
(397, NULL, NULL, 27, NULL, 26, 19, 100.000000),
(398, NULL, NULL, 27, NULL, 26, 20, 100.000000),
(399, NULL, NULL, 27, NULL, 26, 21, 100.000000),
(400, NULL, NULL, 27, NULL, 26, 22, 100.000000),
(401, NULL, NULL, 27, NULL, 26, 23, 100.000000),
(402, NULL, NULL, 27, NULL, 26, 24, 100.000000),
(403, NULL, NULL, 27, NULL, 26, 25, 100.000000),
(404, NULL, NULL, 27, NULL, 26, 26, 100.000000),
(405, NULL, NULL, 27, NULL, 26, 27, 100.000000),
(406, NULL, NULL, 27, NULL, 26, 28, 100.000000),
(407, NULL, NULL, 27, NULL, 26, 29, 100.000000),
(408, NULL, NULL, 27, NULL, 26, 30, 100.000000),
(409, NULL, NULL, 27, NULL, 26, 31, 100.000000),
(410, NULL, NULL, 27, NULL, 26, 32, 100.000000);

-- --------------------------------------------------------

--
-- Estructura de tabla para la tabla `pr_emailsubscription`
--

CREATE TABLE `pr_emailsubscription` (
  `id` int NOT NULL,
  `id_shop` int UNSIGNED NOT NULL DEFAULT '1',
  `id_shop_group` int UNSIGNED NOT NULL DEFAULT '1',
  `email` varchar(255) NOT NULL,
  `newsletter_date_add` datetime DEFAULT NULL,
  `ip_registration_newsletter` varchar(15) NOT NULL,
  `http_referer` varchar(255) DEFAULT NULL,
  `active` tinyint(1) NOT NULL DEFAULT '0',
  `id_lang` int NOT NULL DEFAULT '0'
) ENGINE=InnoDB DEFAULT CHARSET=utf8;

-- --------------------------------------------------------

--
-- Estructura de tabla para la tabla `pr_employee`
--

CREATE TABLE `pr_employee` (
  `id_employee` int UNSIGNED NOT NULL,
  `id_profile` int UNSIGNED NOT NULL,
  `id_lang` int UNSIGNED NOT NULL DEFAULT '0',
  `lastname` varchar(255) CHARACTER SET utf8mb4 COLLATE utf8mb4_general_ci NOT NULL,
  `firstname` varchar(255) CHARACTER SET utf8mb4 COLLATE utf8mb4_general_ci NOT NULL,
  `email` varchar(255) CHARACTER SET utf8mb4 COLLATE utf8mb4_general_ci NOT NULL,
  `passwd` varchar(255) CHARACTER SET utf8mb4 COLLATE utf8mb4_general_ci NOT NULL,
  `last_passwd_gen` timestamp NOT NULL DEFAULT CURRENT_TIMESTAMP,
  `stats_date_from` date DEFAULT NULL,
  `stats_date_to` date DEFAULT NULL,
  `stats_compare_from` date DEFAULT NULL,
  `stats_compare_to` date DEFAULT NULL,
  `stats_compare_option` int UNSIGNED NOT NULL DEFAULT '1',
  `preselect_date_range` varchar(32) CHARACTER SET utf8mb4 COLLATE utf8mb4_general_ci DEFAULT NULL,
  `bo_color` varchar(32) CHARACTER SET utf8mb4 COLLATE utf8mb4_general_ci DEFAULT NULL,
  `bo_theme` varchar(32) CHARACTER SET utf8mb4 COLLATE utf8mb4_general_ci DEFAULT NULL,
  `bo_css` varchar(64) CHARACTER SET utf8mb4 COLLATE utf8mb4_general_ci DEFAULT NULL,
  `default_tab` int UNSIGNED NOT NULL DEFAULT '0',
  `bo_width` int UNSIGNED NOT NULL DEFAULT '0',
  `bo_menu` tinyint(1) NOT NULL DEFAULT '1',
  `active` tinyint UNSIGNED NOT NULL DEFAULT '0',
  `optin` tinyint UNSIGNED DEFAULT NULL,
  `id_last_order` int UNSIGNED NOT NULL DEFAULT '0',
  `id_last_customer_message` int UNSIGNED NOT NULL DEFAULT '0',
  `id_last_customer` int UNSIGNED NOT NULL DEFAULT '0',
  `last_connection_date` date DEFAULT NULL,
  `reset_password_token` varchar(40) CHARACTER SET utf8mb4 COLLATE utf8mb4_general_ci DEFAULT NULL,
  `reset_password_validity` datetime DEFAULT NULL
) ENGINE=InnoDB DEFAULT CHARSET=utf8mb4 COLLATE=utf8mb4_general_ci;

--
-- Volcado de datos para la tabla `pr_employee`
--

INSERT INTO `pr_employee` (`id_employee`, `id_profile`, `id_lang`, `lastname`, `firstname`, `email`, `passwd`, `last_passwd_gen`, `stats_date_from`, `stats_date_to`, `stats_compare_from`, `stats_compare_to`, `stats_compare_option`, `preselect_date_range`, `bo_color`, `bo_theme`, `bo_css`, `default_tab`, `bo_width`, `bo_menu`, `active`, `optin`, `id_last_order`, `id_last_customer_message`, `id_last_customer`, `last_connection_date`, `reset_password_token`, `reset_password_validity`) VALUES
(1, 1, 4, 'Online', 'Tienda', 'manuelc@towebs.com', '$2y$10$ToIJ1LgpPye6YrAbX/amCuXdKooQjpm1A/VVKHuhqOE1pT60IpGg.', '2020-11-19 14:46:27', '2020-01-12', '2020-02-12', '0000-00-00', '0000-00-00', 1, '', '', 'default', 'theme.css', 1, 0, 1, 1, 1, 10, 6, 39, '2021-08-25', '', '0000-00-00 00:00:00'),
(2, 4, 4, 'Cabrera', 'Manuel', 'tester1234@gmail.com', '$2y$10$Kgl9YqbBRIgi6b6nMPlVmOnMks3pv/9b3HOM58pveVLXqC0dapT.2', '2020-04-09 12:58:00', '2020-03-09', '2020-04-09', '0000-00-00', '0000-00-00', 1, NULL, NULL, NULL, 'theme.css', 1, 0, 1, 1, 1, 9, 5, 9, '2020-04-09', NULL, '0000-00-00 00:00:00');

-- --------------------------------------------------------

--
-- Estructura de tabla para la tabla `pr_employee_session`
--

CREATE TABLE `pr_employee_session` (
  `id_employee_session` int UNSIGNED NOT NULL,
  `id_employee` int UNSIGNED DEFAULT NULL,
  `token` varchar(40) CHARACTER SET utf8mb4 COLLATE utf8mb4_general_ci DEFAULT NULL
) ENGINE=InnoDB DEFAULT CHARSET=utf8mb4 COLLATE=utf8mb4_general_ci;

--
-- Volcado de datos para la tabla `pr_employee_session`
--

INSERT INTO `pr_employee_session` (`id_employee_session`, `id_employee`, `token`) VALUES
(3, 1, 'f4a120f3a7bdcbbcc6c0618d23ef78326bae9507'),
(4, 1, 'b80261d36c353aac1c2c0c2fa79a91e113a1b4ac'),
(5, 1, '0992c4e374cf81e2a227d90e0549ea9f55b48c77'),
(11, 1, 'eb03d29c670b57c3956161d761edbc8f98127529'),
(13, 1, 'fd14ac026c4dd64153af2046a617a30428d22d4c'),
(14, 1, '827fa3a2d940a547ee3407ee2fe1dc91d164c847'),
(16, 1, '71c663a27a7b3e8686354ffa80d92130ebe159e4'),
(17, 1, 'f714c08b59174b2afb0bb1a117bd7bbae4d5c89a'),
(19, 1, 'bf4ef0b48cd48c46a303b0df1e4e582ce23c7f30'),
(26, 1, 'fc0068034acdc532bac7975772a484fd11174718');

-- --------------------------------------------------------

--
-- Estructura de tabla para la tabla `pr_employee_shop`
--

CREATE TABLE `pr_employee_shop` (
  `id_employee` int UNSIGNED NOT NULL,
  `id_shop` int UNSIGNED NOT NULL
) ENGINE=InnoDB DEFAULT CHARSET=utf8mb4 COLLATE=utf8mb4_general_ci;

--
-- Volcado de datos para la tabla `pr_employee_shop`
--

INSERT INTO `pr_employee_shop` (`id_employee`, `id_shop`) VALUES
(1, 1),
(2, 1);

-- --------------------------------------------------------

--
-- Estructura de tabla para la tabla `pr_feature`
--

CREATE TABLE `pr_feature` (
  `id_feature` int UNSIGNED NOT NULL,
  `position` int UNSIGNED NOT NULL DEFAULT '0'
) ENGINE=InnoDB DEFAULT CHARSET=utf8mb4 COLLATE=utf8mb4_general_ci;

--
-- Volcado de datos para la tabla `pr_feature`
--

INSERT INTO `pr_feature` (`id_feature`, `position`) VALUES
(1, 0),
(2, 1);

-- --------------------------------------------------------

--
-- Estructura de tabla para la tabla `pr_feature_lang`
--

CREATE TABLE `pr_feature_lang` (
  `id_feature` int UNSIGNED NOT NULL,
  `id_lang` int UNSIGNED NOT NULL,
  `name` varchar(128) CHARACTER SET utf8mb4 COLLATE utf8mb4_general_ci DEFAULT NULL
) ENGINE=InnoDB DEFAULT CHARSET=utf8mb4 COLLATE=utf8mb4_general_ci;

--
-- Volcado de datos para la tabla `pr_feature_lang`
--

INSERT INTO `pr_feature_lang` (`id_feature`, `id_lang`, `name`) VALUES
(1, 1, 'Composition'),
(2, 1, 'Property'),
(1, 3, 'Composition'),
(2, 3, 'Property'),
(2, 4, 'Property'),
(1, 4, 'Talles');

-- --------------------------------------------------------

--
-- Estructura de tabla para la tabla `pr_feature_product`
--

CREATE TABLE `pr_feature_product` (
  `id_feature` int UNSIGNED NOT NULL,
  `id_product` int UNSIGNED NOT NULL,
  `id_feature_value` int UNSIGNED NOT NULL
) ENGINE=InnoDB DEFAULT CHARSET=utf8mb4 COLLATE=utf8mb4_general_ci;

-- --------------------------------------------------------

--
-- Estructura de tabla para la tabla `pr_feature_shop`
--

CREATE TABLE `pr_feature_shop` (
  `id_feature` int UNSIGNED NOT NULL,
  `id_shop` int UNSIGNED NOT NULL
) ENGINE=InnoDB DEFAULT CHARSET=utf8mb4 COLLATE=utf8mb4_general_ci;

--
-- Volcado de datos para la tabla `pr_feature_shop`
--

INSERT INTO `pr_feature_shop` (`id_feature`, `id_shop`) VALUES
(1, 1),
(2, 1);

-- --------------------------------------------------------

--
-- Estructura de tabla para la tabla `pr_feature_value`
--

CREATE TABLE `pr_feature_value` (
  `id_feature_value` int UNSIGNED NOT NULL,
  `id_feature` int UNSIGNED NOT NULL,
  `custom` tinyint UNSIGNED DEFAULT NULL
) ENGINE=InnoDB DEFAULT CHARSET=utf8mb4 COLLATE=utf8mb4_general_ci;

--
-- Volcado de datos para la tabla `pr_feature_value`
--

INSERT INTO `pr_feature_value` (`id_feature_value`, `id_feature`, `custom`) VALUES
(1, 1, 0),
(7, 2, 0),
(8, 2, 0),
(9, 2, 0),
(10, 2, 0),
(11, 1, 0),
(12, 1, 0),
(13, 1, 0),
(14, 1, 0);

-- --------------------------------------------------------

--
-- Estructura de tabla para la tabla `pr_feature_value_lang`
--

CREATE TABLE `pr_feature_value_lang` (
  `id_feature_value` int UNSIGNED NOT NULL,
  `id_lang` int UNSIGNED NOT NULL,
  `value` varchar(255) CHARACTER SET utf8mb4 COLLATE utf8mb4_general_ci DEFAULT NULL
) ENGINE=InnoDB DEFAULT CHARSET=utf8mb4 COLLATE=utf8mb4_general_ci;

--
-- Volcado de datos para la tabla `pr_feature_value_lang`
--

INSERT INTO `pr_feature_value_lang` (`id_feature_value`, `id_lang`, `value`) VALUES
(1, 1, 'Polyester'),
(1, 3, 'Poliéster'),
(1, 4, 'S'),
(7, 1, 'Long sleeves'),
(7, 3, 'Long sleeves'),
(7, 4, 'Long sleeves'),
(8, 1, 'Short sleeves'),
(8, 3, 'Short sleeves'),
(8, 4, 'Short sleeves'),
(9, 1, 'Removable cover'),
(9, 3, 'Removable cover'),
(9, 4, 'Removable cover'),
(10, 1, '120 pages'),
(10, 3, '120 pages'),
(10, 4, '120 pages'),
(11, 1, 'L'),
(11, 3, 'L'),
(11, 4, 'M'),
(12, 1, 'XL'),
(12, 3, 'XL'),
(12, 4, 'L'),
(13, 1, 'XXL'),
(13, 3, 'XXL'),
(13, 4, 'XL'),
(14, 1, 'S'),
(14, 3, 'S'),
(14, 4, 'XXL');

-- --------------------------------------------------------

--
-- Estructura de tabla para la tabla `pr_gender`
--

CREATE TABLE `pr_gender` (
  `id_gender` int NOT NULL,
  `type` tinyint(1) NOT NULL
) ENGINE=InnoDB DEFAULT CHARSET=utf8mb4 COLLATE=utf8mb4_general_ci;

--
-- Volcado de datos para la tabla `pr_gender`
--

INSERT INTO `pr_gender` (`id_gender`, `type`) VALUES
(1, 0),
(2, 1);

-- --------------------------------------------------------

--
-- Estructura de tabla para la tabla `pr_gender_lang`
--

CREATE TABLE `pr_gender_lang` (
  `id_gender` int UNSIGNED NOT NULL,
  `id_lang` int UNSIGNED NOT NULL,
  `name` varchar(20) CHARACTER SET utf8mb4 COLLATE utf8mb4_general_ci NOT NULL
) ENGINE=InnoDB DEFAULT CHARSET=utf8mb4 COLLATE=utf8mb4_general_ci;

--
-- Volcado de datos para la tabla `pr_gender_lang`
--

INSERT INTO `pr_gender_lang` (`id_gender`, `id_lang`, `name`) VALUES
(1, 1, 'Mr.'),
(1, 3, 'Sr.'),
(1, 4, 'Sr.'),
(2, 1, 'Mrs.'),
(2, 3, 'Sra.'),
(2, 4, 'Sra.');

-- --------------------------------------------------------

--
-- Estructura de tabla para la tabla `pr_group`
--

CREATE TABLE `pr_group` (
  `id_group` int UNSIGNED NOT NULL,
  `reduction` decimal(5,2) NOT NULL DEFAULT '0.00',
  `price_display_method` tinyint NOT NULL DEFAULT '0',
  `show_prices` tinyint UNSIGNED NOT NULL DEFAULT '1',
  `date_add` datetime NOT NULL,
  `date_upd` datetime NOT NULL
) ENGINE=InnoDB DEFAULT CHARSET=utf8mb4 COLLATE=utf8mb4_general_ci;

--
-- Volcado de datos para la tabla `pr_group`
--

INSERT INTO `pr_group` (`id_group`, `reduction`, `price_display_method`, `show_prices`, `date_add`, `date_upd`) VALUES
(1, 0.00, 0, 1, '2020-02-12 22:11:48', '2021-06-23 10:32:16'),
(2, 0.00, 0, 1, '2020-02-12 22:11:48', '2021-06-23 10:32:17'),
(3, 0.00, 0, 1, '2020-02-12 22:11:48', '2021-06-23 10:32:22');

-- --------------------------------------------------------

--
-- Estructura de tabla para la tabla `pr_group_lang`
--

CREATE TABLE `pr_group_lang` (
  `id_group` int UNSIGNED NOT NULL,
  `id_lang` int UNSIGNED NOT NULL,
  `name` varchar(32) CHARACTER SET utf8mb4 COLLATE utf8mb4_general_ci NOT NULL
) ENGINE=InnoDB DEFAULT CHARSET=utf8mb4 COLLATE=utf8mb4_general_ci;

--
-- Volcado de datos para la tabla `pr_group_lang`
--

INSERT INTO `pr_group_lang` (`id_group`, `id_lang`, `name`) VALUES
(1, 1, 'Visitor'),
(1, 3, 'Visitante'),
(1, 4, 'Visitante'),
(2, 1, 'Guest'),
(2, 3, 'Invitado'),
(2, 4, 'Invitado'),
(3, 1, 'Customer'),
(3, 3, 'Cliente'),
(3, 4, 'Cliente');

-- --------------------------------------------------------

--
-- Estructura de tabla para la tabla `pr_group_reduction`
--

CREATE TABLE `pr_group_reduction` (
  `id_group_reduction` mediumint UNSIGNED NOT NULL,
  `id_group` int UNSIGNED NOT NULL,
  `id_category` int UNSIGNED NOT NULL,
  `reduction` decimal(5,4) NOT NULL DEFAULT '0.0000'
) ENGINE=InnoDB DEFAULT CHARSET=utf8mb4 COLLATE=utf8mb4_general_ci;

-- --------------------------------------------------------

--
-- Estructura de tabla para la tabla `pr_group_shop`
--

CREATE TABLE `pr_group_shop` (
  `id_group` int UNSIGNED NOT NULL,
  `id_shop` int UNSIGNED NOT NULL
) ENGINE=InnoDB DEFAULT CHARSET=utf8mb4 COLLATE=utf8mb4_general_ci;

--
-- Volcado de datos para la tabla `pr_group_shop`
--

INSERT INTO `pr_group_shop` (`id_group`, `id_shop`) VALUES
(1, 1),
(2, 1),
(3, 1);

-- --------------------------------------------------------

--
-- Estructura de tabla para la tabla `pr_gsitemap_sitemap`
--

CREATE TABLE `pr_gsitemap_sitemap` (
  `link` varchar(255) DEFAULT NULL,
  `id_shop` int DEFAULT '0'
) ENGINE=InnoDB DEFAULT CHARSET=utf8;

--
-- Volcado de datos para la tabla `pr_gsitemap_sitemap`
--

INSERT INTO `pr_gsitemap_sitemap` (`link`, `id_shop`) VALUES
('1_es_0_sitemap.xml', 1);

-- --------------------------------------------------------

--
-- Estructura de tabla para la tabla `pr_guest`
--

CREATE TABLE `pr_guest` (
  `id_guest` int UNSIGNED NOT NULL,
  `id_operating_system` int UNSIGNED DEFAULT NULL,
  `id_web_browser` int UNSIGNED DEFAULT NULL,
  `id_customer` int UNSIGNED DEFAULT NULL,
  `javascript` tinyint(1) DEFAULT '0',
  `screen_resolution_x` smallint UNSIGNED DEFAULT NULL,
  `screen_resolution_y` smallint UNSIGNED DEFAULT NULL,
  `screen_color` tinyint UNSIGNED DEFAULT NULL,
  `sun_java` tinyint(1) DEFAULT NULL,
  `adobe_flash` tinyint(1) DEFAULT NULL,
  `adobe_director` tinyint(1) DEFAULT NULL,
  `apple_quicktime` tinyint(1) DEFAULT NULL,
  `real_player` tinyint(1) DEFAULT NULL,
  `windows_media` tinyint(1) DEFAULT NULL,
  `accept_language` varchar(8) CHARACTER SET utf8mb4 COLLATE utf8mb4_general_ci DEFAULT NULL,
  `mobile_theme` tinyint(1) NOT NULL DEFAULT '0'
) ENGINE=InnoDB DEFAULT CHARSET=utf8mb4 COLLATE=utf8mb4_general_ci;

--
-- Volcado de datos para la tabla `pr_guest`
--

INSERT INTO `pr_guest` (`id_guest`, `id_operating_system`, `id_web_browser`, `id_customer`, `javascript`, `screen_resolution_x`, `screen_resolution_y`, `screen_color`, `sun_java`, `adobe_flash`, `adobe_director`, `apple_quicktime`, `real_player`, `windows_media`, `accept_language`, `mobile_theme`) VALUES
(1, 0, 0, 2, 0, 0, 0, 0, 0, 0, 0, 0, 0, 0, '', 0),
(2, 0, 0, 0, 0, 0, 0, 0, 0, 0, 0, 0, 0, 0, '', 0),
(3, 0, 0, 0, 0, 0, 0, 0, 0, 0, 0, 0, 0, 0, '', 0),
(4, 0, 1, 0, 0, 0, 0, 0, 0, 0, 0, 0, 0, 0, 'en', 0),
(5, 0, 0, 0, 0, 0, 0, 0, 0, 0, 0, 0, 0, 0, '', 0),
(6, 0, 1, 0, 0, 0, 0, 0, 0, 0, 0, 0, 0, 0, 'en', 0),
(7, 0, 1, 0, 0, 0, 0, 0, 0, 0, 0, 0, 0, 0, 'en', 0),
(8, 0, 1, 0, 0, 0, 0, 0, 0, 0, 0, 0, 0, 0, 'en', 0),
(9, 0, 0, 0, 0, 0, 0, 0, 0, 0, 0, 0, 0, 0, '', 0),
(10, 0, 0, 0, 0, 0, 0, 0, 0, 0, 0, 0, 0, 0, '', 0),
(11, 8, 11, 3, 0, 0, 0, 0, 0, 0, 0, 0, 0, 0, 'en', 0),
(14, 3, 10, 0, 0, 0, 0, 0, 0, 0, 0, 0, 0, 0, 'fr', 0),
(17, 7, 11, 0, 0, 0, 0, 0, 0, 0, 0, 0, 0, 0, 'es', 0),
(18, 7, 3, 0, 0, 0, 0, 0, 0, 0, 0, 0, 0, 0, 'es', 0),
(19, 7, 3, 0, 0, 0, 0, 0, 0, 0, 0, 0, 0, 0, 'es', 0),
(20, 9, 11, 0, 0, 0, 0, 0, 0, 0, 0, 0, 0, 0, '', 0),
(21, 3, 10, 0, 0, 0, 0, 0, 0, 0, 0, 0, 0, 0, 'es', 0),
(22, 7, 1, 0, 0, 0, 0, 0, 0, 0, 0, 0, 0, 0, 'es', 0),
(23, 9, 11, 0, 0, 0, 0, 0, 0, 0, 0, 0, 0, 0, '', 0),
(24, 0, 0, 0, 0, 0, 0, 0, 0, 0, 0, 0, 0, 0, '', 0),
(25, 0, 1, 0, 0, 0, 0, 0, 0, 0, 0, 0, 0, 0, 'en', 0),
(26, 8, 3, 0, 0, 0, 0, 0, 0, 0, 0, 0, 0, 0, 'es', 0),
(27, 0, 0, 0, 0, 0, 0, 0, 0, 0, 0, 0, 0, 0, '', 0),
(28, 0, 0, 0, 0, 0, 0, 0, 0, 0, 0, 0, 0, 0, '', 0),
(29, 0, 1, 0, 0, 0, 0, 0, 0, 0, 0, 0, 0, 0, 'en', 0),
(30, 9, 11, 0, 0, 0, 0, 0, 0, 0, 0, 0, 0, 0, '', 0),
(31, 7, 3, 0, 0, 0, 0, 0, 0, 0, 0, 0, 0, 0, 'es', 0),
(32, 8, 3, 0, 0, 0, 0, 0, 0, 0, 0, 0, 0, 0, 'es', 0),
(33, 9, 11, 0, 0, 0, 0, 0, 0, 0, 0, 0, 0, 0, '', 0),
(34, 3, 11, 0, 0, 0, 0, 0, 0, 0, 0, 0, 0, 0, 'es', 0),
(35, 7, 1, 0, 0, 0, 0, 0, 0, 0, 0, 0, 0, 0, 'es', 0),
(36, 8, 11, 0, 0, 0, 0, 0, 0, 0, 0, 0, 0, 0, 'es', 0),
(38, 8, 11, 0, 0, 0, 0, 0, 0, 0, 0, 0, 0, 0, '', 0),
(39, 6, 11, 4, 0, 0, 0, 0, 0, 0, 0, 0, 0, 0, 'es', 0),
(40, 8, 11, 0, 0, 0, 0, 0, 0, 0, 0, 0, 0, 0, 'en', 0),
(41, 8, 11, 0, 0, 0, 0, 0, 0, 0, 0, 0, 0, 0, 'en', 0),
(42, 8, 11, 0, 0, 0, 0, 0, 0, 0, 0, 0, 0, 0, '', 0),
(43, 8, 11, 0, 0, 0, 0, 0, 0, 0, 0, 0, 0, 0, '', 0),
(44, 8, 11, 0, 0, 0, 0, 0, 0, 0, 0, 0, 0, 0, '', 0),
(45, 6, 11, 0, 0, 0, 0, 0, 0, 0, 0, 0, 0, 0, 'en', 0),
(46, 3, 10, 0, 0, 0, 0, 0, 0, 0, 0, 0, 0, 0, 'es', 0),
(47, 7, 11, 0, 0, 0, 0, 0, 0, 0, 0, 0, 0, 0, 'es', 0),
(48, 6, 3, 0, 0, 0, 0, 0, 0, 0, 0, 0, 0, 0, 'es', 0),
(49, 8, 3, 0, 0, 0, 0, 0, 0, 0, 0, 0, 0, 0, 'es', 0),
(50, 8, 3, 0, 0, 0, 0, 0, 0, 0, 0, 0, 0, 0, 'es', 0),
(51, 3, 11, 0, 0, 0, 0, 0, 0, 0, 0, 0, 0, 0, 'es', 0),
(52, 3, 10, 0, 0, 0, 0, 0, 0, 0, 0, 0, 0, 0, 'es', 0),
(53, 0, 0, 0, 0, 0, 0, 0, 0, 0, 0, 0, 0, 0, '', 0),
(54, 0, 0, 0, 0, 0, 0, 0, 0, 0, 0, 0, 0, 0, '', 0),
(55, 0, 0, 0, 0, 0, 0, 0, 0, 0, 0, 0, 0, 0, '', 0),
(56, 7, 1, 0, 0, 0, 0, 0, 0, 0, 0, 0, 0, 0, 'en', 0),
(57, 7, 11, 0, 0, 0, 0, 0, 0, 0, 0, 0, 0, 0, 'es', 0),
(58, 8, 11, 0, 0, 0, 0, 0, 0, 0, 0, 0, 0, 0, 'es', 0),
(59, 8, 11, 0, 0, 0, 0, 0, 0, 0, 0, 0, 0, 0, 'en', 0),
(61, 3, 3, 0, 0, 0, 0, 0, 0, 0, 0, 0, 0, 0, 'es', 0),
(62, 7, 1, 0, 0, 0, 0, 0, 0, 0, 0, 0, 0, 0, 'es', 0),
(63, 7, 3, 0, 0, 0, 0, 0, 0, 0, 0, 0, 0, 0, 'es', 0),
(64, 7, 3, 0, 0, 0, 0, 0, 0, 0, 0, 0, 0, 0, 'es', 0),
(65, 3, 11, 0, 0, 0, 0, 0, 0, 0, 0, 0, 0, 0, 'es', 0),
(66, 7, 11, 0, 0, 0, 0, 0, 0, 0, 0, 0, 0, 0, 'es', 0),
(67, 3, 3, 0, 0, 0, 0, 0, 0, 0, 0, 0, 0, 0, 'es', 0),
(68, 7, 3, 0, 0, 0, 0, 0, 0, 0, 0, 0, 0, 0, 'es', 0),
(69, 6, 3, 5, 0, 0, 0, 0, 0, 0, 0, 0, 0, 0, 'es', 0),
(70, 3, 11, 0, 0, 0, 0, 0, 0, 0, 0, 0, 0, 0, 'es', 0),
(71, 8, 11, 0, 0, 0, 0, 0, 0, 0, 0, 0, 0, 0, 'es', 0),
(72, 0, 0, 0, 0, 0, 0, 0, 0, 0, 0, 0, 0, 0, '', 0),
(73, 6, 11, 0, 0, 0, 0, 0, 0, 0, 0, 0, 0, 0, 'es', 0),
(74, 7, 1, 0, 0, 0, 0, 0, 0, 0, 0, 0, 0, 0, 'es', 0),
(75, 7, 1, 0, 0, 0, 0, 0, 0, 0, 0, 0, 0, 0, 'es', 0),
(76, 6, 11, 0, 0, 0, 0, 0, 0, 0, 0, 0, 0, 0, 'en', 0),
(77, 8, 11, 0, 0, 0, 0, 0, 0, 0, 0, 0, 0, 0, '', 0),
(78, 8, 3, 0, 0, 0, 0, 0, 0, 0, 0, 0, 0, 0, 'es', 0),
(79, 7, 1, 0, 0, 0, 0, 0, 0, 0, 0, 0, 0, 0, 'es', 0),
(80, 9, 11, 0, 0, 0, 0, 0, 0, 0, 0, 0, 0, 0, '', 0),
(81, 3, 11, 0, 0, 0, 0, 0, 0, 0, 0, 0, 0, 0, 'es', 0),
(82, 3, 10, 0, 0, 0, 0, 0, 0, 0, 0, 0, 0, 0, 'es', 0),
(83, 9, 11, 0, 0, 0, 0, 0, 0, 0, 0, 0, 0, 0, '', 0),
(84, 7, 1, 0, 0, 0, 0, 0, 0, 0, 0, 0, 0, 0, 'es', 0),
(85, 0, 0, 0, 0, 0, 0, 0, 0, 0, 0, 0, 0, 0, '', 0),
(86, 9, 11, 0, 0, 0, 0, 0, 0, 0, 0, 0, 0, 0, '', 0),
(87, 9, 11, 0, 0, 0, 0, 0, 0, 0, 0, 0, 0, 0, '', 0),
(88, 9, 11, 0, 0, 0, 0, 0, 0, 0, 0, 0, 0, 0, '', 0),
(89, 9, 11, 0, 0, 0, 0, 0, 0, 0, 0, 0, 0, 0, '', 0),
(90, 9, 11, 0, 0, 0, 0, 0, 0, 0, 0, 0, 0, 0, '', 0),
(91, 9, 11, 0, 0, 0, 0, 0, 0, 0, 0, 0, 0, 0, '', 0),
(92, 9, 11, 0, 0, 0, 0, 0, 0, 0, 0, 0, 0, 0, '', 0),
(93, 9, 11, 0, 0, 0, 0, 0, 0, 0, 0, 0, 0, 0, '', 0),
(94, 9, 11, 0, 0, 0, 0, 0, 0, 0, 0, 0, 0, 0, '', 0),
(95, 9, 11, 0, 0, 0, 0, 0, 0, 0, 0, 0, 0, 0, '', 0),
(96, 9, 11, 0, 0, 0, 0, 0, 0, 0, 0, 0, 0, 0, '', 0),
(97, 9, 11, 0, 0, 0, 0, 0, 0, 0, 0, 0, 0, 0, '', 0),
(98, 9, 11, 0, 0, 0, 0, 0, 0, 0, 0, 0, 0, 0, '', 0),
(99, 9, 11, 0, 0, 0, 0, 0, 0, 0, 0, 0, 0, 0, '', 0),
(100, 9, 11, 0, 0, 0, 0, 0, 0, 0, 0, 0, 0, 0, '', 0),
(101, 9, 11, 0, 0, 0, 0, 0, 0, 0, 0, 0, 0, 0, '', 0),
(102, 9, 11, 0, 0, 0, 0, 0, 0, 0, 0, 0, 0, 0, '', 0),
(103, 9, 11, 0, 0, 0, 0, 0, 0, 0, 0, 0, 0, 0, '', 0),
(104, 8, 3, 0, 0, 0, 0, 0, 0, 0, 0, 0, 0, 0, 'es', 0),
(105, 9, 11, 0, 0, 0, 0, 0, 0, 0, 0, 0, 0, 0, '', 0),
(106, 9, 11, 0, 0, 0, 0, 0, 0, 0, 0, 0, 0, 0, '', 0),
(107, 9, 11, 0, 0, 0, 0, 0, 0, 0, 0, 0, 0, 0, '', 0),
(108, 9, 11, 0, 0, 0, 0, 0, 0, 0, 0, 0, 0, 0, '', 0),
(109, 9, 11, 0, 0, 0, 0, 0, 0, 0, 0, 0, 0, 0, '', 0),
(110, 9, 11, 0, 0, 0, 0, 0, 0, 0, 0, 0, 0, 0, '', 0),
(111, 9, 11, 0, 0, 0, 0, 0, 0, 0, 0, 0, 0, 0, '', 0),
(112, 9, 11, 0, 0, 0, 0, 0, 0, 0, 0, 0, 0, 0, '', 0),
(113, 9, 11, 0, 0, 0, 0, 0, 0, 0, 0, 0, 0, 0, '', 0),
(114, 7, 3, 0, 0, 0, 0, 0, 0, 0, 0, 0, 0, 0, 'en-us', 0),
(115, 9, 11, 0, 0, 0, 0, 0, 0, 0, 0, 0, 0, 0, '', 0),
(116, 9, 11, 0, 0, 0, 0, 0, 0, 0, 0, 0, 0, 0, '', 0),
(117, 9, 11, 0, 0, 0, 0, 0, 0, 0, 0, 0, 0, 0, '', 0),
(118, 9, 11, 0, 0, 0, 0, 0, 0, 0, 0, 0, 0, 0, '', 0),
(119, 9, 11, 0, 0, 0, 0, 0, 0, 0, 0, 0, 0, 0, '', 0),
(120, 9, 11, 0, 0, 0, 0, 0, 0, 0, 0, 0, 0, 0, '', 0),
(121, 9, 11, 0, 0, 0, 0, 0, 0, 0, 0, 0, 0, 0, '', 0),
(122, 9, 11, 0, 0, 0, 0, 0, 0, 0, 0, 0, 0, 0, '', 0),
(123, 9, 11, 0, 0, 0, 0, 0, 0, 0, 0, 0, 0, 0, '', 0),
(124, 9, 11, 0, 0, 0, 0, 0, 0, 0, 0, 0, 0, 0, '', 0),
(125, 9, 11, 0, 0, 0, 0, 0, 0, 0, 0, 0, 0, 0, '', 0),
(126, 9, 11, 0, 0, 0, 0, 0, 0, 0, 0, 0, 0, 0, '', 0),
(127, 9, 11, 0, 0, 0, 0, 0, 0, 0, 0, 0, 0, 0, '', 0),
(128, 9, 11, 0, 0, 0, 0, 0, 0, 0, 0, 0, 0, 0, '', 0),
(129, 9, 11, 0, 0, 0, 0, 0, 0, 0, 0, 0, 0, 0, '', 0),
(130, 9, 11, 0, 0, 0, 0, 0, 0, 0, 0, 0, 0, 0, '', 0),
(131, 9, 11, 0, 0, 0, 0, 0, 0, 0, 0, 0, 0, 0, '', 0),
(132, 9, 11, 0, 0, 0, 0, 0, 0, 0, 0, 0, 0, 0, '', 0),
(133, 9, 11, 0, 0, 0, 0, 0, 0, 0, 0, 0, 0, 0, '', 0),
(134, 7, 3, 0, 0, 0, 0, 0, 0, 0, 0, 0, 0, 0, 'es', 0),
(135, 9, 11, 0, 0, 0, 0, 0, 0, 0, 0, 0, 0, 0, '', 0),
(136, 0, 0, 0, 0, 0, 0, 0, 0, 0, 0, 0, 0, 0, '', 0),
(137, 0, 0, 0, 0, 0, 0, 0, 0, 0, 0, 0, 0, 0, '', 0),
(138, 0, 0, 0, 0, 0, 0, 0, 0, 0, 0, 0, 0, 0, '', 0),
(139, 0, 0, 0, 0, 0, 0, 0, 0, 0, 0, 0, 0, 0, '', 0),
(140, 0, 0, 0, 0, 0, 0, 0, 0, 0, 0, 0, 0, 0, '', 0),
(141, 0, 0, 0, 0, 0, 0, 0, 0, 0, 0, 0, 0, 0, '', 0),
(142, 0, 0, 0, 0, 0, 0, 0, 0, 0, 0, 0, 0, 0, '', 0),
(143, 0, 0, 0, 0, 0, 0, 0, 0, 0, 0, 0, 0, 0, '', 0),
(144, 0, 0, 0, 0, 0, 0, 0, 0, 0, 0, 0, 0, 0, '', 0),
(145, 0, 0, 0, 0, 0, 0, 0, 0, 0, 0, 0, 0, 0, '', 0),
(146, 0, 0, 0, 0, 0, 0, 0, 0, 0, 0, 0, 0, 0, '', 0),
(147, 0, 0, 0, 0, 0, 0, 0, 0, 0, 0, 0, 0, 0, '', 0),
(148, 0, 0, 0, 0, 0, 0, 0, 0, 0, 0, 0, 0, 0, '', 0),
(149, 0, 0, 0, 0, 0, 0, 0, 0, 0, 0, 0, 0, 0, '', 0),
(150, 0, 0, 0, 0, 0, 0, 0, 0, 0, 0, 0, 0, 0, '', 0),
(151, 0, 0, 0, 0, 0, 0, 0, 0, 0, 0, 0, 0, 0, '', 0),
(152, 0, 0, 0, 0, 0, 0, 0, 0, 0, 0, 0, 0, 0, '', 0),
(153, 0, 0, 0, 0, 0, 0, 0, 0, 0, 0, 0, 0, 0, '', 0),
(154, 0, 0, 0, 0, 0, 0, 0, 0, 0, 0, 0, 0, 0, '', 0),
(155, 0, 0, 0, 0, 0, 0, 0, 0, 0, 0, 0, 0, 0, '', 0),
(156, 0, 0, 0, 0, 0, 0, 0, 0, 0, 0, 0, 0, 0, '', 0),
(157, 0, 0, 0, 0, 0, 0, 0, 0, 0, 0, 0, 0, 0, '', 0),
(158, 0, 0, 0, 0, 0, 0, 0, 0, 0, 0, 0, 0, 0, '', 0),
(159, 0, 0, 0, 0, 0, 0, 0, 0, 0, 0, 0, 0, 0, '', 0),
(160, 0, 0, 0, 0, 0, 0, 0, 0, 0, 0, 0, 0, 0, '', 0),
(161, 0, 0, 0, 0, 0, 0, 0, 0, 0, 0, 0, 0, 0, '', 0),
(162, 0, 0, 0, 0, 0, 0, 0, 0, 0, 0, 0, 0, 0, '', 0),
(163, 0, 0, 0, 0, 0, 0, 0, 0, 0, 0, 0, 0, 0, '', 0),
(164, 9, 11, 0, 0, 0, 0, 0, 0, 0, 0, 0, 0, 0, '', 0),
(165, 7, 3, 0, 0, 0, 0, 0, 0, 0, 0, 0, 0, 0, 'es', 0),
(166, 7, 3, 0, 0, 0, 0, 0, 0, 0, 0, 0, 0, 0, 'es', 0),
(167, 9, 11, 0, 0, 0, 0, 0, 0, 0, 0, 0, 0, 0, '', 0),
(168, 9, 11, 0, 0, 0, 0, 0, 0, 0, 0, 0, 0, 0, '', 0),
(169, 7, 11, 0, 0, 0, 0, 0, 0, 0, 0, 0, 0, 0, 'es', 0),
(170, 7, 11, 0, 0, 0, 0, 0, 0, 0, 0, 0, 0, 0, 'es', 0),
(171, 9, 11, 0, 0, 0, 0, 0, 0, 0, 0, 0, 0, 0, '', 0),
(172, 9, 11, 0, 0, 0, 0, 0, 0, 0, 0, 0, 0, 0, '', 0),
(173, 9, 11, 0, 0, 0, 0, 0, 0, 0, 0, 0, 0, 0, '', 0),
(174, 9, 11, 0, 0, 0, 0, 0, 0, 0, 0, 0, 0, 0, '', 0),
(175, 9, 11, 0, 0, 0, 0, 0, 0, 0, 0, 0, 0, 0, '', 0),
(176, 9, 11, 0, 0, 0, 0, 0, 0, 0, 0, 0, 0, 0, '', 0),
(177, 9, 11, 0, 0, 0, 0, 0, 0, 0, 0, 0, 0, 0, '', 0),
(178, 9, 11, 0, 0, 0, 0, 0, 0, 0, 0, 0, 0, 0, '', 0),
(179, 3, 11, 0, 0, 0, 0, 0, 0, 0, 0, 0, 0, 0, 'es', 0),
(180, 5, 10, 0, 0, 0, 0, 0, 0, 0, 0, 0, 0, 0, 'es', 0),
(181, 9, 11, 0, 0, 0, 0, 0, 0, 0, 0, 0, 0, 0, '', 0),
(182, 9, 11, 0, 0, 0, 0, 0, 0, 0, 0, 0, 0, 0, '', 0),
(183, 9, 11, 0, 0, 0, 0, 0, 0, 0, 0, 0, 0, 0, '', 0),
(184, 9, 11, 0, 0, 0, 0, 0, 0, 0, 0, 0, 0, 0, '', 0),
(185, 9, 11, 0, 0, 0, 0, 0, 0, 0, 0, 0, 0, 0, '', 0),
(186, 9, 11, 0, 0, 0, 0, 0, 0, 0, 0, 0, 0, 0, '', 0),
(187, 3, 11, 0, 0, 0, 0, 0, 0, 0, 0, 0, 0, 0, 'es', 0),
(188, 7, 3, 0, 0, 0, 0, 0, 0, 0, 0, 0, 0, 0, 'es', 0),
(189, 8, 3, 0, 0, 0, 0, 0, 0, 0, 0, 0, 0, 0, 'es', 0),
(190, 5, 10, 0, 0, 0, 0, 0, 0, 0, 0, 0, 0, 0, 'es', 0),
(191, 3, 10, 0, 0, 0, 0, 0, 0, 0, 0, 0, 0, 0, 'es', 0),
(192, 7, 11, 0, 0, 0, 0, 0, 0, 0, 0, 0, 0, 0, 'es', 0),
(193, 3, 3, 0, 0, 0, 0, 0, 0, 0, 0, 0, 0, 0, 'es', 0),
(194, 8, 11, 0, 0, 0, 0, 0, 0, 0, 0, 0, 0, 0, '', 0),
(195, 8, 11, 0, 0, 0, 0, 0, 0, 0, 0, 0, 0, 0, '', 0),
(196, 0, 0, 0, 0, 0, 0, 0, 0, 0, 0, 0, 0, 0, '', 0),
(197, 9, 11, 0, 0, 0, 0, 0, 0, 0, 0, 0, 0, 0, 'es', 0),
(198, 7, 3, 0, 0, 0, 0, 0, 0, 0, 0, 0, 0, 0, 'es', 0),
(199, 3, 3, 0, 0, 0, 0, 0, 0, 0, 0, 0, 0, 0, 'es', 0),
(200, 3, 11, 0, 0, 0, 0, 0, 0, 0, 0, 0, 0, 0, 'es', 0),
(201, 5, 10, 0, 0, 0, 0, 0, 0, 0, 0, 0, 0, 0, 'es', 0),
(202, 9, 11, 0, 0, 0, 0, 0, 0, 0, 0, 0, 0, 0, '', 0),
(203, 8, 3, 0, 0, 0, 0, 0, 0, 0, 0, 0, 0, 0, 'es', 0),
(204, 7, 1, 0, 0, 0, 0, 0, 0, 0, 0, 0, 0, 0, 'es', 0),
(205, 6, 3, 0, 0, 0, 0, 0, 0, 0, 0, 0, 0, 0, 'es', 0),
(206, 8, 11, 0, 0, 0, 0, 0, 0, 0, 0, 0, 0, 0, '', 0),
(207, 8, 11, 0, 0, 0, 0, 0, 0, 0, 0, 0, 0, 0, '', 0),
(208, 0, 0, 0, 0, 0, 0, 0, 0, 0, 0, 0, 0, 0, '', 0),
(209, 0, 0, 0, 0, 0, 0, 0, 0, 0, 0, 0, 0, 0, '', 0),
(210, 9, 11, 6, 0, 0, 0, 0, 0, 0, 0, 0, 0, 0, 'es', 0),
(211, 6, 3, 7, 0, 0, 0, 0, 0, 0, 0, 0, 0, 0, 'es', 0),
(212, 6, 3, 8, 0, 0, 0, 0, 0, 0, 0, 0, 0, 0, 'es', 0),
(213, 6, 3, 0, 0, 0, 0, 0, 0, 0, 0, 0, 0, 0, 'es', 0),
(214, 6, 3, 9, 0, 0, 0, 0, 0, 0, 0, 0, 0, 0, 'es', 0),
(215, 3, 10, 0, 0, 0, 0, 0, 0, 0, 0, 0, 0, 0, 'es', 0),
(216, 8, 3, 0, 0, 0, 0, 0, 0, 0, 0, 0, 0, 0, 'es', 0),
(217, 6, 3, 0, 0, 0, 0, 0, 0, 0, 0, 0, 0, 0, 'es', 0),
(218, 7, 3, 0, 0, 0, 0, 0, 0, 0, 0, 0, 0, 0, 'es', 0),
(219, 3, 10, 0, 0, 0, 0, 0, 0, 0, 0, 0, 0, 0, 'es', 0),
(220, 9, 11, 0, 0, 0, 0, 0, 0, 0, 0, 0, 0, 0, '', 0),
(221, 0, 0, 0, 0, 0, 0, 0, 0, 0, 0, 0, 0, 0, '', 0),
(222, 6, 11, 0, 0, 0, 0, 0, 0, 0, 0, 0, 0, 0, 'es', 0),
(223, 7, 3, 0, 0, 0, 0, 0, 0, 0, 0, 0, 0, 0, 'es', 0),
(224, 8, 3, 0, 0, 0, 0, 0, 0, 0, 0, 0, 0, 0, 'es', 0),
(225, 8, 11, 0, 0, 0, 0, 0, 0, 0, 0, 0, 0, 0, 'es', 0),
(226, 7, 3, 0, 0, 0, 0, 0, 0, 0, 0, 0, 0, 0, 'es', 0),
(227, 7, 3, 0, 0, 0, 0, 0, 0, 0, 0, 0, 0, 0, 'es', 0),
(228, 7, 1, 0, 0, 0, 0, 0, 0, 0, 0, 0, 0, 0, 'es', 0),
(229, 9, 11, 0, 0, 0, 0, 0, 0, 0, 0, 0, 0, 0, '', 0),
(230, 3, 11, 0, 0, 0, 0, 0, 0, 0, 0, 0, 0, 0, 'es', 0),
(231, 7, 3, 0, 0, 0, 0, 0, 0, 0, 0, 0, 0, 0, 'es', 0),
(232, 7, 1, 0, 0, 0, 0, 0, 0, 0, 0, 0, 0, 0, 'es', 0),
(233, 7, 1, 0, 0, 0, 0, 0, 0, 0, 0, 0, 0, 0, 'es', 0),
(234, 6, 11, 0, 0, 0, 0, 0, 0, 0, 0, 0, 0, 0, 'es', 0),
(235, 7, 1, 0, 0, 0, 0, 0, 0, 0, 0, 0, 0, 0, 'es', 0),
(236, 7, 3, 0, 0, 0, 0, 0, 0, 0, 0, 0, 0, 0, 'es', 0),
(237, 0, 0, 0, 0, 0, 0, 0, 0, 0, 0, 0, 0, 0, '', 0),
(238, 7, 3, 0, 0, 0, 0, 0, 0, 0, 0, 0, 0, 0, 'es', 0),
(239, 7, 11, 0, 0, 0, 0, 0, 0, 0, 0, 0, 0, 0, 'es', 0),
(240, 9, 11, 0, 0, 0, 0, 0, 0, 0, 0, 0, 0, 0, 'es', 0),
(241, 9, 11, 0, 0, 0, 0, 0, 0, 0, 0, 0, 0, 0, 'en', 0),
(242, 9, 11, 0, 0, 0, 0, 0, 0, 0, 0, 0, 0, 0, 'en', 0),
(243, 9, 11, 0, 0, 0, 0, 0, 0, 0, 0, 0, 0, 0, 'en', 0),
(244, 6, 11, 0, 0, 0, 0, 0, 0, 0, 0, 0, 0, 0, 'es', 0),
(245, 9, 11, 0, 0, 0, 0, 0, 0, 0, 0, 0, 0, 0, 'es', 0),
(246, 9, 11, 0, 0, 0, 0, 0, 0, 0, 0, 0, 0, 0, 'es', 0),
(247, 7, 1, 0, 0, 0, 0, 0, 0, 0, 0, 0, 0, 0, 'es', 0),
(248, 3, 3, 0, 0, 0, 0, 0, 0, 0, 0, 0, 0, 0, 'es', 0),
(249, 7, 11, 0, 0, 0, 0, 0, 0, 0, 0, 0, 0, 0, 'es', 0),
(250, 8, 11, 0, 0, 0, 0, 0, 0, 0, 0, 0, 0, 0, 'es', 0),
(251, 3, 11, 0, 0, 0, 0, 0, 0, 0, 0, 0, 0, 0, 'es', 0),
(252, 6, 3, 0, 0, 0, 0, 0, 0, 0, 0, 0, 0, 0, 'es', 0),
(253, 8, 11, 0, 0, 0, 0, 0, 0, 0, 0, 0, 0, 0, '', 0),
(254, 8, 11, 0, 0, 0, 0, 0, 0, 0, 0, 0, 0, 0, '', 0),
(255, 8, 11, 0, 0, 0, 0, 0, 0, 0, 0, 0, 0, 0, '', 0),
(256, 0, 0, 0, 0, 0, 0, 0, 0, 0, 0, 0, 0, 0, '', 0),
(257, 0, 0, 0, 0, 0, 0, 0, 0, 0, 0, 0, 0, 0, '', 0),
(258, 6, 3, 11, 0, 0, 0, 0, 0, 0, 0, 0, 0, 0, 'es', 0),
(259, 0, 0, 0, 0, 0, 0, 0, 0, 0, 0, 0, 0, 0, '', 0),
(260, 6, 3, 0, 0, 0, 0, 0, 0, 0, 0, 0, 0, 0, 'es', 0),
(261, 6, 3, 0, 0, 0, 0, 0, 0, 0, 0, 0, 0, 0, 'es', 0),
(262, 6, 11, 10, 0, 0, 0, 0, 0, 0, 0, 0, 0, 0, '', 0),
(263, 0, 0, 0, 0, 0, 0, 0, 0, 0, 0, 0, 0, 0, 'es-es', 0),
(264, 7, 3, 0, 0, 0, 0, 0, 0, 0, 0, 0, 0, 0, 'es', 0),
(265, 5, 10, 0, 0, 0, 0, 0, 0, 0, 0, 0, 0, 0, 'es', 0),
(266, 6, 11, 0, 0, 0, 0, 0, 0, 0, 0, 0, 0, 0, 'en', 0),
(267, 0, 0, 0, 0, 0, 0, 0, 0, 0, 0, 0, 0, 0, '', 0),
(268, 0, 0, 0, 0, 0, 0, 0, 0, 0, 0, 0, 0, 0, '', 0),
(269, 0, 0, 0, 0, 0, 0, 0, 0, 0, 0, 0, 0, 0, '', 0),
(270, 6, 3, 0, 0, 0, 0, 0, 0, 0, 0, 0, 0, 0, 'es', 0),
(271, 6, 3, 0, 0, 0, 0, 0, 0, 0, 0, 0, 0, 0, 'es', 0),
(272, 9, 11, 0, 0, 0, 0, 0, 0, 0, 0, 0, 0, 0, '', 0),
(273, 6, 11, 0, 0, 0, 0, 0, 0, 0, 0, 0, 0, 0, '', 0),
(274, 6, 11, 0, 0, 0, 0, 0, 0, 0, 0, 0, 0, 0, '', 0),
(275, 9, 11, 0, 0, 0, 0, 0, 0, 0, 0, 0, 0, 0, '', 0),
(276, 8, 11, 0, 0, 0, 0, 0, 0, 0, 0, 0, 0, 0, 'es', 0),
(277, 7, 11, 0, 0, 0, 0, 0, 0, 0, 0, 0, 0, 0, 'es', 0),
(278, 7, 1, 0, 0, 0, 0, 0, 0, 0, 0, 0, 0, 0, 'en-us', 0),
(279, 6, 3, 0, 0, 0, 0, 0, 0, 0, 0, 0, 0, 0, 'es', 0),
(280, 3, 10, 0, 0, 0, 0, 0, 0, 0, 0, 0, 0, 0, '', 0),
(281, 3, 10, 0, 0, 0, 0, 0, 0, 0, 0, 0, 0, 0, '', 0),
(282, 3, 11, 0, 0, 0, 0, 0, 0, 0, 0, 0, 0, 0, 'en', 0),
(283, 8, 11, 0, 0, 0, 0, 0, 0, 0, 0, 0, 0, 0, '', 0),
(284, 6, 3, 12, 0, 0, 0, 0, 0, 0, 0, 0, 0, 0, 'es', 0),
(285, 3, 10, 0, 0, 0, 0, 0, 0, 0, 0, 0, 0, 0, '', 0),
(286, 6, 11, 0, 0, 0, 0, 0, 0, 0, 0, 0, 0, 0, 'en', 0),
(287, 6, 11, 0, 0, 0, 0, 0, 0, 0, 0, 0, 0, 0, '', 0),
(288, 6, 11, 0, 0, 0, 0, 0, 0, 0, 0, 0, 0, 0, 'en', 0),
(289, 7, 3, 0, 0, 0, 0, 0, 0, 0, 0, 0, 0, 0, 'es', 0),
(290, 8, 11, 0, 0, 0, 0, 0, 0, 0, 0, 0, 0, 0, 'es', 0),
(291, 7, 11, 0, 0, 0, 0, 0, 0, 0, 0, 0, 0, 0, 'es', 0),
(292, 7, 11, 0, 0, 0, 0, 0, 0, 0, 0, 0, 0, 0, '', 0),
(293, 0, 0, 0, 0, 0, 0, 0, 0, 0, 0, 0, 0, 0, '', 0),
(294, 0, 0, 0, 0, 0, 0, 0, 0, 0, 0, 0, 0, 0, '', 0),
(295, 7, 1, 0, 0, 0, 0, 0, 0, 0, 0, 0, 0, 0, 'es', 0),
(296, 3, 3, 0, 0, 0, 0, 0, 0, 0, 0, 0, 0, 0, '', 0),
(297, 7, 11, 0, 0, 0, 0, 0, 0, 0, 0, 0, 0, 0, '', 0),
(298, 5, 10, 0, 0, 0, 0, 0, 0, 0, 0, 0, 0, 0, 'es', 0),
(299, 7, 11, 0, 0, 0, 0, 0, 0, 0, 0, 0, 0, 0, 'es', 0),
(300, 7, 11, 0, 0, 0, 0, 0, 0, 0, 0, 0, 0, 0, '', 0),
(301, 7, 11, 0, 0, 0, 0, 0, 0, 0, 0, 0, 0, 0, '', 0),
(302, 3, 10, 0, 0, 0, 0, 0, 0, 0, 0, 0, 0, 0, '', 0),
(303, 3, 10, 0, 0, 0, 0, 0, 0, 0, 0, 0, 0, 0, '', 0),
(304, 9, 11, 0, 0, 0, 0, 0, 0, 0, 0, 0, 0, 0, 'en-us', 0),
(305, 3, 11, 0, 0, 0, 0, 0, 0, 0, 0, 0, 0, 0, 'en', 0),
(306, 3, 11, 0, 0, 0, 0, 0, 0, 0, 0, 0, 0, 0, 'en', 0),
(307, 8, 11, 0, 0, 0, 0, 0, 0, 0, 0, 0, 0, 0, '', 0),
(308, 7, 3, 0, 0, 0, 0, 0, 0, 0, 0, 0, 0, 0, 'es', 0),
(309, 7, 1, 0, 0, 0, 0, 0, 0, 0, 0, 0, 0, 0, 'es', 0),
(310, 7, 11, 0, 0, 0, 0, 0, 0, 0, 0, 0, 0, 0, '', 0),
(311, 7, 11, 0, 0, 0, 0, 0, 0, 0, 0, 0, 0, 0, '', 0),
(312, 7, 3, 0, 0, 0, 0, 0, 0, 0, 0, 0, 0, 0, 'es', 0),
(313, 3, 3, 0, 0, 0, 0, 0, 0, 0, 0, 0, 0, 0, 'es', 0),
(314, 7, 3, 0, 0, 0, 0, 0, 0, 0, 0, 0, 0, 0, 'es', 0),
(315, 3, 11, 0, 0, 0, 0, 0, 0, 0, 0, 0, 0, 0, 'es', 0),
(316, 7, 11, 0, 0, 0, 0, 0, 0, 0, 0, 0, 0, 0, '', 0),
(317, 3, 3, 0, 0, 0, 0, 0, 0, 0, 0, 0, 0, 0, 'es', 0),
(318, 7, 11, 0, 0, 0, 0, 0, 0, 0, 0, 0, 0, 0, 'es', 0),
(319, 7, 11, 0, 0, 0, 0, 0, 0, 0, 0, 0, 0, 0, '', 0),
(320, 0, 0, 0, 0, 0, 0, 0, 0, 0, 0, 0, 0, 0, '', 0),
(321, 0, 1, 0, 0, 0, 0, 0, 0, 0, 0, 0, 0, 0, 'en', 0),
(322, 0, 1, 0, 0, 0, 0, 0, 0, 0, 0, 0, 0, 0, 'en', 0),
(323, 0, 0, 0, 0, 0, 0, 0, 0, 0, 0, 0, 0, 0, '', 0),
(324, 0, 0, 0, 0, 0, 0, 0, 0, 0, 0, 0, 0, 0, '', 0),
(325, 0, 1, 0, 0, 0, 0, 0, 0, 0, 0, 0, 0, 0, 'en', 0),
(326, 0, 1, 0, 0, 0, 0, 0, 0, 0, 0, 0, 0, 0, 'en', 0),
(327, 0, 1, 0, 0, 0, 0, 0, 0, 0, 0, 0, 0, 0, 'en', 0),
(328, 7, 3, 0, 0, 0, 0, 0, 0, 0, 0, 0, 0, 0, 'es', 0),
(329, 5, 10, 0, 0, 0, 0, 0, 0, 0, 0, 0, 0, 0, 'es', 0),
(330, 9, 11, 0, 0, 0, 0, 0, 0, 0, 0, 0, 0, 0, '', 0),
(331, 7, 11, 0, 0, 0, 0, 0, 0, 0, 0, 0, 0, 0, '', 0),
(332, 6, 11, 0, 0, 0, 0, 0, 0, 0, 0, 0, 0, 0, '', 0),
(333, 6, 11, 0, 0, 0, 0, 0, 0, 0, 0, 0, 0, 0, '', 0),
(334, 6, 11, 0, 0, 0, 0, 0, 0, 0, 0, 0, 0, 0, '', 0),
(335, 8, 3, 0, 0, 0, 0, 0, 0, 0, 0, 0, 0, 0, 'es', 0),
(336, 8, 11, 0, 0, 0, 0, 0, 0, 0, 0, 0, 0, 0, 'es', 0),
(337, 7, 11, 0, 0, 0, 0, 0, 0, 0, 0, 0, 0, 0, '', 0),
(338, 5, 11, 0, 0, 0, 0, 0, 0, 0, 0, 0, 0, 0, 'nl', 0),
(339, 7, 1, 0, 0, 0, 0, 0, 0, 0, 0, 0, 0, 0, 'es', 0),
(340, 7, 11, 0, 0, 0, 0, 0, 0, 0, 0, 0, 0, 0, 'es', 0),
(341, 7, 11, 0, 0, 0, 0, 0, 0, 0, 0, 0, 0, 0, '', 0),
(342, 6, 3, 13, 0, 0, 0, 0, 0, 0, 0, 0, 0, 0, 'es', 0),
(343, 6, 3, 0, 0, 0, 0, 0, 0, 0, 0, 0, 0, 0, 'es', 0),
(344, 8, 11, 0, 0, 0, 0, 0, 0, 0, 0, 0, 0, 0, '', 0),
(345, 8, 11, 0, 0, 0, 0, 0, 0, 0, 0, 0, 0, 0, '', 0),
(346, 6, 11, 0, 0, 0, 0, 0, 0, 0, 0, 0, 0, 0, '', 0),
(347, 6, 11, 0, 0, 0, 0, 0, 0, 0, 0, 0, 0, 0, '', 0),
(348, 8, 3, 0, 0, 0, 0, 0, 0, 0, 0, 0, 0, 0, 'es', 0),
(349, 6, 3, 30, 0, 0, 0, 0, 0, 0, 0, 0, 0, 0, 'es', 0),
(350, 6, 11, 0, 0, 0, 0, 0, 0, 0, 0, 0, 0, 0, '', 0),
(351, 6, 11, 0, 0, 0, 0, 0, 0, 0, 0, 0, 0, 0, '', 0),
(352, 6, 11, 0, 0, 0, 0, 0, 0, 0, 0, 0, 0, 0, '', 0),
(353, 6, 11, 0, 0, 0, 0, 0, 0, 0, 0, 0, 0, 0, '', 0),
(354, 6, 11, 0, 0, 0, 0, 0, 0, 0, 0, 0, 0, 0, '', 0),
(355, 6, 11, 0, 0, 0, 0, 0, 0, 0, 0, 0, 0, 0, '', 0),
(356, 6, 11, 0, 0, 0, 0, 0, 0, 0, 0, 0, 0, 0, '', 0),
(357, 6, 11, 0, 0, 0, 0, 0, 0, 0, 0, 0, 0, 0, '', 0),
(358, 7, 3, 0, 0, 0, 0, 0, 0, 0, 0, 0, 0, 0, 'es', 0),
(359, 9, 11, 0, 0, 0, 0, 0, 0, 0, 0, 0, 0, 0, '', 0),
(360, 6, 11, 0, 0, 0, 0, 0, 0, 0, 0, 0, 0, 0, '', 0),
(361, 6, 11, 0, 0, 0, 0, 0, 0, 0, 0, 0, 0, 0, '', 0),
(362, 0, 0, 0, 0, 0, 0, 0, 0, 0, 0, 0, 0, 0, '', 0),
(363, 7, 11, 0, 0, 0, 0, 0, 0, 0, 0, 0, 0, 0, '', 0),
(364, 6, 11, 0, 0, 0, 0, 0, 0, 0, 0, 0, 0, 0, '', 0),
(365, 7, 11, 0, 0, 0, 0, 0, 0, 0, 0, 0, 0, 0, 'es', 0),
(366, 7, 3, 0, 0, 0, 0, 0, 0, 0, 0, 0, 0, 0, 'es', 0),
(367, 7, 11, 0, 0, 0, 0, 0, 0, 0, 0, 0, 0, 0, '', 0),
(368, 6, 11, 0, 0, 0, 0, 0, 0, 0, 0, 0, 0, 0, '', 0),
(369, 6, 11, 0, 0, 0, 0, 0, 0, 0, 0, 0, 0, 0, '', 0),
(370, 6, 11, 0, 0, 0, 0, 0, 0, 0, 0, 0, 0, 0, '', 0),
(371, 6, 11, 0, 0, 0, 0, 0, 0, 0, 0, 0, 0, 0, '', 0),
(372, 6, 11, 0, 0, 0, 0, 0, 0, 0, 0, 0, 0, 0, '', 0),
(373, 6, 11, 0, 0, 0, 0, 0, 0, 0, 0, 0, 0, 0, '', 0),
(374, 6, 11, 0, 0, 0, 0, 0, 0, 0, 0, 0, 0, 0, '', 0),
(375, 6, 11, 0, 0, 0, 0, 0, 0, 0, 0, 0, 0, 0, '', 0),
(376, 6, 11, 0, 0, 0, 0, 0, 0, 0, 0, 0, 0, 0, '', 0),
(377, 6, 11, 0, 0, 0, 0, 0, 0, 0, 0, 0, 0, 0, '', 0),
(378, 6, 11, 0, 0, 0, 0, 0, 0, 0, 0, 0, 0, 0, '', 0),
(379, 6, 11, 0, 0, 0, 0, 0, 0, 0, 0, 0, 0, 0, '', 0),
(380, 6, 11, 0, 0, 0, 0, 0, 0, 0, 0, 0, 0, 0, '', 0),
(381, 6, 11, 0, 0, 0, 0, 0, 0, 0, 0, 0, 0, 0, '', 0),
(382, 6, 11, 0, 0, 0, 0, 0, 0, 0, 0, 0, 0, 0, '', 0),
(383, 6, 11, 0, 0, 0, 0, 0, 0, 0, 0, 0, 0, 0, '', 0),
(384, 6, 11, 0, 0, 0, 0, 0, 0, 0, 0, 0, 0, 0, '', 0),
(385, 6, 11, 0, 0, 0, 0, 0, 0, 0, 0, 0, 0, 0, '', 0),
(386, 6, 11, 0, 0, 0, 0, 0, 0, 0, 0, 0, 0, 0, '', 0),
(387, 6, 11, 0, 0, 0, 0, 0, 0, 0, 0, 0, 0, 0, '', 0),
(388, 7, 3, 0, 0, 0, 0, 0, 0, 0, 0, 0, 0, 0, 'es', 0),
(389, 7, 3, 0, 0, 0, 0, 0, 0, 0, 0, 0, 0, 0, 'es', 0),
(390, 6, 11, 0, 0, 0, 0, 0, 0, 0, 0, 0, 0, 0, '', 0),
(391, 6, 11, 0, 0, 0, 0, 0, 0, 0, 0, 0, 0, 0, '', 0),
(392, 6, 11, 0, 0, 0, 0, 0, 0, 0, 0, 0, 0, 0, '', 0),
(393, 7, 11, 0, 0, 0, 0, 0, 0, 0, 0, 0, 0, 0, '', 0),
(394, 3, 3, 0, 0, 0, 0, 0, 0, 0, 0, 0, 0, 0, 'es', 0),
(395, 6, 3, 0, 0, 0, 0, 0, 0, 0, 0, 0, 0, 0, '', 0),
(396, 3, 11, 0, 0, 0, 0, 0, 0, 0, 0, 0, 0, 0, 'es', 0),
(397, 3, 10, 0, 0, 0, 0, 0, 0, 0, 0, 0, 0, 0, 'es', 0),
(398, 6, 11, 0, 0, 0, 0, 0, 0, 0, 0, 0, 0, 0, '', 0),
(399, 6, 11, 0, 0, 0, 0, 0, 0, 0, 0, 0, 0, 0, '', 0),
(400, 6, 3, 0, 0, 0, 0, 0, 0, 0, 0, 0, 0, 0, 'es', 0),
(401, 7, 11, 0, 0, 0, 0, 0, 0, 0, 0, 0, 0, 0, '', 0),
(402, 6, 11, 0, 0, 0, 0, 0, 0, 0, 0, 0, 0, 0, '', 0),
(403, 6, 11, 0, 0, 0, 0, 0, 0, 0, 0, 0, 0, 0, '', 0),
(404, 6, 11, 0, 0, 0, 0, 0, 0, 0, 0, 0, 0, 0, '', 0),
(405, 7, 11, 0, 0, 0, 0, 0, 0, 0, 0, 0, 0, 0, 'es', 0),
(406, 8, 11, 0, 0, 0, 0, 0, 0, 0, 0, 0, 0, 0, 'es', 0),
(407, 7, 3, 0, 0, 0, 0, 0, 0, 0, 0, 0, 0, 0, 'es', 0),
(408, 3, 3, 0, 0, 0, 0, 0, 0, 0, 0, 0, 0, 0, 'es', 0),
(409, 6, 3, 14, 0, 0, 0, 0, 0, 0, 0, 0, 0, 0, 'es', 0),
(410, 8, 11, 0, 0, 0, 0, 0, 0, 0, 0, 0, 0, 0, '', 0),
(411, 8, 11, 0, 0, 0, 0, 0, 0, 0, 0, 0, 0, 0, '', 0),
(412, 6, 3, 15, 0, 0, 0, 0, 0, 0, 0, 0, 0, 0, 'es', 0),
(413, 6, 3, 16, 0, 0, 0, 0, 0, 0, 0, 0, 0, 0, 'es', 0),
(414, 6, 11, 17, 0, 0, 0, 0, 0, 0, 0, 0, 0, 0, '', 0),
(415, 6, 3, 18, 0, 0, 0, 0, 0, 0, 0, 0, 0, 0, 'es', 0),
(416, 0, 0, 0, 0, 0, 0, 0, 0, 0, 0, 0, 0, 0, '', 0),
(417, 6, 3, 19, 0, 0, 0, 0, 0, 0, 0, 0, 0, 0, 'es', 0),
(418, 0, 0, 0, 0, 0, 0, 0, 0, 0, 0, 0, 0, 0, '', 0),
(419, 0, 0, 0, 0, 0, 0, 0, 0, 0, 0, 0, 0, 0, '', 0),
(420, 0, 0, 0, 0, 0, 0, 0, 0, 0, 0, 0, 0, 0, '', 0),
(421, 6, 11, 20, 0, 0, 0, 0, 0, 0, 0, 0, 0, 0, 'es', 0),
(422, 7, 11, 0, 0, 0, 0, 0, 0, 0, 0, 0, 0, 0, '', 0),
(423, 0, 0, 0, 0, 0, 0, 0, 0, 0, 0, 0, 0, 0, '', 0),
(424, 6, 11, 0, 0, 0, 0, 0, 0, 0, 0, 0, 0, 0, 'es', 0),
(425, 6, 3, 0, 0, 0, 0, 0, 0, 0, 0, 0, 0, 0, 'es', 0),
(426, 6, 11, 0, 0, 0, 0, 0, 0, 0, 0, 0, 0, 0, 'es', 0),
(427, 6, 11, 0, 0, 0, 0, 0, 0, 0, 0, 0, 0, 0, 'es', 0),
(428, 6, 11, 0, 0, 0, 0, 0, 0, 0, 0, 0, 0, 0, 'es', 0),
(429, 6, 3, 0, 0, 0, 0, 0, 0, 0, 0, 0, 0, 0, 'es', 0),
(430, 6, 11, 0, 0, 0, 0, 0, 0, 0, 0, 0, 0, 0, 'es', 0),
(431, 6, 3, 0, 0, 0, 0, 0, 0, 0, 0, 0, 0, 0, 'es', 0),
(432, 6, 3, 0, 0, 0, 0, 0, 0, 0, 0, 0, 0, 0, 'es', 0),
(433, 6, 3, 0, 0, 0, 0, 0, 0, 0, 0, 0, 0, 0, 'es', 0),
(434, 6, 11, 0, 0, 0, 0, 0, 0, 0, 0, 0, 0, 0, 'es', 0),
(435, 6, 11, 0, 0, 0, 0, 0, 0, 0, 0, 0, 0, 0, 'es', 0),
(436, 6, 11, 0, 0, 0, 0, 0, 0, 0, 0, 0, 0, 0, 'es', 0),
(437, 6, 11, 0, 0, 0, 0, 0, 0, 0, 0, 0, 0, 0, 'es', 0),
(438, 6, 11, 0, 0, 0, 0, 0, 0, 0, 0, 0, 0, 0, 'es', 0),
(439, 6, 11, 0, 0, 0, 0, 0, 0, 0, 0, 0, 0, 0, 'es', 0),
(440, 6, 11, 0, 0, 0, 0, 0, 0, 0, 0, 0, 0, 0, 'es', 0),
(441, 6, 3, 0, 0, 0, 0, 0, 0, 0, 0, 0, 0, 0, 'es', 0),
(442, 6, 11, 0, 0, 0, 0, 0, 0, 0, 0, 0, 0, 0, 'es', 0),
(443, 6, 3, 0, 0, 0, 0, 0, 0, 0, 0, 0, 0, 0, 'es', 0),
(444, 6, 11, 0, 0, 0, 0, 0, 0, 0, 0, 0, 0, 0, 'es', 0),
(445, 6, 11, 0, 0, 0, 0, 0, 0, 0, 0, 0, 0, 0, 'es', 0),
(446, 6, 3, 0, 0, 0, 0, 0, 0, 0, 0, 0, 0, 0, 'es', 0),
(447, 6, 11, 0, 0, 0, 0, 0, 0, 0, 0, 0, 0, 0, 'es', 0),
(448, 6, 3, 0, 0, 0, 0, 0, 0, 0, 0, 0, 0, 0, 'es', 0),
(449, 6, 3, 0, 0, 0, 0, 0, 0, 0, 0, 0, 0, 0, 'es', 0),
(450, 6, 11, 0, 0, 0, 0, 0, 0, 0, 0, 0, 0, 0, 'es', 0),
(451, 6, 11, 0, 0, 0, 0, 0, 0, 0, 0, 0, 0, 0, 'es', 0),
(452, 6, 3, 0, 0, 0, 0, 0, 0, 0, 0, 0, 0, 0, 'es', 0),
(453, 6, 11, 0, 0, 0, 0, 0, 0, 0, 0, 0, 0, 0, 'es', 0),
(454, 6, 11, 0, 0, 0, 0, 0, 0, 0, 0, 0, 0, 0, 'es', 0),
(455, 6, 11, 0, 0, 0, 0, 0, 0, 0, 0, 0, 0, 0, 'es', 0),
(456, 6, 11, 0, 0, 0, 0, 0, 0, 0, 0, 0, 0, 0, 'es', 0),
(457, 6, 3, 0, 0, 0, 0, 0, 0, 0, 0, 0, 0, 0, 'es', 0),
(458, 6, 11, 0, 0, 0, 0, 0, 0, 0, 0, 0, 0, 0, 'es', 0),
(459, 6, 11, 0, 0, 0, 0, 0, 0, 0, 0, 0, 0, 0, 'es', 0),
(460, 6, 3, 0, 0, 0, 0, 0, 0, 0, 0, 0, 0, 0, 'es', 0),
(461, 6, 11, 0, 0, 0, 0, 0, 0, 0, 0, 0, 0, 0, 'es', 0),
(462, 6, 11, 0, 0, 0, 0, 0, 0, 0, 0, 0, 0, 0, 'es', 0),
(463, 6, 3, 0, 0, 0, 0, 0, 0, 0, 0, 0, 0, 0, 'es', 0),
(464, 6, 3, 0, 0, 0, 0, 0, 0, 0, 0, 0, 0, 0, 'es', 0),
(465, 6, 3, 0, 0, 0, 0, 0, 0, 0, 0, 0, 0, 0, 'es', 0),
(466, 6, 11, 0, 0, 0, 0, 0, 0, 0, 0, 0, 0, 0, 'es', 0),
(467, 9, 11, 0, 0, 0, 0, 0, 0, 0, 0, 0, 0, 0, '', 0),
(468, 6, 11, 0, 0, 0, 0, 0, 0, 0, 0, 0, 0, 0, '', 0),
(469, 6, 11, 0, 0, 0, 0, 0, 0, 0, 0, 0, 0, 0, '', 0),
(470, 6, 11, 0, 0, 0, 0, 0, 0, 0, 0, 0, 0, 0, '', 0),
(471, 6, 11, 0, 0, 0, 0, 0, 0, 0, 0, 0, 0, 0, '', 0),
(472, 6, 11, 0, 0, 0, 0, 0, 0, 0, 0, 0, 0, 0, '', 0),
(473, 6, 11, 0, 0, 0, 0, 0, 0, 0, 0, 0, 0, 0, '', 0),
(474, 6, 11, 0, 0, 0, 0, 0, 0, 0, 0, 0, 0, 0, '', 0),
(475, 6, 11, 0, 0, 0, 0, 0, 0, 0, 0, 0, 0, 0, '', 0),
(476, 7, 3, 0, 0, 0, 0, 0, 0, 0, 0, 0, 0, 0, 'es', 0),
(477, 8, 11, 0, 0, 0, 0, 0, 0, 0, 0, 0, 0, 0, 'en', 0),
(478, 0, 0, 0, 0, 0, 0, 0, 0, 0, 0, 0, 0, 0, '', 0),
(479, 0, 1, 0, 0, 0, 0, 0, 0, 0, 0, 0, 0, 0, 'en', 0),
(480, 0, 1, 0, 0, 0, 0, 0, 0, 0, 0, 0, 0, 0, 'en', 0),
(481, 0, 1, 0, 0, 0, 0, 0, 0, 0, 0, 0, 0, 0, 'en', 0),
(482, 0, 0, 0, 0, 0, 0, 0, 0, 0, 0, 0, 0, 0, '', 0),
(483, 0, 1, 0, 0, 0, 0, 0, 0, 0, 0, 0, 0, 0, 'en', 0),
(484, 0, 1, 0, 0, 0, 0, 0, 0, 0, 0, 0, 0, 0, 'en', 0),
(485, 0, 1, 0, 0, 0, 0, 0, 0, 0, 0, 0, 0, 0, 'en', 0),
(486, 8, 11, 0, 0, 0, 0, 0, 0, 0, 0, 0, 0, 0, '', 0),
(487, 6, 11, 22, 0, 0, 0, 0, 0, 0, 0, 0, 0, 0, 'en', 0),
(488, 6, 11, 21, 0, 0, 0, 0, 0, 0, 0, 0, 0, 0, 'es', 0),
(489, 8, 11, 0, 0, 0, 0, 0, 0, 0, 0, 0, 0, 0, '', 0),
(490, 6, 11, 23, 0, 0, 0, 0, 0, 0, 0, 0, 0, 0, 'en', 0),
(491, 8, 11, 0, 0, 0, 0, 0, 0, 0, 0, 0, 0, 0, '', 0),
(492, 8, 11, 0, 0, 0, 0, 0, 0, 0, 0, 0, 0, 0, '', 0),
(493, 6, 3, 0, 0, 0, 0, 0, 0, 0, 0, 0, 0, 0, 'es', 0),
(494, 6, 3, 24, 0, 0, 0, 0, 0, 0, 0, 0, 0, 0, 'es', 0),
(495, 8, 3, 0, 0, 0, 0, 0, 0, 0, 0, 0, 0, 0, 'en', 0),
(496, 8, 3, 0, 0, 0, 0, 0, 0, 0, 0, 0, 0, 0, 'es', 0),
(497, 5, 10, 0, 0, 0, 0, 0, 0, 0, 0, 0, 0, 0, 'es', 0),
(498, 7, 11, 0, 0, 0, 0, 0, 0, 0, 0, 0, 0, 0, 'es', 0),
(499, 7, 1, 0, 0, 0, 0, 0, 0, 0, 0, 0, 0, 0, 'es', 0),
(500, 7, 1, 0, 0, 0, 0, 0, 0, 0, 0, 0, 0, 0, 'es', 0),
(501, 5, 10, 0, 0, 0, 0, 0, 0, 0, 0, 0, 0, 0, 'es', 0),
(502, 7, 1, 0, 0, 0, 0, 0, 0, 0, 0, 0, 0, 0, 'es', 0),
(503, 3, 10, 0, 0, 0, 0, 0, 0, 0, 0, 0, 0, 0, 'es', 0),
(504, 7, 1, 0, 0, 0, 0, 0, 0, 0, 0, 0, 0, 0, 'es', 0),
(505, 8, 11, 0, 0, 0, 0, 0, 0, 0, 0, 0, 0, 0, 'es', 0),
(506, 7, 3, 0, 0, 0, 0, 0, 0, 0, 0, 0, 0, 0, 'es', 0),
(507, 3, 3, 0, 0, 0, 0, 0, 0, 0, 0, 0, 0, 0, 'es', 0),
(508, 6, 3, 25, 0, 0, 0, 0, 0, 0, 0, 0, 0, 0, 'es', 0),
(509, 0, 0, 0, 0, 0, 0, 0, 0, 0, 0, 0, 0, 0, '', 0),
(510, 6, 11, 26, 0, 0, 0, 0, 0, 0, 0, 0, 0, 0, 'es', 0),
(511, 8, 11, 0, 0, 0, 0, 0, 0, 0, 0, 0, 0, 0, '', 0),
(512, 8, 11, 0, 0, 0, 0, 0, 0, 0, 0, 0, 0, 0, '', 0),
(513, 8, 11, 0, 0, 0, 0, 0, 0, 0, 0, 0, 0, 0, '', 0),
(514, 6, 11, 27, 0, 0, 0, 0, 0, 0, 0, 0, 0, 0, 'es', 0),
(515, 6, 3, 28, 0, 0, 0, 0, 0, 0, 0, 0, 0, 0, 'es', 0),
(516, 6, 11, 29, 0, 0, 0, 0, 0, 0, 0, 0, 0, 0, 'es', 0),
(517, 0, 0, 0, 0, 0, 0, 0, 0, 0, 0, 0, 0, 0, '', 0),
(518, 6, 3, 0, 0, 0, 0, 0, 0, 0, 0, 0, 0, 0, 'en', 0),
(519, 6, 3, 31, 0, 0, 0, 0, 0, 0, 0, 0, 0, 0, 'es', 0),
(520, 0, 0, 0, 0, 0, 0, 0, 0, 0, 0, 0, 0, 0, '', 0),
(521, 6, 3, 0, 0, 0, 0, 0, 0, 0, 0, 0, 0, 0, 'es', 0),
(522, 9, 11, 32, 0, 0, 0, 0, 0, 0, 0, 0, 0, 0, 'es', 0),
(523, 6, 3, 33, 0, 0, 0, 0, 0, 0, 0, 0, 0, 0, 'es', 0),
(524, 6, 3, 0, 0, 0, 0, 0, 0, 0, 0, 0, 0, 0, 'es', 0),
(525, 6, 11, 0, 0, 0, 0, 0, 0, 0, 0, 0, 0, 0, 'es', 0),
(526, 6, 11, 0, 0, 0, 0, 0, 0, 0, 0, 0, 0, 0, 'es', 0),
(527, 3, 3, 0, 0, 0, 0, 0, 0, 0, 0, 0, 0, 0, 'es', 0),
(528, 3, 11, 0, 0, 0, 0, 0, 0, 0, 0, 0, 0, 0, 'es', 0),
(529, 6, 11, 0, 0, 0, 0, 0, 0, 0, 0, 0, 0, 0, 'en', 0),
(530, 7, 11, 0, 0, 0, 0, 0, 0, 0, 0, 0, 0, 0, '', 0),
(531, 8, 11, 0, 0, 0, 0, 0, 0, 0, 0, 0, 0, 0, 'es', 0),
(532, 6, 11, 0, 0, 0, 0, 0, 0, 0, 0, 0, 0, 0, '', 0),
(533, 6, 11, 0, 0, 0, 0, 0, 0, 0, 0, 0, 0, 0, '', 0),
(534, 6, 11, 0, 0, 0, 0, 0, 0, 0, 0, 0, 0, 0, '', 0),
(535, 6, 11, 0, 0, 0, 0, 0, 0, 0, 0, 0, 0, 0, '', 0),
(536, 6, 11, 0, 0, 0, 0, 0, 0, 0, 0, 0, 0, 0, '', 0),
(537, 6, 11, 0, 0, 0, 0, 0, 0, 0, 0, 0, 0, 0, '', 0),
(538, 6, 11, 0, 0, 0, 0, 0, 0, 0, 0, 0, 0, 0, '', 0),
(539, 6, 11, 0, 0, 0, 0, 0, 0, 0, 0, 0, 0, 0, '', 0),
(540, 6, 3, 0, 0, 0, 0, 0, 0, 0, 0, 0, 0, 0, 'es', 0),
(541, 6, 3, 0, 0, 0, 0, 0, 0, 0, 0, 0, 0, 0, 'es', 0),
(542, 6, 3, 0, 0, 0, 0, 0, 0, 0, 0, 0, 0, 0, 'es', 0),
(543, 6, 3, 0, 0, 0, 0, 0, 0, 0, 0, 0, 0, 0, 'es', 0),
(544, 6, 3, 0, 0, 0, 0, 0, 0, 0, 0, 0, 0, 0, 'es', 0),
(545, 6, 3, 0, 0, 0, 0, 0, 0, 0, 0, 0, 0, 0, 'es', 0),
(546, 6, 3, 0, 0, 0, 0, 0, 0, 0, 0, 0, 0, 0, 'es', 0),
(547, 6, 3, 0, 0, 0, 0, 0, 0, 0, 0, 0, 0, 0, 'es', 0),
(548, 6, 3, 0, 0, 0, 0, 0, 0, 0, 0, 0, 0, 0, 'es', 0),
(549, 6, 3, 0, 0, 0, 0, 0, 0, 0, 0, 0, 0, 0, 'es', 0),
(550, 6, 3, 0, 0, 0, 0, 0, 0, 0, 0, 0, 0, 0, 'es', 0),
(551, 6, 3, 0, 0, 0, 0, 0, 0, 0, 0, 0, 0, 0, 'es', 0),
(552, 6, 3, 0, 0, 0, 0, 0, 0, 0, 0, 0, 0, 0, 'es', 0),
(553, 6, 3, 0, 0, 0, 0, 0, 0, 0, 0, 0, 0, 0, 'es', 0),
(554, 6, 3, 0, 0, 0, 0, 0, 0, 0, 0, 0, 0, 0, 'es', 0),
(555, 6, 3, 0, 0, 0, 0, 0, 0, 0, 0, 0, 0, 0, 'es', 0),
(556, 6, 3, 0, 0, 0, 0, 0, 0, 0, 0, 0, 0, 0, 'es', 0),
(557, 6, 3, 0, 0, 0, 0, 0, 0, 0, 0, 0, 0, 0, 'es', 0),
(558, 6, 3, 0, 0, 0, 0, 0, 0, 0, 0, 0, 0, 0, 'es', 0),
(559, 6, 3, 0, 0, 0, 0, 0, 0, 0, 0, 0, 0, 0, 'es', 0),
(560, 6, 3, 0, 0, 0, 0, 0, 0, 0, 0, 0, 0, 0, 'es', 0),
(561, 6, 3, 0, 0, 0, 0, 0, 0, 0, 0, 0, 0, 0, 'es', 0),
(562, 6, 3, 0, 0, 0, 0, 0, 0, 0, 0, 0, 0, 0, 'es', 0),
(563, 6, 3, 0, 0, 0, 0, 0, 0, 0, 0, 0, 0, 0, 'es', 0),
(564, 6, 3, 0, 0, 0, 0, 0, 0, 0, 0, 0, 0, 0, 'es', 0),
(565, 6, 3, 0, 0, 0, 0, 0, 0, 0, 0, 0, 0, 0, 'es', 0),
(566, 6, 3, 0, 0, 0, 0, 0, 0, 0, 0, 0, 0, 0, 'es', 0),
(567, 6, 3, 0, 0, 0, 0, 0, 0, 0, 0, 0, 0, 0, 'es', 0),
(568, 6, 3, 0, 0, 0, 0, 0, 0, 0, 0, 0, 0, 0, 'es', 0),
(569, 6, 3, 0, 0, 0, 0, 0, 0, 0, 0, 0, 0, 0, 'es', 0),
(570, 6, 3, 0, 0, 0, 0, 0, 0, 0, 0, 0, 0, 0, 'es', 0),
(571, 6, 3, 0, 0, 0, 0, 0, 0, 0, 0, 0, 0, 0, 'es', 0),
(572, 6, 3, 0, 0, 0, 0, 0, 0, 0, 0, 0, 0, 0, 'es', 0),
(573, 6, 3, 0, 0, 0, 0, 0, 0, 0, 0, 0, 0, 0, 'es', 0),
(574, 6, 3, 0, 0, 0, 0, 0, 0, 0, 0, 0, 0, 0, 'es', 0),
(575, 6, 3, 0, 0, 0, 0, 0, 0, 0, 0, 0, 0, 0, 'es', 0),
(576, 6, 3, 34, 0, 0, 0, 0, 0, 0, 0, 0, 0, 0, 'es', 0),
(577, 6, 3, 0, 0, 0, 0, 0, 0, 0, 0, 0, 0, 0, 'es', 0),
(578, 6, 3, 0, 0, 0, 0, 0, 0, 0, 0, 0, 0, 0, 'es', 0),
(579, 6, 3, 0, 0, 0, 0, 0, 0, 0, 0, 0, 0, 0, 'es', 0),
(580, 6, 3, 0, 0, 0, 0, 0, 0, 0, 0, 0, 0, 0, 'es', 0),
(581, 6, 3, 0, 0, 0, 0, 0, 0, 0, 0, 0, 0, 0, 'es', 0),
(582, 6, 3, 0, 0, 0, 0, 0, 0, 0, 0, 0, 0, 0, 'es', 0),
(583, 6, 3, 0, 0, 0, 0, 0, 0, 0, 0, 0, 0, 0, 'es', 0),
(584, 6, 3, 0, 0, 0, 0, 0, 0, 0, 0, 0, 0, 0, 'es', 0),
(585, 6, 3, 0, 0, 0, 0, 0, 0, 0, 0, 0, 0, 0, 'es', 0),
(586, 6, 3, 0, 0, 0, 0, 0, 0, 0, 0, 0, 0, 0, 'es', 0),
(587, 6, 3, 0, 0, 0, 0, 0, 0, 0, 0, 0, 0, 0, 'es', 0),
(588, 6, 3, 0, 0, 0, 0, 0, 0, 0, 0, 0, 0, 0, 'es', 0),
(589, 6, 3, 0, 0, 0, 0, 0, 0, 0, 0, 0, 0, 0, 'es', 0),
(590, 6, 3, 0, 0, 0, 0, 0, 0, 0, 0, 0, 0, 0, 'es', 0),
(591, 6, 3, 0, 0, 0, 0, 0, 0, 0, 0, 0, 0, 0, 'es', 0),
(592, 6, 3, 0, 0, 0, 0, 0, 0, 0, 0, 0, 0, 0, 'es', 0),
(593, 6, 3, 0, 0, 0, 0, 0, 0, 0, 0, 0, 0, 0, 'es', 0),
(594, 6, 3, 0, 0, 0, 0, 0, 0, 0, 0, 0, 0, 0, 'es', 0),
(595, 6, 3, 0, 0, 0, 0, 0, 0, 0, 0, 0, 0, 0, 'es', 0),
(596, 6, 3, 0, 0, 0, 0, 0, 0, 0, 0, 0, 0, 0, 'es', 0),
(597, 6, 3, 0, 0, 0, 0, 0, 0, 0, 0, 0, 0, 0, 'es', 0),
(598, 6, 3, 0, 0, 0, 0, 0, 0, 0, 0, 0, 0, 0, 'es', 0),
(599, 6, 3, 0, 0, 0, 0, 0, 0, 0, 0, 0, 0, 0, 'es', 0),
(600, 6, 3, 0, 0, 0, 0, 0, 0, 0, 0, 0, 0, 0, 'es', 0),
(601, 6, 11, 0, 0, 0, 0, 0, 0, 0, 0, 0, 0, 0, 'es', 0),
(602, 6, 11, 0, 0, 0, 0, 0, 0, 0, 0, 0, 0, 0, 'es', 0),
(603, 6, 11, 0, 0, 0, 0, 0, 0, 0, 0, 0, 0, 0, 'es', 0),
(604, 6, 11, 0, 0, 0, 0, 0, 0, 0, 0, 0, 0, 0, 'es', 0),
(605, 6, 3, 0, 0, 0, 0, 0, 0, 0, 0, 0, 0, 0, 'es', 0),
(606, 6, 11, 0, 0, 0, 0, 0, 0, 0, 0, 0, 0, 0, 'es', 0),
(607, 6, 11, 0, 0, 0, 0, 0, 0, 0, 0, 0, 0, 0, 'es', 0),
(608, 6, 11, 0, 0, 0, 0, 0, 0, 0, 0, 0, 0, 0, 'es', 0),
(609, 6, 11, 0, 0, 0, 0, 0, 0, 0, 0, 0, 0, 0, 'es', 0),
(610, 6, 3, 0, 0, 0, 0, 0, 0, 0, 0, 0, 0, 0, 'es', 0),
(611, 6, 11, 35, 0, 0, 0, 0, 0, 0, 0, 0, 0, 0, 'es', 0),
(612, 6, 3, 0, 0, 0, 0, 0, 0, 0, 0, 0, 0, 0, 'es', 0),
(613, 0, 0, 0, 0, 0, 0, 0, 0, 0, 0, 0, 0, 0, '', 0),
(614, 0, 0, 0, 0, 0, 0, 0, 0, 0, 0, 0, 0, 0, '', 0),
(615, 3, 3, 0, 0, 0, 0, 0, 0, 0, 0, 0, 0, 0, 'es', 0),
(616, 7, 1, 0, 0, 0, 0, 0, 0, 0, 0, 0, 0, 0, 'es', 0),
(617, 6, 11, 0, 0, 0, 0, 0, 0, 0, 0, 0, 0, 0, 'en', 0),
(618, 0, 0, 0, 0, 0, 0, 0, 0, 0, 0, 0, 0, 0, '', 0),
(619, 0, 1, 0, 0, 0, 0, 0, 0, 0, 0, 0, 0, 0, 'en', 0),
(620, 7, 3, 0, 0, 0, 0, 0, 0, 0, 0, 0, 0, 0, 'es', 0),
(621, 3, 11, 0, 0, 0, 0, 0, 0, 0, 0, 0, 0, 0, 'es', 0),
(622, 6, 11, 0, 0, 0, 0, 0, 0, 0, 0, 0, 0, 0, '', 0),
(623, 6, 11, 0, 0, 0, 0, 0, 0, 0, 0, 0, 0, 0, '', 0),
(624, 6, 11, 0, 0, 0, 0, 0, 0, 0, 0, 0, 0, 0, '', 0),
(625, 6, 11, 0, 0, 0, 0, 0, 0, 0, 0, 0, 0, 0, '', 0),
(626, 6, 11, 0, 0, 0, 0, 0, 0, 0, 0, 0, 0, 0, '', 0),
(627, 6, 11, 0, 0, 0, 0, 0, 0, 0, 0, 0, 0, 0, '', 0),
(628, 6, 11, 0, 0, 0, 0, 0, 0, 0, 0, 0, 0, 0, '', 0),
(629, 6, 11, 0, 0, 0, 0, 0, 0, 0, 0, 0, 0, 0, '', 0),
(630, 6, 11, 36, 0, 0, 0, 0, 0, 0, 0, 0, 0, 0, 'es', 0),
(631, 6, 3, 37, 0, 0, 0, 0, 0, 0, 0, 0, 0, 0, 'es', 0),
(632, 6, 11, 38, 0, 0, 0, 0, 0, 0, 0, 0, 0, 0, 'es', 0),
(633, 6, 3, 0, 0, 0, 0, 0, 0, 0, 0, 0, 0, 0, 'en', 0),
(634, 3, 10, 0, 0, 0, 0, 0, 0, 0, 0, 0, 0, 0, 'es', 0),
(635, 6, 11, 0, 0, 0, 0, 0, 0, 0, 0, 0, 0, 0, 'en', 0),
(636, 6, 11, 0, 0, 0, 0, 0, 0, 0, 0, 0, 0, 0, 'en', 0),
(637, 6, 11, 0, 0, 0, 0, 0, 0, 0, 0, 0, 0, 0, 'en', 0),
(638, 3, 11, 0, 0, 0, 0, 0, 0, 0, 0, 0, 0, 0, 'es', 0),
(639, 7, 3, 0, 0, 0, 0, 0, 0, 0, 0, 0, 0, 0, 'es', 0),
(640, 3, 11, 0, 0, 0, 0, 0, 0, 0, 0, 0, 0, 0, '', 0),
(641, 3, 11, 0, 0, 0, 0, 0, 0, 0, 0, 0, 0, 0, '', 0),
(642, 3, 11, 0, 0, 0, 0, 0, 0, 0, 0, 0, 0, 0, '', 0),
(643, 6, 11, 0, 0, 0, 0, 0, 0, 0, 0, 0, 0, 0, '', 0),
(644, 6, 11, 0, 0, 0, 0, 0, 0, 0, 0, 0, 0, 0, '', 0),
(645, 5, 11, 0, 0, 0, 0, 0, 0, 0, 0, 0, 0, 0, '', 0),
(646, 7, 11, 0, 0, 0, 0, 0, 0, 0, 0, 0, 0, 0, '', 0),
(647, 9, 11, 0, 0, 0, 0, 0, 0, 0, 0, 0, 0, 0, '', 0),
(648, 5, 10, 0, 0, 0, 0, 0, 0, 0, 0, 0, 0, 0, 'es', 0),
(649, 3, 3, 0, 0, 0, 0, 0, 0, 0, 0, 0, 0, 0, 'es', 0),
(650, 6, 11, 0, 0, 0, 0, 0, 0, 0, 0, 0, 0, 0, 'en', 0),
(651, 8, 11, 0, 0, 0, 0, 0, 0, 0, 0, 0, 0, 0, 'es', 0),
(652, 7, 1, 0, 0, 0, 0, 0, 0, 0, 0, 0, 0, 0, 'es', 0),
(653, 7, 3, 0, 0, 0, 0, 0, 0, 0, 0, 0, 0, 0, 'es', 0),
(654, 8, 11, 0, 0, 0, 0, 0, 0, 0, 0, 0, 0, 0, 'es', 0),
(655, 9, 11, 0, 0, 0, 0, 0, 0, 0, 0, 0, 0, 0, '', 0),
(656, 6, 11, 0, 0, 0, 0, 0, 0, 0, 0, 0, 0, 0, 'en', 0),
(657, 3, 3, 0, 0, 0, 0, 0, 0, 0, 0, 0, 0, 0, 'es', 0),
(658, 7, 11, 0, 0, 0, 0, 0, 0, 0, 0, 0, 0, 0, '', 0),
(659, 0, 0, 0, 0, 0, 0, 0, 0, 0, 0, 0, 0, 0, '', 0),
(660, 5, 10, 0, 0, 0, 0, 0, 0, 0, 0, 0, 0, 0, 'es', 0),
(661, 3, 10, 0, 0, 0, 0, 0, 0, 0, 0, 0, 0, 0, 'es', 0),
(662, 6, 11, 0, 0, 0, 0, 0, 0, 0, 0, 0, 0, 0, 'en', 0),
(663, 6, 11, 0, 0, 0, 0, 0, 0, 0, 0, 0, 0, 0, 'en', 0),
(664, 6, 11, 0, 0, 0, 0, 0, 0, 0, 0, 0, 0, 0, 'en', 0),
(665, 7, 3, 0, 0, 0, 0, 0, 0, 0, 0, 0, 0, 0, 'es', 0),
(666, 7, 3, 0, 0, 0, 0, 0, 0, 0, 0, 0, 0, 0, 'es', 0),
(667, 3, 10, 0, 0, 0, 0, 0, 0, 0, 0, 0, 0, 0, 'es', 0),
(668, 7, 1, 0, 0, 0, 0, 0, 0, 0, 0, 0, 0, 0, 'es', 0),
(669, 7, 3, 0, 0, 0, 0, 0, 0, 0, 0, 0, 0, 0, 'es', 0),
(670, 3, 3, 0, 0, 0, 0, 0, 0, 0, 0, 0, 0, 0, 'es', 0),
(671, 7, 3, 0, 0, 0, 0, 0, 0, 0, 0, 0, 0, 0, 'es', 0),
(672, 3, 3, 0, 0, 0, 0, 0, 0, 0, 0, 0, 0, 0, 'es', 0),
(673, 3, 11, 0, 0, 0, 0, 0, 0, 0, 0, 0, 0, 0, 'es', 0),
(674, 8, 3, 0, 0, 0, 0, 0, 0, 0, 0, 0, 0, 0, 'es', 0),
(675, 7, 11, 0, 0, 0, 0, 0, 0, 0, 0, 0, 0, 0, '', 0),
(676, 3, 10, 0, 0, 0, 0, 0, 0, 0, 0, 0, 0, 0, 'es', 0),
(677, 7, 1, 0, 0, 0, 0, 0, 0, 0, 0, 0, 0, 0, 'es', 0),
(678, 8, 3, 0, 0, 0, 0, 0, 0, 0, 0, 0, 0, 0, 'en', 0),
(679, 6, 11, 0, 0, 0, 0, 0, 0, 0, 0, 0, 0, 0, 'en', 0),
(680, 8, 3, 0, 0, 0, 0, 0, 0, 0, 0, 0, 0, 0, 'es', 0),
(681, 3, 3, 0, 0, 0, 0, 0, 0, 0, 0, 0, 0, 0, 'es', 0),
(682, 3, 3, 0, 0, 0, 0, 0, 0, 0, 0, 0, 0, 0, '', 0),
(683, 9, 11, 0, 0, 0, 0, 0, 0, 0, 0, 0, 0, 0, '', 0),
(684, 1, 11, 0, 0, 0, 0, 0, 0, 0, 0, 0, 0, 0, 'en', 0),
(685, 9, 11, 0, 0, 0, 0, 0, 0, 0, 0, 0, 0, 0, '', 0),
(686, 7, 11, 0, 0, 0, 0, 0, 0, 0, 0, 0, 0, 0, 'es', 0),
(687, 7, 1, 0, 0, 0, 0, 0, 0, 0, 0, 0, 0, 0, 'es', 0),
(688, 8, 3, 0, 0, 0, 0, 0, 0, 0, 0, 0, 0, 0, '', 0),
(689, 3, 11, 39, 0, 0, 0, 0, 0, 0, 0, 0, 0, 0, 'es', 0),
(690, 5, 10, 0, 0, 0, 0, 0, 0, 0, 0, 0, 0, 0, 'es', 0),
(691, 7, 11, 0, 0, 0, 0, 0, 0, 0, 0, 0, 0, 0, 'es', 0),
(692, 8, 3, 0, 0, 0, 0, 0, 0, 0, 0, 0, 0, 0, '', 0),
(693, 6, 11, 0, 0, 0, 0, 0, 0, 0, 0, 0, 0, 0, 'en', 0),
(694, 7, 3, 0, 0, 0, 0, 0, 0, 0, 0, 0, 0, 0, 'es', 0),
(695, 5, 10, 0, 0, 0, 0, 0, 0, 0, 0, 0, 0, 0, 'es', 0),
(696, 6, 11, 0, 0, 0, 0, 0, 0, 0, 0, 0, 0, 0, 'en', 0),
(697, 7, 11, 0, 0, 0, 0, 0, 0, 0, 0, 0, 0, 0, '', 0),
(698, 9, 11, 0, 0, 0, 0, 0, 0, 0, 0, 0, 0, 0, '', 0),
(699, 3, 3, 0, 0, 0, 0, 0, 0, 0, 0, 0, 0, 0, 'es', 0),
(700, 7, 3, 0, 0, 0, 0, 0, 0, 0, 0, 0, 0, 0, 'es', 0),
(701, 9, 11, 0, 0, 0, 0, 0, 0, 0, 0, 0, 0, 0, '', 0),
(702, 7, 3, 0, 0, 0, 0, 0, 0, 0, 0, 0, 0, 0, 'es', 0),
(703, 3, 10, 0, 0, 0, 0, 0, 0, 0, 0, 0, 0, 0, 'es', 0),
(704, 3, 11, 0, 0, 0, 0, 0, 0, 0, 0, 0, 0, 0, 'es', 0),
(705, 7, 1, 0, 0, 0, 0, 0, 0, 0, 0, 0, 0, 0, 'es', 0),
(706, 9, 11, 0, 0, 0, 0, 0, 0, 0, 0, 0, 0, 0, '', 0),
(707, 6, 11, 0, 0, 0, 0, 0, 0, 0, 0, 0, 0, 0, 'en', 0),
(708, 9, 11, 0, 0, 0, 0, 0, 0, 0, 0, 0, 0, 0, '', 0),
(709, 3, 10, 0, 0, 0, 0, 0, 0, 0, 0, 0, 0, 0, 'es', 0),
(710, 9, 11, 0, 0, 0, 0, 0, 0, 0, 0, 0, 0, 0, '', 0),
(711, 7, 11, 0, 0, 0, 0, 0, 0, 0, 0, 0, 0, 0, '', 0),
(712, 5, 10, 0, 0, 0, 0, 0, 0, 0, 0, 0, 0, 0, 'es', 0),
(713, 3, 3, 0, 0, 0, 0, 0, 0, 0, 0, 0, 0, 0, 'es', 0),
(714, 6, 11, 0, 0, 0, 0, 0, 0, 0, 0, 0, 0, 0, 'en', 0),
(715, 7, 3, 0, 0, 0, 0, 0, 0, 0, 0, 0, 0, 0, 'es', 0),
(716, 3, 3, 0, 0, 0, 0, 0, 0, 0, 0, 0, 0, 0, 'es', 0),
(717, 6, 11, 0, 0, 0, 0, 0, 0, 0, 0, 0, 0, 0, 'en', 0),
(718, 9, 11, 0, 0, 0, 0, 0, 0, 0, 0, 0, 0, 0, '', 0),
(719, 7, 11, 0, 0, 0, 0, 0, 0, 0, 0, 0, 0, 0, 'es', 0),
(720, 3, 3, 0, 0, 0, 0, 0, 0, 0, 0, 0, 0, 0, 'es', 0),
(721, 3, 3, 0, 0, 0, 0, 0, 0, 0, 0, 0, 0, 0, 'es', 0),
(722, 3, 11, 0, 0, 0, 0, 0, 0, 0, 0, 0, 0, 0, 'es', 0),
(723, 6, 11, 0, 0, 0, 0, 0, 0, 0, 0, 0, 0, 0, '', 0),
(724, 6, 11, 0, 0, 0, 0, 0, 0, 0, 0, 0, 0, 0, '', 0),
(725, 6, 11, 0, 0, 0, 0, 0, 0, 0, 0, 0, 0, 0, '', 0),
(726, 6, 11, 0, 0, 0, 0, 0, 0, 0, 0, 0, 0, 0, '', 0),
(727, 6, 11, 0, 0, 0, 0, 0, 0, 0, 0, 0, 0, 0, 'en', 0),
(728, 9, 11, 0, 0, 0, 0, 0, 0, 0, 0, 0, 0, 0, '', 0),
(729, 9, 11, 0, 0, 0, 0, 0, 0, 0, 0, 0, 0, 0, '', 0),
(730, 9, 11, 0, 0, 0, 0, 0, 0, 0, 0, 0, 0, 0, '', 0),
(731, 3, 11, 0, 0, 0, 0, 0, 0, 0, 0, 0, 0, 0, 'es', 0),
(732, 7, 3, 0, 0, 0, 0, 0, 0, 0, 0, 0, 0, 0, 'es', 0),
(733, 6, 11, 0, 0, 0, 0, 0, 0, 0, 0, 0, 0, 0, 'en', 0),
(734, 6, 11, 0, 0, 0, 0, 0, 0, 0, 0, 0, 0, 0, 'en', 0),
(735, 5, 10, 0, 0, 0, 0, 0, 0, 0, 0, 0, 0, 0, 'es', 0),
(736, 7, 3, 0, 0, 0, 0, 0, 0, 0, 0, 0, 0, 0, 'es', 0),
(737, 6, 3, 0, 0, 0, 0, 0, 0, 0, 0, 0, 0, 0, 'en-us', 0),
(738, 6, 3, 0, 0, 0, 0, 0, 0, 0, 0, 0, 0, 0, 'es', 0),
(739, 7, 11, 0, 0, 0, 0, 0, 0, 0, 0, 0, 0, 0, 'es', 0),
(740, 7, 11, 0, 0, 0, 0, 0, 0, 0, 0, 0, 0, 0, 'es', 0),
(741, 7, 3, 0, 0, 0, 0, 0, 0, 0, 0, 0, 0, 0, 'es', 0),
(742, 9, 11, 0, 0, 0, 0, 0, 0, 0, 0, 0, 0, 0, '', 0),
(743, 6, 11, 0, 0, 0, 0, 0, 0, 0, 0, 0, 0, 0, '', 0),
(744, 6, 11, 0, 0, 0, 0, 0, 0, 0, 0, 0, 0, 0, '', 0),
(745, 6, 11, 0, 0, 0, 0, 0, 0, 0, 0, 0, 0, 0, '', 0),
(746, 6, 11, 0, 0, 0, 0, 0, 0, 0, 0, 0, 0, 0, '', 0),
(747, 6, 11, 0, 0, 0, 0, 0, 0, 0, 0, 0, 0, 0, '', 0),
(748, 6, 11, 0, 0, 0, 0, 0, 0, 0, 0, 0, 0, 0, '', 0),
(749, 6, 11, 0, 0, 0, 0, 0, 0, 0, 0, 0, 0, 0, '', 0),
(750, 6, 11, 0, 0, 0, 0, 0, 0, 0, 0, 0, 0, 0, '', 0),
(751, 7, 3, 0, 0, 0, 0, 0, 0, 0, 0, 0, 0, 0, 'es', 0),
(752, 7, 3, 0, 0, 0, 0, 0, 0, 0, 0, 0, 0, 0, 'es', 0),
(753, 6, 11, 0, 0, 0, 0, 0, 0, 0, 0, 0, 0, 0, 'en', 0),
(754, 6, 11, 0, 0, 0, 0, 0, 0, 0, 0, 0, 0, 0, 'en', 0),
(755, 3, 10, 0, 0, 0, 0, 0, 0, 0, 0, 0, 0, 0, 'es', 0),
(756, 3, 10, 0, 0, 0, 0, 0, 0, 0, 0, 0, 0, 0, 'es', 0),
(757, 6, 11, 0, 0, 0, 0, 0, 0, 0, 0, 0, 0, 0, 'en', 0),
(758, 6, 11, 0, 0, 0, 0, 0, 0, 0, 0, 0, 0, 0, 'en', 0),
(759, 9, 11, 0, 0, 0, 0, 0, 0, 0, 0, 0, 0, 0, '', 0),
(760, 0, 0, 0, 0, 0, 0, 0, 0, 0, 0, 0, 0, 0, '', 0),
(761, 3, 10, 0, 0, 0, 0, 0, 0, 0, 0, 0, 0, 0, 'en-us', 0),
(762, 6, 11, 0, 0, 0, 0, 0, 0, 0, 0, 0, 0, 0, 'en-us', 0),
(763, 6, 11, 0, 0, 0, 0, 0, 0, 0, 0, 0, 0, 0, '', 0),
(764, 6, 11, 0, 0, 0, 0, 0, 0, 0, 0, 0, 0, 0, '', 0),
(765, 6, 11, 0, 0, 0, 0, 0, 0, 0, 0, 0, 0, 0, '', 0),
(766, 6, 11, 0, 0, 0, 0, 0, 0, 0, 0, 0, 0, 0, '', 0),
(767, 9, 11, 0, 0, 0, 0, 0, 0, 0, 0, 0, 0, 0, '', 0),
(768, 6, 11, 0, 0, 0, 0, 0, 0, 0, 0, 0, 0, 0, 'en', 0),
(769, 6, 11, 0, 0, 0, 0, 0, 0, 0, 0, 0, 0, 0, 'en', 0),
(770, 6, 11, 0, 0, 0, 0, 0, 0, 0, 0, 0, 0, 0, 'en', 0),
(771, 6, 11, 0, 0, 0, 0, 0, 0, 0, 0, 0, 0, 0, 'en', 0),
(772, 7, 11, 0, 0, 0, 0, 0, 0, 0, 0, 0, 0, 0, '', 0),
(773, 6, 11, 0, 0, 0, 0, 0, 0, 0, 0, 0, 0, 0, 'en', 0),
(774, 6, 11, 0, 0, 0, 0, 0, 0, 0, 0, 0, 0, 0, 'en', 0),
(775, 6, 11, 0, 0, 0, 0, 0, 0, 0, 0, 0, 0, 0, 'en', 0),
(776, 6, 11, 0, 0, 0, 0, 0, 0, 0, 0, 0, 0, 0, '', 0),
(777, 6, 11, 0, 0, 0, 0, 0, 0, 0, 0, 0, 0, 0, '', 0),
(778, 6, 11, 0, 0, 0, 0, 0, 0, 0, 0, 0, 0, 0, '', 0),
(779, 6, 11, 0, 0, 0, 0, 0, 0, 0, 0, 0, 0, 0, '', 0),
(780, 6, 11, 0, 0, 0, 0, 0, 0, 0, 0, 0, 0, 0, '', 0),
(781, 6, 11, 0, 0, 0, 0, 0, 0, 0, 0, 0, 0, 0, '', 0),
(782, 7, 11, 0, 0, 0, 0, 0, 0, 0, 0, 0, 0, 0, 'es', 0),
(783, 7, 3, 0, 0, 0, 0, 0, 0, 0, 0, 0, 0, 0, 'es', 0),
(784, 6, 11, 0, 0, 0, 0, 0, 0, 0, 0, 0, 0, 0, 'en', 0),
(785, 3, 11, 0, 0, 0, 0, 0, 0, 0, 0, 0, 0, 0, 'es', 0),
(786, 9, 11, 0, 0, 0, 0, 0, 0, 0, 0, 0, 0, 0, '', 0),
(787, 6, 11, 0, 0, 0, 0, 0, 0, 0, 0, 0, 0, 0, '', 0),
(788, 6, 11, 0, 0, 0, 0, 0, 0, 0, 0, 0, 0, 0, '', 0),
(789, 6, 11, 0, 0, 0, 0, 0, 0, 0, 0, 0, 0, 0, '', 0),
(790, 6, 11, 0, 0, 0, 0, 0, 0, 0, 0, 0, 0, 0, '', 0),
(791, 7, 3, 0, 0, 0, 0, 0, 0, 0, 0, 0, 0, 0, 'es', 0),
(792, 7, 3, 0, 0, 0, 0, 0, 0, 0, 0, 0, 0, 0, 'es', 0),
(793, 8, 3, 0, 0, 0, 0, 0, 0, 0, 0, 0, 0, 0, 'es', 0),
(794, 6, 11, 0, 0, 0, 0, 0, 0, 0, 0, 0, 0, 0, '', 0),
(795, 6, 11, 0, 0, 0, 0, 0, 0, 0, 0, 0, 0, 0, '', 0),
(796, 6, 11, 0, 0, 0, 0, 0, 0, 0, 0, 0, 0, 0, '', 0),
(797, 6, 11, 0, 0, 0, 0, 0, 0, 0, 0, 0, 0, 0, '', 0),
(798, 5, 10, 0, 0, 0, 0, 0, 0, 0, 0, 0, 0, 0, 'es', 0),
(799, 7, 3, 0, 0, 0, 0, 0, 0, 0, 0, 0, 0, 0, 'es', 0),
(800, 3, 3, 0, 0, 0, 0, 0, 0, 0, 0, 0, 0, 0, 'en-us', 0),
(801, 6, 11, 0, 0, 0, 0, 0, 0, 0, 0, 0, 0, 0, 'en-us', 0),
(802, 7, 1, 0, 0, 0, 0, 0, 0, 0, 0, 0, 0, 0, 'es', 0),
(803, 7, 11, 0, 0, 0, 0, 0, 0, 0, 0, 0, 0, 0, 'es', 0),
(804, 6, 11, 0, 0, 0, 0, 0, 0, 0, 0, 0, 0, 0, 'en', 0),
(805, 6, 11, 0, 0, 0, 0, 0, 0, 0, 0, 0, 0, 0, '', 0),
(806, 6, 11, 0, 0, 0, 0, 0, 0, 0, 0, 0, 0, 0, '', 0),
(807, 6, 11, 0, 0, 0, 0, 0, 0, 0, 0, 0, 0, 0, '', 0),
(808, 6, 11, 0, 0, 0, 0, 0, 0, 0, 0, 0, 0, 0, '', 0),
(809, 9, 11, 0, 0, 0, 0, 0, 0, 0, 0, 0, 0, 0, '', 0),
(810, 9, 11, 0, 0, 0, 0, 0, 0, 0, 0, 0, 0, 0, '', 0),
(811, 9, 11, 0, 0, 0, 0, 0, 0, 0, 0, 0, 0, 0, '', 0),
(812, 7, 1, 0, 0, 0, 0, 0, 0, 0, 0, 0, 0, 0, 'es', 0),
(813, 5, 10, 0, 0, 0, 0, 0, 0, 0, 0, 0, 0, 0, 'es', 0),
(814, 3, 3, 0, 0, 0, 0, 0, 0, 0, 0, 0, 0, 0, 'es', 0),
(815, 3, 10, 0, 0, 0, 0, 0, 0, 0, 0, 0, 0, 0, 'es', 0),
(816, 6, 11, 0, 0, 0, 0, 0, 0, 0, 0, 0, 0, 0, 'en', 0),
(817, 6, 11, 0, 0, 0, 0, 0, 0, 0, 0, 0, 0, 0, 'en', 0),
(818, 0, 0, 0, 0, 0, 0, 0, 0, 0, 0, 0, 0, 0, '', 0),
(819, 6, 11, 0, 0, 0, 0, 0, 0, 0, 0, 0, 0, 0, '', 0),
(820, 6, 11, 0, 0, 0, 0, 0, 0, 0, 0, 0, 0, 0, '', 0),
(821, 6, 11, 0, 0, 0, 0, 0, 0, 0, 0, 0, 0, 0, '', 0),
(822, 6, 11, 0, 0, 0, 0, 0, 0, 0, 0, 0, 0, 0, '', 0),
(823, 7, 11, 0, 0, 0, 0, 0, 0, 0, 0, 0, 0, 0, '', 0),
(824, 7, 11, 0, 0, 0, 0, 0, 0, 0, 0, 0, 0, 0, '', 0),
(825, 7, 11, 0, 0, 0, 0, 0, 0, 0, 0, 0, 0, 0, '', 0),
(826, 7, 11, 0, 0, 0, 0, 0, 0, 0, 0, 0, 0, 0, '', 0),
(827, 7, 3, 0, 0, 0, 0, 0, 0, 0, 0, 0, 0, 0, 'es', 0),
(828, 5, 10, 0, 0, 0, 0, 0, 0, 0, 0, 0, 0, 0, 'es', 0),
(829, 3, 10, 0, 0, 0, 0, 0, 0, 0, 0, 0, 0, 0, 'es', 0),
(830, 3, 3, 0, 0, 0, 0, 0, 0, 0, 0, 0, 0, 0, 'es', 0),
(831, 0, 0, 0, 0, 0, 0, 0, 0, 0, 0, 0, 0, 0, '', 0),
(832, 7, 3, 0, 0, 0, 0, 0, 0, 0, 0, 0, 0, 0, '', 0),
(833, 3, 11, 0, 0, 0, 0, 0, 0, 0, 0, 0, 0, 0, 'es', 0),
(834, 3, 10, 0, 0, 0, 0, 0, 0, 0, 0, 0, 0, 0, 'es', 0),
(835, 3, 10, 0, 0, 0, 0, 0, 0, 0, 0, 0, 0, 0, 'es', 0),
(836, 9, 11, 0, 0, 0, 0, 0, 0, 0, 0, 0, 0, 0, '', 0),
(837, 3, 11, 0, 0, 0, 0, 0, 0, 0, 0, 0, 0, 0, 'es', 0),
(838, 3, 3, 0, 0, 0, 0, 0, 0, 0, 0, 0, 0, 0, 'es', 0),
(839, 6, 3, 0, 0, 0, 0, 0, 0, 0, 0, 0, 0, 0, 'es', 0),
(840, 6, 3, 0, 0, 0, 0, 0, 0, 0, 0, 0, 0, 0, 'es', 0),
(841, 7, 3, 0, 0, 0, 0, 0, 0, 0, 0, 0, 0, 0, 'es', 0),
(842, 5, 10, 0, 0, 0, 0, 0, 0, 0, 0, 0, 0, 0, 'es', 0),
(843, 8, 11, 0, 0, 0, 0, 0, 0, 0, 0, 0, 0, 0, 'es', 0),
(844, 3, 10, 0, 0, 0, 0, 0, 0, 0, 0, 0, 0, 0, 'es', 0),
(845, 8, 3, 0, 0, 0, 0, 0, 0, 0, 0, 0, 0, 0, '', 0),
(846, 5, 10, 0, 0, 0, 0, 0, 0, 0, 0, 0, 0, 0, 'es', 0),
(847, 8, 11, 0, 0, 0, 0, 0, 0, 0, 0, 0, 0, 0, 'es', 0),
(848, 0, 0, 0, 0, 0, 0, 0, 0, 0, 0, 0, 0, 0, '', 0),
(849, 0, 0, 0, 0, 0, 0, 0, 0, 0, 0, 0, 0, 0, '', 0),
(850, 7, 11, 0, 0, 0, 0, 0, 0, 0, 0, 0, 0, 0, 'es', 0),
(851, 7, 1, 0, 0, 0, 0, 0, 0, 0, 0, 0, 0, 0, 'es', 0),
(852, 7, 11, 0, 0, 0, 0, 0, 0, 0, 0, 0, 0, 0, 'es', 0),
(853, 7, 3, 0, 0, 0, 0, 0, 0, 0, 0, 0, 0, 0, 'es', 0),
(854, 7, 3, 0, 0, 0, 0, 0, 0, 0, 0, 0, 0, 0, 'es', 0),
(855, 7, 3, 0, 0, 0, 0, 0, 0, 0, 0, 0, 0, 0, '', 0),
(856, 3, 11, 0, 0, 0, 0, 0, 0, 0, 0, 0, 0, 0, '', 0),
(857, 8, 3, 0, 0, 0, 0, 0, 0, 0, 0, 0, 0, 0, 'es', 0),
(858, 3, 11, 0, 0, 0, 0, 0, 0, 0, 0, 0, 0, 0, 'es', 0),
(859, 6, 11, 0, 0, 0, 0, 0, 0, 0, 0, 0, 0, 0, 'en', 0),
(860, 0, 0, 0, 0, 0, 0, 0, 0, 0, 0, 0, 0, 0, '', 0),
(861, 7, 11, 0, 0, 0, 0, 0, 0, 0, 0, 0, 0, 0, 'es', 0),
(862, 8, 11, 0, 0, 0, 0, 0, 0, 0, 0, 0, 0, 0, 'es', 0),
(863, 7, 1, 0, 0, 0, 0, 0, 0, 0, 0, 0, 0, 0, 'es', 0),
(864, 7, 3, 0, 0, 0, 0, 0, 0, 0, 0, 0, 0, 0, 'es', 0),
(865, 5, 10, 0, 0, 0, 0, 0, 0, 0, 0, 0, 0, 0, 'es', 0),
(866, 3, 3, 0, 0, 0, 0, 0, 0, 0, 0, 0, 0, 0, 'es', 0),
(867, 5, 10, 0, 0, 0, 0, 0, 0, 0, 0, 0, 0, 0, 'es', 0),
(868, 7, 1, 0, 0, 0, 0, 0, 0, 0, 0, 0, 0, 0, 'es', 0),
(869, 7, 11, 0, 0, 0, 0, 0, 0, 0, 0, 0, 0, 0, '', 0),
(870, 9, 11, 0, 0, 0, 0, 0, 0, 0, 0, 0, 0, 0, '', 0),
(871, 8, 3, 0, 0, 0, 0, 0, 0, 0, 0, 0, 0, 0, 'es', 0),
(872, 7, 3, 0, 0, 0, 0, 0, 0, 0, 0, 0, 0, 0, 'es', 0),
(873, 3, 3, 0, 0, 0, 0, 0, 0, 0, 0, 0, 0, 0, 'es', 0),
(874, 0, 0, 0, 0, 0, 0, 0, 0, 0, 0, 0, 0, 0, '', 0),
(875, 0, 0, 0, 0, 0, 0, 0, 0, 0, 0, 0, 0, 0, '', 0),
(876, 7, 1, 0, 0, 0, 0, 0, 0, 0, 0, 0, 0, 0, 'es', 0),
(877, 7, 3, 0, 0, 0, 0, 0, 0, 0, 0, 0, 0, 0, 'es', 0),
(878, 3, 11, 0, 0, 0, 0, 0, 0, 0, 0, 0, 0, 0, 'es', 0),
(879, 7, 3, 0, 0, 0, 0, 0, 0, 0, 0, 0, 0, 0, 'es', 0),
(880, 8, 3, 0, 0, 0, 0, 0, 0, 0, 0, 0, 0, 0, 'es', 0),
(881, 3, 10, 0, 0, 0, 0, 0, 0, 0, 0, 0, 0, 0, 'es', 0),
(882, 7, 3, 0, 0, 0, 0, 0, 0, 0, 0, 0, 0, 0, 'es', 0),
(883, 7, 1, 0, 0, 0, 0, 0, 0, 0, 0, 0, 0, 0, 'es', 0),
(884, 3, 11, 0, 0, 0, 0, 0, 0, 0, 0, 0, 0, 0, 'es', 0),
(885, 9, 11, 0, 0, 0, 0, 0, 0, 0, 0, 0, 0, 0, '', 0),
(886, 0, 0, 0, 0, 0, 0, 0, 0, 0, 0, 0, 0, 0, '', 0),
(887, 5, 10, 0, 0, 0, 0, 0, 0, 0, 0, 0, 0, 0, 'es', 0),
(888, 8, 11, 0, 0, 0, 0, 0, 0, 0, 0, 0, 0, 0, 'es', 0),
(889, 7, 11, 0, 0, 0, 0, 0, 0, 0, 0, 0, 0, 0, 'es', 0),
(890, 7, 3, 0, 0, 0, 0, 0, 0, 0, 0, 0, 0, 0, 'es', 0),
(891, 3, 10, 0, 0, 0, 0, 0, 0, 0, 0, 0, 0, 0, 'es', 0),
(892, 8, 3, 0, 0, 0, 0, 0, 0, 0, 0, 0, 0, 0, 'es', 0),
(893, 7, 11, 0, 0, 0, 0, 0, 0, 0, 0, 0, 0, 0, 'es', 0),
(894, 8, 11, 0, 0, 0, 0, 0, 0, 0, 0, 0, 0, 0, 'es', 0),
(895, 8, 3, 0, 0, 0, 0, 0, 0, 0, 0, 0, 0, 0, 'es', 0),
(896, 8, 3, 0, 0, 0, 0, 0, 0, 0, 0, 0, 0, 0, 'es', 0),
(897, 9, 11, 0, 0, 0, 0, 0, 0, 0, 0, 0, 0, 0, '', 0),
(898, 6, 11, 0, 0, 0, 0, 0, 0, 0, 0, 0, 0, 0, 'en', 0),
(899, 3, 11, 0, 0, 0, 0, 0, 0, 0, 0, 0, 0, 0, 'en-us', 0),
(900, 8, 3, 0, 0, 0, 0, 0, 0, 0, 0, 0, 0, 0, 'en-us', 0),
(901, 7, 11, 0, 0, 0, 0, 0, 0, 0, 0, 0, 0, 0, 'es', 0),
(902, 7, 11, 0, 0, 0, 0, 0, 0, 0, 0, 0, 0, 0, 'es', 0),
(903, 7, 11, 0, 0, 0, 0, 0, 0, 0, 0, 0, 0, 0, 'es', 0),
(904, 7, 3, 0, 0, 0, 0, 0, 0, 0, 0, 0, 0, 0, '', 0),
(905, 5, 10, 0, 0, 0, 0, 0, 0, 0, 0, 0, 0, 0, 'es', 0),
(906, 3, 10, 0, 0, 0, 0, 0, 0, 0, 0, 0, 0, 0, 'es', 0),
(907, 8, 11, 0, 0, 0, 0, 0, 0, 0, 0, 0, 0, 0, 'es', 0),
(908, 3, 3, 0, 0, 0, 0, 0, 0, 0, 0, 0, 0, 0, 'es', 0),
(909, 9, 11, 0, 0, 0, 0, 0, 0, 0, 0, 0, 0, 0, '', 0),
(910, 7, 3, 0, 0, 0, 0, 0, 0, 0, 0, 0, 0, 0, 'es', 0),
(911, 7, 3, 0, 0, 0, 0, 0, 0, 0, 0, 0, 0, 0, 'es', 0),
(912, 6, 11, 0, 0, 0, 0, 0, 0, 0, 0, 0, 0, 0, 'en', 0),
(913, 9, 11, 0, 0, 0, 0, 0, 0, 0, 0, 0, 0, 0, '', 0),
(914, 7, 3, 0, 0, 0, 0, 0, 0, 0, 0, 0, 0, 0, 'es', 0),
(915, 7, 3, 0, 0, 0, 0, 0, 0, 0, 0, 0, 0, 0, 'es', 0),
(916, 3, 11, 0, 0, 0, 0, 0, 0, 0, 0, 0, 0, 0, 'es', 0),
(917, 7, 3, 0, 0, 0, 0, 0, 0, 0, 0, 0, 0, 0, 'es', 0),
(918, 6, 11, 0, 0, 0, 0, 0, 0, 0, 0, 0, 0, 0, 'en', 0),
(919, 6, 11, 0, 0, 0, 0, 0, 0, 0, 0, 0, 0, 0, 'en', 0),
(920, 6, 11, 0, 0, 0, 0, 0, 0, 0, 0, 0, 0, 0, 'en', 0),
(921, 6, 11, 0, 0, 0, 0, 0, 0, 0, 0, 0, 0, 0, 'en', 0),
(922, 6, 11, 0, 0, 0, 0, 0, 0, 0, 0, 0, 0, 0, 'en', 0),
(923, 7, 3, 0, 0, 0, 0, 0, 0, 0, 0, 0, 0, 0, 'es', 0),
(924, 7, 3, 0, 0, 0, 0, 0, 0, 0, 0, 0, 0, 0, 'es', 0),
(925, 3, 10, 0, 0, 0, 0, 0, 0, 0, 0, 0, 0, 0, 'es', 0),
(926, 9, 11, 0, 0, 0, 0, 0, 0, 0, 0, 0, 0, 0, '', 0),
(927, 0, 0, 0, 0, 0, 0, 0, 0, 0, 0, 0, 0, 0, '', 0),
(928, 0, 0, 0, 0, 0, 0, 0, 0, 0, 0, 0, 0, 0, '', 0),
(929, 6, 11, 0, 0, 0, 0, 0, 0, 0, 0, 0, 0, 0, 'en', 0),
(930, 6, 11, 0, 0, 0, 0, 0, 0, 0, 0, 0, 0, 0, 'en', 0),
(931, 0, 0, 0, 0, 0, 0, 0, 0, 0, 0, 0, 0, 0, '', 0),
(932, 3, 3, 0, 0, 0, 0, 0, 0, 0, 0, 0, 0, 0, 'es', 0),
(933, 8, 11, 0, 0, 0, 0, 0, 0, 0, 0, 0, 0, 0, 'es', 0),
(934, 7, 3, 0, 0, 0, 0, 0, 0, 0, 0, 0, 0, 0, 'es', 0),
(935, 6, 11, 0, 0, 0, 0, 0, 0, 0, 0, 0, 0, 0, 'en', 0),
(936, 6, 11, 0, 0, 0, 0, 0, 0, 0, 0, 0, 0, 0, 'en', 0),
(937, 7, 1, 0, 0, 0, 0, 0, 0, 0, 0, 0, 0, 0, 'es', 0),
(938, 7, 11, 0, 0, 0, 0, 0, 0, 0, 0, 0, 0, 0, 'es', 0),
(939, 7, 11, 0, 0, 0, 0, 0, 0, 0, 0, 0, 0, 0, 'es', 0),
(940, 8, 3, 0, 0, 0, 0, 0, 0, 0, 0, 0, 0, 0, 'es', 0),
(941, 3, 11, 0, 0, 0, 0, 0, 0, 0, 0, 0, 0, 0, 'es', 0),
(942, 8, 3, 0, 0, 0, 0, 0, 0, 0, 0, 0, 0, 0, 'es', 0),
(943, 7, 1, 0, 0, 0, 0, 0, 0, 0, 0, 0, 0, 0, 'es', 0),
(944, 3, 3, 0, 0, 0, 0, 0, 0, 0, 0, 0, 0, 0, 'es', 0),
(945, 3, 11, 0, 0, 0, 0, 0, 0, 0, 0, 0, 0, 0, '', 0),
(946, 8, 3, 0, 0, 0, 0, 0, 0, 0, 0, 0, 0, 0, 'es', 0),
(947, 3, 11, 0, 0, 0, 0, 0, 0, 0, 0, 0, 0, 0, 'es', 0),
(948, 7, 3, 0, 0, 0, 0, 0, 0, 0, 0, 0, 0, 0, 'es', 0);
INSERT INTO `pr_guest` (`id_guest`, `id_operating_system`, `id_web_browser`, `id_customer`, `javascript`, `screen_resolution_x`, `screen_resolution_y`, `screen_color`, `sun_java`, `adobe_flash`, `adobe_director`, `apple_quicktime`, `real_player`, `windows_media`, `accept_language`, `mobile_theme`) VALUES
(949, 6, 11, 0, 0, 0, 0, 0, 0, 0, 0, 0, 0, 0, 'en', 0),
(950, 8, 11, 0, 0, 0, 0, 0, 0, 0, 0, 0, 0, 0, 'es', 0),
(951, 6, 11, 0, 0, 0, 0, 0, 0, 0, 0, 0, 0, 0, 'en', 0),
(952, 6, 11, 0, 0, 0, 0, 0, 0, 0, 0, 0, 0, 0, 'en', 0),
(953, 6, 11, 0, 0, 0, 0, 0, 0, 0, 0, 0, 0, 0, 'en', 0),
(954, 7, 1, 0, 0, 0, 0, 0, 0, 0, 0, 0, 0, 0, 'es', 0),
(955, 6, 11, 0, 0, 0, 0, 0, 0, 0, 0, 0, 0, 0, 'en', 0),
(956, 6, 11, 0, 0, 0, 0, 0, 0, 0, 0, 0, 0, 0, 'en', 0),
(957, 6, 11, 0, 0, 0, 0, 0, 0, 0, 0, 0, 0, 0, 'en', 0),
(958, 6, 11, 0, 0, 0, 0, 0, 0, 0, 0, 0, 0, 0, 'en', 0),
(959, 3, 11, 0, 0, 0, 0, 0, 0, 0, 0, 0, 0, 0, 'en', 0),
(960, 8, 11, 0, 0, 0, 0, 0, 0, 0, 0, 0, 0, 0, '', 0),
(961, 3, 10, 0, 0, 0, 0, 0, 0, 0, 0, 0, 0, 0, 'es', 0),
(962, 7, 3, 0, 0, 0, 0, 0, 0, 0, 0, 0, 0, 0, 'es', 0),
(963, 7, 3, 0, 0, 0, 0, 0, 0, 0, 0, 0, 0, 0, '', 0),
(964, 0, 0, 0, 0, 0, 0, 0, 0, 0, 0, 0, 0, 0, '', 0),
(965, 5, 10, 0, 0, 0, 0, 0, 0, 0, 0, 0, 0, 0, 'es', 0),
(966, 3, 11, 0, 0, 0, 0, 0, 0, 0, 0, 0, 0, 0, 'es', 0),
(967, 7, 11, 0, 0, 0, 0, 0, 0, 0, 0, 0, 0, 0, 'es', 0),
(968, 3, 3, 0, 0, 0, 0, 0, 0, 0, 0, 0, 0, 0, 'es', 0),
(969, 0, 0, 0, 0, 0, 0, 0, 0, 0, 0, 0, 0, 0, '', 0),
(970, 0, 0, 0, 0, 0, 0, 0, 0, 0, 0, 0, 0, 0, '', 0),
(971, 8, 11, 0, 0, 0, 0, 0, 0, 0, 0, 0, 0, 0, 'es', 0),
(972, 8, 3, 0, 0, 0, 0, 0, 0, 0, 0, 0, 0, 0, 'es', 0),
(973, 3, 10, 0, 0, 0, 0, 0, 0, 0, 0, 0, 0, 0, 'es', 0),
(974, 7, 3, 0, 0, 0, 0, 0, 0, 0, 0, 0, 0, 0, 'es', 0),
(975, 7, 3, 0, 0, 0, 0, 0, 0, 0, 0, 0, 0, 0, 'es', 0),
(976, 7, 11, 0, 0, 0, 0, 0, 0, 0, 0, 0, 0, 0, 'es', 0),
(977, 3, 11, 0, 0, 0, 0, 0, 0, 0, 0, 0, 0, 0, 'es', 0),
(978, 6, 3, 0, 0, 0, 0, 0, 0, 0, 0, 0, 0, 0, '', 0),
(979, 6, 11, 0, 0, 0, 0, 0, 0, 0, 0, 0, 0, 0, 'en', 0),
(980, 6, 11, 0, 0, 0, 0, 0, 0, 0, 0, 0, 0, 0, 'en', 0),
(981, 3, 11, 0, 0, 0, 0, 0, 0, 0, 0, 0, 0, 0, 'en', 0),
(982, 8, 11, 0, 0, 0, 0, 0, 0, 0, 0, 0, 0, 0, '', 0),
(983, 7, 11, 0, 0, 0, 0, 0, 0, 0, 0, 0, 0, 0, 'es', 0),
(984, 7, 3, 0, 0, 0, 0, 0, 0, 0, 0, 0, 0, 0, 'es', 0),
(985, 8, 11, 0, 0, 0, 0, 0, 0, 0, 0, 0, 0, 0, 'es', 0),
(986, 6, 11, 0, 0, 0, 0, 0, 0, 0, 0, 0, 0, 0, 'en', 0),
(987, 6, 11, 0, 0, 0, 0, 0, 0, 0, 0, 0, 0, 0, 'en', 0),
(988, 7, 1, 0, 0, 0, 0, 0, 0, 0, 0, 0, 0, 0, 'es', 0),
(989, 0, 0, 0, 0, 0, 0, 0, 0, 0, 0, 0, 0, 0, '', 0),
(990, 3, 10, 0, 0, 0, 0, 0, 0, 0, 0, 0, 0, 0, 'es', 0),
(991, 7, 1, 0, 0, 0, 0, 0, 0, 0, 0, 0, 0, 0, 'es', 0),
(992, 6, 11, 0, 0, 0, 0, 0, 0, 0, 0, 0, 0, 0, 'en', 0),
(993, 6, 11, 0, 0, 0, 0, 0, 0, 0, 0, 0, 0, 0, 'en', 0),
(994, 0, 0, 0, 0, 0, 0, 0, 0, 0, 0, 0, 0, 0, '', 0),
(995, 0, 0, 0, 0, 0, 0, 0, 0, 0, 0, 0, 0, 0, '', 0),
(996, 6, 11, 0, 0, 0, 0, 0, 0, 0, 0, 0, 0, 0, 'en', 0),
(997, 3, 11, 0, 0, 0, 0, 0, 0, 0, 0, 0, 0, 0, 'en', 0),
(998, 8, 11, 0, 0, 0, 0, 0, 0, 0, 0, 0, 0, 0, '', 0),
(999, 8, 11, 0, 0, 0, 0, 0, 0, 0, 0, 0, 0, 0, 'es', 0),
(1000, 7, 11, 0, 0, 0, 0, 0, 0, 0, 0, 0, 0, 0, '', 0),
(1001, 3, 11, 0, 0, 0, 0, 0, 0, 0, 0, 0, 0, 0, 'es', 0),
(1002, 3, 11, 0, 0, 0, 0, 0, 0, 0, 0, 0, 0, 0, 'es', 0),
(1003, 6, 11, 0, 0, 0, 0, 0, 0, 0, 0, 0, 0, 0, 'en', 0),
(1004, 8, 3, 0, 0, 0, 0, 0, 0, 0, 0, 0, 0, 0, 'es', 0),
(1005, 3, 11, 0, 0, 0, 0, 0, 0, 0, 0, 0, 0, 0, 'es', 0),
(1006, 9, 11, 0, 0, 0, 0, 0, 0, 0, 0, 0, 0, 0, '', 0),
(1007, 5, 10, 0, 0, 0, 0, 0, 0, 0, 0, 0, 0, 0, 'es', 0),
(1008, 8, 3, 0, 0, 0, 0, 0, 0, 0, 0, 0, 0, 0, 'es', 0),
(1009, 6, 11, 0, 0, 0, 0, 0, 0, 0, 0, 0, 0, 0, 'en', 0),
(1010, 3, 11, 0, 0, 0, 0, 0, 0, 0, 0, 0, 0, 0, 'en', 0),
(1011, 8, 11, 0, 0, 0, 0, 0, 0, 0, 0, 0, 0, 0, '', 0),
(1012, 0, 0, 0, 0, 0, 0, 0, 0, 0, 0, 0, 0, 0, '', 0),
(1013, 0, 1, 0, 0, 0, 0, 0, 0, 0, 0, 0, 0, 0, 'en', 0),
(1014, 5, 10, 0, 0, 0, 0, 0, 0, 0, 0, 0, 0, 0, 'es', 0),
(1015, 3, 11, 0, 0, 0, 0, 0, 0, 0, 0, 0, 0, 0, 'es', 0),
(1016, 9, 11, 0, 0, 0, 0, 0, 0, 0, 0, 0, 0, 0, '', 0),
(1017, 0, 0, 0, 0, 0, 0, 0, 0, 0, 0, 0, 0, 0, '', 0),
(1018, 0, 1, 0, 0, 0, 0, 0, 0, 0, 0, 0, 0, 0, 'en', 0),
(1019, 7, 3, 0, 0, 0, 0, 0, 0, 0, 0, 0, 0, 0, 'es', 0),
(1020, 8, 11, 0, 0, 0, 0, 0, 0, 0, 0, 0, 0, 0, 'es', 0),
(1021, 8, 3, 0, 0, 0, 0, 0, 0, 0, 0, 0, 0, 0, '', 0),
(1022, 8, 3, 0, 0, 0, 0, 0, 0, 0, 0, 0, 0, 0, '', 0),
(1023, 3, 3, 0, 0, 0, 0, 0, 0, 0, 0, 0, 0, 0, 'es', 0),
(1024, 7, 3, 0, 0, 0, 0, 0, 0, 0, 0, 0, 0, 0, 'es', 0),
(1025, 9, 11, 0, 0, 0, 0, 0, 0, 0, 0, 0, 0, 0, '', 0),
(1026, 9, 11, 0, 0, 0, 0, 0, 0, 0, 0, 0, 0, 0, '', 0),
(1027, 3, 10, 0, 0, 0, 0, 0, 0, 0, 0, 0, 0, 0, 'es', 0),
(1028, 8, 3, 0, 0, 0, 0, 0, 0, 0, 0, 0, 0, 0, 'es', 0),
(1029, 7, 1, 0, 0, 0, 0, 0, 0, 0, 0, 0, 0, 0, 'es', 0),
(1030, 6, 11, 0, 0, 0, 0, 0, 0, 0, 0, 0, 0, 0, 'en', 0),
(1031, 6, 11, 0, 0, 0, 0, 0, 0, 0, 0, 0, 0, 0, 'en', 0),
(1032, 3, 11, 0, 0, 0, 0, 0, 0, 0, 0, 0, 0, 0, 'en', 0),
(1033, 8, 11, 0, 0, 0, 0, 0, 0, 0, 0, 0, 0, 0, '', 0),
(1034, 5, 10, 0, 0, 0, 0, 0, 0, 0, 0, 0, 0, 0, 'es', 0),
(1035, 7, 11, 0, 0, 0, 0, 0, 0, 0, 0, 0, 0, 0, 'es', 0),
(1036, 6, 11, 0, 0, 0, 0, 0, 0, 0, 0, 0, 0, 0, 'en', 0),
(1037, 7, 11, 0, 0, 0, 0, 0, 0, 0, 0, 0, 0, 0, 'es', 0),
(1038, 7, 3, 0, 0, 0, 0, 0, 0, 0, 0, 0, 0, 0, 'es', 0),
(1039, 6, 11, 0, 0, 0, 0, 0, 0, 0, 0, 0, 0, 0, 'en', 0),
(1040, 9, 11, 0, 0, 0, 0, 0, 0, 0, 0, 0, 0, 0, '', 0),
(1041, 8, 11, 0, 0, 0, 0, 0, 0, 0, 0, 0, 0, 0, 'es', 0),
(1042, 0, 0, 0, 0, 0, 0, 0, 0, 0, 0, 0, 0, 0, '', 0),
(1043, 0, 0, 0, 0, 0, 0, 0, 0, 0, 0, 0, 0, 0, '', 0),
(1044, 6, 11, 0, 0, 0, 0, 0, 0, 0, 0, 0, 0, 0, 'en', 0),
(1045, 6, 11, 0, 0, 0, 0, 0, 0, 0, 0, 0, 0, 0, 'en', 0),
(1046, 6, 11, 0, 0, 0, 0, 0, 0, 0, 0, 0, 0, 0, 'en', 0),
(1047, 6, 11, 0, 0, 0, 0, 0, 0, 0, 0, 0, 0, 0, 'en', 0),
(1048, 0, 0, 0, 0, 0, 0, 0, 0, 0, 0, 0, 0, 0, '', 0),
(1049, 0, 0, 0, 0, 0, 0, 0, 0, 0, 0, 0, 0, 0, '', 0),
(1050, 7, 11, 0, 0, 0, 0, 0, 0, 0, 0, 0, 0, 0, 'es', 0),
(1051, 7, 11, 0, 0, 0, 0, 0, 0, 0, 0, 0, 0, 0, '', 0),
(1052, 7, 11, 0, 0, 0, 0, 0, 0, 0, 0, 0, 0, 0, '', 0),
(1053, 7, 11, 0, 0, 0, 0, 0, 0, 0, 0, 0, 0, 0, 'es', 0),
(1054, 7, 1, 0, 0, 0, 0, 0, 0, 0, 0, 0, 0, 0, 'es', 0),
(1055, 3, 10, 0, 0, 0, 0, 0, 0, 0, 0, 0, 0, 0, 'es', 0),
(1056, 8, 11, 0, 0, 0, 0, 0, 0, 0, 0, 0, 0, 0, 'es', 0),
(1057, 6, 11, 0, 0, 0, 0, 0, 0, 0, 0, 0, 0, 0, '', 0),
(1058, 7, 3, 0, 0, 0, 0, 0, 0, 0, 0, 0, 0, 0, 'es', 0),
(1059, 8, 3, 0, 0, 0, 0, 0, 0, 0, 0, 0, 0, 0, 'es', 0),
(1060, 8, 3, 0, 0, 0, 0, 0, 0, 0, 0, 0, 0, 0, 'es', 0),
(1061, 8, 11, 0, 0, 0, 0, 0, 0, 0, 0, 0, 0, 0, 'es', 0),
(1062, 6, 11, 0, 0, 0, 0, 0, 0, 0, 0, 0, 0, 0, 'en', 0),
(1063, 6, 11, 0, 0, 0, 0, 0, 0, 0, 0, 0, 0, 0, 'en', 0),
(1064, 7, 1, 0, 0, 0, 0, 0, 0, 0, 0, 0, 0, 0, 'es', 0),
(1065, 8, 11, 0, 0, 0, 0, 0, 0, 0, 0, 0, 0, 0, 'es', 0),
(1066, 3, 11, 0, 0, 0, 0, 0, 0, 0, 0, 0, 0, 0, 'en', 0),
(1067, 8, 11, 0, 0, 0, 0, 0, 0, 0, 0, 0, 0, 0, 'es', 0),
(1068, 7, 3, 0, 0, 0, 0, 0, 0, 0, 0, 0, 0, 0, 'es', 0),
(1069, 6, 11, 0, 0, 0, 0, 0, 0, 0, 0, 0, 0, 0, 'en', 0),
(1070, 6, 11, 0, 0, 0, 0, 0, 0, 0, 0, 0, 0, 0, 'en', 0),
(1071, 6, 11, 0, 0, 0, 0, 0, 0, 0, 0, 0, 0, 0, 'en', 0),
(1072, 7, 3, 0, 0, 0, 0, 0, 0, 0, 0, 0, 0, 0, 'es', 0),
(1073, 8, 3, 0, 0, 0, 0, 0, 0, 0, 0, 0, 0, 0, 'es', 0),
(1074, 6, 11, 0, 0, 0, 0, 0, 0, 0, 0, 0, 0, 0, 'en', 0),
(1075, 7, 3, 0, 0, 0, 0, 0, 0, 0, 0, 0, 0, 0, 'es', 0),
(1076, 8, 3, 0, 0, 0, 0, 0, 0, 0, 0, 0, 0, 0, 'es', 0),
(1077, 8, 3, 0, 0, 0, 0, 0, 0, 0, 0, 0, 0, 0, 'es', 0),
(1078, 7, 11, 0, 0, 0, 0, 0, 0, 0, 0, 0, 0, 0, 'es', 0),
(1079, 3, 11, 0, 0, 0, 0, 0, 0, 0, 0, 0, 0, 0, 'es', 0),
(1080, 7, 3, 0, 0, 0, 0, 0, 0, 0, 0, 0, 0, 0, 'es', 0),
(1081, 3, 3, 0, 0, 0, 0, 0, 0, 0, 0, 0, 0, 0, 'es', 0),
(1082, 8, 3, 0, 0, 0, 0, 0, 0, 0, 0, 0, 0, 0, 'es', 0),
(1083, 3, 11, 0, 0, 0, 0, 0, 0, 0, 0, 0, 0, 0, 'es', 0),
(1084, 8, 3, 0, 0, 0, 0, 0, 0, 0, 0, 0, 0, 0, 'es', 0),
(1085, 3, 10, 0, 0, 0, 0, 0, 0, 0, 0, 0, 0, 0, 'es', 0),
(1086, 3, 10, 0, 0, 0, 0, 0, 0, 0, 0, 0, 0, 0, 'es', 0),
(1087, 0, 0, 0, 0, 0, 0, 0, 0, 0, 0, 0, 0, 0, '', 0),
(1088, 8, 3, 0, 0, 0, 0, 0, 0, 0, 0, 0, 0, 0, 'es', 0),
(1089, 3, 3, 0, 0, 0, 0, 0, 0, 0, 0, 0, 0, 0, 'es', 0),
(1090, 0, 0, 0, 0, 0, 0, 0, 0, 0, 0, 0, 0, 0, '', 0),
(1091, 0, 0, 0, 0, 0, 0, 0, 0, 0, 0, 0, 0, 0, '', 0),
(1092, 0, 1, 0, 0, 0, 0, 0, 0, 0, 0, 0, 0, 0, 'en', 0),
(1093, 0, 1, 0, 0, 0, 0, 0, 0, 0, 0, 0, 0, 0, 'en', 0),
(1094, 3, 11, 0, 0, 0, 0, 0, 0, 0, 0, 0, 0, 0, '', 0),
(1095, 9, 11, 0, 0, 0, 0, 0, 0, 0, 0, 0, 0, 0, '', 0),
(1096, 8, 11, 0, 0, 0, 0, 0, 0, 0, 0, 0, 0, 0, 'es', 0),
(1097, 7, 11, 0, 0, 0, 0, 0, 0, 0, 0, 0, 0, 0, 'es', 0),
(1098, 9, 11, 0, 0, 0, 0, 0, 0, 0, 0, 0, 0, 0, '', 0),
(1099, 9, 11, 0, 0, 0, 0, 0, 0, 0, 0, 0, 0, 0, '', 0),
(1100, 7, 3, 0, 0, 0, 0, 0, 0, 0, 0, 0, 0, 0, 'es', 0),
(1101, 6, 11, 0, 0, 0, 0, 0, 0, 0, 0, 0, 0, 0, 'en', 0),
(1102, 6, 11, 0, 0, 0, 0, 0, 0, 0, 0, 0, 0, 0, 'en', 0),
(1103, 3, 11, 0, 0, 0, 0, 0, 0, 0, 0, 0, 0, 0, 'en', 0),
(1104, 8, 11, 0, 0, 0, 0, 0, 0, 0, 0, 0, 0, 0, '', 0),
(1105, 8, 11, 0, 0, 0, 0, 0, 0, 0, 0, 0, 0, 0, 'en-us', 0),
(1106, 7, 1, 0, 0, 0, 0, 0, 0, 0, 0, 0, 0, 0, 'es', 0),
(1107, 7, 1, 0, 0, 0, 0, 0, 0, 0, 0, 0, 0, 0, 'es', 0),
(1108, 7, 11, 0, 0, 0, 0, 0, 0, 0, 0, 0, 0, 0, 'es', 0),
(1109, 3, 10, 0, 0, 0, 0, 0, 0, 0, 0, 0, 0, 0, 'es', 0),
(1110, 6, 11, 0, 0, 0, 0, 0, 0, 0, 0, 0, 0, 0, 'en', 0),
(1111, 6, 11, 0, 0, 0, 0, 0, 0, 0, 0, 0, 0, 0, 'en', 0),
(1112, 3, 11, 0, 0, 0, 0, 0, 0, 0, 0, 0, 0, 0, 'es', 0),
(1113, 7, 1, 0, 0, 0, 0, 0, 0, 0, 0, 0, 0, 0, 'es', 0),
(1114, 0, 0, 0, 0, 0, 0, 0, 0, 0, 0, 0, 0, 0, '', 0),
(1115, 8, 3, 0, 0, 0, 0, 0, 0, 0, 0, 0, 0, 0, 'es', 0),
(1116, 7, 11, 0, 0, 0, 0, 0, 0, 0, 0, 0, 0, 0, 'es', 0),
(1117, 7, 3, 0, 0, 0, 0, 0, 0, 0, 0, 0, 0, 0, 'es', 0),
(1118, 8, 3, 0, 0, 0, 0, 0, 0, 0, 0, 0, 0, 0, 'es', 0),
(1119, 9, 11, 0, 0, 0, 0, 0, 0, 0, 0, 0, 0, 0, '', 0),
(1120, 5, 10, 0, 0, 0, 0, 0, 0, 0, 0, 0, 0, 0, 'es', 0),
(1121, 3, 3, 0, 0, 0, 0, 0, 0, 0, 0, 0, 0, 0, 'es', 0),
(1122, 3, 11, 0, 0, 0, 0, 0, 0, 0, 0, 0, 0, 0, 'es', 0),
(1123, 7, 3, 0, 0, 0, 0, 0, 0, 0, 0, 0, 0, 0, 'es', 0),
(1124, 7, 3, 0, 0, 0, 0, 0, 0, 0, 0, 0, 0, 0, 'es', 0),
(1125, 7, 3, 0, 0, 0, 0, 0, 0, 0, 0, 0, 0, 0, 'es', 0),
(1126, 7, 3, 0, 0, 0, 0, 0, 0, 0, 0, 0, 0, 0, 'es', 0),
(1127, 7, 1, 0, 0, 0, 0, 0, 0, 0, 0, 0, 0, 0, 'es', 0),
(1128, 6, 11, 0, 0, 0, 0, 0, 0, 0, 0, 0, 0, 0, 'en', 0),
(1129, 6, 11, 0, 0, 0, 0, 0, 0, 0, 0, 0, 0, 0, 'en', 0),
(1130, 0, 0, 0, 0, 0, 0, 0, 0, 0, 0, 0, 0, 0, '', 0),
(1131, 0, 0, 0, 0, 0, 0, 0, 0, 0, 0, 0, 0, 0, '', 0),
(1132, 3, 11, 0, 0, 0, 0, 0, 0, 0, 0, 0, 0, 0, 'en', 0),
(1133, 8, 11, 0, 0, 0, 0, 0, 0, 0, 0, 0, 0, 0, '', 0),
(1134, 8, 3, 0, 0, 0, 0, 0, 0, 0, 0, 0, 0, 0, 'es', 0),
(1135, 0, 0, 0, 0, 0, 0, 0, 0, 0, 0, 0, 0, 0, '', 0),
(1136, 5, 10, 0, 0, 0, 0, 0, 0, 0, 0, 0, 0, 0, 'es', 0),
(1137, 8, 11, 0, 0, 0, 0, 0, 0, 0, 0, 0, 0, 0, 'es', 0),
(1138, 8, 11, 0, 0, 0, 0, 0, 0, 0, 0, 0, 0, 0, 'es', 0),
(1139, 8, 11, 0, 0, 0, 0, 0, 0, 0, 0, 0, 0, 0, 'es', 0),
(1140, 8, 11, 0, 0, 0, 0, 0, 0, 0, 0, 0, 0, 0, '', 0),
(1141, 8, 11, 0, 0, 0, 0, 0, 0, 0, 0, 0, 0, 0, 'es', 0),
(1142, 7, 3, 0, 0, 0, 0, 0, 0, 0, 0, 0, 0, 0, 'es', 0),
(1143, 9, 11, 0, 0, 0, 0, 0, 0, 0, 0, 0, 0, 0, '', 0),
(1144, 6, 3, 0, 0, 0, 0, 0, 0, 0, 0, 0, 0, 0, 'es', 0),
(1145, 5, 10, 0, 0, 0, 0, 0, 0, 0, 0, 0, 0, 0, 'es', 0),
(1146, 3, 10, 0, 0, 0, 0, 0, 0, 0, 0, 0, 0, 0, 'es', 0),
(1147, 3, 10, 0, 0, 0, 0, 0, 0, 0, 0, 0, 0, 0, 'es', 0),
(1148, 9, 11, 0, 0, 0, 0, 0, 0, 0, 0, 0, 0, 0, '', 0),
(1149, 0, 0, 0, 0, 0, 0, 0, 0, 0, 0, 0, 0, 0, '', 0),
(1150, 0, 0, 0, 0, 0, 0, 0, 0, 0, 0, 0, 0, 0, '', 0),
(1151, 8, 11, 0, 0, 0, 0, 0, 0, 0, 0, 0, 0, 0, 'es', 0),
(1152, 8, 3, 0, 0, 0, 0, 0, 0, 0, 0, 0, 0, 0, 'es', 0),
(1153, 9, 11, 0, 0, 0, 0, 0, 0, 0, 0, 0, 0, 0, '', 0),
(1154, 9, 11, 0, 0, 0, 0, 0, 0, 0, 0, 0, 0, 0, '', 0),
(1155, 9, 11, 0, 0, 0, 0, 0, 0, 0, 0, 0, 0, 0, '', 0),
(1156, 9, 11, 0, 0, 0, 0, 0, 0, 0, 0, 0, 0, 0, '', 0),
(1157, 9, 11, 0, 0, 0, 0, 0, 0, 0, 0, 0, 0, 0, '', 0),
(1158, 9, 11, 0, 0, 0, 0, 0, 0, 0, 0, 0, 0, 0, '', 0),
(1159, 9, 11, 0, 0, 0, 0, 0, 0, 0, 0, 0, 0, 0, '', 0),
(1160, 9, 11, 0, 0, 0, 0, 0, 0, 0, 0, 0, 0, 0, '', 0),
(1161, 9, 11, 0, 0, 0, 0, 0, 0, 0, 0, 0, 0, 0, '', 0),
(1162, 9, 11, 0, 0, 0, 0, 0, 0, 0, 0, 0, 0, 0, '', 0),
(1163, 9, 11, 0, 0, 0, 0, 0, 0, 0, 0, 0, 0, 0, '', 0),
(1164, 9, 11, 0, 0, 0, 0, 0, 0, 0, 0, 0, 0, 0, '', 0),
(1165, 9, 11, 0, 0, 0, 0, 0, 0, 0, 0, 0, 0, 0, '', 0),
(1166, 9, 11, 0, 0, 0, 0, 0, 0, 0, 0, 0, 0, 0, '', 0),
(1167, 9, 11, 0, 0, 0, 0, 0, 0, 0, 0, 0, 0, 0, '', 0),
(1168, 3, 3, 0, 0, 0, 0, 0, 0, 0, 0, 0, 0, 0, 'es', 0),
(1169, 3, 3, 0, 0, 0, 0, 0, 0, 0, 0, 0, 0, 0, 'es', 0),
(1170, 0, 0, 0, 0, 0, 0, 0, 0, 0, 0, 0, 0, 0, '', 0),
(1171, 6, 11, 0, 0, 0, 0, 0, 0, 0, 0, 0, 0, 0, 'en', 0),
(1172, 6, 11, 0, 0, 0, 0, 0, 0, 0, 0, 0, 0, 0, 'en', 0),
(1173, 3, 11, 0, 0, 0, 0, 0, 0, 0, 0, 0, 0, 0, 'en', 0),
(1174, 8, 11, 0, 0, 0, 0, 0, 0, 0, 0, 0, 0, 0, '', 0),
(1175, 7, 3, 0, 0, 0, 0, 0, 0, 0, 0, 0, 0, 0, 'es', 0),
(1176, 7, 11, 0, 0, 0, 0, 0, 0, 0, 0, 0, 0, 0, 'es', 0),
(1177, 8, 11, 0, 0, 0, 0, 0, 0, 0, 0, 0, 0, 0, '', 0),
(1178, 8, 11, 0, 0, 0, 0, 0, 0, 0, 0, 0, 0, 0, '', 0),
(1179, 7, 11, 0, 0, 0, 0, 0, 0, 0, 0, 0, 0, 0, '', 0),
(1180, 7, 11, 0, 0, 0, 0, 0, 0, 0, 0, 0, 0, 0, 'en', 0),
(1181, 9, 11, 0, 0, 0, 0, 0, 0, 0, 0, 0, 0, 0, '', 0),
(1182, 6, 11, 0, 0, 0, 0, 0, 0, 0, 0, 0, 0, 0, 'en', 0),
(1183, 0, 0, 0, 0, 0, 0, 0, 0, 0, 0, 0, 0, 0, '', 0),
(1184, 8, 3, 0, 0, 0, 0, 0, 0, 0, 0, 0, 0, 0, 'es', 0),
(1185, 7, 3, 0, 0, 0, 0, 0, 0, 0, 0, 0, 0, 0, 'es', 0),
(1186, 3, 11, 0, 0, 0, 0, 0, 0, 0, 0, 0, 0, 0, 'es', 0),
(1187, 0, 0, 0, 0, 0, 0, 0, 0, 0, 0, 0, 0, 0, '', 0),
(1188, 6, 11, 0, 0, 0, 0, 0, 0, 0, 0, 0, 0, 0, 'en-us', 0),
(1189, 5, 3, 0, 0, 0, 0, 0, 0, 0, 0, 0, 0, 0, 'en-us', 0),
(1190, 7, 11, 0, 0, 0, 0, 0, 0, 0, 0, 0, 0, 0, 'es', 0),
(1191, 7, 1, 0, 0, 0, 0, 0, 0, 0, 0, 0, 0, 0, 'es', 0),
(1192, 6, 11, 0, 0, 0, 0, 0, 0, 0, 0, 0, 0, 0, '', 0),
(1193, 0, 0, 0, 0, 0, 0, 0, 0, 0, 0, 0, 0, 0, '', 0),
(1194, 9, 11, 0, 0, 0, 0, 0, 0, 0, 0, 0, 0, 0, '', 0),
(1195, 9, 11, 0, 0, 0, 0, 0, 0, 0, 0, 0, 0, 0, '', 0),
(1196, 3, 11, 0, 0, 0, 0, 0, 0, 0, 0, 0, 0, 0, 'es', 0),
(1197, 3, 3, 0, 0, 0, 0, 0, 0, 0, 0, 0, 0, 0, 'en', 0),
(1198, 7, 3, 0, 0, 0, 0, 0, 0, 0, 0, 0, 0, 0, '', 0),
(1199, 3, 11, 0, 0, 0, 0, 0, 0, 0, 0, 0, 0, 0, 'es', 0),
(1200, 3, 10, 0, 0, 0, 0, 0, 0, 0, 0, 0, 0, 0, 'es', 0),
(1201, 7, 3, 0, 0, 0, 0, 0, 0, 0, 0, 0, 0, 0, '', 0),
(1202, 0, 0, 0, 0, 0, 0, 0, 0, 0, 0, 0, 0, 0, '', 0),
(1203, 0, 0, 0, 0, 0, 0, 0, 0, 0, 0, 0, 0, 0, '', 0),
(1204, 0, 0, 0, 0, 0, 0, 0, 0, 0, 0, 0, 0, 0, '', 0),
(1205, 3, 3, 0, 0, 0, 0, 0, 0, 0, 0, 0, 0, 0, 'es', 0),
(1206, 3, 11, 0, 0, 0, 0, 0, 0, 0, 0, 0, 0, 0, 'es', 0),
(1207, 3, 3, 0, 0, 0, 0, 0, 0, 0, 0, 0, 0, 0, '', 0),
(1208, 3, 10, 0, 0, 0, 0, 0, 0, 0, 0, 0, 0, 0, 'es', 0),
(1209, 8, 3, 0, 0, 0, 0, 0, 0, 0, 0, 0, 0, 0, 'es', 0),
(1210, 6, 11, 0, 0, 0, 0, 0, 0, 0, 0, 0, 0, 0, 'en', 0),
(1211, 8, 11, 0, 0, 0, 0, 0, 0, 0, 0, 0, 0, 0, 'es', 0),
(1212, 3, 3, 0, 0, 0, 0, 0, 0, 0, 0, 0, 0, 0, 'es', 0),
(1213, 6, 11, 0, 0, 0, 0, 0, 0, 0, 0, 0, 0, 0, '', 0),
(1214, 3, 11, 0, 0, 0, 0, 0, 0, 0, 0, 0, 0, 0, 'en', 0),
(1215, 8, 11, 0, 0, 0, 0, 0, 0, 0, 0, 0, 0, 0, '', 0),
(1216, 6, 11, 0, 0, 0, 0, 0, 0, 0, 0, 0, 0, 0, '', 0),
(1217, 7, 3, 0, 0, 0, 0, 0, 0, 0, 0, 0, 0, 0, 'es', 0),
(1218, 3, 10, 0, 0, 0, 0, 0, 0, 0, 0, 0, 0, 0, 'es', 0),
(1219, 0, 0, 0, 0, 0, 0, 0, 0, 0, 0, 0, 0, 0, '', 0),
(1220, 5, 10, 0, 0, 0, 0, 0, 0, 0, 0, 0, 0, 0, 'es', 0),
(1221, 8, 11, 0, 0, 0, 0, 0, 0, 0, 0, 0, 0, 0, 'es', 0),
(1222, 9, 11, 0, 0, 0, 0, 0, 0, 0, 0, 0, 0, 0, '', 0),
(1223, 9, 11, 0, 0, 0, 0, 0, 0, 0, 0, 0, 0, 0, '', 0),
(1224, 3, 11, 0, 0, 0, 0, 0, 0, 0, 0, 0, 0, 0, 'es', 0),
(1225, 8, 11, 0, 0, 0, 0, 0, 0, 0, 0, 0, 0, 0, 'es', 0),
(1226, 6, 11, 0, 0, 0, 0, 0, 0, 0, 0, 0, 0, 0, 'en', 0),
(1227, 6, 11, 0, 0, 0, 0, 0, 0, 0, 0, 0, 0, 0, 'en', 0),
(1228, 7, 11, 0, 0, 0, 0, 0, 0, 0, 0, 0, 0, 0, 'es', 0),
(1229, 3, 11, 0, 0, 0, 0, 0, 0, 0, 0, 0, 0, 0, 'es', 0),
(1230, 7, 3, 0, 0, 0, 0, 0, 0, 0, 0, 0, 0, 0, 'es', 0),
(1231, 5, 10, 0, 0, 0, 0, 0, 0, 0, 0, 0, 0, 0, 'es', 0),
(1232, 3, 11, 0, 0, 0, 0, 0, 0, 0, 0, 0, 0, 0, 'en', 0),
(1233, 8, 11, 0, 0, 0, 0, 0, 0, 0, 0, 0, 0, 0, '', 0),
(1234, 8, 11, 0, 0, 0, 0, 0, 0, 0, 0, 0, 0, 0, 'es', 0),
(1235, 8, 11, 0, 0, 0, 0, 0, 0, 0, 0, 0, 0, 0, 'es', 0),
(1236, 7, 11, 0, 0, 0, 0, 0, 0, 0, 0, 0, 0, 0, 'es', 0),
(1237, 8, 11, 0, 0, 0, 0, 0, 0, 0, 0, 0, 0, 0, 'es', 0),
(1238, 0, 0, 0, 0, 0, 0, 0, 0, 0, 0, 0, 0, 0, 'es', 0),
(1239, 7, 1, 0, 0, 0, 0, 0, 0, 0, 0, 0, 0, 0, 'es', 0),
(1240, 8, 11, 0, 0, 0, 0, 0, 0, 0, 0, 0, 0, 0, 'es', 0),
(1241, 3, 11, 0, 0, 0, 0, 0, 0, 0, 0, 0, 0, 0, 'es', 0),
(1242, 8, 3, 0, 0, 0, 0, 0, 0, 0, 0, 0, 0, 0, 'es', 0),
(1243, 5, 10, 0, 0, 0, 0, 0, 0, 0, 0, 0, 0, 0, 'es', 0),
(1244, 8, 11, 0, 0, 0, 0, 0, 0, 0, 0, 0, 0, 0, 'es', 0),
(1245, 8, 11, 0, 0, 0, 0, 0, 0, 0, 0, 0, 0, 0, 'es', 0),
(1246, 7, 3, 0, 0, 0, 0, 0, 0, 0, 0, 0, 0, 0, 'es', 0),
(1247, 6, 11, 0, 0, 0, 0, 0, 0, 0, 0, 0, 0, 0, 'en', 0),
(1248, 6, 11, 0, 0, 0, 0, 0, 0, 0, 0, 0, 0, 0, 'en', 0),
(1249, 6, 11, 0, 0, 0, 0, 0, 0, 0, 0, 0, 0, 0, 'en', 0),
(1250, 6, 11, 0, 0, 0, 0, 0, 0, 0, 0, 0, 0, 0, 'en', 0),
(1251, 5, 10, 0, 0, 0, 0, 0, 0, 0, 0, 0, 0, 0, 'es', 0),
(1252, 7, 3, 0, 0, 0, 0, 0, 0, 0, 0, 0, 0, 0, 'es', 0),
(1253, 6, 11, 0, 0, 0, 0, 0, 0, 0, 0, 0, 0, 0, 'en', 0),
(1254, 0, 0, 0, 0, 0, 0, 0, 0, 0, 0, 0, 0, 0, '', 0),
(1255, 3, 11, 0, 0, 0, 0, 0, 0, 0, 0, 0, 0, 0, 'es', 0),
(1256, 3, 11, 0, 0, 0, 0, 0, 0, 0, 0, 0, 0, 0, 'en', 0),
(1257, 8, 11, 0, 0, 0, 0, 0, 0, 0, 0, 0, 0, 0, '', 0),
(1258, 3, 11, 0, 0, 0, 0, 0, 0, 0, 0, 0, 0, 0, 'es', 0),
(1259, 7, 3, 0, 0, 0, 0, 0, 0, 0, 0, 0, 0, 0, 'es', 0),
(1260, 5, 10, 0, 0, 0, 0, 0, 0, 0, 0, 0, 0, 0, 'es', 0),
(1261, 5, 10, 0, 0, 0, 0, 0, 0, 0, 0, 0, 0, 0, 'es', 0),
(1262, 7, 3, 0, 0, 0, 0, 0, 0, 0, 0, 0, 0, 0, 'es', 0),
(1263, 0, 0, 0, 0, 0, 0, 0, 0, 0, 0, 0, 0, 0, '', 0),
(1264, 6, 11, 0, 0, 0, 0, 0, 0, 0, 0, 0, 0, 0, 'en', 0),
(1265, 3, 11, 0, 0, 0, 0, 0, 0, 0, 0, 0, 0, 0, 'en', 0),
(1266, 8, 11, 0, 0, 0, 0, 0, 0, 0, 0, 0, 0, 0, 'es', 0),
(1267, 7, 3, 0, 0, 0, 0, 0, 0, 0, 0, 0, 0, 0, 'es', 0),
(1268, 3, 3, 0, 0, 0, 0, 0, 0, 0, 0, 0, 0, 0, 'es', 0),
(1269, 7, 3, 0, 0, 0, 0, 0, 0, 0, 0, 0, 0, 0, 'es', 0),
(1270, 6, 11, 0, 0, 0, 0, 0, 0, 0, 0, 0, 0, 0, 'en', 0),
(1271, 7, 11, 0, 0, 0, 0, 0, 0, 0, 0, 0, 0, 0, 'es', 0),
(1272, 7, 1, 0, 0, 0, 0, 0, 0, 0, 0, 0, 0, 0, 'es', 0),
(1273, 7, 11, 0, 0, 0, 0, 0, 0, 0, 0, 0, 0, 0, '', 0),
(1274, 5, 10, 0, 0, 0, 0, 0, 0, 0, 0, 0, 0, 0, 'es', 0),
(1275, 7, 11, 0, 0, 0, 0, 0, 0, 0, 0, 0, 0, 0, 'es', 0),
(1276, 9, 11, 0, 0, 0, 0, 0, 0, 0, 0, 0, 0, 0, '', 0),
(1277, 8, 11, 0, 0, 0, 0, 0, 0, 0, 0, 0, 0, 0, 'es', 0),
(1278, 7, 11, 0, 0, 0, 0, 0, 0, 0, 0, 0, 0, 0, 'es', 0),
(1279, 5, 10, 0, 0, 0, 0, 0, 0, 0, 0, 0, 0, 0, 'es', 0),
(1280, 7, 3, 0, 0, 0, 0, 0, 0, 0, 0, 0, 0, 0, 'es', 0),
(1281, 7, 3, 0, 0, 0, 0, 0, 0, 0, 0, 0, 0, 0, 'es', 0),
(1282, 9, 11, 0, 0, 0, 0, 0, 0, 0, 0, 0, 0, 0, '', 0),
(1283, 9, 11, 0, 0, 0, 0, 0, 0, 0, 0, 0, 0, 0, '', 0),
(1284, 9, 11, 0, 0, 0, 0, 0, 0, 0, 0, 0, 0, 0, '', 0),
(1285, 8, 3, 0, 0, 0, 0, 0, 0, 0, 0, 0, 0, 0, 'es', 0),
(1286, 7, 3, 0, 0, 0, 0, 0, 0, 0, 0, 0, 0, 0, 'es', 0),
(1287, 3, 11, 0, 0, 0, 0, 0, 0, 0, 0, 0, 0, 0, '', 0),
(1288, 9, 11, 0, 0, 0, 0, 0, 0, 0, 0, 0, 0, 0, '', 0),
(1289, 3, 11, 0, 0, 0, 0, 0, 0, 0, 0, 0, 0, 0, 'es', 0),
(1290, 5, 10, 0, 0, 0, 0, 0, 0, 0, 0, 0, 0, 0, 'es', 0),
(1291, 9, 11, 0, 0, 0, 0, 0, 0, 0, 0, 0, 0, 0, '', 0),
(1292, 7, 11, 0, 0, 0, 0, 0, 0, 0, 0, 0, 0, 0, '', 0),
(1293, 7, 3, 0, 0, 0, 0, 0, 0, 0, 0, 0, 0, 0, 'es', 0),
(1294, 3, 3, 0, 0, 0, 0, 0, 0, 0, 0, 0, 0, 0, 'es', 0),
(1295, 8, 11, 0, 0, 0, 0, 0, 0, 0, 0, 0, 0, 0, 'es', 0),
(1296, 3, 3, 0, 0, 0, 0, 0, 0, 0, 0, 0, 0, 0, '', 0),
(1297, 3, 3, 0, 0, 0, 0, 0, 0, 0, 0, 0, 0, 0, '', 0),
(1298, 3, 3, 0, 0, 0, 0, 0, 0, 0, 0, 0, 0, 0, 'es', 0),
(1299, 7, 3, 0, 0, 0, 0, 0, 0, 0, 0, 0, 0, 0, 'es', 0),
(1300, 9, 11, 0, 0, 0, 0, 0, 0, 0, 0, 0, 0, 0, '', 0),
(1301, 8, 11, 0, 0, 0, 0, 0, 0, 0, 0, 0, 0, 0, 'es', 0),
(1302, 3, 3, 0, 0, 0, 0, 0, 0, 0, 0, 0, 0, 0, 'es', 0),
(1303, 3, 3, 0, 0, 0, 0, 0, 0, 0, 0, 0, 0, 0, 'es', 0),
(1304, 7, 1, 0, 0, 0, 0, 0, 0, 0, 0, 0, 0, 0, 'es', 0),
(1305, 2, 11, 0, 0, 0, 0, 0, 0, 0, 0, 0, 0, 0, '', 0),
(1306, 3, 3, 0, 0, 0, 0, 0, 0, 0, 0, 0, 0, 0, '', 0),
(1307, 7, 1, 0, 0, 0, 0, 0, 0, 0, 0, 0, 0, 0, '', 0),
(1308, 6, 11, 0, 0, 0, 0, 0, 0, 0, 0, 0, 0, 0, 'en', 0),
(1309, 6, 11, 0, 0, 0, 0, 0, 0, 0, 0, 0, 0, 0, 'en', 0),
(1310, 8, 11, 0, 0, 0, 0, 0, 0, 0, 0, 0, 0, 0, 'es', 0),
(1311, 7, 3, 0, 0, 0, 0, 0, 0, 0, 0, 0, 0, 0, 'es', 0),
(1312, 1, 11, 0, 0, 0, 0, 0, 0, 0, 0, 0, 0, 0, '', 0),
(1313, 3, 3, 0, 0, 0, 0, 0, 0, 0, 0, 0, 0, 0, 'en', 0),
(1314, 3, 10, 0, 0, 0, 0, 0, 0, 0, 0, 0, 0, 0, 'es', 0),
(1315, 3, 11, 0, 0, 0, 0, 0, 0, 0, 0, 0, 0, 0, 'es', 0),
(1316, 8, 3, 0, 0, 0, 0, 0, 0, 0, 0, 0, 0, 0, 'es', 0),
(1317, 7, 11, 0, 0, 0, 0, 0, 0, 0, 0, 0, 0, 0, 'es', 0),
(1318, 6, 11, 0, 0, 0, 0, 0, 0, 0, 0, 0, 0, 0, 'en', 0),
(1319, 6, 11, 0, 0, 0, 0, 0, 0, 0, 0, 0, 0, 0, 'en', 0),
(1320, 8, 11, 0, 0, 0, 0, 0, 0, 0, 0, 0, 0, 0, 'es', 0),
(1321, 3, 11, 0, 0, 0, 0, 0, 0, 0, 0, 0, 0, 0, 'es', 0),
(1322, 6, 3, 0, 0, 0, 0, 0, 0, 0, 0, 0, 0, 0, 'es', 0),
(1323, 3, 11, 0, 0, 0, 0, 0, 0, 0, 0, 0, 0, 0, 'en', 0),
(1324, 7, 1, 0, 0, 0, 0, 0, 0, 0, 0, 0, 0, 0, 'es', 0),
(1325, 3, 11, 0, 0, 0, 0, 0, 0, 0, 0, 0, 0, 0, 'es', 0),
(1326, 7, 3, 0, 0, 0, 0, 0, 0, 0, 0, 0, 0, 0, 'es', 0),
(1327, 8, 11, 0, 0, 0, 0, 0, 0, 0, 0, 0, 0, 0, 'es', 0),
(1328, 7, 3, 0, 0, 0, 0, 0, 0, 0, 0, 0, 0, 0, 'es', 0),
(1329, 3, 11, 0, 0, 0, 0, 0, 0, 0, 0, 0, 0, 0, 'en', 0),
(1330, 7, 3, 0, 0, 0, 0, 0, 0, 0, 0, 0, 0, 0, 'es', 0),
(1331, 9, 11, 0, 0, 0, 0, 0, 0, 0, 0, 0, 0, 0, '', 0),
(1332, 7, 1, 0, 0, 0, 0, 0, 0, 0, 0, 0, 0, 0, 'es', 0),
(1333, 3, 3, 0, 0, 0, 0, 0, 0, 0, 0, 0, 0, 0, 'es', 0),
(1334, 8, 11, 0, 0, 0, 0, 0, 0, 0, 0, 0, 0, 0, 'es', 0),
(1335, 6, 11, 0, 0, 0, 0, 0, 0, 0, 0, 0, 0, 0, 'en', 0),
(1336, 0, 0, 0, 0, 0, 0, 0, 0, 0, 0, 0, 0, 0, '', 0),
(1337, 0, 0, 0, 0, 0, 0, 0, 0, 0, 0, 0, 0, 0, '', 0),
(1338, 6, 11, 0, 0, 0, 0, 0, 0, 0, 0, 0, 0, 0, 'en', 0),
(1339, 3, 10, 0, 0, 0, 0, 0, 0, 0, 0, 0, 0, 0, 'es', 0),
(1340, 3, 3, 0, 0, 0, 0, 0, 0, 0, 0, 0, 0, 0, 'es', 0),
(1341, 0, 0, 0, 0, 0, 0, 0, 0, 0, 0, 0, 0, 0, '', 0),
(1342, 9, 11, 0, 0, 0, 0, 0, 0, 0, 0, 0, 0, 0, '', 0),
(1343, 5, 10, 0, 0, 0, 0, 0, 0, 0, 0, 0, 0, 0, 'es', 0),
(1344, 0, 0, 0, 0, 0, 0, 0, 0, 0, 0, 0, 0, 0, '', 0),
(1345, 3, 3, 0, 0, 0, 0, 0, 0, 0, 0, 0, 0, 0, 'es', 0),
(1346, 6, 11, 0, 0, 0, 0, 0, 0, 0, 0, 0, 0, 0, 'en', 0),
(1347, 6, 11, 0, 0, 0, 0, 0, 0, 0, 0, 0, 0, 0, 'en', 0),
(1348, 5, 10, 0, 0, 0, 0, 0, 0, 0, 0, 0, 0, 0, 'es', 0),
(1349, 3, 3, 0, 0, 0, 0, 0, 0, 0, 0, 0, 0, 0, 'es', 0),
(1350, 6, 3, 0, 0, 0, 0, 0, 0, 0, 0, 0, 0, 0, 'es', 0),
(1351, 9, 11, 0, 0, 0, 0, 0, 0, 0, 0, 0, 0, 0, '', 0),
(1352, 3, 11, 0, 0, 0, 0, 0, 0, 0, 0, 0, 0, 0, 'es', 0),
(1353, 7, 1, 0, 0, 0, 0, 0, 0, 0, 0, 0, 0, 0, 'es', 0),
(1354, 0, 0, 0, 0, 0, 0, 0, 0, 0, 0, 0, 0, 0, '', 0),
(1355, 0, 0, 0, 0, 0, 0, 0, 0, 0, 0, 0, 0, 0, '', 0),
(1356, 3, 10, 0, 0, 0, 0, 0, 0, 0, 0, 0, 0, 0, 'es', 0),
(1357, 8, 3, 0, 0, 0, 0, 0, 0, 0, 0, 0, 0, 0, 'es', 0),
(1358, 3, 11, 0, 0, 0, 0, 0, 0, 0, 0, 0, 0, 0, 'es', 0),
(1359, 7, 11, 0, 0, 0, 0, 0, 0, 0, 0, 0, 0, 0, 'es', 0),
(1360, 5, 10, 0, 0, 0, 0, 0, 0, 0, 0, 0, 0, 0, 'es', 0),
(1361, 3, 3, 0, 0, 0, 0, 0, 0, 0, 0, 0, 0, 0, 'es', 0),
(1362, 4, 11, 0, 0, 0, 0, 0, 0, 0, 0, 0, 0, 0, '', 0),
(1363, 7, 3, 0, 0, 0, 0, 0, 0, 0, 0, 0, 0, 0, 'es', 0),
(1364, 8, 3, 0, 0, 0, 0, 0, 0, 0, 0, 0, 0, 0, 'es', 0),
(1365, 0, 0, 0, 0, 0, 0, 0, 0, 0, 0, 0, 0, 0, '', 0),
(1366, 6, 11, 0, 0, 0, 0, 0, 0, 0, 0, 0, 0, 0, 'tr', 0),
(1367, 7, 1, 0, 0, 0, 0, 0, 0, 0, 0, 0, 0, 0, 'es', 0),
(1368, 6, 11, 0, 0, 0, 0, 0, 0, 0, 0, 0, 0, 0, 'en', 0),
(1369, 3, 11, 0, 0, 0, 0, 0, 0, 0, 0, 0, 0, 0, 'en', 0),
(1370, 8, 11, 0, 0, 0, 0, 0, 0, 0, 0, 0, 0, 0, '', 0),
(1371, 8, 3, 0, 0, 0, 0, 0, 0, 0, 0, 0, 0, 0, 'es', 0),
(1372, 3, 3, 0, 0, 0, 0, 0, 0, 0, 0, 0, 0, 0, 'es', 0),
(1373, 3, 3, 0, 0, 0, 0, 0, 0, 0, 0, 0, 0, 0, 'es', 0),
(1374, 8, 3, 0, 0, 0, 0, 0, 0, 0, 0, 0, 0, 0, 'es', 0),
(1375, 6, 11, 0, 0, 0, 0, 0, 0, 0, 0, 0, 0, 0, 'en', 0),
(1376, 7, 1, 0, 0, 0, 0, 0, 0, 0, 0, 0, 0, 0, 'es', 0),
(1377, 8, 3, 0, 0, 0, 0, 0, 0, 0, 0, 0, 0, 0, 'es', 0),
(1378, 3, 11, 0, 0, 0, 0, 0, 0, 0, 0, 0, 0, 0, 'en', 0),
(1379, 7, 1, 0, 0, 0, 0, 0, 0, 0, 0, 0, 0, 0, 'es', 0),
(1380, 7, 3, 0, 0, 0, 0, 0, 0, 0, 0, 0, 0, 0, 'es', 0),
(1381, 0, 0, 0, 0, 0, 0, 0, 0, 0, 0, 0, 0, 0, '', 0),
(1382, 7, 3, 0, 0, 0, 0, 0, 0, 0, 0, 0, 0, 0, 'es', 0),
(1383, 7, 3, 0, 0, 0, 0, 0, 0, 0, 0, 0, 0, 0, 'es', 0),
(1384, 7, 3, 0, 0, 0, 0, 0, 0, 0, 0, 0, 0, 0, 'es', 0),
(1385, 3, 11, 0, 0, 0, 0, 0, 0, 0, 0, 0, 0, 0, 'es', 0),
(1386, 6, 11, 0, 0, 0, 0, 0, 0, 0, 0, 0, 0, 0, 'en', 0),
(1387, 3, 11, 0, 0, 0, 0, 0, 0, 0, 0, 0, 0, 0, 'en', 0),
(1388, 8, 11, 0, 0, 0, 0, 0, 0, 0, 0, 0, 0, 0, '', 0),
(1389, 3, 11, 0, 0, 0, 0, 0, 0, 0, 0, 0, 0, 0, 'es', 0),
(1390, 7, 11, 0, 0, 0, 0, 0, 0, 0, 0, 0, 0, 0, 'es', 0),
(1391, 7, 11, 0, 0, 0, 0, 0, 0, 0, 0, 0, 0, 0, 'en', 0),
(1392, 7, 11, 0, 0, 0, 0, 0, 0, 0, 0, 0, 0, 0, '', 0),
(1393, 8, 3, 0, 0, 0, 0, 0, 0, 0, 0, 0, 0, 0, 'es', 0),
(1394, 7, 1, 0, 0, 0, 0, 0, 0, 0, 0, 0, 0, 0, 'es', 0),
(1395, 7, 3, 0, 0, 0, 0, 0, 0, 0, 0, 0, 0, 0, 'es', 0),
(1396, 3, 11, 0, 0, 0, 0, 0, 0, 0, 0, 0, 0, 0, 'es', 0),
(1397, 8, 3, 0, 0, 0, 0, 0, 0, 0, 0, 0, 0, 0, 'es', 0),
(1398, 8, 3, 0, 0, 0, 0, 0, 0, 0, 0, 0, 0, 0, 'es', 0),
(1399, 7, 11, 0, 0, 0, 0, 0, 0, 0, 0, 0, 0, 0, '', 0),
(1400, 7, 11, 0, 0, 0, 0, 0, 0, 0, 0, 0, 0, 0, '', 0),
(1401, 8, 11, 0, 0, 0, 0, 0, 0, 0, 0, 0, 0, 0, '', 0),
(1402, 8, 11, 0, 0, 0, 0, 0, 0, 0, 0, 0, 0, 0, '', 0),
(1403, 6, 11, 0, 0, 0, 0, 0, 0, 0, 0, 0, 0, 0, '', 0),
(1404, 6, 11, 0, 0, 0, 0, 0, 0, 0, 0, 0, 0, 0, '', 0),
(1405, 6, 11, 0, 0, 0, 0, 0, 0, 0, 0, 0, 0, 0, '', 0),
(1406, 6, 11, 0, 0, 0, 0, 0, 0, 0, 0, 0, 0, 0, '', 0),
(1407, 6, 11, 0, 0, 0, 0, 0, 0, 0, 0, 0, 0, 0, '', 0),
(1408, 6, 11, 0, 0, 0, 0, 0, 0, 0, 0, 0, 0, 0, '', 0),
(1409, 6, 11, 0, 0, 0, 0, 0, 0, 0, 0, 0, 0, 0, '', 0),
(1410, 6, 11, 0, 0, 0, 0, 0, 0, 0, 0, 0, 0, 0, '', 0),
(1411, 6, 11, 0, 0, 0, 0, 0, 0, 0, 0, 0, 0, 0, '', 0),
(1412, 6, 11, 0, 0, 0, 0, 0, 0, 0, 0, 0, 0, 0, '', 0),
(1413, 6, 11, 0, 0, 0, 0, 0, 0, 0, 0, 0, 0, 0, '', 0),
(1414, 6, 11, 0, 0, 0, 0, 0, 0, 0, 0, 0, 0, 0, '', 0),
(1415, 6, 11, 0, 0, 0, 0, 0, 0, 0, 0, 0, 0, 0, '', 0),
(1416, 6, 11, 0, 0, 0, 0, 0, 0, 0, 0, 0, 0, 0, '', 0),
(1417, 6, 11, 0, 0, 0, 0, 0, 0, 0, 0, 0, 0, 0, '', 0),
(1418, 6, 11, 0, 0, 0, 0, 0, 0, 0, 0, 0, 0, 0, '', 0),
(1419, 6, 11, 0, 0, 0, 0, 0, 0, 0, 0, 0, 0, 0, '', 0),
(1420, 9, 11, 0, 0, 0, 0, 0, 0, 0, 0, 0, 0, 0, '', 0),
(1421, 6, 11, 0, 0, 0, 0, 0, 0, 0, 0, 0, 0, 0, '', 0),
(1422, 6, 11, 0, 0, 0, 0, 0, 0, 0, 0, 0, 0, 0, '', 0),
(1423, 6, 11, 0, 0, 0, 0, 0, 0, 0, 0, 0, 0, 0, '', 0),
(1424, 6, 11, 0, 0, 0, 0, 0, 0, 0, 0, 0, 0, 0, '', 0),
(1425, 3, 10, 0, 0, 0, 0, 0, 0, 0, 0, 0, 0, 0, 'es', 0),
(1426, 3, 10, 0, 0, 0, 0, 0, 0, 0, 0, 0, 0, 0, 'es', 0),
(1427, 9, 11, 0, 0, 0, 0, 0, 0, 0, 0, 0, 0, 0, '', 0),
(1428, 9, 11, 0, 0, 0, 0, 0, 0, 0, 0, 0, 0, 0, '', 0),
(1429, 9, 11, 0, 0, 0, 0, 0, 0, 0, 0, 0, 0, 0, '', 0),
(1430, 9, 11, 0, 0, 0, 0, 0, 0, 0, 0, 0, 0, 0, '', 0),
(1431, 3, 11, 0, 0, 0, 0, 0, 0, 0, 0, 0, 0, 0, '', 0),
(1432, 8, 11, 0, 0, 0, 0, 0, 0, 0, 0, 0, 0, 0, 'es', 0),
(1433, 3, 11, 0, 0, 0, 0, 0, 0, 0, 0, 0, 0, 0, 'es', 0),
(1434, 6, 3, 0, 0, 0, 0, 0, 0, 0, 0, 0, 0, 0, 'en', 0),
(1435, 7, 3, 0, 0, 0, 0, 0, 0, 0, 0, 0, 0, 0, 'es', 0),
(1436, 8, 11, 0, 0, 0, 0, 0, 0, 0, 0, 0, 0, 0, 'es', 0),
(1437, 7, 3, 0, 0, 0, 0, 0, 0, 0, 0, 0, 0, 0, 'es', 0),
(1438, 3, 11, 0, 0, 0, 0, 0, 0, 0, 0, 0, 0, 0, 'en', 0),
(1439, 7, 1, 0, 0, 0, 0, 0, 0, 0, 0, 0, 0, 0, 'es', 0),
(1440, 7, 11, 0, 0, 0, 0, 0, 0, 0, 0, 0, 0, 0, 'es', 0),
(1441, 5, 10, 0, 0, 0, 0, 0, 0, 0, 0, 0, 0, 0, 'es', 0),
(1442, 7, 3, 0, 0, 0, 0, 0, 0, 0, 0, 0, 0, 0, 'es', 0),
(1443, 7, 3, 0, 0, 0, 0, 0, 0, 0, 0, 0, 0, 0, 'es', 0),
(1444, 7, 1, 0, 0, 0, 0, 0, 0, 0, 0, 0, 0, 0, 'es', 0),
(1445, 7, 11, 0, 0, 0, 0, 0, 0, 0, 0, 0, 0, 0, 'zh', 0),
(1446, 7, 11, 0, 0, 0, 0, 0, 0, 0, 0, 0, 0, 0, 'zh', 0),
(1447, 0, 0, 0, 0, 0, 0, 0, 0, 0, 0, 0, 0, 0, '', 0),
(1448, 8, 11, 0, 0, 0, 0, 0, 0, 0, 0, 0, 0, 0, 'es', 0),
(1449, 7, 3, 0, 0, 0, 0, 0, 0, 0, 0, 0, 0, 0, 'es', 0),
(1450, 9, 11, 0, 0, 0, 0, 0, 0, 0, 0, 0, 0, 0, '', 0),
(1451, 0, 0, 0, 0, 0, 0, 0, 0, 0, 0, 0, 0, 0, '', 0),
(1452, 9, 11, 0, 0, 0, 0, 0, 0, 0, 0, 0, 0, 0, '', 0),
(1453, 0, 0, 0, 0, 0, 0, 0, 0, 0, 0, 0, 0, 0, '', 0),
(1454, 9, 11, 0, 0, 0, 0, 0, 0, 0, 0, 0, 0, 0, '', 0),
(1455, 9, 11, 0, 0, 0, 0, 0, 0, 0, 0, 0, 0, 0, '', 0),
(1456, 9, 11, 0, 0, 0, 0, 0, 0, 0, 0, 0, 0, 0, '', 0),
(1457, 0, 0, 0, 0, 0, 0, 0, 0, 0, 0, 0, 0, 0, '', 0),
(1458, 5, 10, 0, 0, 0, 0, 0, 0, 0, 0, 0, 0, 0, 'es', 0),
(1459, 3, 3, 0, 0, 0, 0, 0, 0, 0, 0, 0, 0, 0, '', 0),
(1460, 9, 11, 0, 0, 0, 0, 0, 0, 0, 0, 0, 0, 0, '', 0),
(1461, 9, 11, 0, 0, 0, 0, 0, 0, 0, 0, 0, 0, 0, '', 0),
(1462, 9, 11, 0, 0, 0, 0, 0, 0, 0, 0, 0, 0, 0, '', 0),
(1463, 7, 11, 0, 0, 0, 0, 0, 0, 0, 0, 0, 0, 0, 'es', 0),
(1464, 7, 11, 0, 0, 0, 0, 0, 0, 0, 0, 0, 0, 0, 'es', 0),
(1465, 8, 11, 0, 0, 0, 0, 0, 0, 0, 0, 0, 0, 0, '', 0),
(1466, 8, 11, 0, 0, 0, 0, 0, 0, 0, 0, 0, 0, 0, '', 0),
(1467, 0, 0, 0, 0, 0, 0, 0, 0, 0, 0, 0, 0, 0, '', 0),
(1468, 3, 11, 0, 0, 0, 0, 0, 0, 0, 0, 0, 0, 0, 'es', 0),
(1469, 9, 11, 0, 0, 0, 0, 0, 0, 0, 0, 0, 0, 0, '', 0),
(1470, 9, 11, 0, 0, 0, 0, 0, 0, 0, 0, 0, 0, 0, '', 0),
(1471, 9, 11, 0, 0, 0, 0, 0, 0, 0, 0, 0, 0, 0, '', 0),
(1472, 7, 3, 0, 0, 0, 0, 0, 0, 0, 0, 0, 0, 0, 'es', 0),
(1473, 8, 3, 0, 0, 0, 0, 0, 0, 0, 0, 0, 0, 0, 'es', 0),
(1474, 3, 3, 0, 0, 0, 0, 0, 0, 0, 0, 0, 0, 0, 'es', 0),
(1475, 6, 11, 0, 0, 0, 0, 0, 0, 0, 0, 0, 0, 0, 'en', 0),
(1476, 6, 11, 0, 0, 0, 0, 0, 0, 0, 0, 0, 0, 0, 'en', 0),
(1477, 6, 11, 0, 0, 0, 0, 0, 0, 0, 0, 0, 0, 0, 'en', 0),
(1478, 7, 11, 0, 0, 0, 0, 0, 0, 0, 0, 0, 0, 0, 'es', 0),
(1479, 3, 11, 0, 0, 0, 0, 0, 0, 0, 0, 0, 0, 0, 'en', 0),
(1480, 8, 11, 0, 0, 0, 0, 0, 0, 0, 0, 0, 0, 0, '', 0),
(1481, 3, 10, 0, 0, 0, 0, 0, 0, 0, 0, 0, 0, 0, '', 0),
(1482, 7, 11, 0, 0, 0, 0, 0, 0, 0, 0, 0, 0, 0, 'es', 0),
(1483, 7, 3, 0, 0, 0, 0, 0, 0, 0, 0, 0, 0, 0, 'es', 0),
(1484, 6, 11, 0, 0, 0, 0, 0, 0, 0, 0, 0, 0, 0, 'en', 0),
(1485, 0, 0, 0, 0, 0, 0, 0, 0, 0, 0, 0, 0, 0, '', 0),
(1486, 3, 10, 0, 0, 0, 0, 0, 0, 0, 0, 0, 0, 0, 'es', 0),
(1487, 3, 11, 0, 0, 0, 0, 0, 0, 0, 0, 0, 0, 0, 'en', 0),
(1488, 8, 11, 0, 0, 0, 0, 0, 0, 0, 0, 0, 0, 0, '', 0),
(1489, 9, 11, 0, 0, 0, 0, 0, 0, 0, 0, 0, 0, 0, '', 0),
(1490, 9, 11, 0, 0, 0, 0, 0, 0, 0, 0, 0, 0, 0, '', 0),
(1491, 0, 0, 0, 0, 0, 0, 0, 0, 0, 0, 0, 0, 0, '', 0),
(1492, 9, 11, 0, 0, 0, 0, 0, 0, 0, 0, 0, 0, 0, '', 0),
(1493, 9, 11, 0, 0, 0, 0, 0, 0, 0, 0, 0, 0, 0, '', 0),
(1494, 9, 11, 0, 0, 0, 0, 0, 0, 0, 0, 0, 0, 0, '', 0),
(1495, 0, 0, 0, 0, 0, 0, 0, 0, 0, 0, 0, 0, 0, '', 0),
(1496, 7, 3, 0, 0, 0, 0, 0, 0, 0, 0, 0, 0, 0, 'es', 0),
(1497, 3, 3, 0, 0, 0, 0, 0, 0, 0, 0, 0, 0, 0, 'es', 0),
(1498, 0, 1, 0, 0, 0, 0, 0, 0, 0, 0, 0, 0, 0, 'en', 0),
(1499, 0, 1, 0, 0, 0, 0, 0, 0, 0, 0, 0, 0, 0, 'en', 0),
(1500, 0, 0, 0, 0, 0, 0, 0, 0, 0, 0, 0, 0, 0, '', 0),
(1501, 0, 1, 0, 0, 0, 0, 0, 0, 0, 0, 0, 0, 0, 'en', 0),
(1502, 0, 1, 0, 0, 0, 0, 0, 0, 0, 0, 0, 0, 0, 'en', 0),
(1503, 0, 1, 0, 0, 0, 0, 0, 0, 0, 0, 0, 0, 0, 'en', 0),
(1504, 0, 1, 0, 0, 0, 0, 0, 0, 0, 0, 0, 0, 0, 'en', 0),
(1505, 9, 11, 0, 0, 0, 0, 0, 0, 0, 0, 0, 0, 0, '', 0),
(1506, 0, 0, 0, 0, 0, 0, 0, 0, 0, 0, 0, 0, 0, '', 0),
(1507, 0, 0, 0, 0, 0, 0, 0, 0, 0, 0, 0, 0, 0, '', 0),
(1508, 9, 11, 0, 0, 0, 0, 0, 0, 0, 0, 0, 0, 0, '', 0),
(1509, 9, 11, 0, 0, 0, 0, 0, 0, 0, 0, 0, 0, 0, '', 0),
(1510, 9, 11, 0, 0, 0, 0, 0, 0, 0, 0, 0, 0, 0, '', 0),
(1511, 9, 11, 0, 0, 0, 0, 0, 0, 0, 0, 0, 0, 0, '', 0),
(1512, 6, 11, 0, 0, 0, 0, 0, 0, 0, 0, 0, 0, 0, 'en', 0),
(1513, 6, 11, 0, 0, 0, 0, 0, 0, 0, 0, 0, 0, 0, 'en', 0),
(1514, 6, 11, 0, 0, 0, 0, 0, 0, 0, 0, 0, 0, 0, 'en', 0),
(1515, 3, 10, 0, 0, 0, 0, 0, 0, 0, 0, 0, 0, 0, 'es', 0),
(1516, 9, 11, 0, 0, 0, 0, 0, 0, 0, 0, 0, 0, 0, '', 0),
(1517, 9, 11, 0, 0, 0, 0, 0, 0, 0, 0, 0, 0, 0, '', 0),
(1518, 9, 11, 0, 0, 0, 0, 0, 0, 0, 0, 0, 0, 0, '', 0),
(1519, 9, 11, 0, 0, 0, 0, 0, 0, 0, 0, 0, 0, 0, '', 0),
(1520, 9, 11, 0, 0, 0, 0, 0, 0, 0, 0, 0, 0, 0, '', 0),
(1521, 9, 11, 0, 0, 0, 0, 0, 0, 0, 0, 0, 0, 0, '', 0),
(1522, 9, 11, 0, 0, 0, 0, 0, 0, 0, 0, 0, 0, 0, '', 0),
(1523, 9, 11, 0, 0, 0, 0, 0, 0, 0, 0, 0, 0, 0, '', 0),
(1524, 9, 11, 0, 0, 0, 0, 0, 0, 0, 0, 0, 0, 0, '', 0),
(1525, 9, 11, 0, 0, 0, 0, 0, 0, 0, 0, 0, 0, 0, '', 0),
(1526, 9, 11, 0, 0, 0, 0, 0, 0, 0, 0, 0, 0, 0, '', 0),
(1527, 9, 11, 0, 0, 0, 0, 0, 0, 0, 0, 0, 0, 0, '', 0),
(1528, 0, 0, 0, 0, 0, 0, 0, 0, 0, 0, 0, 0, 0, '', 0),
(1529, 9, 11, 0, 0, 0, 0, 0, 0, 0, 0, 0, 0, 0, '', 0),
(1530, 3, 11, 0, 0, 0, 0, 0, 0, 0, 0, 0, 0, 0, 'es', 0),
(1531, 3, 11, 0, 0, 0, 0, 0, 0, 0, 0, 0, 0, 0, 'es', 0),
(1532, 5, 10, 0, 0, 0, 0, 0, 0, 0, 0, 0, 0, 0, 'es', 0),
(1533, 3, 3, 0, 0, 0, 0, 0, 0, 0, 0, 0, 0, 0, 'es', 0),
(1534, 6, 11, 0, 0, 0, 0, 0, 0, 0, 0, 0, 0, 0, 'en', 0),
(1535, 6, 11, 0, 0, 0, 0, 0, 0, 0, 0, 0, 0, 0, 'en', 0),
(1536, 9, 11, 0, 0, 0, 0, 0, 0, 0, 0, 0, 0, 0, '', 0),
(1537, 0, 0, 0, 0, 0, 0, 0, 0, 0, 0, 0, 0, 0, '', 0),
(1538, 0, 0, 0, 0, 0, 0, 0, 0, 0, 0, 0, 0, 0, '', 0),
(1539, 3, 3, 0, 0, 0, 0, 0, 0, 0, 0, 0, 0, 0, 'es', 0),
(1540, 3, 3, 0, 0, 0, 0, 0, 0, 0, 0, 0, 0, 0, 'es', 0),
(1541, 7, 11, 0, 0, 0, 0, 0, 0, 0, 0, 0, 0, 0, 'es', 0),
(1542, 9, 11, 0, 0, 0, 0, 0, 0, 0, 0, 0, 0, 0, '', 0),
(1543, 6, 11, 0, 0, 0, 0, 0, 0, 0, 0, 0, 0, 0, 'en', 0),
(1544, 6, 11, 0, 0, 0, 0, 0, 0, 0, 0, 0, 0, 0, 'en', 0),
(1545, 3, 11, 0, 0, 0, 0, 0, 0, 0, 0, 0, 0, 0, 'es', 0),
(1546, 9, 11, 0, 0, 0, 0, 0, 0, 0, 0, 0, 0, 0, '', 0),
(1547, 9, 11, 0, 0, 0, 0, 0, 0, 0, 0, 0, 0, 0, '', 0),
(1548, 9, 11, 0, 0, 0, 0, 0, 0, 0, 0, 0, 0, 0, '', 0),
(1549, 9, 11, 0, 0, 0, 0, 0, 0, 0, 0, 0, 0, 0, '', 0),
(1550, 9, 11, 0, 0, 0, 0, 0, 0, 0, 0, 0, 0, 0, '', 0),
(1551, 7, 11, 0, 0, 0, 0, 0, 0, 0, 0, 0, 0, 0, 'es', 0),
(1552, 7, 1, 0, 0, 0, 0, 0, 0, 0, 0, 0, 0, 0, 'es', 0),
(1553, 8, 11, 0, 0, 0, 0, 0, 0, 0, 0, 0, 0, 0, 'es', 0),
(1554, 8, 11, 0, 0, 0, 0, 0, 0, 0, 0, 0, 0, 0, 'es', 0),
(1555, 8, 3, 0, 0, 0, 0, 0, 0, 0, 0, 0, 0, 0, 'es', 0),
(1556, 7, 11, 0, 0, 0, 0, 0, 0, 0, 0, 0, 0, 0, 'es', 0),
(1557, 9, 11, 0, 0, 0, 0, 0, 0, 0, 0, 0, 0, 0, '', 0),
(1558, 9, 11, 0, 0, 0, 0, 0, 0, 0, 0, 0, 0, 0, '', 0),
(1559, 6, 11, 0, 0, 0, 0, 0, 0, 0, 0, 0, 0, 0, 'en', 0),
(1560, 6, 11, 0, 0, 0, 0, 0, 0, 0, 0, 0, 0, 0, 'en', 0),
(1561, 7, 3, 0, 0, 0, 0, 0, 0, 0, 0, 0, 0, 0, 'es', 0),
(1562, 9, 11, 0, 0, 0, 0, 0, 0, 0, 0, 0, 0, 0, '', 0),
(1563, 7, 11, 0, 0, 0, 0, 0, 0, 0, 0, 0, 0, 0, 'es', 0),
(1564, 8, 11, 0, 0, 0, 0, 0, 0, 0, 0, 0, 0, 0, 'es', 0),
(1565, 9, 11, 0, 0, 0, 0, 0, 0, 0, 0, 0, 0, 0, '', 0),
(1566, 3, 11, 0, 0, 0, 0, 0, 0, 0, 0, 0, 0, 0, 'es', 0),
(1567, 6, 11, 0, 0, 0, 0, 0, 0, 0, 0, 0, 0, 0, 'en', 0),
(1568, 6, 11, 0, 0, 0, 0, 0, 0, 0, 0, 0, 0, 0, 'en', 0),
(1569, 7, 1, 0, 0, 0, 0, 0, 0, 0, 0, 0, 0, 0, 'es', 0),
(1570, 7, 1, 0, 0, 0, 0, 0, 0, 0, 0, 0, 0, 0, 'es', 0),
(1571, 0, 0, 0, 0, 0, 0, 0, 0, 0, 0, 0, 0, 0, '', 0),
(1572, 9, 11, 0, 0, 0, 0, 0, 0, 0, 0, 0, 0, 0, '', 0),
(1573, 3, 3, 0, 0, 0, 0, 0, 0, 0, 0, 0, 0, 0, 'es', 0),
(1574, 7, 3, 0, 0, 0, 0, 0, 0, 0, 0, 0, 0, 0, 'es', 0),
(1575, 9, 11, 0, 0, 0, 0, 0, 0, 0, 0, 0, 0, 0, '', 0),
(1576, 5, 10, 0, 0, 0, 0, 0, 0, 0, 0, 0, 0, 0, 'es', 0),
(1577, 8, 3, 0, 0, 0, 0, 0, 0, 0, 0, 0, 0, 0, 'en', 0),
(1578, 9, 11, 0, 0, 0, 0, 0, 0, 0, 0, 0, 0, 0, '', 0),
(1579, 9, 11, 0, 0, 0, 0, 0, 0, 0, 0, 0, 0, 0, '', 0),
(1580, 6, 11, 0, 0, 0, 0, 0, 0, 0, 0, 0, 0, 0, '', 0),
(1581, 9, 11, 0, 0, 0, 0, 0, 0, 0, 0, 0, 0, 0, '', 0),
(1582, 3, 10, 0, 0, 0, 0, 0, 0, 0, 0, 0, 0, 0, 'es', 0),
(1583, 3, 11, 0, 0, 0, 0, 0, 0, 0, 0, 0, 0, 0, 'es', 0),
(1584, 8, 11, 0, 0, 0, 0, 0, 0, 0, 0, 0, 0, 0, 'es', 0),
(1585, 7, 11, 0, 0, 0, 0, 0, 0, 0, 0, 0, 0, 0, 'es', 0),
(1586, 6, 3, 0, 0, 0, 0, 0, 0, 0, 0, 0, 0, 0, 'es', 0),
(1587, 7, 11, 0, 0, 0, 0, 0, 0, 0, 0, 0, 0, 0, 'es', 0),
(1588, 3, 10, 0, 0, 0, 0, 0, 0, 0, 0, 0, 0, 0, 'es', 0),
(1589, 9, 11, 0, 0, 0, 0, 0, 0, 0, 0, 0, 0, 0, '', 0),
(1590, 6, 11, 0, 0, 0, 0, 0, 0, 0, 0, 0, 0, 0, 'en', 0),
(1591, 3, 11, 0, 0, 0, 0, 0, 0, 0, 0, 0, 0, 0, 'en', 0),
(1592, 6, 11, 0, 0, 0, 0, 0, 0, 0, 0, 0, 0, 0, '', 0),
(1593, 8, 11, 0, 0, 0, 0, 0, 0, 0, 0, 0, 0, 0, 'es', 0),
(1594, 0, 0, 0, 0, 0, 0, 0, 0, 0, 0, 0, 0, 0, '', 0),
(1595, 5, 11, 0, 0, 0, 0, 0, 0, 0, 0, 0, 0, 0, '', 0),
(1596, 6, 11, 0, 0, 0, 0, 0, 0, 0, 0, 0, 0, 0, 'en', 0),
(1597, 7, 11, 0, 0, 0, 0, 0, 0, 0, 0, 0, 0, 0, 'es', 0),
(1598, 3, 10, 0, 0, 0, 0, 0, 0, 0, 0, 0, 0, 0, 'es', 0),
(1599, 3, 11, 0, 0, 0, 0, 0, 0, 0, 0, 0, 0, 0, 'es', 0),
(1600, 5, 10, 0, 0, 0, 0, 0, 0, 0, 0, 0, 0, 0, 'es', 0),
(1601, 8, 3, 0, 0, 0, 0, 0, 0, 0, 0, 0, 0, 0, 'en', 0),
(1602, 6, 11, 0, 0, 0, 0, 0, 0, 0, 0, 0, 0, 0, 'en', 0),
(1603, 9, 11, 0, 0, 0, 0, 0, 0, 0, 0, 0, 0, 0, '', 0),
(1604, 3, 11, 0, 0, 0, 0, 0, 0, 0, 0, 0, 0, 0, '', 0),
(1605, 5, 10, 0, 0, 0, 0, 0, 0, 0, 0, 0, 0, 0, 'es', 0),
(1606, 7, 1, 0, 0, 0, 0, 0, 0, 0, 0, 0, 0, 0, 'es', 0),
(1607, 6, 11, 0, 0, 0, 0, 0, 0, 0, 0, 0, 0, 0, 'en', 0),
(1608, 3, 11, 0, 0, 0, 0, 0, 0, 0, 0, 0, 0, 0, 'en', 0),
(1609, 6, 11, 0, 0, 0, 0, 0, 0, 0, 0, 0, 0, 0, '', 0),
(1610, 3, 0, 0, 0, 0, 0, 0, 0, 0, 0, 0, 0, 0, 'en', 0),
(1611, 8, 11, 0, 0, 0, 0, 0, 0, 0, 0, 0, 0, 0, 'es', 0),
(1612, 0, 0, 0, 0, 0, 0, 0, 0, 0, 0, 0, 0, 0, '', 0),
(1613, 8, 3, 0, 0, 0, 0, 0, 0, 0, 0, 0, 0, 0, 'en', 0),
(1614, 3, 11, 0, 0, 0, 0, 0, 0, 0, 0, 0, 0, 0, 'es', 0),
(1615, 3, 10, 0, 0, 0, 0, 0, 0, 0, 0, 0, 0, 0, 'es', 0),
(1616, 8, 3, 0, 0, 0, 0, 0, 0, 0, 0, 0, 0, 0, 'es', 0),
(1617, 7, 3, 0, 0, 0, 0, 0, 0, 0, 0, 0, 0, 0, 'es', 0),
(1618, 8, 3, 0, 0, 0, 0, 0, 0, 0, 0, 0, 0, 0, 'en', 0),
(1619, 8, 3, 0, 0, 0, 0, 0, 0, 0, 0, 0, 0, 0, 'es', 0),
(1620, 7, 3, 0, 0, 0, 0, 0, 0, 0, 0, 0, 0, 0, 'es', 0),
(1621, 3, 3, 0, 0, 0, 0, 0, 0, 0, 0, 0, 0, 0, 'es', 0),
(1622, 6, 11, 0, 0, 0, 0, 0, 0, 0, 0, 0, 0, 0, 'en', 0),
(1623, 3, 11, 0, 0, 0, 0, 0, 0, 0, 0, 0, 0, 0, 'en', 0),
(1624, 6, 11, 0, 0, 0, 0, 0, 0, 0, 0, 0, 0, 0, '', 0),
(1625, 5, 10, 0, 0, 0, 0, 0, 0, 0, 0, 0, 0, 0, 'es', 0),
(1626, 9, 11, 0, 0, 0, 0, 0, 0, 0, 0, 0, 0, 0, '', 0),
(1627, 7, 11, 0, 0, 0, 0, 0, 0, 0, 0, 0, 0, 0, 'es', 0),
(1628, 0, 0, 0, 0, 0, 0, 0, 0, 0, 0, 0, 0, 0, '', 0),
(1629, 0, 0, 0, 0, 0, 0, 0, 0, 0, 0, 0, 0, 0, '', 0),
(1630, 6, 11, 0, 0, 0, 0, 0, 0, 0, 0, 0, 0, 0, 'en', 0),
(1631, 6, 11, 0, 0, 0, 0, 0, 0, 0, 0, 0, 0, 0, 'en', 0),
(1632, 0, 0, 0, 0, 0, 0, 0, 0, 0, 0, 0, 0, 0, '', 0),
(1633, 0, 1, 0, 0, 0, 0, 0, 0, 0, 0, 0, 0, 0, 'en', 0),
(1634, 0, 0, 0, 0, 0, 0, 0, 0, 0, 0, 0, 0, 0, '', 0),
(1635, 0, 1, 0, 0, 0, 0, 0, 0, 0, 0, 0, 0, 0, 'en', 0),
(1636, 7, 1, 0, 0, 0, 0, 0, 0, 0, 0, 0, 0, 0, 'es', 0),
(1637, 8, 3, 0, 0, 0, 0, 0, 0, 0, 0, 0, 0, 0, 'en', 0),
(1638, 8, 11, 0, 0, 0, 0, 0, 0, 0, 0, 0, 0, 0, 'es', 0),
(1639, 6, 11, 0, 0, 0, 0, 0, 0, 0, 0, 0, 0, 0, '', 0),
(1640, 6, 11, 0, 0, 0, 0, 0, 0, 0, 0, 0, 0, 0, 'en', 0),
(1641, 7, 3, 0, 0, 0, 0, 0, 0, 0, 0, 0, 0, 0, 'es', 0),
(1642, 3, 3, 0, 0, 0, 0, 0, 0, 0, 0, 0, 0, 0, 'es', 0),
(1643, 3, 11, 0, 0, 0, 0, 0, 0, 0, 0, 0, 0, 0, '', 0),
(1644, 7, 3, 0, 0, 0, 0, 0, 0, 0, 0, 0, 0, 0, 'es', 0),
(1645, 7, 1, 0, 0, 0, 0, 0, 0, 0, 0, 0, 0, 0, 'es', 0),
(1646, 3, 11, 0, 0, 0, 0, 0, 0, 0, 0, 0, 0, 0, '', 0),
(1647, 6, 11, 0, 0, 0, 0, 0, 0, 0, 0, 0, 0, 0, 'en', 0),
(1648, 3, 11, 0, 0, 0, 0, 0, 0, 0, 0, 0, 0, 0, 'en', 0),
(1649, 6, 11, 0, 0, 0, 0, 0, 0, 0, 0, 0, 0, 0, '', 0),
(1650, 7, 11, 0, 0, 0, 0, 0, 0, 0, 0, 0, 0, 0, 'es', 0),
(1651, 3, 11, 0, 0, 0, 0, 0, 0, 0, 0, 0, 0, 0, '', 0),
(1652, 8, 3, 0, 0, 0, 0, 0, 0, 0, 0, 0, 0, 0, 'en', 0),
(1653, 3, 10, 0, 0, 0, 0, 0, 0, 0, 0, 0, 0, 0, 'es', 0),
(1654, 7, 3, 0, 0, 0, 0, 0, 0, 0, 0, 0, 0, 0, 'es', 0),
(1655, 8, 11, 0, 0, 0, 0, 0, 0, 0, 0, 0, 0, 0, 'es', 0),
(1656, 7, 1, 0, 0, 0, 0, 0, 0, 0, 0, 0, 0, 0, 'es', 0),
(1657, 6, 11, 0, 0, 0, 0, 0, 0, 0, 0, 0, 0, 0, '', 0),
(1658, 6, 11, 0, 0, 0, 0, 0, 0, 0, 0, 0, 0, 0, 'en', 0),
(1659, 6, 11, 0, 0, 0, 0, 0, 0, 0, 0, 0, 0, 0, 'en', 0),
(1660, 3, 11, 0, 0, 0, 0, 0, 0, 0, 0, 0, 0, 0, 'en', 0),
(1661, 7, 11, 0, 0, 0, 0, 0, 0, 0, 0, 0, 0, 0, '', 0),
(1662, 7, 11, 0, 0, 0, 0, 0, 0, 0, 0, 0, 0, 0, '', 0),
(1663, 7, 11, 0, 0, 0, 0, 0, 0, 0, 0, 0, 0, 0, '', 0),
(1664, 7, 11, 0, 0, 0, 0, 0, 0, 0, 0, 0, 0, 0, '', 0),
(1665, 3, 10, 0, 0, 0, 0, 0, 0, 0, 0, 0, 0, 0, 'es', 0),
(1666, 7, 1, 0, 0, 0, 0, 0, 0, 0, 0, 0, 0, 0, 'es', 0),
(1667, 0, 0, 0, 0, 0, 0, 0, 0, 0, 0, 0, 0, 0, '', 0),
(1668, 8, 3, 0, 0, 0, 0, 0, 0, 0, 0, 0, 0, 0, 'es', 0),
(1669, 8, 3, 0, 0, 0, 0, 0, 0, 0, 0, 0, 0, 0, 'en', 0),
(1670, 0, 0, 0, 0, 0, 0, 0, 0, 0, 0, 0, 0, 0, '', 0),
(1671, 5, 10, 0, 0, 0, 0, 0, 0, 0, 0, 0, 0, 0, 'es', 0),
(1672, 7, 3, 0, 0, 0, 0, 0, 0, 0, 0, 0, 0, 0, 'es', 0),
(1673, 6, 11, 0, 0, 0, 0, 0, 0, 0, 0, 0, 0, 0, 'en', 0),
(1674, 3, 11, 0, 0, 0, 0, 0, 0, 0, 0, 0, 0, 0, 'en', 0),
(1675, 6, 11, 0, 0, 0, 0, 0, 0, 0, 0, 0, 0, 0, '', 0),
(1676, 0, 0, 0, 0, 0, 0, 0, 0, 0, 0, 0, 0, 0, '', 0),
(1677, 7, 1, 0, 0, 0, 0, 0, 0, 0, 0, 0, 0, 0, 'es', 0),
(1678, 8, 3, 0, 0, 0, 0, 0, 0, 0, 0, 0, 0, 0, 'en', 0),
(1679, 0, 0, 0, 0, 0, 0, 0, 0, 0, 0, 0, 0, 0, '', 0),
(1680, 7, 1, 0, 0, 0, 0, 0, 0, 0, 0, 0, 0, 0, 'es', 0),
(1681, 7, 11, 0, 0, 0, 0, 0, 0, 0, 0, 0, 0, 0, 'es', 0),
(1682, 3, 11, 0, 0, 0, 0, 0, 0, 0, 0, 0, 0, 0, 'es', 0),
(1683, 8, 11, 0, 0, 0, 0, 0, 0, 0, 0, 0, 0, 0, 'es', 0),
(1684, 0, 0, 0, 0, 0, 0, 0, 0, 0, 0, 0, 0, 0, '', 0),
(1685, 7, 11, 0, 0, 0, 0, 0, 0, 0, 0, 0, 0, 0, 'es', 0),
(1686, 7, 3, 0, 0, 0, 0, 0, 0, 0, 0, 0, 0, 0, 'es', 0),
(1687, 6, 11, 0, 0, 0, 0, 0, 0, 0, 0, 0, 0, 0, 'en', 0),
(1688, 3, 11, 0, 0, 0, 0, 0, 0, 0, 0, 0, 0, 0, 'en', 0),
(1689, 6, 11, 0, 0, 0, 0, 0, 0, 0, 0, 0, 0, 0, '', 0),
(1690, 7, 1, 0, 0, 0, 0, 0, 0, 0, 0, 0, 0, 0, 'es', 0),
(1691, 0, 0, 0, 0, 0, 0, 0, 0, 0, 0, 0, 0, 0, '', 0),
(1692, 9, 11, 0, 0, 0, 0, 0, 0, 0, 0, 0, 0, 0, '', 0),
(1693, 0, 0, 0, 0, 0, 0, 0, 0, 0, 0, 0, 0, 0, '', 0),
(1694, 8, 3, 0, 0, 0, 0, 0, 0, 0, 0, 0, 0, 0, 'en', 0),
(1695, 3, 10, 0, 0, 0, 0, 0, 0, 0, 0, 0, 0, 0, 'es', 0),
(1696, 8, 3, 0, 0, 0, 0, 0, 0, 0, 0, 0, 0, 0, 'es', 0),
(1697, 7, 3, 0, 0, 0, 0, 0, 0, 0, 0, 0, 0, 0, 'es', 0),
(1698, 3, 11, 0, 0, 0, 0, 0, 0, 0, 0, 0, 0, 0, 'es', 0),
(1699, 0, 0, 0, 0, 0, 0, 0, 0, 0, 0, 0, 0, 0, '', 0),
(1700, 0, 0, 0, 0, 0, 0, 0, 0, 0, 0, 0, 0, 0, '', 0),
(1701, 8, 3, 0, 0, 0, 0, 0, 0, 0, 0, 0, 0, 0, 'en', 0),
(1702, 3, 3, 0, 0, 0, 0, 0, 0, 0, 0, 0, 0, 0, 'es', 0),
(1703, 7, 3, 0, 0, 0, 0, 0, 0, 0, 0, 0, 0, 0, 'es', 0),
(1704, 6, 11, 0, 0, 0, 0, 0, 0, 0, 0, 0, 0, 0, 'en', 0),
(1705, 6, 11, 0, 0, 0, 0, 0, 0, 0, 0, 0, 0, 0, 'en', 0),
(1706, 3, 11, 0, 0, 0, 0, 0, 0, 0, 0, 0, 0, 0, 'en', 0),
(1707, 6, 11, 0, 0, 0, 0, 0, 0, 0, 0, 0, 0, 0, '', 0),
(1708, 8, 11, 0, 0, 0, 0, 0, 0, 0, 0, 0, 0, 0, 'es', 0),
(1709, 8, 3, 0, 0, 0, 0, 0, 0, 0, 0, 0, 0, 0, 'en', 0),
(1710, 8, 3, 0, 0, 0, 0, 0, 0, 0, 0, 0, 0, 0, 'es', 0),
(1711, 7, 11, 0, 0, 0, 0, 0, 0, 0, 0, 0, 0, 0, 'es', 0),
(1712, 3, 11, 0, 0, 0, 0, 0, 0, 0, 0, 0, 0, 0, 'en', 0),
(1713, 7, 3, 0, 0, 0, 0, 0, 0, 0, 0, 0, 0, 0, 'es', 0),
(1714, 8, 3, 0, 0, 0, 0, 0, 0, 0, 0, 0, 0, 0, 'en', 0),
(1715, 3, 10, 0, 0, 0, 0, 0, 0, 0, 0, 0, 0, 0, '', 0),
(1716, 8, 11, 0, 0, 0, 0, 0, 0, 0, 0, 0, 0, 0, 'es', 0),
(1717, 3, 10, 0, 0, 0, 0, 0, 0, 0, 0, 0, 0, 0, 'es', 0),
(1718, 8, 3, 0, 0, 0, 0, 0, 0, 0, 0, 0, 0, 0, 'en', 0),
(1719, 6, 11, 0, 0, 0, 0, 0, 0, 0, 0, 0, 0, 0, 'en', 0),
(1720, 7, 1, 0, 0, 0, 0, 0, 0, 0, 0, 0, 0, 0, 'es', 0),
(1721, 3, 11, 0, 0, 0, 0, 0, 0, 0, 0, 0, 0, 0, 'en', 0),
(1722, 6, 11, 0, 0, 0, 0, 0, 0, 0, 0, 0, 0, 0, '', 0),
(1723, 9, 11, 0, 0, 0, 0, 0, 0, 0, 0, 0, 0, 0, '', 0),
(1724, 3, 11, 0, 0, 0, 0, 0, 0, 0, 0, 0, 0, 0, 'es', 0),
(1725, 6, 11, 0, 0, 0, 0, 0, 0, 0, 0, 0, 0, 0, 'en', 0),
(1726, 0, 0, 0, 0, 0, 0, 0, 0, 0, 0, 0, 0, 0, '', 0),
(1727, 8, 11, 0, 0, 0, 0, 0, 0, 0, 0, 0, 0, 0, 'es', 0),
(1728, 0, 0, 0, 0, 0, 0, 0, 0, 0, 0, 0, 0, 0, '', 0),
(1729, 7, 11, 0, 0, 0, 0, 0, 0, 0, 0, 0, 0, 0, 'en', 0),
(1730, 8, 3, 0, 0, 0, 0, 0, 0, 0, 0, 0, 0, 0, 'en', 0),
(1731, 3, 3, 0, 0, 0, 0, 0, 0, 0, 0, 0, 0, 0, 'es', 0),
(1732, 8, 11, 0, 0, 0, 0, 0, 0, 0, 0, 0, 0, 0, 'es', 0),
(1733, 6, 11, 0, 0, 0, 0, 0, 0, 0, 0, 0, 0, 0, 'en', 0),
(1734, 6, 11, 0, 0, 0, 0, 0, 0, 0, 0, 0, 0, 0, 'en', 0),
(1735, 3, 11, 0, 0, 0, 0, 0, 0, 0, 0, 0, 0, 0, 'en', 0),
(1736, 6, 11, 0, 0, 0, 0, 0, 0, 0, 0, 0, 0, 0, '', 0),
(1737, 7, 1, 0, 0, 0, 0, 0, 0, 0, 0, 0, 0, 0, 'es', 0),
(1738, 8, 3, 0, 0, 0, 0, 0, 0, 0, 0, 0, 0, 0, 'en', 0),
(1739, 3, 11, 0, 0, 0, 0, 0, 0, 0, 0, 0, 0, 0, 'es', 0),
(1740, 5, 10, 0, 0, 0, 0, 0, 0, 0, 0, 0, 0, 0, 'es', 0),
(1741, 6, 11, 0, 0, 0, 0, 0, 0, 0, 0, 0, 0, 0, 'en', 0),
(1742, 6, 11, 0, 0, 0, 0, 0, 0, 0, 0, 0, 0, 0, 'en', 0),
(1743, 3, 11, 0, 0, 0, 0, 0, 0, 0, 0, 0, 0, 0, 'en', 0),
(1744, 6, 11, 0, 0, 0, 0, 0, 0, 0, 0, 0, 0, 0, '', 0),
(1745, 8, 11, 0, 0, 0, 0, 0, 0, 0, 0, 0, 0, 0, 'es', 0),
(1746, 3, 3, 0, 0, 0, 0, 0, 0, 0, 0, 0, 0, 0, '', 0),
(1747, 8, 3, 0, 0, 0, 0, 0, 0, 0, 0, 0, 0, 0, 'en', 0),
(1748, 3, 11, 0, 0, 0, 0, 0, 0, 0, 0, 0, 0, 0, 'es', 0),
(1749, 5, 10, 0, 0, 0, 0, 0, 0, 0, 0, 0, 0, 0, 'es', 0),
(1750, 0, 0, 0, 0, 0, 0, 0, 0, 0, 0, 0, 0, 0, '', 0),
(1751, 0, 0, 0, 0, 0, 0, 0, 0, 0, 0, 0, 0, 0, 'en', 0),
(1752, 0, 0, 0, 0, 0, 0, 0, 0, 0, 0, 0, 0, 0, '', 0),
(1753, 0, 0, 0, 0, 0, 0, 0, 0, 0, 0, 0, 0, 0, '', 0),
(1754, 7, 3, 0, 0, 0, 0, 0, 0, 0, 0, 0, 0, 0, 'es', 0),
(1755, 3, 11, 0, 0, 0, 0, 0, 0, 0, 0, 0, 0, 0, '', 0),
(1756, 7, 11, 0, 0, 0, 0, 0, 0, 0, 0, 0, 0, 0, 'en', 0),
(1757, 8, 3, 0, 0, 0, 0, 0, 0, 0, 0, 0, 0, 0, 'en', 0),
(1758, 6, 3, 0, 0, 0, 0, 0, 0, 0, 0, 0, 0, 0, 'es', 0),
(1759, 7, 11, 0, 0, 0, 0, 0, 0, 0, 0, 0, 0, 0, 'en', 0),
(1760, 9, 11, 0, 0, 0, 0, 0, 0, 0, 0, 0, 0, 0, 'en', 0),
(1761, 7, 11, 0, 0, 0, 0, 0, 0, 0, 0, 0, 0, 0, 'en', 0),
(1762, 9, 11, 0, 0, 0, 0, 0, 0, 0, 0, 0, 0, 0, 'en', 0),
(1763, 0, 0, 0, 0, 0, 0, 0, 0, 0, 0, 0, 0, 0, '', 0),
(1764, 7, 11, 0, 0, 0, 0, 0, 0, 0, 0, 0, 0, 0, 'es', 0),
(1765, 0, 1, 0, 0, 0, 0, 0, 0, 0, 0, 0, 0, 0, 'en', 0),
(1766, 7, 3, 0, 0, 0, 0, 0, 0, 0, 0, 0, 0, 0, 'es', 0),
(1767, 8, 11, 0, 0, 0, 0, 0, 0, 0, 0, 0, 0, 0, 'es', 0),
(1768, 3, 3, 0, 0, 0, 0, 0, 0, 0, 0, 0, 0, 0, 'es', 0),
(1769, 7, 3, 0, 0, 0, 0, 0, 0, 0, 0, 0, 0, 0, 'es', 0),
(1770, 5, 10, 0, 0, 0, 0, 0, 0, 0, 0, 0, 0, 0, 'es', 0),
(1771, 8, 11, 0, 0, 0, 0, 0, 0, 0, 0, 0, 0, 0, 'es', 0),
(1772, 0, 0, 0, 0, 0, 0, 0, 0, 0, 0, 0, 0, 0, '', 0),
(1773, 0, 0, 0, 0, 0, 0, 0, 0, 0, 0, 0, 0, 0, '', 0),
(1774, 3, 10, 0, 0, 0, 0, 0, 0, 0, 0, 0, 0, 0, 'es', 0),
(1775, 7, 3, 0, 0, 0, 0, 0, 0, 0, 0, 0, 0, 0, 'es', 0),
(1776, 5, 10, 0, 0, 0, 0, 0, 0, 0, 0, 0, 0, 0, 'es', 0),
(1777, 7, 3, 0, 0, 0, 0, 0, 0, 0, 0, 0, 0, 0, 'es', 0),
(1778, 0, 0, 0, 0, 0, 0, 0, 0, 0, 0, 0, 0, 0, '', 0),
(1779, 0, 0, 0, 0, 0, 0, 0, 0, 0, 0, 0, 0, 0, '', 0),
(1780, 3, 11, 0, 0, 0, 0, 0, 0, 0, 0, 0, 0, 0, 'es', 0),
(1781, 7, 3, 0, 0, 0, 0, 0, 0, 0, 0, 0, 0, 0, 'es', 0),
(1782, 0, 0, 0, 0, 0, 0, 0, 0, 0, 0, 0, 0, 0, '', 0),
(1783, 0, 0, 0, 0, 0, 0, 0, 0, 0, 0, 0, 0, 0, '', 0),
(1784, 7, 1, 0, 0, 0, 0, 0, 0, 0, 0, 0, 0, 0, 'es', 0),
(1785, 8, 3, 0, 0, 0, 0, 0, 0, 0, 0, 0, 0, 0, 'es', 0),
(1786, 0, 0, 0, 0, 0, 0, 0, 0, 0, 0, 0, 0, 0, '', 0),
(1787, 0, 0, 0, 0, 0, 0, 0, 0, 0, 0, 0, 0, 0, '', 0),
(1788, 5, 10, 0, 0, 0, 0, 0, 0, 0, 0, 0, 0, 0, 'es', 0),
(1789, 8, 3, 0, 0, 0, 0, 0, 0, 0, 0, 0, 0, 0, 'es', 0),
(1790, 3, 3, 0, 0, 0, 0, 0, 0, 0, 0, 0, 0, 0, 'es', 0),
(1791, 7, 1, 0, 0, 0, 0, 0, 0, 0, 0, 0, 0, 0, 'es', 0),
(1792, 7, 11, 0, 0, 0, 0, 0, 0, 0, 0, 0, 0, 0, 'es', 0),
(1793, 7, 3, 0, 0, 0, 0, 0, 0, 0, 0, 0, 0, 0, 'es', 0),
(1794, 8, 11, 0, 0, 0, 0, 0, 0, 0, 0, 0, 0, 0, 'es', 0),
(1795, 7, 1, 0, 0, 0, 0, 0, 0, 0, 0, 0, 0, 0, 'es', 0),
(1796, 7, 11, 0, 0, 0, 0, 0, 0, 0, 0, 0, 0, 0, 'es', 0),
(1797, 3, 10, 0, 0, 0, 0, 0, 0, 0, 0, 0, 0, 0, 'es', 0),
(1798, 7, 11, 0, 0, 0, 0, 0, 0, 0, 0, 0, 0, 0, 'es', 0),
(1799, 7, 11, 0, 0, 0, 0, 0, 0, 0, 0, 0, 0, 0, 'es', 0),
(1800, 3, 3, 0, 0, 0, 0, 0, 0, 0, 0, 0, 0, 0, 'es', 0),
(1801, 7, 3, 0, 0, 0, 0, 0, 0, 0, 0, 0, 0, 0, 'es', 0),
(1802, 3, 10, 0, 0, 0, 0, 0, 0, 0, 0, 0, 0, 0, 'es', 0),
(1803, 8, 3, 0, 0, 0, 0, 0, 0, 0, 0, 0, 0, 0, 'es', 0),
(1804, 8, 11, 0, 0, 0, 0, 0, 0, 0, 0, 0, 0, 0, 'es', 0),
(1805, 0, 0, 0, 0, 0, 0, 0, 0, 0, 0, 0, 0, 0, '', 0),
(1806, 0, 0, 0, 0, 0, 0, 0, 0, 0, 0, 0, 0, 0, '', 0),
(1807, 0, 1, 0, 0, 0, 0, 0, 0, 0, 0, 0, 0, 0, 'en', 0),
(1808, 0, 1, 0, 0, 0, 0, 0, 0, 0, 0, 0, 0, 0, 'en', 0),
(1809, 7, 3, 0, 0, 0, 0, 0, 0, 0, 0, 0, 0, 0, 'es', 0),
(1810, 7, 11, 0, 0, 0, 0, 0, 0, 0, 0, 0, 0, 0, 'es', 0),
(1811, 7, 3, 0, 0, 0, 0, 0, 0, 0, 0, 0, 0, 0, 'es', 0),
(1812, 5, 10, 0, 0, 0, 0, 0, 0, 0, 0, 0, 0, 0, 'es', 0),
(1813, 7, 11, 0, 0, 0, 0, 0, 0, 0, 0, 0, 0, 0, 'es', 0),
(1814, 3, 10, 0, 0, 0, 0, 0, 0, 0, 0, 0, 0, 0, 'es', 0),
(1815, 3, 3, 0, 0, 0, 0, 0, 0, 0, 0, 0, 0, 0, 'es', 0),
(1816, 3, 3, 0, 0, 0, 0, 0, 0, 0, 0, 0, 0, 0, 'es', 0),
(1817, 3, 10, 0, 0, 0, 0, 0, 0, 0, 0, 0, 0, 0, 'es', 0),
(1818, 8, 11, 0, 0, 0, 0, 0, 0, 0, 0, 0, 0, 0, 'es', 0),
(1819, 3, 11, 0, 0, 0, 0, 0, 0, 0, 0, 0, 0, 0, 'es', 0),
(1820, 8, 11, 0, 0, 0, 0, 0, 0, 0, 0, 0, 0, 0, 'es', 0),
(1821, 7, 3, 0, 0, 0, 0, 0, 0, 0, 0, 0, 0, 0, 'es', 0),
(1822, 3, 11, 0, 0, 0, 0, 0, 0, 0, 0, 0, 0, 0, 'es', 0),
(1823, 8, 11, 0, 0, 0, 0, 0, 0, 0, 0, 0, 0, 0, 'es', 0),
(1824, 7, 11, 0, 0, 0, 0, 0, 0, 0, 0, 0, 0, 0, 'es', 0),
(1825, 7, 3, 0, 0, 0, 0, 0, 0, 0, 0, 0, 0, 0, 'es', 0),
(1826, 3, 10, 0, 0, 0, 0, 0, 0, 0, 0, 0, 0, 0, 'es', 0),
(1827, 3, 10, 0, 0, 0, 0, 0, 0, 0, 0, 0, 0, 0, 'es', 0),
(1828, 7, 11, 0, 0, 0, 0, 0, 0, 0, 0, 0, 0, 0, 'es', 0),
(1829, 3, 10, 0, 0, 0, 0, 0, 0, 0, 0, 0, 0, 0, 'es', 0),
(1830, 7, 11, 0, 0, 0, 0, 0, 0, 0, 0, 0, 0, 0, 'es', 0),
(1831, 7, 3, 0, 0, 0, 0, 0, 0, 0, 0, 0, 0, 0, 'es', 0),
(1832, 7, 1, 0, 0, 0, 0, 0, 0, 0, 0, 0, 0, 0, 'es', 0),
(1833, 3, 10, 0, 0, 0, 0, 0, 0, 0, 0, 0, 0, 0, 'es', 0),
(1834, 3, 11, 0, 0, 0, 0, 0, 0, 0, 0, 0, 0, 0, 'es', 0),
(1835, 3, 10, 0, 0, 0, 0, 0, 0, 0, 0, 0, 0, 0, 'es', 0),
(1836, 3, 11, 0, 0, 0, 0, 0, 0, 0, 0, 0, 0, 0, 'es', 0),
(1837, 7, 3, 0, 0, 0, 0, 0, 0, 0, 0, 0, 0, 0, 'es', 0),
(1838, 5, 10, 0, 0, 0, 0, 0, 0, 0, 0, 0, 0, 0, 'es', 0),
(1839, 3, 11, 0, 0, 0, 0, 0, 0, 0, 0, 0, 0, 0, 'es', 0),
(1840, 7, 3, 0, 0, 0, 0, 0, 0, 0, 0, 0, 0, 0, 'es', 0),
(1841, 5, 10, 0, 0, 0, 0, 0, 0, 0, 0, 0, 0, 0, 'es', 0),
(1842, 9, 11, 0, 0, 0, 0, 0, 0, 0, 0, 0, 0, 0, '', 0),
(1843, 3, 10, 0, 0, 0, 0, 0, 0, 0, 0, 0, 0, 0, 'es', 0),
(1844, 3, 11, 0, 0, 0, 0, 0, 0, 0, 0, 0, 0, 0, 'es', 0),
(1845, 5, 10, 0, 0, 0, 0, 0, 0, 0, 0, 0, 0, 0, 'es', 0),
(1846, 7, 1, 0, 0, 0, 0, 0, 0, 0, 0, 0, 0, 0, 'es', 0),
(1847, 8, 3, 0, 0, 0, 0, 0, 0, 0, 0, 0, 0, 0, 'es', 0),
(1848, 7, 11, 0, 0, 0, 0, 0, 0, 0, 0, 0, 0, 0, 'es', 0),
(1849, 0, 0, 0, 0, 0, 0, 0, 0, 0, 0, 0, 0, 0, '', 0),
(1850, 8, 11, 0, 0, 0, 0, 0, 0, 0, 0, 0, 0, 0, 'es', 0),
(1851, 8, 11, 0, 0, 0, 0, 0, 0, 0, 0, 0, 0, 0, 'es', 0),
(1852, 3, 10, 0, 0, 0, 0, 0, 0, 0, 0, 0, 0, 0, 'es', 0),
(1853, 3, 3, 0, 0, 0, 0, 0, 0, 0, 0, 0, 0, 0, 'es', 0),
(1854, 3, 11, 0, 0, 0, 0, 0, 0, 0, 0, 0, 0, 0, 'es', 0),
(1855, 3, 3, 0, 0, 0, 0, 0, 0, 0, 0, 0, 0, 0, 'es', 0),
(1856, 7, 3, 0, 0, 0, 0, 0, 0, 0, 0, 0, 0, 0, 'es', 0),
(1857, 7, 11, 0, 0, 0, 0, 0, 0, 0, 0, 0, 0, 0, 'es', 0),
(1858, 3, 10, 0, 0, 0, 0, 0, 0, 0, 0, 0, 0, 0, 'es', 0),
(1859, 3, 3, 0, 0, 0, 0, 0, 0, 0, 0, 0, 0, 0, 'es', 0),
(1860, 3, 10, 0, 0, 0, 0, 0, 0, 0, 0, 0, 0, 0, 'es', 0),
(1861, 3, 10, 0, 0, 0, 0, 0, 0, 0, 0, 0, 0, 0, 'es', 0),
(1862, 8, 11, 0, 0, 0, 0, 0, 0, 0, 0, 0, 0, 0, 'es', 0),
(1863, 8, 3, 0, 0, 0, 0, 0, 0, 0, 0, 0, 0, 0, 'es', 0),
(1864, 7, 11, 0, 0, 0, 0, 0, 0, 0, 0, 0, 0, 0, 'es', 0),
(1865, 8, 3, 0, 0, 0, 0, 0, 0, 0, 0, 0, 0, 0, 'es', 0),
(1866, 0, 0, 0, 0, 0, 0, 0, 0, 0, 0, 0, 0, 0, '', 0),
(1867, 7, 3, 0, 0, 0, 0, 0, 0, 0, 0, 0, 0, 0, 'es', 0),
(1868, 0, 0, 0, 0, 0, 0, 0, 0, 0, 0, 0, 0, 0, '', 0),
(1869, 7, 11, 0, 0, 0, 0, 0, 0, 0, 0, 0, 0, 0, 'es', 0);
INSERT INTO `pr_guest` (`id_guest`, `id_operating_system`, `id_web_browser`, `id_customer`, `javascript`, `screen_resolution_x`, `screen_resolution_y`, `screen_color`, `sun_java`, `adobe_flash`, `adobe_director`, `apple_quicktime`, `real_player`, `windows_media`, `accept_language`, `mobile_theme`) VALUES
(1870, 5, 10, 0, 0, 0, 0, 0, 0, 0, 0, 0, 0, 0, 'es', 0),
(1871, 8, 3, 0, 0, 0, 0, 0, 0, 0, 0, 0, 0, 0, 'es', 0),
(1872, 8, 11, 0, 0, 0, 0, 0, 0, 0, 0, 0, 0, 0, 'es', 0),
(1873, 8, 3, 0, 0, 0, 0, 0, 0, 0, 0, 0, 0, 0, 'es', 0),
(1874, 3, 11, 0, 0, 0, 0, 0, 0, 0, 0, 0, 0, 0, 'es', 0),
(1875, 7, 3, 0, 0, 0, 0, 0, 0, 0, 0, 0, 0, 0, 'es', 0),
(1876, 3, 10, 0, 0, 0, 0, 0, 0, 0, 0, 0, 0, 0, 'es', 0),
(1877, 5, 10, 0, 0, 0, 0, 0, 0, 0, 0, 0, 0, 0, 'es', 0),
(1878, 7, 1, 0, 0, 0, 0, 0, 0, 0, 0, 0, 0, 0, 'es', 0),
(1879, 8, 3, 0, 0, 0, 0, 0, 0, 0, 0, 0, 0, 0, 'es', 0),
(1880, 5, 10, 0, 0, 0, 0, 0, 0, 0, 0, 0, 0, 0, 'es', 0),
(1881, 8, 11, 0, 0, 0, 0, 0, 0, 0, 0, 0, 0, 0, 'es', 0),
(1882, 3, 3, 0, 0, 0, 0, 0, 0, 0, 0, 0, 0, 0, 'es', 0),
(1883, 3, 3, 0, 0, 0, 0, 0, 0, 0, 0, 0, 0, 0, 'es', 0),
(1884, 7, 3, 0, 0, 0, 0, 0, 0, 0, 0, 0, 0, 0, 'es', 0),
(1885, 8, 11, 0, 0, 0, 0, 0, 0, 0, 0, 0, 0, 0, 'es', 0),
(1886, 5, 10, 0, 0, 0, 0, 0, 0, 0, 0, 0, 0, 0, 'es', 0),
(1887, 8, 11, 0, 0, 0, 0, 0, 0, 0, 0, 0, 0, 0, 'es', 0),
(1888, 3, 11, 0, 0, 0, 0, 0, 0, 0, 0, 0, 0, 0, 'es', 0),
(1889, 3, 3, 0, 0, 0, 0, 0, 0, 0, 0, 0, 0, 0, 'es', 0),
(1890, 7, 3, 0, 0, 0, 0, 0, 0, 0, 0, 0, 0, 0, 'es', 0),
(1891, 3, 10, 0, 0, 0, 0, 0, 0, 0, 0, 0, 0, 0, 'es', 0),
(1892, 8, 11, 0, 0, 0, 0, 0, 0, 0, 0, 0, 0, 0, 'es', 0),
(1893, 6, 3, 0, 0, 0, 0, 0, 0, 0, 0, 0, 0, 0, 'es', 0),
(1894, 7, 3, 0, 0, 0, 0, 0, 0, 0, 0, 0, 0, 0, 'es', 0),
(1895, 0, 0, 0, 0, 0, 0, 0, 0, 0, 0, 0, 0, 0, '', 0),
(1896, 6, 11, 0, 0, 0, 0, 0, 0, 0, 0, 0, 0, 0, 'en', 0),
(1897, 0, 0, 0, 0, 0, 0, 0, 0, 0, 0, 0, 0, 0, '', 0),
(1898, 0, 1, 0, 0, 0, 0, 0, 0, 0, 0, 0, 0, 0, 'en', 0),
(1899, 3, 11, 0, 0, 0, 0, 0, 0, 0, 0, 0, 0, 0, 'es', 0),
(1900, 6, 3, 0, 0, 0, 0, 0, 0, 0, 0, 0, 0, 0, 'es', 0),
(1901, 6, 11, 0, 0, 0, 0, 0, 0, 0, 0, 0, 0, 0, 'es', 0),
(1902, 7, 1, 0, 0, 0, 0, 0, 0, 0, 0, 0, 0, 0, 'es', 0),
(1903, 6, 3, 0, 0, 0, 0, 0, 0, 0, 0, 0, 0, 0, '', 0),
(1904, 5, 10, 0, 0, 0, 0, 0, 0, 0, 0, 0, 0, 0, 'es', 0),
(1905, 8, 11, 0, 0, 0, 0, 0, 0, 0, 0, 0, 0, 0, 'es', 0),
(1906, 0, 0, 0, 0, 0, 0, 0, 0, 0, 0, 0, 0, 0, '', 0),
(1907, 7, 11, 0, 0, 0, 0, 0, 0, 0, 0, 0, 0, 0, 'es', 0),
(1908, 8, 11, 0, 0, 0, 0, 0, 0, 0, 0, 0, 0, 0, 'es', 0),
(1909, 0, 0, 0, 0, 0, 0, 0, 0, 0, 0, 0, 0, 0, '', 0),
(1910, 8, 11, 0, 0, 0, 0, 0, 0, 0, 0, 0, 0, 0, 'es', 0),
(1911, 3, 3, 0, 0, 0, 0, 0, 0, 0, 0, 0, 0, 0, 'es', 0),
(1912, 5, 10, 0, 0, 0, 0, 0, 0, 0, 0, 0, 0, 0, 'es', 0),
(1913, 8, 11, 0, 0, 0, 0, 0, 0, 0, 0, 0, 0, 0, 'es', 0),
(1914, 0, 0, 0, 0, 0, 0, 0, 0, 0, 0, 0, 0, 0, '', 0),
(1915, 7, 1, 0, 0, 0, 0, 0, 0, 0, 0, 0, 0, 0, 'es', 0),
(1916, 3, 3, 0, 0, 0, 0, 0, 0, 0, 0, 0, 0, 0, 'es', 0),
(1917, 7, 3, 0, 0, 0, 0, 0, 0, 0, 0, 0, 0, 0, 'es', 0),
(1918, 8, 11, 0, 0, 0, 0, 0, 0, 0, 0, 0, 0, 0, 'es', 0),
(1919, 7, 1, 0, 0, 0, 0, 0, 0, 0, 0, 0, 0, 0, 'es', 0),
(1920, 5, 10, 0, 0, 0, 0, 0, 0, 0, 0, 0, 0, 0, 'es', 0),
(1921, 8, 3, 0, 0, 0, 0, 0, 0, 0, 0, 0, 0, 0, 'es', 0),
(1922, 8, 11, 0, 0, 0, 0, 0, 0, 0, 0, 0, 0, 0, 'es', 0),
(1923, 0, 0, 0, 0, 0, 0, 0, 0, 0, 0, 0, 0, 0, '', 0),
(1924, 7, 1, 0, 0, 0, 0, 0, 0, 0, 0, 0, 0, 0, 'es', 0),
(1925, 7, 11, 0, 0, 0, 0, 0, 0, 0, 0, 0, 0, 0, 'es', 0),
(1926, 7, 3, 0, 0, 0, 0, 0, 0, 0, 0, 0, 0, 0, 'es', 0),
(1927, 8, 3, 0, 0, 0, 0, 0, 0, 0, 0, 0, 0, 0, 'es', 0),
(1928, 0, 0, 0, 0, 0, 0, 0, 0, 0, 0, 0, 0, 0, '', 0),
(1929, 3, 10, 0, 0, 0, 0, 0, 0, 0, 0, 0, 0, 0, 'es', 0),
(1930, 0, 0, 0, 0, 0, 0, 0, 0, 0, 0, 0, 0, 0, '', 0),
(1931, 8, 3, 0, 0, 0, 0, 0, 0, 0, 0, 0, 0, 0, 'es', 0),
(1932, 7, 3, 0, 0, 0, 0, 0, 0, 0, 0, 0, 0, 0, 'es', 0),
(1933, 9, 11, 0, 0, 0, 0, 0, 0, 0, 0, 0, 0, 0, '', 0),
(1934, 9, 11, 0, 0, 0, 0, 0, 0, 0, 0, 0, 0, 0, '', 0),
(1935, 7, 3, 0, 0, 0, 0, 0, 0, 0, 0, 0, 0, 0, 'es', 0),
(1936, 6, 3, 0, 0, 0, 0, 0, 0, 0, 0, 0, 0, 0, 'es', 0),
(1937, 9, 11, 0, 0, 0, 0, 0, 0, 0, 0, 0, 0, 0, '', 0),
(1938, 8, 11, 0, 0, 0, 0, 0, 0, 0, 0, 0, 0, 0, 'es', 0),
(1939, 0, 0, 0, 0, 0, 0, 0, 0, 0, 0, 0, 0, 0, '', 0),
(1940, 0, 1, 0, 0, 0, 0, 0, 0, 0, 0, 0, 0, 0, 'en', 0),
(1941, 6, 3, 0, 0, 0, 0, 0, 0, 0, 0, 0, 0, 0, 'es', 0),
(1942, 0, 0, 0, 0, 0, 0, 0, 0, 0, 0, 0, 0, 0, '', 0),
(1943, 8, 3, 0, 0, 0, 0, 0, 0, 0, 0, 0, 0, 0, 'es', 0),
(1944, 6, 3, 0, 0, 0, 0, 0, 0, 0, 0, 0, 0, 0, 'es', 0),
(1945, 6, 3, 0, 0, 0, 0, 0, 0, 0, 0, 0, 0, 0, 'es', 0),
(1946, 9, 11, 0, 0, 0, 0, 0, 0, 0, 0, 0, 0, 0, '', 0),
(1947, 3, 11, 0, 0, 0, 0, 0, 0, 0, 0, 0, 0, 0, 'es', 0),
(1948, 9, 11, 0, 0, 0, 0, 0, 0, 0, 0, 0, 0, 0, '', 0),
(1949, 5, 10, 0, 0, 0, 0, 0, 0, 0, 0, 0, 0, 0, 'es', 0),
(1950, 9, 11, 0, 0, 0, 0, 0, 0, 0, 0, 0, 0, 0, '', 0),
(1951, 9, 11, 0, 0, 0, 0, 0, 0, 0, 0, 0, 0, 0, '', 0),
(1952, 9, 11, 0, 0, 0, 0, 0, 0, 0, 0, 0, 0, 0, '', 0),
(1953, 9, 11, 0, 0, 0, 0, 0, 0, 0, 0, 0, 0, 0, '', 0),
(1954, 9, 11, 0, 0, 0, 0, 0, 0, 0, 0, 0, 0, 0, '', 0),
(1955, 9, 11, 0, 0, 0, 0, 0, 0, 0, 0, 0, 0, 0, '', 0),
(1956, 9, 11, 0, 0, 0, 0, 0, 0, 0, 0, 0, 0, 0, '', 0),
(1957, 9, 11, 0, 0, 0, 0, 0, 0, 0, 0, 0, 0, 0, '', 0),
(1958, 3, 11, 0, 0, 0, 0, 0, 0, 0, 0, 0, 0, 0, 'es', 0),
(1959, 9, 11, 0, 0, 0, 0, 0, 0, 0, 0, 0, 0, 0, '', 0),
(1960, 9, 11, 0, 0, 0, 0, 0, 0, 0, 0, 0, 0, 0, '', 0),
(1961, 9, 11, 0, 0, 0, 0, 0, 0, 0, 0, 0, 0, 0, '', 0),
(1962, 9, 11, 0, 0, 0, 0, 0, 0, 0, 0, 0, 0, 0, '', 0),
(1963, 9, 11, 0, 0, 0, 0, 0, 0, 0, 0, 0, 0, 0, '', 0),
(1964, 9, 11, 0, 0, 0, 0, 0, 0, 0, 0, 0, 0, 0, '', 0),
(1965, 9, 11, 0, 0, 0, 0, 0, 0, 0, 0, 0, 0, 0, '', 0),
(1966, 9, 11, 0, 0, 0, 0, 0, 0, 0, 0, 0, 0, 0, '', 0),
(1967, 9, 11, 0, 0, 0, 0, 0, 0, 0, 0, 0, 0, 0, '', 0),
(1968, 9, 11, 0, 0, 0, 0, 0, 0, 0, 0, 0, 0, 0, '', 0),
(1969, 9, 11, 0, 0, 0, 0, 0, 0, 0, 0, 0, 0, 0, '', 0),
(1970, 9, 11, 0, 0, 0, 0, 0, 0, 0, 0, 0, 0, 0, '', 0),
(1971, 9, 11, 0, 0, 0, 0, 0, 0, 0, 0, 0, 0, 0, '', 0),
(1972, 9, 11, 0, 0, 0, 0, 0, 0, 0, 0, 0, 0, 0, '', 0),
(1973, 7, 3, 0, 0, 0, 0, 0, 0, 0, 0, 0, 0, 0, 'es', 0),
(1974, 7, 3, 0, 0, 0, 0, 0, 0, 0, 0, 0, 0, 0, 'es', 0),
(1975, 5, 10, 0, 0, 0, 0, 0, 0, 0, 0, 0, 0, 0, 'es', 0),
(1976, 3, 10, 0, 0, 0, 0, 0, 0, 0, 0, 0, 0, 0, 'es', 0),
(1977, 7, 11, 0, 0, 0, 0, 0, 0, 0, 0, 0, 0, 0, 'es', 0),
(1978, 0, 0, 0, 0, 0, 0, 0, 0, 0, 0, 0, 0, 0, '', 0),
(1979, 3, 0, 0, 0, 0, 0, 0, 0, 0, 0, 0, 0, 0, '', 0),
(1980, 3, 11, 0, 0, 0, 0, 0, 0, 0, 0, 0, 0, 0, 'es', 0),
(1981, 7, 3, 0, 0, 0, 0, 0, 0, 0, 0, 0, 0, 0, 'es', 0),
(1982, 7, 3, 0, 0, 0, 0, 0, 0, 0, 0, 0, 0, 0, 'es', 0),
(1983, 0, 0, 0, 0, 0, 0, 0, 0, 0, 0, 0, 0, 0, '', 0),
(1984, 3, 11, 0, 0, 0, 0, 0, 0, 0, 0, 0, 0, 0, 'es', 0),
(1985, 3, 3, 0, 0, 0, 0, 0, 0, 0, 0, 0, 0, 0, 'es', 0),
(1986, 3, 10, 0, 0, 0, 0, 0, 0, 0, 0, 0, 0, 0, 'es', 0),
(1987, 7, 11, 0, 0, 0, 0, 0, 0, 0, 0, 0, 0, 0, 'es', 0),
(1988, 7, 1, 0, 0, 0, 0, 0, 0, 0, 0, 0, 0, 0, 'es', 0),
(1989, 3, 11, 0, 0, 0, 0, 0, 0, 0, 0, 0, 0, 0, 'es', 0),
(1990, 7, 3, 0, 0, 0, 0, 0, 0, 0, 0, 0, 0, 0, 'es', 0),
(1991, 7, 3, 0, 0, 0, 0, 0, 0, 0, 0, 0, 0, 0, 'es', 0),
(1992, 7, 3, 0, 0, 0, 0, 0, 0, 0, 0, 0, 0, 0, 'es', 0),
(1993, 3, 3, 0, 0, 0, 0, 0, 0, 0, 0, 0, 0, 0, 'es', 0),
(1994, 3, 10, 0, 0, 0, 0, 0, 0, 0, 0, 0, 0, 0, 'es', 0),
(1995, 8, 11, 0, 0, 0, 0, 0, 0, 0, 0, 0, 0, 0, 'es', 0),
(1996, 3, 10, 0, 0, 0, 0, 0, 0, 0, 0, 0, 0, 0, 'es', 0),
(1997, 7, 3, 0, 0, 0, 0, 0, 0, 0, 0, 0, 0, 0, 'es', 0),
(1998, 5, 10, 0, 0, 0, 0, 0, 0, 0, 0, 0, 0, 0, 'es', 0),
(1999, 3, 10, 0, 0, 0, 0, 0, 0, 0, 0, 0, 0, 0, 'es', 0),
(2000, 5, 10, 0, 0, 0, 0, 0, 0, 0, 0, 0, 0, 0, 'es', 0),
(2001, 7, 3, 0, 0, 0, 0, 0, 0, 0, 0, 0, 0, 0, 'es', 0),
(2002, 9, 11, 0, 0, 0, 0, 0, 0, 0, 0, 0, 0, 0, '', 0),
(2003, 7, 3, 0, 0, 0, 0, 0, 0, 0, 0, 0, 0, 0, 'es', 0),
(2004, 8, 11, 0, 0, 0, 0, 0, 0, 0, 0, 0, 0, 0, 'es', 0),
(2005, 8, 3, 0, 0, 0, 0, 0, 0, 0, 0, 0, 0, 0, 'es', 0),
(2006, 3, 11, 0, 0, 0, 0, 0, 0, 0, 0, 0, 0, 0, 'es', 0),
(2007, 3, 3, 0, 0, 0, 0, 0, 0, 0, 0, 0, 0, 0, 'es', 0),
(2008, 3, 11, 0, 0, 0, 0, 0, 0, 0, 0, 0, 0, 0, 'es', 0),
(2009, 7, 3, 0, 0, 0, 0, 0, 0, 0, 0, 0, 0, 0, 'es', 0),
(2010, 8, 11, 0, 0, 0, 0, 0, 0, 0, 0, 0, 0, 0, 'es', 0),
(2011, 3, 3, 0, 0, 0, 0, 0, 0, 0, 0, 0, 0, 0, 'es', 0),
(2012, 3, 3, 0, 0, 0, 0, 0, 0, 0, 0, 0, 0, 0, 'es', 0),
(2013, 8, 3, 0, 0, 0, 0, 0, 0, 0, 0, 0, 0, 0, 'es', 0),
(2014, 7, 3, 0, 0, 0, 0, 0, 0, 0, 0, 0, 0, 0, 'es', 0),
(2015, 7, 1, 0, 0, 0, 0, 0, 0, 0, 0, 0, 0, 0, 'es', 0),
(2016, 6, 3, 0, 0, 0, 0, 0, 0, 0, 0, 0, 0, 0, 'en', 0),
(2017, 7, 11, 0, 0, 0, 0, 0, 0, 0, 0, 0, 0, 0, 'es', 0),
(2018, 7, 11, 0, 0, 0, 0, 0, 0, 0, 0, 0, 0, 0, 'es', 0),
(2019, 3, 10, 0, 0, 0, 0, 0, 0, 0, 0, 0, 0, 0, 'es', 0),
(2020, 9, 11, 0, 0, 0, 0, 0, 0, 0, 0, 0, 0, 0, '', 0),
(2021, 3, 11, 0, 0, 0, 0, 0, 0, 0, 0, 0, 0, 0, 'es', 0),
(2022, 0, 0, 0, 0, 0, 0, 0, 0, 0, 0, 0, 0, 0, '', 0),
(2023, 7, 3, 0, 0, 0, 0, 0, 0, 0, 0, 0, 0, 0, 'es', 0),
(2024, 3, 10, 0, 0, 0, 0, 0, 0, 0, 0, 0, 0, 0, 'es', 0),
(2025, 6, 3, 0, 0, 0, 0, 0, 0, 0, 0, 0, 0, 0, 'es', 0),
(2026, 5, 10, 0, 0, 0, 0, 0, 0, 0, 0, 0, 0, 0, 'es', 0),
(2027, 9, 11, 0, 0, 0, 0, 0, 0, 0, 0, 0, 0, 0, '', 0),
(2028, 9, 11, 0, 0, 0, 0, 0, 0, 0, 0, 0, 0, 0, '', 0),
(2029, 9, 11, 0, 0, 0, 0, 0, 0, 0, 0, 0, 0, 0, '', 0),
(2030, 5, 10, 0, 0, 0, 0, 0, 0, 0, 0, 0, 0, 0, 'es', 0),
(2031, 9, 11, 0, 0, 0, 0, 0, 0, 0, 0, 0, 0, 0, '', 0),
(2032, 7, 3, 0, 0, 0, 0, 0, 0, 0, 0, 0, 0, 0, 'es', 0),
(2033, 6, 3, 0, 0, 0, 0, 0, 0, 0, 0, 0, 0, 0, 'en', 0),
(2034, 9, 11, 0, 0, 0, 0, 0, 0, 0, 0, 0, 0, 0, '', 0),
(2035, 7, 11, 0, 0, 0, 0, 0, 0, 0, 0, 0, 0, 0, 'es', 0),
(2036, 0, 0, 0, 0, 0, 0, 0, 0, 0, 0, 0, 0, 0, '', 0),
(2037, 8, 11, 0, 0, 0, 0, 0, 0, 0, 0, 0, 0, 0, 'es', 0),
(2038, 7, 11, 0, 0, 0, 0, 0, 0, 0, 0, 0, 0, 0, 'es', 0),
(2039, 9, 11, 0, 0, 0, 0, 0, 0, 0, 0, 0, 0, 0, '', 0),
(2040, 9, 11, 0, 0, 0, 0, 0, 0, 0, 0, 0, 0, 0, '', 0),
(2041, 7, 3, 0, 0, 0, 0, 0, 0, 0, 0, 0, 0, 0, 'es', 0),
(2042, 9, 11, 0, 0, 0, 0, 0, 0, 0, 0, 0, 0, 0, '', 0),
(2043, 7, 1, 0, 0, 0, 0, 0, 0, 0, 0, 0, 0, 0, 'es', 0),
(2044, 8, 3, 0, 0, 0, 0, 0, 0, 0, 0, 0, 0, 0, 'es', 0),
(2045, 7, 1, 0, 0, 0, 0, 0, 0, 0, 0, 0, 0, 0, 'es', 0),
(2046, 7, 3, 0, 0, 0, 0, 0, 0, 0, 0, 0, 0, 0, 'es', 0),
(2047, 0, 0, 0, 0, 0, 0, 0, 0, 0, 0, 0, 0, 0, '', 0),
(2048, 6, 3, 0, 0, 0, 0, 0, 0, 0, 0, 0, 0, 0, 'es', 0),
(2049, 8, 11, 0, 0, 0, 0, 0, 0, 0, 0, 0, 0, 0, 'es', 0),
(2050, 6, 3, 0, 0, 0, 0, 0, 0, 0, 0, 0, 0, 0, 'es', 0),
(2051, 6, 3, 0, 0, 0, 0, 0, 0, 0, 0, 0, 0, 0, 'es', 0),
(2052, 6, 3, 0, 0, 0, 0, 0, 0, 0, 0, 0, 0, 0, 'es', 0),
(2053, 6, 3, 0, 0, 0, 0, 0, 0, 0, 0, 0, 0, 0, 'es', 0),
(2054, 3, 10, 0, 0, 0, 0, 0, 0, 0, 0, 0, 0, 0, 'es', 0),
(2055, 7, 3, 0, 0, 0, 0, 0, 0, 0, 0, 0, 0, 0, 'es', 0),
(2056, 3, 11, 0, 0, 0, 0, 0, 0, 0, 0, 0, 0, 0, 'es', 0),
(2057, 3, 10, 0, 0, 0, 0, 0, 0, 0, 0, 0, 0, 0, 'es', 0),
(2058, 8, 3, 0, 0, 0, 0, 0, 0, 0, 0, 0, 0, 0, 'es', 0),
(2059, 8, 11, 0, 0, 0, 0, 0, 0, 0, 0, 0, 0, 0, 'en', 0),
(2060, 0, 0, 0, 0, 0, 0, 0, 0, 0, 0, 0, 0, 0, 'es', 0),
(2061, 6, 11, 0, 0, 0, 0, 0, 0, 0, 0, 0, 0, 0, 'en', 0),
(2062, 8, 3, 0, 0, 0, 0, 0, 0, 0, 0, 0, 0, 0, 'es', 0),
(2063, 8, 11, 0, 0, 0, 0, 0, 0, 0, 0, 0, 0, 0, 'en', 0),
(2064, 8, 3, 0, 0, 0, 0, 0, 0, 0, 0, 0, 0, 0, 'es', 0),
(2065, 0, 0, 0, 0, 0, 0, 0, 0, 0, 0, 0, 0, 0, '', 0),
(2066, 0, 1, 0, 0, 0, 0, 0, 0, 0, 0, 0, 0, 0, 'en', 0),
(2067, 8, 11, 0, 0, 0, 0, 0, 0, 0, 0, 0, 0, 0, 'en', 0),
(2068, 6, 3, 0, 0, 0, 0, 0, 0, 0, 0, 0, 0, 0, 'en', 0);

-- --------------------------------------------------------

--
-- Estructura de tabla para la tabla `pr_homeslider`
--

CREATE TABLE `pr_homeslider` (
  `id_homeslider_slides` int UNSIGNED NOT NULL,
  `id_shop` int UNSIGNED NOT NULL
) ENGINE=InnoDB DEFAULT CHARSET=utf8;

-- --------------------------------------------------------

--
-- Estructura de tabla para la tabla `pr_homeslider_slides`
--

CREATE TABLE `pr_homeslider_slides` (
  `id_homeslider_slides` int UNSIGNED NOT NULL,
  `position` int UNSIGNED NOT NULL DEFAULT '0',
  `active` tinyint UNSIGNED NOT NULL DEFAULT '0'
) ENGINE=InnoDB DEFAULT CHARSET=utf8;

-- --------------------------------------------------------

--
-- Estructura de tabla para la tabla `pr_homeslider_slides_lang`
--

CREATE TABLE `pr_homeslider_slides_lang` (
  `id_homeslider_slides` int UNSIGNED NOT NULL,
  `id_lang` int UNSIGNED NOT NULL,
  `title` varchar(255) NOT NULL,
  `description` text NOT NULL,
  `legend` varchar(255) NOT NULL,
  `url` varchar(255) NOT NULL,
  `image` varchar(255) NOT NULL
) ENGINE=InnoDB DEFAULT CHARSET=utf8;

-- --------------------------------------------------------

--
-- Estructura de tabla para la tabla `pr_hook`
--

CREATE TABLE `pr_hook` (
  `id_hook` int UNSIGNED NOT NULL,
  `name` varchar(191) CHARACTER SET utf8mb4 COLLATE utf8mb4_general_ci NOT NULL,
  `title` varchar(255) CHARACTER SET utf8mb4 COLLATE utf8mb4_general_ci NOT NULL,
  `description` mediumtext CHARACTER SET utf8mb4 COLLATE utf8mb4_general_ci,
  `position` tinyint(1) NOT NULL DEFAULT '1'
) ENGINE=InnoDB DEFAULT CHARSET=utf8mb4 COLLATE=utf8mb4_general_ci;

--
-- Volcado de datos para la tabla `pr_hook`
--

INSERT INTO `pr_hook` (`id_hook`, `name`, `title`, `description`, `position`) VALUES
(1, 'actionValidateOrder', 'New orders', '', 1),
(2, 'displayMaintenance', 'Maintenance Page', 'This hook displays new elements on the maintenance page', 1),
(3, 'displayProductPageDrawer', 'Product Page Drawer', 'This hook displays content in the right sidebar of the product page', 1),
(4, 'actionPaymentConfirmation', 'Payment confirmation', 'This hook displays new elements after the payment is validated', 1),
(5, 'displayPaymentReturn', 'Payment return', '', 1),
(6, 'actionUpdateQuantity', 'Quantity update', 'Quantity is updated only when a customer effectively places their order', 1),
(7, 'displayRightColumn', 'Right column blocks', 'This hook displays new elements in the right-hand column', 1),
(8, 'displayWrapperTop', 'Main wrapper section (top)', 'This hook displays new elements in the top of the main wrapper', 1),
(9, 'displayWrapperBottom', 'Main wrapper section (bottom)', 'This hook displays new elements in the bottom of the main wrapper', 1),
(10, 'displayContentWrapperTop', 'Content wrapper section (top)', 'This hook displays new elements in the top of the content wrapper', 1),
(11, 'displayContentWrapperBottom', 'Content wrapper section (bottom)', 'This hook displays new elements in the bottom of the content wrapper', 1),
(12, 'displayLeftColumn', 'Left column blocks', 'This hook displays new elements in the left-hand column', 1),
(13, 'displayHome', 'Homepage content', 'This hook displays new elements on the homepage', 1),
(14, 'Header', 'Pages html head section', 'This hook adds additional elements in the head section of your pages (head section of html)', 1),
(15, 'actionCartSave', 'Cart creation and update', 'This hook is displayed when a product is added to the cart or if the cart\'s content is modified', 1),
(16, 'actionAuthentication', 'Successful customer authentication', 'This hook is displayed after a customer successfully signs in', 1),
(17, 'actionProductAdd', 'Product creation', 'This hook is displayed after a product is created', 1),
(18, 'actionProductUpdate', 'Product update', 'This hook is displayed after a product has been updated', 1),
(19, 'displayAfterBodyOpeningTag', 'Very top of pages', 'Use this hook for advertisement or modals you want to load first', 1),
(20, 'displayBeforeBodyClosingTag', 'Very bottom of pages', 'Use this hook for your modals or any content you want to load at the very end', 1),
(21, 'displayTop', 'Top of pages', 'This hook displays additional elements at the top of your pages', 1),
(22, 'displayNavFullWidth', 'Navigation', 'This hook displays full width navigation menu at the top of your pages', 1),
(23, 'displayRightColumnProduct', 'New elements on the product page (right column)', 'This hook displays new elements in the right-hand column of the product page', 1),
(24, 'actionProductDelete', 'Product deletion', 'This hook is called when a product is deleted', 1),
(25, 'actionObjectProductInCartDeleteBefore', 'Cart product removal', 'This hook is called before a product is removed from a cart', 1),
(26, 'actionObjectProductInCartDeleteAfter', 'Cart product removal', 'This hook is called after a product is removed from a cart', 1),
(27, 'displayFooterProduct', 'Product footer', 'This hook adds new blocks under the product\'s description', 1),
(28, 'displayInvoice', 'Invoice', 'This hook displays new blocks on the invoice (order)', 1),
(29, 'actionOrderStatusUpdate', 'Order status update - Event', 'This hook launches modules when the status of an order changes', 1),
(30, 'displayAdminOrder', 'Display new elements in the Back Office, tab AdminOrder', 'This hook launches modules when the AdminOrder tab is displayed in the Back Office', 1),
(31, 'displayAdminOrderTabOrder', 'Display new elements in Back Office, AdminOrder, panel Order', 'This hook launches modules when the AdminOrder tab is displayed in the Back Office and extends / override Order panel tabs', 1),
(32, 'displayAdminOrderTabShip', 'Display new elements in Back Office, AdminOrder, panel Shipping', 'This hook launches modules when the AdminOrder tab is displayed in the Back Office and extends / override Shipping panel tabs', 1),
(33, 'displayAdminOrderContentOrder', 'Display new elements in Back Office, AdminOrder, panel Order', 'This hook launches modules when the AdminOrder tab is displayed in the Back Office and extends / override Order panel content', 1),
(34, 'displayAdminOrderContentShip', 'Display new elements in Back Office, AdminOrder, panel Shipping', 'This hook launches modules when the AdminOrder tab is displayed in the Back Office and extends / override Shipping panel content', 1),
(35, 'displayFooter', 'Footer', 'This hook displays new blocks in the footer', 1),
(36, 'displayPDFInvoice', 'PDF Invoice', 'This hook allows you to display additional information on PDF invoices', 1),
(37, 'displayInvoiceLegalFreeText', 'PDF Invoice - Legal Free Text', 'This hook allows you to modify the legal free text on PDF invoices', 1),
(38, 'displayAdminCustomers', 'Display new elements in the Back Office, tab AdminCustomers', 'This hook launches modules when the AdminCustomers tab is displayed in the Back Office', 1),
(39, 'displayAdminCustomersAddressesItemAction', 'Display new elements in the Back Office, tab AdminCustomers, Add', 'This hook launches modules when the Addresses list into the AdminCustomers tab is displayed in the Back Office', 1),
(40, 'displayOrderConfirmation', 'Order confirmation page', 'This hook is called within an order\'s confirmation page', 1),
(41, 'actionCustomerAccountAdd', 'Successful customer account creation', 'This hook is called when a new customer creates an account successfully', 1),
(42, 'actionCustomerAccountUpdate', 'Successful customer account update', 'This hook is called when a customer updates its account successfully', 1),
(43, 'displayCustomerAccount', 'Customer account displayed in Front Office', 'This hook displays new elements on the customer account page', 1),
(44, 'actionOrderSlipAdd', 'Order slip creation', 'This hook is called when a new credit slip is added regarding client order', 1),
(45, 'displayShoppingCartFooter', 'Shopping cart footer', 'This hook displays some specific information on the shopping cart\'s page', 1),
(46, 'displayCreateAccountEmailFormBottom', 'Customer authentication form', 'This hook displays some information on the bottom of the email form', 1),
(47, 'displayAuthenticateFormBottom', 'Customer authentication form', 'This hook displays some information on the bottom of the authentication form', 1),
(48, 'displayCustomerAccountForm', 'Customer account creation form', 'This hook displays some information on the form to create a customer account', 1),
(49, 'displayAdminStatsModules', 'Stats - Modules', '', 1),
(50, 'displayAdminStatsGraphEngine', 'Graph engines', '', 1),
(51, 'actionOrderReturn', 'Returned product', 'This hook is displayed when a customer returns a product ', 1),
(52, 'displayProductAdditionalInfo', 'Product page additional info', 'This hook adds additional information on the product page', 1),
(53, 'displayBackOfficeHome', 'Administration panel homepage', 'This hook is displayed on the admin panel\'s homepage', 1),
(54, 'displayAdminStatsGridEngine', 'Grid engines', '', 1),
(55, 'actionWatermark', 'Watermark', '', 1),
(56, 'actionProductCancel', 'Product cancelled', 'This hook is called when you cancel a product in an order', 1),
(57, 'displayLeftColumnProduct', 'New elements on the product page (left column)', 'This hook displays new elements in the left-hand column of the product page', 1),
(58, 'actionProductOutOfStock', 'Out-of-stock product', 'This hook displays new action buttons if a product is out of stock', 1),
(59, 'actionProductAttributeUpdate', 'Product attribute update', 'This hook is displayed when a product\'s attribute is updated', 1),
(60, 'displayCarrierList', 'Extra carrier (module mode)', '', 1),
(61, 'displayShoppingCart', 'Shopping cart - Additional button', 'This hook displays new action buttons within the shopping cart', 1),
(62, 'actionCarrierUpdate', 'Carrier Update', 'This hook is called when a carrier is updated', 1),
(63, 'actionOrderStatusPostUpdate', 'Post update of order status', '', 1),
(64, 'displayCustomerAccountFormTop', 'Block above the form for create an account', 'This hook is displayed above the customer\'s account creation form', 1),
(65, 'displayBackOfficeHeader', 'Administration panel header', 'This hook is displayed in the header of the admin panel', 1),
(66, 'displayBackOfficeTop', 'Administration panel hover the tabs', 'This hook is displayed on the roll hover of the tabs within the admin panel', 1),
(67, 'displayAdminEndContent', 'Administration end of content', 'This hook is displayed at the end of the main content, before the footer', 1),
(68, 'displayBackOfficeFooter', 'Administration panel footer', 'This hook is displayed within the admin panel\'s footer', 1),
(69, 'actionProductAttributeDelete', 'Product attribute deletion', 'This hook is displayed when a product\'s attribute is deleted', 1),
(70, 'actionCarrierProcess', 'Carrier process', '', 1),
(71, 'displayBeforeCarrier', 'Before carriers list', 'This hook is displayed before the carrier list in Front Office', 1),
(72, 'displayAfterCarrier', 'After carriers list', 'This hook is displayed after the carrier list in Front Office', 1),
(73, 'displayOrderDetail', 'Order detail', 'This hook is displayed within the order\'s details in Front Office', 1),
(74, 'actionPaymentCCAdd', 'Payment CC added', '', 1),
(75, 'actionCategoryAdd', 'Category creation', 'This hook is displayed when a category is created', 1),
(76, 'actionCategoryUpdate', 'Category modification', 'This hook is displayed when a category is modified', 1),
(77, 'actionCategoryDelete', 'Category deletion', 'This hook is displayed when a category is deleted', 1),
(78, 'displayPaymentTop', 'Top of payment page', 'This hook is displayed at the top of the payment page', 1),
(79, 'actionHtaccessCreate', 'After htaccess creation', 'This hook is displayed after the htaccess creation', 1),
(80, 'actionAdminMetaSave', 'After saving the configuration in AdminMeta', 'This hook is displayed after saving the configuration in AdminMeta', 1),
(81, 'displayAttributeGroupForm', 'Add fields to the form \'attribute group\'', 'This hook adds fields to the form \'attribute group\'', 1),
(82, 'actionAttributeGroupSave', 'Saving an attribute group', 'This hook is called while saving an attributes group', 1),
(83, 'actionAttributeGroupDelete', 'Deleting attribute group', 'This hook is called while deleting an attributes  group', 1),
(84, 'displayFeatureForm', 'Add fields to the form \'feature\'', 'This hook adds fields to the form \'feature\'', 1),
(85, 'actionFeatureSave', 'Saving attributes\' features', 'This hook is called while saving an attributes features', 1),
(86, 'actionFeatureDelete', 'Deleting attributes\' features', 'This hook is called while deleting an attributes features', 1),
(87, 'actionProductSave', 'Saving products', 'This hook is called while saving products', 1),
(88, 'displayAttributeGroupPostProcess', 'On post-process in admin attribute group', 'This hook is called on post-process in admin attribute group', 1),
(89, 'displayFeaturePostProcess', 'On post-process in admin feature', 'This hook is called on post-process in admin feature', 1),
(90, 'displayFeatureValueForm', 'Add fields to the form \'feature value\'', 'This hook adds fields to the form \'feature value\'', 1),
(91, 'displayFeatureValuePostProcess', 'On post-process in admin feature value', 'This hook is called on post-process in admin feature value', 1),
(92, 'actionFeatureValueDelete', 'Deleting attributes\' features\' values', 'This hook is called while deleting an attributes features value', 1),
(93, 'actionFeatureValueSave', 'Saving an attributes features value', 'This hook is called while saving an attributes features value', 1),
(94, 'displayAttributeForm', 'Add fields to the form \'attribute value\'', 'This hook adds fields to the form \'attribute value\'', 1),
(95, 'actionAttributePostProcess', 'On post-process in admin feature value', 'This hook is called on post-process in admin feature value', 1),
(96, 'actionAttributeDelete', 'Deleting an attributes features value', 'This hook is called while deleting an attributes features value', 1),
(97, 'actionAttributeSave', 'Saving an attributes features value', 'This hook is called while saving an attributes features value', 1),
(98, 'actionTaxManager', 'Tax Manager Factory', '', 1),
(99, 'displayMyAccountBlock', 'My account block', 'This hook displays extra information within the \'my account\' block\"', 1),
(100, 'actionModuleInstallBefore', 'actionModuleInstallBefore', '', 1),
(101, 'actionModuleInstallAfter', 'actionModuleInstallAfter', '', 1),
(102, 'displayTopColumn', 'Top column blocks', 'This hook displays new elements in the top of columns', 1),
(103, 'displayBackOfficeCategory', 'Display new elements in the Back Office, tab AdminCategories', 'This hook launches modules when the AdminCategories tab is displayed in the Back Office', 1),
(104, 'displayProductListFunctionalButtons', 'Display new elements in the Front Office, products list', 'This hook launches modules when the products list is displayed in the Front Office', 1),
(105, 'displayNav', 'Navigation', '', 1),
(106, 'displayOverrideTemplate', 'Change the default template of current controller', '', 1),
(107, 'actionAdminLoginControllerSetMedia', 'Set media on admin login page header', 'This hook is called after adding media to admin login page header', 1),
(108, 'actionOrderEdited', 'Order edited', 'This hook is called when an order is edited', 1),
(109, 'actionEmailAddBeforeContent', 'Add extra content before mail content', 'This hook is called just before fetching mail template', 1),
(110, 'actionEmailAddAfterContent', 'Add extra content after mail content', 'This hook is called just after fetching mail template', 1),
(111, 'sendMailAlterTemplateVars', 'Alter template vars on the fly', 'This hook is called when Mail::send() is called', 1),
(112, 'displayCartExtraProductActions', 'Extra buttons in shopping cart', 'This hook adds extra buttons to the product lines, in the shopping cart', 1),
(113, 'displayPaymentByBinaries', 'Payment form generated by binaries', 'This hook displays form generated by binaries during the checkout', 1),
(114, 'additionalCustomerFormFields', 'Add fields to the Customer form', 'This hook returns an array of FormFields to add them to the customer registration form', 1),
(115, 'additionalCustomerAddressFields', 'Add fields to the Customer address form', 'This hook returns an array of FormFields to add them to the customer address registration form', 1),
(116, 'addWebserviceResources', 'Add extra webservice resource', 'This hook is called when webservice resources list in webservice controller', 1),
(117, 'displayCustomerLoginFormAfter', 'Display elements after login form', 'This hook displays new elements after the login form', 1),
(118, 'actionClearCache', 'Clear smarty cache', 'This hook is called when smarty\'s cache is cleared', 1),
(119, 'actionClearCompileCache', 'Clear smarty compile cache', 'This hook is called when smarty\'s compile cache is cleared', 1),
(120, 'actionClearSf2Cache', 'Clear Sf2 cache', 'This hook is called when the Symfony cache is cleared', 1),
(121, 'actionValidateCustomerAddressForm', 'Customer address form validation', 'This hook is called when a customer submit its address form', 1),
(122, 'displayCarrierExtraContent', 'Display additional content for a carrier (e.g pickup points)', 'This hook calls only the module related to the carrier, in order to add options when needed', 1),
(123, 'validateCustomerFormFields', 'Customer registration form validation', 'This hook is called to a module when it has sent additional fields with additionalCustomerFormFields', 1),
(124, 'displayProductExtraContent', 'Display extra content on the product page', 'This hook expects ProductExtraContent instances, which will be properly displayed by the template on the product page', 1),
(125, 'filterCmsContent', 'Filter the content page', 'This hook is called just before fetching content page', 1),
(126, 'filterCmsCategoryContent', 'Filter the content page category', 'This hook is called just before fetching content page category', 1),
(127, 'filterProductContent', 'Filter the content page product', 'This hook is called just before fetching content page product', 1),
(128, 'filterCategoryContent', 'Filter the content page category', 'This hook is called just before fetching content page category', 1),
(129, 'filterManufacturerContent', 'Filter the content page manufacturer', 'This hook is called just before fetching content page manufacturer', 1),
(130, 'filterSupplierContent', 'Filter the content page supplier', 'This hook is called just before fetching content page supplier', 1),
(131, 'filterHtmlContent', 'Filter HTML field before rending a page', 'This hook is called just before fetching a page on HTML field', 1),
(132, 'displayDashboardTop', 'Dashboard Top', 'Displays the content in the dashboard\'s top area', 1),
(133, 'actionUpdateLangAfter', 'Update \"lang\" tables', 'Update \"lang\" tables after adding or updating a language', 1),
(134, 'actionOutputHTMLBefore', 'Before HTML output', 'This hook is used to filter the whole HTML page before it is rendered (only front)', 1),
(135, 'displayAfterProductThumbs', 'Display extra content below product thumbs', 'This hook displays new elements below product images ex. additional media', 1),
(136, 'actionDispatcherBefore', 'Before dispatch', 'This hook is called at the beginning of the dispatch method of the Dispatcher', 1),
(137, 'actionDispatcherAfter', 'After dispatch', 'This hook is called at the end of the dispatch method of the Dispatcher', 1),
(138, 'filterProductSearch', 'Filter search products result', 'This hook is called in order to allow to modify search product result', 1),
(139, 'actionProductSearchAfter', 'Event triggered after search product completed', 'This hook is called after the product search. Parameters are already filter', 1),
(140, 'actionEmailSendBefore', 'Before sending an email', 'This hook is used to filter the content or the metadata of an email before sending it or even prevent its sending', 1),
(141, 'displayAdminProductsMainStepLeftColumnMiddle', 'Display new elements in back office product page, left column of', 'This hook launches modules when the back office product page is displayed', 1),
(142, 'displayAdminProductsMainStepLeftColumnBottom', 'Display new elements in back office product page, left column of', 'This hook launches modules when the back office product page is displayed', 1),
(143, 'displayAdminProductsMainStepRightColumnBottom', 'Display new elements in back office product page, right column o', 'This hook launches modules when the back office product page is displayed', 1),
(144, 'displayAdminProductsQuantitiesStepBottom', 'Display new elements in back office product page, Quantities/Com', 'This hook launches modules when the back office product page is displayed', 1),
(145, 'displayAdminProductsPriceStepBottom', 'Display new elements in back office product page, Price tab', 'This hook launches modules when the back office product page is displayed', 1),
(146, 'displayAdminProductsOptionsStepTop', 'Display new elements in back office product page, Options tab', 'This hook launches modules when the back office product page is displayed', 1),
(147, 'displayAdminProductsOptionsStepBottom', 'Display new elements in back office product page, Options tab', 'This hook launches modules when the back office product page is displayed', 1),
(148, 'displayAdminProductsSeoStepBottom', 'Display new elements in back office product page, SEO tab', 'This hook launches modules when the back office product page is displayed', 1),
(149, 'displayAdminProductsShippingStepBottom', 'Display new elements in back office product page, Shipping tab', 'This hook launches modules when the back office product page is displayed', 1),
(150, 'displayAdminProductsCombinationBottom', 'Display new elements in back office product page, Combination ta', 'This hook launches modules when the back office product page is displayed', 1),
(151, 'displayDashboardToolbarTopMenu', 'Display new elements in back office page with a dashboard, on to', 'This hook launches modules when a page with a dashboard is displayed', 1),
(152, 'displayDashboardToolbarIcons', 'Display new elements in back office page with dashboard, on icon', 'This hook launches modules when the back office with dashboard is displayed', 1),
(153, 'actionBuildFrontEndObject', 'Manage elements added to the \"prestashop\" javascript object', 'This hook allows you to customize the \"prestashop\" javascript object that is included in all front office pages', 1),
(155, 'actionAdministrationPageForm', 'Manage Administration Page form fields', 'This hook adds, update or remove fields of the Administration Page form', 1),
(157, 'actionPerformancePageForm', 'Manage Performance Page form fields', 'This hook adds, update or remove fields of the Performance Page form', 1),
(159, 'actionMaintenancePageForm', 'Manage Maintenance Page form fields', 'This hook adds, update or remove fields of the Maintenance Page form', 1),
(161, 'actionWebserviceKeyGridPresenterModifier', 'Modify Webservice grid view data', 'This hook allows to alter presented Webservice grid data', 1),
(162, 'actionWebserviceKeyGridDefinitionModifier', 'Modifying Webservice grid definition', 'This hook allows to alter Webservice grid columns, actions and filters', 1),
(163, 'actionWebserviceKeyGridQueryBuilderModifier', 'Modify Webservice grid query builder', 'This hook allows to alter Doctrine query builder for Webservice grid', 1),
(164, 'actionWebserviceKeyGridFilterFormModifier', 'Modify filters form for Webservice grid', 'This hook allows to alter filters form used in Webservice', 1),
(165, 'actionSqlRequestGridPresenterModifier', 'Modify SQL Manager grid view data', 'This hook allows to alter presented SQL Manager grid data', 1),
(166, 'actionSqlRequestGridDefinitionModifier', 'Modifying SQL Manager grid definition', 'This hook allows to alter SQL Manager grid columns, actions and filters', 1),
(167, 'actionSqlRequestGridQueryBuilderModifier', 'Modify SQL Manager grid query builder', 'This hook allows to alter Doctrine query builder for SQL Manager grid', 1),
(168, 'actionSqlRequestGridFilterFormModifier', 'Modify filters form for SQL Manager grid', 'This hook allows to alter filters form used in SQL Manager', 1),
(169, 'actionMetaGridPresenterModifier', 'Modify SEO and URLs grid view data', 'This hook allows to alter presented SEO and URLs grid data', 1),
(170, 'actionMetaGridDefinitionModifier', 'Modifying SEO and URLs grid definition', 'This hook allows to alter SEO and URLs grid columns, actions and filters', 1),
(171, 'actionMetaGridQueryBuilderModifier', 'Modify SEO and URLs grid query builder', 'This hook allows to alter Doctrine query builder for SEO and URLs grid', 1),
(172, 'actionMetaGridFilterFormModifier', 'Modify filters form for SEO and URLs grid', 'This hook allows to alter filters form used in SEO and URLs', 1),
(173, 'actionLogsGridPresenterModifier', 'Modify Logs grid view data', 'This hook allows to alter presented Logs grid data', 1),
(174, 'actionLogsGridDefinitionModifier', 'Modifying Logs grid definition', 'This hook allows to alter Logs grid columns, actions and filters', 1),
(175, 'actionLogsGridQueryBuilderModifier', 'Modify Logs grid query builder', 'This hook allows to alter Doctrine query builder for Logs grid', 1),
(176, 'actionLogsGridFilterFormModifier', 'Modify filters form for Logs grid', 'This hook allows to alter filters form used in Logs', 1),
(177, 'actionEmailLogsGridPresenterModifier', 'Modify E-mail grid view data', 'This hook allows to alter presented E-mail grid data', 1),
(178, 'actionEmailLogsGridDefinitionModifier', 'Modifying E-mail grid definition', 'This hook allows to alter E-mail grid columns, actions and filters', 1),
(179, 'actionEmailLogsGridQueryBuilderModifier', 'Modify E-mail grid query builder', 'This hook allows to alter Doctrine query builder for E-mail grid', 1),
(180, 'actionEmailLogsGridFilterFormModifier', 'Modify filters form for E-mail grid', 'This hook allows to alter filters form used in E-mail', 1),
(181, 'actionBackupGridPresenterModifier', 'Modify DB Backup grid view data', 'This hook allows to alter presented DB Backup grid data', 1),
(182, 'actionBackupGridDefinitionModifier', 'Modifying DB Backup grid definition', 'This hook allows to alter DB Backup grid columns, actions and filters', 1),
(183, 'actionBackupGridFilterFormModifier', 'Modify filters form for DB Backup grid', 'This hook allows to alter filters form used in DB Backup', 1),
(184, 'actionProductFlagsModifier', 'Customize product labels displayed on the product list on FO', 'This hook allows to add and remove product labels displayed on top of product images', 1),
(185, 'actionListMailThemes', 'List the available email themes and layouts', 'This hook allows to add/remove available email themes (ThemeInterface) and/or to add/remove their layouts (LayoutInterface)', 1),
(186, 'actionGetMailThemeFolder', 'Define the folder of an email theme', 'This hook allows to change the folder of an email theme (useful if you theme is in a module for example)', 1),
(187, 'actionBuildMailLayoutVariables', 'Build the variables used in email layout rendering', 'This hook allows to change the variables used when an email layout is rendered', 1),
(188, 'actionGetMailLayoutTransformations', 'Define the transformation to apply on layout', 'This hook allows to add/remove TransformationInterface used to generate an email layout', 1),
(189, 'displayProductActions', 'Display additional action button on the product page', 'This hook allow additional actions to be triggered, near the add to cart button.', 1),
(190, 'displayPersonalInformationTop', 'Content in the checkout funnel, on top of the personal informati', 'Display actions or additional content in the personal details tab of the checkout funnel.', 1),
(191, 'actionSqlRequestFormBuilderModifier', 'Modify sql request identifiable object form', 'This hook allows to modify sql request identifiable object forms content by modifying form\n          builder data or FormBuilder itself\n      ', 1),
(192, 'actionCustomerFormBuilderModifier', 'Modify customer identifiable object form', 'This hook allows to modify customer identifiable object forms content by modifying form builder\n          data or FormBuilder itself\n      ', 1),
(193, 'actionLanguageFormBuilderModifier', 'Modify language identifiable object form', 'This hook allows to modify language identifiable object forms content by modifying form builder\n          data or FormBuilder itself\n      ', 1),
(194, 'actionCurrencyFormBuilderModifier', 'Modify currency identifiable object form', 'This hook allows to modify currency identifiable object forms content by modifying form builder\n          data or FormBuilder itself\n      ', 1),
(195, 'actionWebserviceKeyFormBuilderModifier', 'Modify webservice key identifiable object form', 'This hook allows to modify webservice key identifiable object forms content by modifying form\n          builder data or FormBuilder itself\n      ', 1),
(196, 'actionMetaFormBuilderModifier', 'Modify meta identifiable object form', 'This hook allows to modify meta identifiable object forms content by modifying form builder\n          data or FormBuilder itself\n      ', 1),
(197, 'actionCategoryFormBuilderModifier', 'Modify category identifiable object form', 'This hook allows to modify category identifiable object forms content by modifying form builder\n          data or FormBuilder itself\n      ', 1),
(198, 'actionRootCategoryFormBuilderModifier', 'Modify root category identifiable object form', 'This hook allows to modify root category identifiable object forms content by modifying form\n          builder data or FormBuilder itself\n      ', 1),
(199, 'actionContactFormBuilderModifier', 'Modify contact identifiable object form', 'This hook allows to modify contact identifiable object forms content by modifying form builder\n          data or FormBuilder itself\n      ', 1),
(200, 'actionCmsPageCategoryFormBuilderModifier', 'Modify cms page category identifiable object form', 'This hook allows to modify cms page category identifiable object forms content by modifying\n          form builder data or FormBuilder itself\n      ', 1),
(201, 'actionTaxFormBuilderModifier', 'Modify tax identifiable object form', 'This hook allows to modify tax identifiable object forms content by modifying form builder data\n          or FormBuilder itself\n      ', 1),
(202, 'actionManufacturerFormBuilderModifier', 'Modify manufacturer identifiable object form', 'This hook allows to modify manufacturer identifiable object forms content by modifying form\n          builder data or FormBuilder itself\n      ', 1),
(203, 'actionEmployeeFormBuilderModifier', 'Modify employee identifiable object form', 'This hook allows to modify employee identifiable object forms content by modifying form builder\n          data or FormBuilder itself\n      ', 1),
(204, 'actionProfileFormBuilderModifier', 'Modify profile identifiable object form', 'This hook allows to modify profile identifiable object forms content by modifying form builder\n          data or FormBuilder itself\n      ', 1),
(205, 'actionCmsPageFormBuilderModifier', 'Modify cms page identifiable object form', 'This hook allows to modify cms page identifiable object forms content by modifying form builder\n          data or FormBuilder itself\n      ', 1),
(206, 'actionManufacturerAddressFormBuilderModifier', 'Modify manufacturer address identifiable object form', 'This hook allows to modify manufacturer address identifiable object forms content by modifying\n          form builder data or FormBuilder itself\n      ', 1),
(207, 'actionBeforeUpdateSqlRequestFormHandler', 'Modify sql request identifiable object data before updating it', 'This hook allows to modify sql request identifiable object forms data before it was updated\n      ', 1),
(208, 'actionBeforeUpdateCustomerFormHandler', 'Modify customer identifiable object data before updating it', 'This hook allows to modify customer identifiable object forms data before it was updated\n      ', 1),
(209, 'actionBeforeUpdateLanguageFormHandler', 'Modify language identifiable object data before updating it', 'This hook allows to modify language identifiable object forms data before it was updated\n      ', 1),
(210, 'actionBeforeUpdateCurrencyFormHandler', 'Modify currency identifiable object data before updating it', 'This hook allows to modify currency identifiable object forms data before it was updated\n      ', 1),
(211, 'actionBeforeUpdateWebserviceKeyFormHandler', 'Modify webservice key identifiable object data before updating i', 'This hook allows to modify webservice key identifiable object forms data before it was\n          updated\n      ', 1),
(212, 'actionBeforeUpdateMetaFormHandler', 'Modify meta identifiable object data before updating it', 'This hook allows to modify meta identifiable object forms data before it was updated\n      ', 1),
(213, 'actionBeforeUpdateCategoryFormHandler', 'Modify category identifiable object data before updating it', 'This hook allows to modify category identifiable object forms data before it was updated\n      ', 1),
(214, 'actionBeforeUpdateRootCategoryFormHandler', 'Modify root category identifiable object data before updating it', 'This hook allows to modify root category identifiable object forms data before it was updated\n      ', 1),
(215, 'actionBeforeUpdateContactFormHandler', 'Modify contact identifiable object data before updating it', 'This hook allows to modify contact identifiable object forms data before it was updated\n      ', 1),
(216, 'actionBeforeUpdateCmsPageCategoryFormHandler', 'Modify cms page category identifiable object data before updatin', 'This hook allows to modify cms page category identifiable object forms data before it was\n          updated\n      ', 1),
(217, 'actionBeforeUpdateTaxFormHandler', 'Modify tax identifiable object data before updating it', 'This hook allows to modify tax identifiable object forms data before it was updated\n      ', 1),
(218, 'actionBeforeUpdateManufacturerFormHandler', 'Modify manufacturer identifiable object data before updating it', 'This hook allows to modify manufacturer identifiable object forms data before it was updated\n      ', 1),
(219, 'actionBeforeUpdateEmployeeFormHandler', 'Modify employee identifiable object data before updating it', 'This hook allows to modify employee identifiable object forms data before it was updated\n      ', 1),
(220, 'actionBeforeUpdateProfileFormHandler', 'Modify profile identifiable object data before updating it', 'This hook allows to modify profile identifiable object forms data before it was updated\n      ', 1),
(221, 'actionBeforeUpdateCmsPageFormHandler', 'Modify cms page identifiable object data before updating it', 'This hook allows to modify cms page identifiable object forms data before it was updated\n      ', 1),
(222, 'actionBeforeUpdateManufacturerAddressFormHandler', 'Modify manufacturer address identifiable object data before upda', 'This hook allows to modify manufacturer address identifiable object forms data before it was\n          updated\n      ', 1),
(223, 'actionAfterUpdateSqlRequestFormHandler', 'Modify sql request identifiable object data after updating it', 'This hook allows to modify sql request identifiable object forms data after it was updated\n      ', 1),
(224, 'actionAfterUpdateCustomerFormHandler', 'Modify customer identifiable object data after updating it', 'This hook allows to modify customer identifiable object forms data after it was updated\n      ', 1),
(225, 'actionAfterUpdateLanguageFormHandler', 'Modify language identifiable object data after updating it', 'This hook allows to modify language identifiable object forms data after it was updated\n      ', 1),
(226, 'actionAfterUpdateCurrencyFormHandler', 'Modify currency identifiable object data after updating it', 'This hook allows to modify currency identifiable object forms data after it was updated\n      ', 1),
(227, 'actionAfterUpdateWebserviceKeyFormHandler', 'Modify webservice key identifiable object data after updating it', 'This hook allows to modify webservice key identifiable object forms data after it was updated\n      ', 1),
(228, 'actionAfterUpdateMetaFormHandler', 'Modify meta identifiable object data after updating it', 'This hook allows to modify meta identifiable object forms data after it was updated\n      ', 1),
(229, 'actionAfterUpdateCategoryFormHandler', 'Modify category identifiable object data after updating it', 'This hook allows to modify category identifiable object forms data after it was updated\n      ', 1),
(230, 'actionAfterUpdateRootCategoryFormHandler', 'Modify root category identifiable object data after updating it', 'This hook allows to modify root category identifiable object forms data after it was updated\n      ', 1),
(231, 'actionAfterUpdateContactFormHandler', 'Modify contact identifiable object data after updating it', 'This hook allows to modify contact identifiable object forms data after it was updated\n      ', 1),
(232, 'actionAfterUpdateCmsPageCategoryFormHandler', 'Modify cms page category identifiable object data after updating', 'This hook allows to modify cms page category identifiable object forms data after it was\n          updated\n      ', 1),
(233, 'actionAfterUpdateTaxFormHandler', 'Modify tax identifiable object data after updating it', 'This hook allows to modify tax identifiable object forms data after it was updated\n      ', 1),
(234, 'actionAfterUpdateManufacturerFormHandler', 'Modify manufacturer identifiable object data after updating it', 'This hook allows to modify manufacturer identifiable object forms data after it was updated\n      ', 1),
(235, 'actionAfterUpdateEmployeeFormHandler', 'Modify employee identifiable object data after updating it', 'This hook allows to modify employee identifiable object forms data after it was updated\n      ', 1),
(236, 'actionAfterUpdateProfileFormHandler', 'Modify profile identifiable object data after updating it', 'This hook allows to modify profile identifiable object forms data after it was updated\n      ', 1),
(237, 'actionAfterUpdateCmsPageFormHandler', 'Modify cms page identifiable object data after updating it', 'This hook allows to modify cms page identifiable object forms data after it was updated\n      ', 1),
(238, 'actionAfterUpdateManufacturerAddressFormHandler', 'Modify manufacturer address identifiable object data after updat', 'This hook allows to modify manufacturer address identifiable object forms data after it was\n          updated\n      ', 1),
(239, 'actionBeforeCreateSqlRequestFormHandler', 'Modify sql request identifiable object data before creating it', 'This hook allows to modify sql request identifiable object forms data before it was created\n      ', 1),
(240, 'actionBeforeCreateCustomerFormHandler', 'Modify customer identifiable object data before creating it', 'This hook allows to modify customer identifiable object forms data before it was created\n      ', 1),
(241, 'actionBeforeCreateLanguageFormHandler', 'Modify language identifiable object data before creating it', 'This hook allows to modify language identifiable object forms data before it was created\n      ', 1),
(242, 'actionBeforeCreateCurrencyFormHandler', 'Modify currency identifiable object data before creating it', 'This hook allows to modify currency identifiable object forms data before it was created\n      ', 1),
(243, 'actionBeforeCreateWebserviceKeyFormHandler', 'Modify webservice key identifiable object data before creating i', 'This hook allows to modify webservice key identifiable object forms data before it was\n          created\n      ', 1),
(244, 'actionBeforeCreateMetaFormHandler', 'Modify meta identifiable object data before creating it', 'This hook allows to modify meta identifiable object forms data before it was created\n      ', 1),
(245, 'actionBeforeCreateCategoryFormHandler', 'Modify category identifiable object data before creating it', 'This hook allows to modify category identifiable object forms data before it was created\n      ', 1),
(246, 'actionBeforeCreateRootCategoryFormHandler', 'Modify root category identifiable object data before creating it', 'This hook allows to modify root category identifiable object forms data before it was created\n      ', 1),
(247, 'actionBeforeCreateContactFormHandler', 'Modify contact identifiable object data before creating it', 'This hook allows to modify contact identifiable object forms data before it was created\n      ', 1),
(248, 'actionBeforeCreateCmsPageCategoryFormHandler', 'Modify cms page category identifiable object data before creatin', 'This hook allows to modify cms page category identifiable object forms data before it was\n          created\n      ', 1),
(249, 'actionBeforeCreateTaxFormHandler', 'Modify tax identifiable object data before creating it', 'This hook allows to modify tax identifiable object forms data before it was created\n      ', 1),
(250, 'actionBeforeCreateManufacturerFormHandler', 'Modify manufacturer identifiable object data before creating it', 'This hook allows to modify manufacturer identifiable object forms data before it was created\n      ', 1),
(251, 'actionBeforeCreateEmployeeFormHandler', 'Modify employee identifiable object data before creating it', 'This hook allows to modify employee identifiable object forms data before it was created\n      ', 1),
(252, 'actionBeforeCreateProfileFormHandler', 'Modify profile identifiable object data before creating it', 'This hook allows to modify profile identifiable object forms data before it was created\n      ', 1),
(253, 'actionBeforeCreateCmsPageFormHandler', 'Modify cms page identifiable object data before creating it', 'This hook allows to modify cms page identifiable object forms data before it was created\n      ', 1),
(254, 'actionBeforeCreateManufacturerAddressFormHandler', 'Modify manufacturer address identifiable object data before crea', 'This hook allows to modify manufacturer address identifiable object forms data before it was\n          created\n      ', 1),
(255, 'actionAfterCreateSqlRequestFormHandler', 'Modify sql request identifiable object data after creating it', 'This hook allows to modify sql request identifiable object forms data after it was created\n      ', 1),
(256, 'actionAfterCreateCustomerFormHandler', 'Modify customer identifiable object data after creating it', 'This hook allows to modify customer identifiable object forms data after it was created\n      ', 1),
(257, 'actionAfterCreateLanguageFormHandler', 'Modify language identifiable object data after creating it', 'This hook allows to modify language identifiable object forms data after it was created\n      ', 1),
(258, 'actionAfterCreateCurrencyFormHandler', 'Modify currency identifiable object data after creating it', 'This hook allows to modify currency identifiable object forms data after it was created\n      ', 1),
(259, 'actionAfterCreateWebserviceKeyFormHandler', 'Modify webservice key identifiable object data after creating it', 'This hook allows to modify webservice key identifiable object forms data after it was created\n      ', 1),
(260, 'actionAfterCreateMetaFormHandler', 'Modify meta identifiable object data after creating it', 'This hook allows to modify meta identifiable object forms data after it was created\n      ', 1),
(261, 'actionAfterCreateCategoryFormHandler', 'Modify category identifiable object data after creating it', 'This hook allows to modify category identifiable object forms data after it was created\n      ', 1),
(262, 'actionAfterCreateRootCategoryFormHandler', 'Modify root category identifiable object data after creating it', 'This hook allows to modify root category identifiable object forms data after it was created\n      ', 1),
(263, 'actionAfterCreateContactFormHandler', 'Modify contact identifiable object data after creating it', 'This hook allows to modify contact identifiable object forms data after it was created\n      ', 1),
(264, 'actionAfterCreateCmsPageCategoryFormHandler', 'Modify cms page category identifiable object data after creating', 'This hook allows to modify cms page category identifiable object forms data after it was\n          created\n      ', 1),
(265, 'actionAfterCreateTaxFormHandler', 'Modify tax identifiable object data after creating it', 'This hook allows to modify tax identifiable object forms data after it was created\n      ', 1),
(266, 'actionAfterCreateManufacturerFormHandler', 'Modify manufacturer identifiable object data after creating it', 'This hook allows to modify manufacturer identifiable object forms data after it was created\n      ', 1),
(267, 'actionAfterCreateEmployeeFormHandler', 'Modify employee identifiable object data after creating it', 'This hook allows to modify employee identifiable object forms data after it was created\n      ', 1),
(268, 'actionAfterCreateProfileFormHandler', 'Modify profile identifiable object data after creating it', 'This hook allows to modify profile identifiable object forms data after it was created\n      ', 1),
(269, 'actionAfterCreateCmsPageFormHandler', 'Modify cms page identifiable object data after creating it', 'This hook allows to modify cms page identifiable object forms data after it was created\n      ', 1),
(270, 'actionAfterCreateManufacturerAddressFormHandler', 'Modify manufacturer address identifiable object data after creat', 'This hook allows to modify manufacturer address identifiable object forms data after it was\n          created\n      ', 1),
(271, 'actionShippingPreferencesPageForm', 'Modify shipping preferences page options form content', 'This hook allows to modify shipping preferences page options form FormBuilder', 1),
(272, 'actionOrdersInvoicesByDateForm', 'Modify orders invoices by date options form content', 'This hook allows to modify orders invoices by date options form FormBuilder', 1),
(273, 'actionOrdersInvoicesByStatusForm', 'Modify orders invoices by status options form content', 'This hook allows to modify orders invoices by status options form FormBuilder', 1),
(274, 'actionOrdersInvoicesOptionsForm', 'Modify orders invoices options options form content', 'This hook allows to modify orders invoices options options form FormBuilder', 1),
(275, 'actionCustomerPreferencesPageForm', 'Modify customer preferences page options form content', 'This hook allows to modify customer preferences page options form FormBuilder', 1),
(276, 'actionOrderPreferencesPageForm', 'Modify order preferences page options form content', 'This hook allows to modify order preferences page options form FormBuilder', 1),
(277, 'actionProductPreferencesPageForm', 'Modify product preferences page options form content', 'This hook allows to modify product preferences page options form FormBuilder', 1),
(278, 'actionGeneralPageForm', 'Modify general page options form content', 'This hook allows to modify general page options form FormBuilder', 1),
(279, 'actionLogsPageForm', 'Modify logs page options form content', 'This hook allows to modify logs page options form FormBuilder', 1),
(280, 'actionOrderDeliverySlipOptionsForm', 'Modify order delivery slip options options form content', 'This hook allows to modify order delivery slip options options form FormBuilder', 1),
(281, 'actionOrderDeliverySlipPdfForm', 'Modify order delivery slip pdf options form content', 'This hook allows to modify order delivery slip pdf options form FormBuilder', 1),
(282, 'actionGeolocationPageForm', 'Modify geolocation page options form content', 'This hook allows to modify geolocation page options form FormBuilder', 1),
(283, 'actionLocalizationPageForm', 'Modify localization page options form content', 'This hook allows to modify localization page options form FormBuilder', 1),
(284, 'actionPaymentPreferencesForm', 'Modify payment preferences options form content', 'This hook allows to modify payment preferences options form FormBuilder', 1),
(285, 'actionEmailConfigurationForm', 'Modify email configuration options form content', 'This hook allows to modify email configuration options form FormBuilder', 1),
(286, 'actionRequestSqlForm', 'Modify request sql options form content', 'This hook allows to modify request sql options form FormBuilder', 1),
(287, 'actionBackupForm', 'Modify backup options form content', 'This hook allows to modify backup options form FormBuilder', 1),
(288, 'actionWebservicePageForm', 'Modify webservice page options form content', 'This hook allows to modify webservice page options form FormBuilder', 1),
(289, 'actionMetaPageForm', 'Modify meta page options form content', 'This hook allows to modify meta page options form FormBuilder', 1),
(290, 'actionEmployeeForm', 'Modify employee options form content', 'This hook allows to modify employee options form FormBuilder', 1),
(291, 'actionCurrencyForm', 'Modify currency options form content', 'This hook allows to modify currency options form FormBuilder', 1),
(292, 'actionShopLogoForm', 'Modify shop logo options form content', 'This hook allows to modify shop logo options form FormBuilder', 1),
(293, 'actionTaxForm', 'Modify tax options form content', 'This hook allows to modify tax options form FormBuilder', 1),
(294, 'actionMailThemeForm', 'Modify mail theme options form content', 'This hook allows to modify mail theme options form FormBuilder', 1),
(295, 'actionPerformancePageSave', 'Modify performance page options form saved data', 'This hook allows to modify data of performance page options form after it was saved\n      ', 1),
(296, 'actionMaintenancePageSave', 'Modify maintenance page options form saved data', 'This hook allows to modify data of maintenance page options form after it was saved\n      ', 1),
(297, 'actionAdministrationPageSave', 'Modify administration page options form saved data', 'This hook allows to modify data of administration page options form after it was saved\n      ', 1),
(298, 'actionShippingPreferencesPageSave', 'Modify shipping preferences page options form saved data', 'This hook allows to modify data of shipping preferences page options form after it was saved\n      ', 1),
(299, 'actionOrdersInvoicesByDateSave', 'Modify orders invoices by date options form saved data', 'This hook allows to modify data of orders invoices by date options form after it was saved\n      ', 1),
(300, 'actionOrdersInvoicesByStatusSave', 'Modify orders invoices by status options form saved data', 'This hook allows to modify data of orders invoices by status options form after it was saved\n      ', 1),
(301, 'actionOrdersInvoicesOptionsSave', 'Modify orders invoices options options form saved data', 'This hook allows to modify data of orders invoices options options form after it was saved\n      ', 1),
(302, 'actionCustomerPreferencesPageSave', 'Modify customer preferences page options form saved data', 'This hook allows to modify data of customer preferences page options form after it was saved\n      ', 1),
(303, 'actionOrderPreferencesPageSave', 'Modify order preferences page options form saved data', 'This hook allows to modify data of order preferences page options form after it was saved\n      ', 1),
(304, 'actionProductPreferencesPageSave', 'Modify product preferences page options form saved data', 'This hook allows to modify data of product preferences page options form after it was saved\n      ', 1),
(305, 'actionGeneralPageSave', 'Modify general page options form saved data', 'This hook allows to modify data of general page options form after it was saved', 1),
(306, 'actionLogsPageSave', 'Modify logs page options form saved data', 'This hook allows to modify data of logs page options form after it was saved', 1),
(307, 'actionOrderDeliverySlipOptionsSave', 'Modify order delivery slip options options form saved data', 'This hook allows to modify data of order delivery slip options options form after it was\n          saved\n      ', 1);
INSERT INTO `pr_hook` (`id_hook`, `name`, `title`, `description`, `position`) VALUES
(308, 'actionOrderDeliverySlipPdfSave', 'Modify order delivery slip pdf options form saved data', 'This hook allows to modify data of order delivery slip pdf options form after it was saved\n      ', 1),
(309, 'actionGeolocationPageSave', 'Modify geolocation page options form saved data', 'This hook allows to modify data of geolocation page options form after it was saved\n      ', 1),
(310, 'actionLocalizationPageSave', 'Modify localization page options form saved data', 'This hook allows to modify data of localization page options form after it was saved\n      ', 1),
(311, 'actionPaymentPreferencesSave', 'Modify payment preferences options form saved data', 'This hook allows to modify data of payment preferences options form after it was saved\n      ', 1),
(312, 'actionEmailConfigurationSave', 'Modify email configuration options form saved data', 'This hook allows to modify data of email configuration options form after it was saved\n      ', 1),
(313, 'actionRequestSqlSave', 'Modify request sql options form saved data', 'This hook allows to modify data of request sql options form after it was saved', 1),
(314, 'actionBackupSave', 'Modify backup options form saved data', 'This hook allows to modify data of backup options form after it was saved', 1),
(315, 'actionWebservicePageSave', 'Modify webservice page options form saved data', 'This hook allows to modify data of webservice page options form after it was saved\n      ', 1),
(316, 'actionMetaPageSave', 'Modify meta page options form saved data', 'This hook allows to modify data of meta page options form after it was saved', 1),
(317, 'actionEmployeeSave', 'Modify employee options form saved data', 'This hook allows to modify data of employee options form after it was saved', 1),
(318, 'actionCurrencySave', 'Modify currency options form saved data', 'This hook allows to modify data of currency options form after it was saved', 1),
(319, 'actionShopLogoSave', 'Modify shop logo options form saved data', 'This hook allows to modify data of shop logo options form after it was saved', 1),
(320, 'actionTaxSave', 'Modify tax options form saved data', 'This hook allows to modify data of tax options form after it was saved', 1),
(321, 'actionMailThemeSave', 'Modify mail theme options form saved data', 'This hook allows to modify data of mail theme options form after it was saved', 1),
(322, 'actionCategoryGridDefinitionModifier', 'Modify category grid definition', 'This hook allows to alter category grid columns, actions and filters', 1),
(323, 'actionEmployeeGridDefinitionModifier', 'Modify employee grid definition', 'This hook allows to alter employee grid columns, actions and filters', 1),
(324, 'actionContactGridDefinitionModifier', 'Modify contact grid definition', 'This hook allows to alter contact grid columns, actions and filters', 1),
(325, 'actionCustomerGridDefinitionModifier', 'Modify customer grid definition', 'This hook allows to alter customer grid columns, actions and filters', 1),
(326, 'actionLanguageGridDefinitionModifier', 'Modify language grid definition', 'This hook allows to alter language grid columns, actions and filters', 1),
(327, 'actionCurrencyGridDefinitionModifier', 'Modify currency grid definition', 'This hook allows to alter currency grid columns, actions and filters', 1),
(328, 'actionSupplierGridDefinitionModifier', 'Modify supplier grid definition', 'This hook allows to alter supplier grid columns, actions and filters', 1),
(329, 'actionProfileGridDefinitionModifier', 'Modify profile grid definition', 'This hook allows to alter profile grid columns, actions and filters', 1),
(330, 'actionCmsPageCategoryGridDefinitionModifier', 'Modify cms page category grid definition', 'This hook allows to alter cms page category grid columns, actions and filters', 1),
(331, 'actionTaxGridDefinitionModifier', 'Modify tax grid definition', 'This hook allows to alter tax grid columns, actions and filters', 1),
(332, 'actionManufacturerGridDefinitionModifier', 'Modify manufacturer grid definition', 'This hook allows to alter manufacturer grid columns, actions and filters', 1),
(333, 'actionManufacturerAddressGridDefinitionModifier', 'Modify manufacturer address grid definition', 'This hook allows to alter manufacturer address grid columns, actions and filters', 1),
(334, 'actionCmsPageGridDefinitionModifier', 'Modify cms page grid definition', 'This hook allows to alter cms page grid columns, actions and filters', 1),
(335, 'actionBackupGridQueryBuilderModifier', 'Modify backup grid query builder', 'This hook allows to alter Doctrine query builder for backup grid', 1),
(336, 'actionCategoryGridQueryBuilderModifier', 'Modify category grid query builder', 'This hook allows to alter Doctrine query builder for category grid', 1),
(337, 'actionEmployeeGridQueryBuilderModifier', 'Modify employee grid query builder', 'This hook allows to alter Doctrine query builder for employee grid', 1),
(338, 'actionContactGridQueryBuilderModifier', 'Modify contact grid query builder', 'This hook allows to alter Doctrine query builder for contact grid', 1),
(339, 'actionCustomerGridQueryBuilderModifier', 'Modify customer grid query builder', 'This hook allows to alter Doctrine query builder for customer grid', 1),
(340, 'actionLanguageGridQueryBuilderModifier', 'Modify language grid query builder', 'This hook allows to alter Doctrine query builder for language grid', 1),
(341, 'actionCurrencyGridQueryBuilderModifier', 'Modify currency grid query builder', 'This hook allows to alter Doctrine query builder for currency grid', 1),
(342, 'actionSupplierGridQueryBuilderModifier', 'Modify supplier grid query builder', 'This hook allows to alter Doctrine query builder for supplier grid', 1),
(343, 'actionProfileGridQueryBuilderModifier', 'Modify profile grid query builder', 'This hook allows to alter Doctrine query builder for profile grid', 1),
(344, 'actionCmsPageCategoryGridQueryBuilderModifier', 'Modify cms page category grid query builder', 'This hook allows to alter Doctrine query builder for cms page category grid', 1),
(345, 'actionTaxGridQueryBuilderModifier', 'Modify tax grid query builder', 'This hook allows to alter Doctrine query builder for tax grid', 1),
(346, 'actionManufacturerGridQueryBuilderModifier', 'Modify manufacturer grid query builder', 'This hook allows to alter Doctrine query builder for manufacturer grid', 1),
(347, 'actionManufacturerAddressGridQueryBuilderModifier', 'Modify manufacturer address grid query builder', 'This hook allows to alter Doctrine query builder for manufacturer address grid', 1),
(348, 'actionCmsPageGridQueryBuilderModifier', 'Modify cms page grid query builder', 'This hook allows to alter Doctrine query builder for cms page grid', 1),
(349, 'actionLogsGridDataModifier', 'Modify logs grid data', 'This hook allows to modify logs grid data', 1),
(350, 'actionEmailLogsGridDataModifier', 'Modify email logs grid data', 'This hook allows to modify email logs grid data', 1),
(351, 'actionSqlRequestGridDataModifier', 'Modify sql request grid data', 'This hook allows to modify sql request grid data', 1),
(352, 'actionBackupGridDataModifier', 'Modify backup grid data', 'This hook allows to modify backup grid data', 1),
(353, 'actionWebserviceKeyGridDataModifier', 'Modify webservice key grid data', 'This hook allows to modify webservice key grid data', 1),
(354, 'actionMetaGridDataModifier', 'Modify meta grid data', 'This hook allows to modify meta grid data', 1),
(355, 'actionCategoryGridDataModifier', 'Modify category grid data', 'This hook allows to modify category grid data', 1),
(356, 'actionEmployeeGridDataModifier', 'Modify employee grid data', 'This hook allows to modify employee grid data', 1),
(357, 'actionContactGridDataModifier', 'Modify contact grid data', 'This hook allows to modify contact grid data', 1),
(358, 'actionCustomerGridDataModifier', 'Modify customer grid data', 'This hook allows to modify customer grid data', 1),
(359, 'actionLanguageGridDataModifier', 'Modify language grid data', 'This hook allows to modify language grid data', 1),
(360, 'actionCurrencyGridDataModifier', 'Modify currency grid data', 'This hook allows to modify currency grid data', 1),
(361, 'actionSupplierGridDataModifier', 'Modify supplier grid data', 'This hook allows to modify supplier grid data', 1),
(362, 'actionProfileGridDataModifier', 'Modify profile grid data', 'This hook allows to modify profile grid data', 1),
(363, 'actionCmsPageCategoryGridDataModifier', 'Modify cms page category grid data', 'This hook allows to modify cms page category grid data', 1),
(364, 'actionTaxGridDataModifier', 'Modify tax grid data', 'This hook allows to modify tax grid data', 1),
(365, 'actionManufacturerGridDataModifier', 'Modify manufacturer grid data', 'This hook allows to modify manufacturer grid data', 1),
(366, 'actionManufacturerAddressGridDataModifier', 'Modify manufacturer address grid data', 'This hook allows to modify manufacturer address grid data', 1),
(367, 'actionCmsPageGridDataModifier', 'Modify cms page grid data', 'This hook allows to modify cms page grid data', 1),
(368, 'actionCategoryGridFilterFormModifier', 'Modify category grid filters', 'This hook allows to modify filters for category grid', 1),
(369, 'actionEmployeeGridFilterFormModifier', 'Modify employee grid filters', 'This hook allows to modify filters for employee grid', 1),
(370, 'actionContactGridFilterFormModifier', 'Modify contact grid filters', 'This hook allows to modify filters for contact grid', 1),
(371, 'actionCustomerGridFilterFormModifier', 'Modify customer grid filters', 'This hook allows to modify filters for customer grid', 1),
(372, 'actionLanguageGridFilterFormModifier', 'Modify language grid filters', 'This hook allows to modify filters for language grid', 1),
(373, 'actionCurrencyGridFilterFormModifier', 'Modify currency grid filters', 'This hook allows to modify filters for currency grid', 1),
(374, 'actionSupplierGridFilterFormModifier', 'Modify supplier grid filters', 'This hook allows to modify filters for supplier grid', 1),
(375, 'actionProfileGridFilterFormModifier', 'Modify profile grid filters', 'This hook allows to modify filters for profile grid', 1),
(376, 'actionCmsPageCategoryGridFilterFormModifier', 'Modify cms page category grid filters', 'This hook allows to modify filters for cms page category grid', 1),
(377, 'actionTaxGridFilterFormModifier', 'Modify tax grid filters', 'This hook allows to modify filters for tax grid', 1),
(378, 'actionManufacturerGridFilterFormModifier', 'Modify manufacturer grid filters', 'This hook allows to modify filters for manufacturer grid', 1),
(379, 'actionManufacturerAddressGridFilterFormModifier', 'Modify manufacturer address grid filters', 'This hook allows to modify filters for manufacturer address grid', 1),
(380, 'actionCmsPageGridFilterFormModifier', 'Modify cms page grid filters', 'This hook allows to modify filters for cms page grid', 1),
(381, 'actionCategoryGridPresenterModifier', 'Modify category grid template data', 'This hook allows to modify data which is about to be used in template for category grid\n      ', 1),
(382, 'actionEmployeeGridPresenterModifier', 'Modify employee grid template data', 'This hook allows to modify data which is about to be used in template for employee grid\n      ', 1),
(383, 'actionContactGridPresenterModifier', 'Modify contact grid template data', 'This hook allows to modify data which is about to be used in template for contact grid\n      ', 1),
(384, 'actionCustomerGridPresenterModifier', 'Modify customer grid template data', 'This hook allows to modify data which is about to be used in template for customer grid\n      ', 1),
(385, 'actionLanguageGridPresenterModifier', 'Modify language grid template data', 'This hook allows to modify data which is about to be used in template for language grid\n      ', 1),
(386, 'actionCurrencyGridPresenterModifier', 'Modify currency grid template data', 'This hook allows to modify data which is about to be used in template for currency grid\n      ', 1),
(387, 'actionSupplierGridPresenterModifier', 'Modify supplier grid template data', 'This hook allows to modify data which is about to be used in template for supplier grid\n      ', 1),
(388, 'actionProfileGridPresenterModifier', 'Modify profile grid template data', 'This hook allows to modify data which is about to be used in template for profile grid\n      ', 1),
(389, 'actionCmsPageCategoryGridPresenterModifier', 'Modify cms page category grid template data', 'This hook allows to modify data which is about to be used in template for cms page category\n          grid\n      ', 1),
(390, 'actionTaxGridPresenterModifier', 'Modify tax grid template data', 'This hook allows to modify data which is about to be used in template for tax grid\n      ', 1),
(391, 'actionManufacturerGridPresenterModifier', 'Modify manufacturer grid template data', 'This hook allows to modify data which is about to be used in template for manufacturer grid\n      ', 1),
(392, 'actionManufacturerAddressGridPresenterModifier', 'Modify manufacturer address grid template data', 'This hook allows to modify data which is about to be used in template for manufacturer address\n          grid\n      ', 1),
(393, 'actionCmsPageGridPresenterModifier', 'Modify cms page grid template data', 'This hook allows to modify data which is about to be used in template for cms page grid\n      ', 1),
(394, 'registerGDPRConsent', 'registerGDPRConsent', '', 1),
(395, 'dashboardZoneOne', 'dashboardZoneOne', '', 1),
(396, 'dashboardData', 'dashboardData', '', 1),
(397, 'actionObjectOrderAddAfter', 'actionObjectOrderAddAfter', '', 1),
(398, 'actionObjectCustomerAddAfter', 'actionObjectCustomerAddAfter', '', 1),
(399, 'actionObjectCustomerMessageAddAfter', 'actionObjectCustomerMessageAddAfter', '', 1),
(400, 'actionObjectCustomerThreadAddAfter', 'actionObjectCustomerThreadAddAfter', '', 1),
(401, 'actionObjectOrderReturnAddAfter', 'actionObjectOrderReturnAddAfter', '', 1),
(402, 'actionAdminControllerSetMedia', 'actionAdminControllerSetMedia', '', 1),
(403, 'dashboardZoneTwo', 'dashboardZoneTwo', '', 1),
(404, 'actionSearch', 'actionSearch', '', 1),
(406, 'actionObjectLanguageAddAfter', 'actionObjectLanguageAddAfter', '', 1),
(407, 'paymentOptions', 'paymentOptions', '', 1),
(408, 'displayNav1', 'displayNav1', '', 1),
(409, 'actionAdminStoresControllerUpdate_optionsAfter', 'actionAdminStoresControllerUpdate_optionsAfter', '', 1),
(410, 'actionAdminCurrenciesControllerSaveAfter', 'actionAdminCurrenciesControllerSaveAfter', '', 1),
(411, 'actionModuleRegisterHookAfter', 'actionModuleRegisterHookAfter', '', 1),
(412, 'actionModuleUnRegisterHookAfter', 'actionModuleUnRegisterHookAfter', '', 1),
(413, 'actionShopDataDuplication', 'actionShopDataDuplication', '', 1),
(414, 'displayFooterBefore', 'displayFooterBefore', '', 1),
(415, 'displayAdminCustomersForm', 'displayAdminCustomersForm', '', 1),
(416, 'actionDeleteGDPRCustomer', 'actionDeleteGDPRCustomer', '', 1),
(417, 'actionExportGDPRData', 'actionExportGDPRData', '', 1),
(418, 'productSearchProvider', 'productSearchProvider', '', 1),
(419, 'displayOrderConfirmation2', 'displayOrderConfirmation2', '', 1),
(420, 'displayCrossSellingShoppingCart', 'displayCrossSellingShoppingCart', '', 1),
(421, 'actionAdminGroupsControllerSaveAfter', 'actionAdminGroupsControllerSaveAfter', '', 1),
(422, 'actionObjectCategoryUpdateAfter', 'actionObjectCategoryUpdateAfter', '', 1),
(423, 'actionObjectCategoryDeleteAfter', 'actionObjectCategoryDeleteAfter', '', 1),
(424, 'actionObjectCategoryAddAfter', 'actionObjectCategoryAddAfter', '', 1),
(425, 'actionObjectCmsUpdateAfter', 'actionObjectCmsUpdateAfter', '', 1),
(426, 'actionObjectCmsDeleteAfter', 'actionObjectCmsDeleteAfter', '', 1),
(427, 'actionObjectCmsAddAfter', 'actionObjectCmsAddAfter', '', 1),
(428, 'actionObjectSupplierUpdateAfter', 'actionObjectSupplierUpdateAfter', '', 1),
(429, 'actionObjectSupplierDeleteAfter', 'actionObjectSupplierDeleteAfter', '', 1),
(430, 'actionObjectSupplierAddAfter', 'actionObjectSupplierAddAfter', '', 1),
(431, 'actionObjectManufacturerUpdateAfter', 'actionObjectManufacturerUpdateAfter', '', 1),
(432, 'actionObjectManufacturerDeleteAfter', 'actionObjectManufacturerDeleteAfter', '', 1),
(433, 'actionObjectManufacturerAddAfter', 'actionObjectManufacturerAddAfter', '', 1),
(434, 'actionObjectProductUpdateAfter', 'actionObjectProductUpdateAfter', '', 1),
(435, 'actionObjectProductDeleteAfter', 'actionObjectProductDeleteAfter', '', 1),
(436, 'actionObjectProductAddAfter', 'actionObjectProductAddAfter', '', 1),
(437, 'displaySearch', 'displaySearch', '', 1),
(438, 'displayAdminNavBarBeforeEnd', 'displayAdminNavBarBeforeEnd', '', 1),
(439, 'displayAdminAfterHeader', 'displayAdminAfterHeader', '', 1),
(440, 'displayGDPRConsent', 'displayGDPRConsent', '', 1),
(441, 'displayNav2', '', '', 1),
(442, 'displayReassurance', '', '', 1),
(443, 'payment', 'payment', '', 1),
(444, 'actionAdminMetaControllerUpdate_optionsAfter', 'actionAdminMetaControllerUpdate_optionsAfter', '', 1),
(445, 'actionAdminPerformanceControllerSaveAfter', 'actionAdminPerformanceControllerSaveAfter', '', 1),
(446, 'actionObjectCarrierAddAfter', 'actionObjectCarrierAddAfter', '', 1),
(447, 'actionObjectContactAddAfter', 'actionObjectContactAddAfter', '', 1),
(448, 'actionAdminThemesControllerUpdate_optionsAfter', 'actionAdminThemesControllerUpdate_optionsAfter', '', 1),
(449, 'actionObjectShopUpdateAfter', 'actionObjectShopUpdateAfter', '', 1),
(450, 'actionAdminPreferencesControllerUpdate_optionsAfter', 'actionAdminPreferencesControllerUpdate_optionsAfter', '', 1),
(451, 'actionObjectShopAddAfter', 'actionObjectShopAddAfter', '', 1),
(452, 'actionObjectShopGroupAddAfter', 'actionObjectShopGroupAddAfter', '', 1),
(453, 'actionObjectCartAddAfter', 'actionObjectCartAddAfter', '', 1),
(454, 'actionObjectEmployeeAddAfter', 'actionObjectEmployeeAddAfter', '', 1),
(455, 'actionObjectImageAddAfter', 'actionObjectImageAddAfter', '', 1),
(456, 'actionObjectCartRuleAddAfter', 'actionObjectCartRuleAddAfter', '', 1),
(457, 'actionAdminStoresControllerSaveAfter', 'actionAdminStoresControllerSaveAfter', '', 1),
(458, 'actionAdminWebserviceControllerSaveAfter', 'actionAdminWebserviceControllerSaveAfter', '', 1),
(459, 'actionContactFormSubmitCaptcha', 'actionContactFormSubmitCaptcha', '', 1),
(460, 'actionContactFormSubmitBefore', 'actionContactFormSubmitBefore', '', 1),
(461, 'moduleRoutes', 'moduleRoutes', '', 1),
(462, 'displayMobileHeader', 'displayMobileHeader', '', 1),
(463, 'displayProductListReviews', 'displayProductListReviews', '', 1),
(464, 'displayProductComparison', 'displayProductComparison', '', 1),
(465, 'datakickExtend', 'datakickExtend', '', 1),
(466, 'actionRegisterKronaAction', 'actionRegisterKronaAction', '', 1),
(467, 'displayRevwsReview', 'displayRevwsReview', '', 1),
(468, 'displayRevwsReviewList', 'displayRevwsReviewList', '', 1),
(469, 'displayRevwsAverageRating', 'displayRevwsAverageRating', '', 1),
(470, 'actionGetConseqsTriggers', 'actionGetConseqsTriggers', '', 1),
(471, 'actionCartUpdateQuantityBefore', 'actionCartUpdateQuantityBefore', '', 1),
(472, 'displayAdminCartsView', 'displayAdminCartsView', '', 1),
(473, 'displayAdminProductsExtra', 'displayAdminProductsExtra', '', 1),
(474, 'displayPayment', 'displayPayment', '', 1),
(475, 'actionFeatureFormBuilderModifier', 'actionFeatureFormBuilderModifier', '', 1),
(476, 'actionAfterCreateFeatureFormHandler', 'actionAfterCreateFeatureFormHandler', '', 1),
(477, 'actionAfterUpdateFeatureFormHandler', 'actionAfterUpdateFeatureFormHandler', '', 1),
(478, 'actionObjectSpecificPriceRuleUpdateBefore', 'actionObjectSpecificPriceRuleUpdateBefore', '', 1),
(479, 'actionAdminSpecificPriceRuleControllerSaveAfter', 'actionAdminSpecificPriceRuleControllerSaveAfter', '', 1),
(480, 'actionFrontControllerSetMedia', 'actionFrontControllerSetMedia', '', 1),
(481, 'displayExpressCheckout', 'displayExpressCheckout', '', 1),
(482, 'actionValidateStepComplete', 'actionValidateStepComplete', '', 1),
(483, 'displayBackOfficeOrderActions', 'displayBackOfficeOrderActions', '', 1),
(484, 'gSitemapAppendUrls', 'GSitemap Append URLs', 'This hook allows a module to add URLs to a generated sitemap', 1),
(485, 'displayFooterAfter', 'displayFooterAfter', '', 1),
(486, 'productTab', 'productTab', '', 1),
(487, 'productTabContent', 'productTabContent', '', 1),
(488, 'displayBanner', 'displayBanner', '', 1),
(489, 'actionObjectCustomerUpdateBefore', 'actionObjectCustomerUpdateBefore', '', 1),
(490, 'actionObjectSpecificPriceCoreDeleteAfter', 'actionObjectSpecificPriceCoreDeleteAfter', '', 1),
(491, 'actionObjectSpecificPriceCoreAddAfter', 'actionObjectSpecificPriceCoreAddAfter', '', 1),
(492, 'actionObjectSpecificPriceCoreUpdateAfter', 'actionObjectSpecificPriceCoreUpdateAfter', '', 1),
(493, 'displayAdminOrderTop', 'Admin Order Top', 'This hook displays content at the top of the order view page', 1),
(494, 'displayAdminOrderSide', 'Admin Order Side Column', 'This hook displays content in the order view page in the side column under the customer view', 1),
(495, 'displayAdminOrderSideBottom', 'Admin Order Side Column Bottom', 'This hook displays content in the order view page at the bottom of the side column', 1),
(496, 'displayAdminOrderMain', 'Admin Order Main Column', 'This hook displays content in the order view page in the main column under the details view', 1),
(497, 'displayAdminOrderMainBottom', 'Admin Order Main Column Bottom', 'This hook displays content in the order view page at the bottom of the main column', 1),
(498, 'displayAdminOrderTabLink', 'Admin Order Tab Link', 'This hook displays new tab links on the order view page', 1),
(499, 'displayAdminOrderTabContent', 'Admin Order Tab Content', 'This hook displays new tab contents on the order view page', 1),
(500, 'actionGetAdminOrderButtons', 'Admin Order Buttons', 'This hook is used to generate the buttons collection on the order view page (see ActionsBarButtonsCollection)', 1),
(501, 'displayFooterCategory', 'Category footer', 'This hook adds new blocks under the products listing in a category/search', 1),
(502, 'actionAdminAdminPreferencesControllerPostProcessBefore', 'On post-process in Admin Preferences', 'This hook is called on Admin Preferences post-process before processing the form', 1),
(503, 'displayAdditionalCustomerAddressFields', 'Display additional customer address fields', 'This hook allows to display extra field values added in an address form using hook \'additionalCustomerAddressFields\'', 1),
(504, 'actionFrontControllerInitBefore', 'Perform actions before front office controller initialization', 'This hook is launched before the initialization of all front office controllers', 1),
(505, 'actionFrontControllerInitAfter', 'Perform actions after front office controller initialization', 'This hook is launched after the initialization of all front office controllers', 1),
(506, 'actionAdminControllerInitAfter', 'Perform actions after admin controller initialization', 'This hook is launched after the initialization of all admin controllers', 1),
(507, 'actionAdminControllerInitBefore', 'Perform actions before admin controller initialization', 'This hook is launched before the initialization of all admin controllers', 1),
(508, 'actionControllerInitAfter', 'Perform actions after controller initialization', 'This hook is launched after the initialization of all controllers', 1),
(509, 'actionControllerInitBefore', 'Perform actions before controller initialization', 'This hook is launched before the initialization of all controllers', 1),
(510, 'actionAdminLoginControllerBefore', 'Perform actions before admin login controller initialization', 'This hook is launched before the initialization of the login controller', 1),
(511, 'actionAdminLoginControllerLoginBefore', 'Perform actions before admin login controller login action initialization', 'This hook is launched before the initialization of the login action in login controller', 1),
(512, 'actionAdminLoginControllerLoginAfter', 'Perform actions after admin login controller login action initialization', 'This hook is launched after the initialization of the login action in login controller', 1),
(513, 'actionAdminLoginControllerForgotBefore', 'Perform actions before admin login controller forgot action initialization', 'This hook is launched before the initialization of the forgot action in login controller', 1),
(514, 'actionAdminLoginControllerForgotAfter', 'Perform actions after admin login controller forgot action initialization', 'This hook is launched after the initialization of the forgot action in login controller', 1),
(515, 'actionAdminLoginControllerResetBefore', 'Perform actions before admin login controller reset action initialization', 'This hook is launched before the initialization of the reset action in login controller', 1),
(516, 'actionAdminLoginControllerResetAfter', 'Perform actions after admin login controller reset action initialization', 'This hook is launched after the initialization of the reset action in login controller', 1),
(517, 'displayHeader', 'Pages html head section', 'This hook adds additional elements in the head section of your pages (head section of html)', 1),
(520, 'actionOrderMessageFormBuilderModifier', 'Modify order message identifiable object form', 'This hook allows to modify order message identifiable object forms content by modifying form builder data or FormBuilder itself', 1),
(521, 'actionCatalogPriceRuleFormBuilderModifier', 'Modify catalog price rule identifiable object form', 'This hook allows to modify catalog price rule identifiable object forms content by modifying form builder data or FormBuilder itself', 1),
(522, 'actionAttachmentFormBuilderModifier', 'Modify attachment identifiable object form', 'This hook allows to modify attachment identifiable object forms content by modifying form builder data or FormBuilder itself', 1),
(523, 'actionBeforeUpdateFeatureFormHandler', 'Modify feature identifiable object data before updating it', 'This hook allows to modify feature identifiable object forms data before it was updated', 1),
(524, 'actionBeforeUpdateOrderMessageFormHandler', 'Modify order message identifiable object data before updating it', 'This hook allows to modify order message identifiable object forms data before it was updated', 1),
(525, 'actionBeforeUpdateCatalogPriceRuleFormHandler', 'Modify catalog price rule identifiable object data before updating it', 'This hook allows to modify catalog price rule identifiable object forms data before it was updated', 1),
(526, 'actionBeforeUpdateAttachmentFormHandler', 'Modify attachment identifiable object data before updating it', 'This hook allows to modify attachment identifiable object forms data before it was updated', 1),
(527, 'actionAfterUpdateOrderMessageFormHandler', 'Modify order message identifiable object data after updating it', 'This hook allows to modify order message identifiable object forms data after it was updated', 1),
(528, 'actionAfterUpdateCatalogPriceRuleFormHandler', 'Modify catalog price rule identifiable object data after updating it', 'This hook allows to modify catalog price rule identifiable object forms data after it was updated', 1),
(529, 'actionAfterUpdateAttachmentFormHandler', 'Modify attachment identifiable object data after updating it', 'This hook allows to modify attachment identifiable object forms data after it was updated', 1),
(530, 'actionBeforeCreateFeatureFormHandler', 'Modify feature identifiable object data before creating it', 'This hook allows to modify feature identifiable object forms data before it was created', 1),
(531, 'actionBeforeCreateOrderMessageFormHandler', 'Modify order message identifiable object data before creating it', 'This hook allows to modify order message identifiable object forms data before it was created', 1),
(532, 'actionBeforeCreateCatalogPriceRuleFormHandler', 'Modify catalog price rule identifiable object data before creating it', 'This hook allows to modify catalog price rule identifiable object forms data before it was created', 1),
(533, 'actionBeforeCreateAttachmentFormHandler', 'Modify attachment identifiable object data before creating it', 'This hook allows to modify attachment identifiable object forms data before it was created', 1),
(534, 'actionAfterCreateOrderMessageFormHandler', 'Modify order message identifiable object data after creating it', 'This hook allows to modify order message identifiable object forms data after it was created', 1),
(535, 'actionAfterCreateCatalogPriceRuleFormHandler', 'Modify catalog price rule identifiable object data after creating it', 'This hook allows to modify catalog price rule identifiable object forms data after it was created', 1),
(536, 'actionAfterCreateAttachmentFormHandler', 'Modify attachment identifiable object data after creating it', 'This hook allows to modify attachment identifiable object forms data after it was created', 1),
(537, 'actionMerchandiseReturnForm', 'Modify merchandise return options form content', 'This hook allows to modify merchandise return options form FormBuilder', 1),
(538, 'actionCreditSlipForm', 'Modify credit slip options form content', 'This hook allows to modify credit slip options form FormBuilder', 1),
(539, 'actionMerchandiseReturnSave', 'Modify merchandise return options form saved data', 'This hook allows to modify data of merchandise return options form after it was saved', 1),
(540, 'actionCreditSlipSave', 'Modify credit slip options form saved data', 'This hook allows to modify data of credit slip options form after it was saved', 1),
(541, 'actionEmptyCategoryGridDefinitionModifier', 'Modify empty category grid definition', 'This hook allows to alter empty category grid columns, actions and filters', 1),
(542, 'actionNoQtyProductWithCombinationGridDefinitionModifier', 'Modify no qty product with combination grid definition', 'This hook allows to alter no qty product with combination grid columns, actions and filters', 1),
(543, 'actionNoQtyProductWithoutCombinationGridDefinitionModifier', 'Modify no qty product without combination grid definition', 'This hook allows to alter no qty product without combination grid columns, actions and filters', 1),
(544, 'actionDisabledProductGridDefinitionModifier', 'Modify disabled product grid definition', 'This hook allows to alter disabled product grid columns, actions and filters', 1),
(545, 'actionProductWithoutImageGridDefinitionModifier', 'Modify product without image grid definition', 'This hook allows to alter product without image grid columns, actions and filters', 1),
(546, 'actionProductWithoutDescriptionGridDefinitionModifier', 'Modify product without description grid definition', 'This hook allows to alter product without description grid columns, actions and filters', 1),
(547, 'actionProductWithoutPriceGridDefinitionModifier', 'Modify product without price grid definition', 'This hook allows to alter product without price grid columns, actions and filters', 1),
(548, 'actionOrderGridDefinitionModifier', 'Modify order grid definition', 'This hook allows to alter order grid columns, actions and filters', 1),
(549, 'actionCatalogPriceRuleGridDefinitionModifier', 'Modify catalog price rule grid definition', 'This hook allows to alter catalog price rule grid columns, actions and filters', 1),
(550, 'actionOrderMessageGridDefinitionModifier', 'Modify order message grid definition', 'This hook allows to alter order message grid columns, actions and filters', 1),
(551, 'actionAttachmentGridDefinitionModifier', 'Modify attachment grid definition', 'This hook allows to alter attachment grid columns, actions and filters', 1),
(552, 'actionAttributeGroupGridDefinitionModifier', 'Modify attribute group grid definition', 'This hook allows to alter attribute group grid columns, actions and filters', 1),
(553, 'actionMerchandiseReturnGridDefinitionModifier', 'Modify merchandise return grid definition', 'This hook allows to alter merchandise return grid columns, actions and filters', 1),
(554, 'actionTaxRulesGroupGridDefinitionModifier', 'Modify tax rules group grid definition', 'This hook allows to alter tax rules group grid columns, actions and filters', 1),
(555, 'actionAddressGridDefinitionModifier', 'Modify address grid definition', 'This hook allows to alter address grid columns, actions and filters', 1),
(556, 'actionCreditSlipGridDefinitionModifier', 'Modify credit slip grid definition', 'This hook allows to alter credit slip grid columns, actions and filters', 1),
(557, 'actionEmptyCategoryGridQueryBuilderModifier', 'Modify empty category grid query builder', 'This hook allows to alter Doctrine query builder for empty category grid', 1),
(558, 'actionNoQtyProductWithCombinationGridQueryBuilderModifier', 'Modify no qty product with combination grid query builder', 'This hook allows to alter Doctrine query builder for no qty product with combination grid', 1),
(559, 'actionNoQtyProductWithoutCombinationGridQueryBuilderModifier', 'Modify no qty product without combination grid query builder', 'This hook allows to alter Doctrine query builder for no qty product without combination grid', 1),
(560, 'actionDisabledProductGridQueryBuilderModifier', 'Modify disabled product grid query builder', 'This hook allows to alter Doctrine query builder for disabled product grid', 1),
(561, 'actionProductWithoutImageGridQueryBuilderModifier', 'Modify product without image grid query builder', 'This hook allows to alter Doctrine query builder for product without image grid', 1),
(562, 'actionProductWithoutDescriptionGridQueryBuilderModifier', 'Modify product without description grid query builder', 'This hook allows to alter Doctrine query builder for product without description grid', 1),
(563, 'actionProductWithoutPriceGridQueryBuilderModifier', 'Modify product without price grid query builder', 'This hook allows to alter Doctrine query builder for product without price grid', 1),
(564, 'actionOrderGridQueryBuilderModifier', 'Modify order grid query builder', 'This hook allows to alter Doctrine query builder for order grid', 1),
(565, 'actionCatalogPriceRuleGridQueryBuilderModifier', 'Modify catalog price rule grid query builder', 'This hook allows to alter Doctrine query builder for catalog price rule grid', 1),
(566, 'actionOrderMessageGridQueryBuilderModifier', 'Modify order message grid query builder', 'This hook allows to alter Doctrine query builder for order message grid', 1),
(567, 'actionAttachmentGridQueryBuilderModifier', 'Modify attachment grid query builder', 'This hook allows to alter Doctrine query builder for attachment grid', 1),
(568, 'actionAttributeGroupGridQueryBuilderModifier', 'Modify attribute group grid query builder', 'This hook allows to alter Doctrine query builder for attribute group grid', 1),
(569, 'actionMerchandiseReturnGridQueryBuilderModifier', 'Modify merchandise return grid query builder', 'This hook allows to alter Doctrine query builder for merchandise return grid', 1),
(570, 'actionTaxRulesGroupGridQueryBuilderModifier', 'Modify tax rules group grid query builder', 'This hook allows to alter Doctrine query builder for tax rules group grid', 1),
(571, 'actionAddressGridQueryBuilderModifier', 'Modify address grid query builder', 'This hook allows to alter Doctrine query builder for address grid', 1),
(572, 'actionCreditSlipGridQueryBuilderModifier', 'Modify credit slip grid query builder', 'This hook allows to alter Doctrine query builder for credit slip grid', 1),
(573, 'actionEmptyCategoryGridDataModifier', 'Modify empty category grid data', 'This hook allows to modify empty category grid data', 1),
(574, 'actionNoQtyProductWithCombinationGridDataModifier', 'Modify no qty product with combination grid data', 'This hook allows to modify no qty product with combination grid data', 1),
(575, 'actionNoQtyProductWithoutCombinationGridDataModifier', 'Modify no qty product without combination grid data', 'This hook allows to modify no qty product without combination grid data', 1),
(576, 'actionDisabledProductGridDataModifier', 'Modify disabled product grid data', 'This hook allows to modify disabled product grid data', 1),
(577, 'actionProductWithoutImageGridDataModifier', 'Modify product without image grid data', 'This hook allows to modify product without image grid data', 1),
(578, 'actionProductWithoutDescriptionGridDataModifier', 'Modify product without description grid data', 'This hook allows to modify product without description grid data', 1),
(579, 'actionProductWithoutPriceGridDataModifier', 'Modify product without price grid data', 'This hook allows to modify product without price grid data', 1),
(580, 'actionOrderGridDataModifier', 'Modify order grid data', 'This hook allows to modify order grid data', 1),
(581, 'actionCatalogPriceRuleGridDataModifier', 'Modify catalog price rule grid data', 'This hook allows to modify catalog price rule grid data', 1),
(582, 'actionOrderMessageGridDataModifier', 'Modify order message grid data', 'This hook allows to modify order message grid data', 1),
(583, 'actionAttachmentGridDataModifier', 'Modify attachment grid data', 'This hook allows to modify attachment grid data', 1),
(584, 'actionAttributeGroupGridDataModifier', 'Modify attribute group grid data', 'This hook allows to modify attribute group grid data', 1),
(585, 'actionMerchandiseReturnGridDataModifier', 'Modify merchandise return grid data', 'This hook allows to modify merchandise return grid data', 1),
(586, 'actionTaxRulesGroupGridDataModifier', 'Modify tax rules group grid data', 'This hook allows to modify tax rules group grid data', 1),
(587, 'actionAddressGridDataModifier', 'Modify address grid data', 'This hook allows to modify address grid data', 1),
(588, 'actionCreditSlipGridDataModifier', 'Modify credit slip grid data', 'This hook allows to modify credit slip grid data', 1),
(589, 'actionEmptyCategoryGridFilterFormModifier', 'Modify empty category grid filters', 'This hook allows to modify filters for empty category grid', 1),
(590, 'actionNoQtyProductWithCombinationGridFilterFormModifier', 'Modify no qty product with combination grid filters', 'This hook allows to modify filters for no qty product with combination grid', 1),
(591, 'actionNoQtyProductWithoutCombinationGridFilterFormModifier', 'Modify no qty product without combination grid filters', 'This hook allows to modify filters for no qty product without combination grid', 1),
(592, 'actionDisabledProductGridFilterFormModifier', 'Modify disabled product grid filters', 'This hook allows to modify filters for disabled product grid', 1),
(593, 'actionProductWithoutImageGridFilterFormModifier', 'Modify product without image grid filters', 'This hook allows to modify filters for product without image grid', 1),
(594, 'actionProductWithoutDescriptionGridFilterFormModifier', 'Modify product without description grid filters', 'This hook allows to modify filters for product without description grid', 1),
(595, 'actionProductWithoutPriceGridFilterFormModifier', 'Modify product without price grid filters', 'This hook allows to modify filters for product without price grid', 1),
(596, 'actionOrderGridFilterFormModifier', 'Modify order grid filters', 'This hook allows to modify filters for order grid', 1),
(597, 'actionCatalogPriceRuleGridFilterFormModifier', 'Modify catalog price rule grid filters', 'This hook allows to modify filters for catalog price rule grid', 1),
(598, 'actionOrderMessageGridFilterFormModifier', 'Modify order message grid filters', 'This hook allows to modify filters for order message grid', 1),
(599, 'actionAttachmentGridFilterFormModifier', 'Modify attachment grid filters', 'This hook allows to modify filters for attachment grid', 1),
(600, 'actionAttributeGroupGridFilterFormModifier', 'Modify attribute group grid filters', 'This hook allows to modify filters for attribute group grid', 1),
(601, 'actionMerchandiseReturnGridFilterFormModifier', 'Modify merchandise return grid filters', 'This hook allows to modify filters for merchandise return grid', 1),
(602, 'actionTaxRulesGroupGridFilterFormModifier', 'Modify tax rules group grid filters', 'This hook allows to modify filters for tax rules group grid', 1),
(603, 'actionAddressGridFilterFormModifier', 'Modify address grid filters', 'This hook allows to modify filters for address grid', 1),
(604, 'actionCreditSlipGridFilterFormModifier', 'Modify credit slip grid filters', 'This hook allows to modify filters for credit slip grid', 1),
(605, 'actionEmptyCategoryGridPresenterModifier', 'Modify empty category grid template data', 'This hook allows to modify data which is about to be used in template for empty category grid', 1),
(606, 'actionNoQtyProductWithCombinationGridPresenterModifier', 'Modify no qty product with combination grid template data', 'This hook allows to modify data which is about to be used in template for no qty product with combination grid', 1),
(607, 'actionNoQtyProductWithoutCombinationGridPresenterModifier', 'Modify no qty product without combination grid template data', 'This hook allows to modify data which is about to be used in template for no qty product without combination grid', 1),
(608, 'actionDisabledProductGridPresenterModifier', 'Modify disabled product grid template data', 'This hook allows to modify data which is about to be used in template for disabled product grid', 1),
(609, 'actionProductWithoutImageGridPresenterModifier', 'Modify product without image grid template data', 'This hook allows to modify data which is about to be used in template for product without image grid', 1),
(610, 'actionProductWithoutDescriptionGridPresenterModifier', 'Modify product without description grid template data', 'This hook allows to modify data which is about to be used in template for product without description grid', 1),
(611, 'actionProductWithoutPriceGridPresenterModifier', 'Modify product without price grid template data', 'This hook allows to modify data which is about to be used in template for product without price grid', 1),
(612, 'actionOrderGridPresenterModifier', 'Modify order grid template data', 'This hook allows to modify data which is about to be used in template for order grid', 1),
(613, 'actionCatalogPriceRuleGridPresenterModifier', 'Modify catalog price rule grid template data', 'This hook allows to modify data which is about to be used in template for catalog price rule grid', 1),
(614, 'actionOrderMessageGridPresenterModifier', 'Modify order message grid template data', 'This hook allows to modify data which is about to be used in template for order message grid', 1),
(615, 'actionAttachmentGridPresenterModifier', 'Modify attachment grid template data', 'This hook allows to modify data which is about to be used in template for attachment grid', 1),
(616, 'actionAttributeGroupGridPresenterModifier', 'Modify attribute group grid template data', 'This hook allows to modify data which is about to be used in template for attribute group grid', 1),
(617, 'actionMerchandiseReturnGridPresenterModifier', 'Modify merchandise return grid template data', 'This hook allows to modify data which is about to be used in template for merchandise return grid', 1),
(618, 'actionTaxRulesGroupGridPresenterModifier', 'Modify tax rules group grid template data', 'This hook allows to modify data which is about to be used in template for tax rules group grid', 1),
(619, 'actionAddressGridPresenterModifier', 'Modify address grid template data', 'This hook allows to modify data which is about to be used in template for address grid', 1),
(620, 'actionCreditSlipGridPresenterModifier', 'Modify credit slip grid template data', 'This hook allows to modify data which is about to be used in template for credit slip grid', 1),
(877, 'actionSubmitAccountBefore', 'actionSubmitAccountBefore', '', 1),
(878, 'paymentReturn', 'paymentReturn', '', 1),
(879, 'displayAdminGridTableBefore', 'Display before Grid table', 'This hook adds new blocks before Grid component table.', 1),
(880, 'displayAdminGridTableAfter', 'Display after Grid table', 'This hook adds new blocks after Grid component table.', 1),
(883, 'displayProductButtons', 'displayProductButtons', '', 1),
(884, 'backOfficeHeader', 'backOfficeHeader', '', 1),
(885, 'leftColumn', 'leftColumn', '', 1),
(886, 'rightColumn', 'rightColumn', '', 1),
(887, 'displayNewsletterRegistration', 'displayNewsletterRegistration', '', 1),
(888, 'actionNewsletterRegistrationBefore', 'actionNewsletterRegistrationBefore', '', 1);

-- --------------------------------------------------------

--
-- Estructura de tabla para la tabla `pr_hook_alias`
--

