CREATE TABLE `pr_hook_alias` (
  `id_hook_alias` int UNSIGNED NOT NULL,
  `alias` varchar(191) CHARACTER SET utf8mb4 COLLATE utf8mb4_general_ci NOT NULL,
  `name` varchar(191) CHARACTER SET utf8mb4 COLLATE utf8mb4_general_ci NOT NULL
) ENGINE=InnoDB DEFAULT CHARSET=utf8mb4 COLLATE=utf8mb4_general_ci;

--
-- Volcado de datos para la tabla `pr_hook_alias`
--

INSERT INTO `pr_hook_alias` (`id_hook_alias`, `alias`, `name`) VALUES
(1, 'newOrder', 'actionValidateOrder'),
(2, 'paymentConfirm', 'actionPaymentConfirmation'),
(3, 'paymentReturn', 'displayPaymentReturn'),
(4, 'updateQuantity', 'actionUpdateQuantity'),
(5, 'rightColumn', 'displayRightColumn'),
(6, 'leftColumn', 'displayLeftColumn'),
(7, 'home', 'displayHome'),
(8, 'Header', 'displayHeader'),
(9, 'cart', 'actionCartSave'),
(10, 'authentication', 'actionAuthentication'),
(11, 'addproduct', 'actionProductAdd'),
(12, 'updateproduct', 'actionProductUpdate'),
(13, 'top', 'displayTop'),
(14, 'extraRight', 'displayRightColumnProduct'),
(15, 'deleteproduct', 'actionProductDelete'),
(16, 'productfooter', 'displayFooterProduct'),
(17, 'invoice', 'displayInvoice'),
(18, 'updateOrderStatus', 'actionOrderStatusUpdate'),
(19, 'adminOrder', 'displayAdminOrder'),
(20, 'footer', 'displayFooter'),
(21, 'PDFInvoice', 'displayPDFInvoice'),
(22, 'adminCustomers', 'displayAdminCustomers'),
(23, 'orderConfirmation', 'displayOrderConfirmation'),
(24, 'createAccount', 'actionCustomerAccountAdd'),
(25, 'customerAccount', 'displayCustomerAccount'),
(26, 'orderSlip', 'actionOrderSlipAdd'),
(27, 'shoppingCart', 'displayShoppingCartFooter'),
(28, 'createAccountForm', 'displayCustomerAccountForm'),
(29, 'AdminStatsModules', 'displayAdminStatsModules'),
(30, 'GraphEngine', 'displayAdminStatsGraphEngine'),
(31, 'orderReturn', 'actionOrderReturn'),
(32, 'productActions', 'displayProductAdditionalInfo'),
(33, 'displayProductButtons', 'displayProductAdditionalInfo'),
(34, 'backOfficeHome', 'displayBackOfficeHome'),
(35, 'GridEngine', 'displayAdminStatsGridEngine'),
(36, 'watermark', 'actionWatermark'),
(37, 'cancelProduct', 'actionProductCancel'),
(38, 'extraLeft', 'displayLeftColumnProduct'),
(39, 'productOutOfStock', 'actionProductOutOfStock'),
(40, 'updateProductAttribute', 'actionProductAttributeUpdate'),
(41, 'extraCarrier', 'displayCarrierList'),
(42, 'shoppingCartExtra', 'displayShoppingCart'),
(43, 'updateCarrier', 'actionCarrierUpdate'),
(44, 'postUpdateOrderStatus', 'actionOrderStatusPostUpdate'),
(45, 'createAccountTop', 'displayCustomerAccountFormTop'),
(46, 'backOfficeHeader', 'displayBackOfficeHeader'),
(47, 'backOfficeTop', 'displayBackOfficeTop'),
(48, 'backOfficeFooter', 'displayBackOfficeFooter'),
(49, 'deleteProductAttribute', 'actionProductAttributeDelete'),
(50, 'processCarrier', 'actionCarrierProcess'),
(51, 'beforeCarrier', 'displayBeforeCarrier'),
(52, 'orderDetailDisplayed', 'displayOrderDetail'),
(53, 'paymentCCAdded', 'actionPaymentCCAdd'),
(54, 'categoryAddition', 'actionCategoryAdd'),
(55, 'categoryUpdate', 'actionCategoryUpdate'),
(56, 'categoryDeletion', 'actionCategoryDelete'),
(57, 'paymentTop', 'displayPaymentTop'),
(58, 'afterCreateHtaccess', 'actionHtaccessCreate'),
(59, 'afterSaveAdminMeta', 'actionAdminMetaSave'),
(60, 'attributeGroupForm', 'displayAttributeGroupForm'),
(61, 'afterSaveAttributeGroup', 'actionAttributeGroupSave'),
(62, 'afterDeleteAttributeGroup', 'actionAttributeGroupDelete'),
(63, 'featureForm', 'displayFeatureForm'),
(64, 'afterSaveFeature', 'actionFeatureSave'),
(65, 'afterDeleteFeature', 'actionFeatureDelete'),
(66, 'afterSaveProduct', 'actionProductSave'),
(67, 'postProcessAttributeGroup', 'displayAttributeGroupPostProcess'),
(68, 'postProcessFeature', 'displayFeaturePostProcess'),
(69, 'featureValueForm', 'displayFeatureValueForm'),
(70, 'postProcessFeatureValue', 'displayFeatureValuePostProcess'),
(71, 'afterDeleteFeatureValue', 'actionFeatureValueDelete'),
(72, 'afterSaveFeatureValue', 'actionFeatureValueSave'),
(73, 'attributeForm', 'displayAttributeForm'),
(74, 'postProcessAttribute', 'actionAttributePostProcess'),
(75, 'afterDeleteAttribute', 'actionAttributeDelete'),
(76, 'afterSaveAttribute', 'actionAttributeSave'),
(77, 'taxManager', 'actionTaxManager'),
(78, 'myAccountBlock', 'displayMyAccountBlock'),
(79, 'actionBeforeCartUpdateQty', 'actionCartUpdateQuantityBefore'),
(80, 'actionBeforeAjaxDie', 'actionAjaxDieBefore'),
(81, 'actionBeforeAuthentication', 'actionAuthenticationBefore'),
(82, 'actionBeforeSubmitAccount', 'actionSubmitAccountBefore'),
(83, 'actionAfterDeleteProductInCart', 'actionDeleteProductInCartAfter'),
(84, 'displayInvoice', 'displayAdminOrderTop'),
(85, 'displayBackOfficeOrderActions', 'displayAdminOrderSide'),
(86, 'actionFrontControllerAfterInit', 'actionFrontControllerInitAfter'),
(91, 'displayAdminListBefore', 'displayAdminGridTableBefore'),
(92, 'displayAdminListAfter', 'displayAdminGridTableAfter');

-- --------------------------------------------------------

--
-- Estructura de tabla para la tabla `pr_hook_module`
--

CREATE TABLE `pr_hook_module` (
  `id_module` int UNSIGNED NOT NULL,
  `id_shop` int UNSIGNED NOT NULL DEFAULT '1',
  `id_hook` int UNSIGNED NOT NULL,
  `position` tinyint UNSIGNED NOT NULL
) ENGINE=InnoDB DEFAULT CHARSET=utf8mb4 COLLATE=utf8mb4_general_ci;

--
-- Volcado de datos para la tabla `pr_hook_module`
--

INSERT INTO `pr_hook_module` (`id_module`, `id_shop`, `id_hook`, `position`) VALUES
(2, 1, 396, 1),
(2, 1, 397, 1),
(2, 1, 398, 1),
(2, 1, 399, 1),
(2, 1, 400, 1),
(2, 1, 401, 1),
(2, 1, 402, 1),
(3, 1, 63, 1),
(3, 1, 403, 1),
(5, 1, 404, 1),
(6, 1, 50, 1),
(7, 1, 54, 1),
(9, 1, 406, 1),
(10, 1, 12, 1),
(11, 1, 5, 1),
(11, 1, 407, 1),
(12, 1, 408, 1),
(12, 1, 409, 1),
(13, 1, 410, 1),
(14, 1, 411, 1),
(14, 1, 412, 1),
(16, 1, 413, 1),
(19, 1, 65, 1),
(20, 1, 17, 1),
(20, 1, 18, 1),
(20, 1, 24, 1),
(20, 1, 76, 1),
(20, 1, 419, 1),
(20, 1, 420, 1),
(20, 1, 421, 1),
(21, 1, 13, 1),
(21, 1, 14, 1),
(22, 1, 441, 1),
(23, 1, 35, 1),
(23, 1, 133, 1),
(24, 1, 21, 1),
(24, 1, 422, 1),
(24, 1, 423, 1),
(24, 1, 424, 1),
(24, 1, 425, 1),
(24, 1, 426, 1),
(24, 1, 427, 1),
(24, 1, 428, 1),
(24, 1, 429, 1),
(24, 1, 430, 1),
(24, 1, 431, 1),
(24, 1, 432, 1),
(24, 1, 433, 1),
(24, 1, 434, 1),
(24, 1, 435, 1),
(24, 1, 436, 1),
(25, 1, 437, 1),
(26, 1, 52, 1),
(28, 1, 414, 1),
(31, 1, 49, 1),
(41, 1, 16, 1),
(41, 1, 20, 1),
(41, 1, 41, 1),
(54, 1, 438, 1),
(54, 1, 439, 1),
(55, 1, 1, 1),
(55, 1, 29, 1),
(55, 1, 101, 1),
(55, 1, 444, 1),
(55, 1, 445, 1),
(55, 1, 446, 1),
(55, 1, 447, 1),
(55, 1, 448, 1),
(55, 1, 449, 1),
(55, 1, 450, 1),
(55, 1, 451, 1),
(55, 1, 452, 1),
(55, 1, 453, 1),
(55, 1, 454, 1),
(55, 1, 455, 1),
(55, 1, 456, 1),
(55, 1, 457, 1),
(55, 1, 458, 1),
(56, 1, 395, 1),
(57, 1, 43, 1),
(57, 1, 114, 1),
(57, 1, 394, 1),
(57, 1, 416, 1),
(57, 1, 440, 1),
(58, 1, 132, 1),
(60, 1, 19, 1),
(60, 1, 22, 1),
(60, 1, 442, 1),
(60, 1, 480, 1),
(60, 1, 485, 1),
(61, 1, 75, 1),
(61, 1, 77, 1),
(61, 1, 81, 1),
(61, 1, 82, 1),
(61, 1, 83, 1),
(61, 1, 84, 1),
(61, 1, 85, 1),
(61, 1, 86, 1),
(61, 1, 87, 1),
(61, 1, 88, 1),
(61, 1, 89, 1),
(61, 1, 90, 1),
(61, 1, 91, 1),
(61, 1, 92, 1),
(61, 1, 93, 1),
(61, 1, 94, 1),
(61, 1, 95, 1),
(61, 1, 97, 1),
(61, 1, 418, 1),
(61, 1, 475, 1),
(61, 1, 476, 1),
(61, 1, 477, 1),
(61, 1, 478, 1),
(61, 1, 479, 1),
(85, 1, 42, 1),
(85, 1, 415, 1),
(85, 1, 417, 1),
(85, 1, 489, 1),
(87, 1, 490, 1),
(87, 1, 491, 1),
(87, 1, 492, 1),
(89, 1, 27, 1),
(89, 1, 463, 1),
(91, 1, 877, 1),
(92, 1, 8, 1),
(92, 1, 102, 1),
(92, 1, 443, 1),
(92, 1, 878, 1),
(95, 1, 883, 1),
(96, 1, 488, 1),
(96, 1, 517, 1),
(96, 1, 884, 1),
(96, 1, 885, 1),
(96, 1, 886, 1),
(100, 1, 123, 1),
(100, 1, 460, 1),
(100, 1, 887, 1),
(100, 1, 888, 1),
(101, 1, 48, 1),
(101, 1, 459, 1),
(2, 1, 395, 2),
(3, 1, 396, 2),
(3, 1, 402, 2),
(4, 1, 403, 2),
(5, 1, 397, 2),
(13, 1, 441, 2),
(14, 1, 35, 2),
(20, 1, 13, 2),
(21, 1, 413, 2),
(24, 1, 76, 2),
(25, 1, 14, 2),
(25, 1, 21, 2),
(30, 1, 5, 2),
(30, 1, 407, 2),
(32, 1, 49, 2),
(51, 1, 404, 2),
(54, 1, 65, 2),
(55, 1, 398, 2),
(55, 1, 400, 2),
(55, 1, 409, 2),
(55, 1, 427, 2),
(55, 1, 436, 2),
(57, 1, 41, 2),
(60, 1, 133, 2),
(60, 1, 414, 2),
(61, 1, 12, 2),
(63, 1, 17, 2),
(63, 1, 18, 2),
(63, 1, 24, 2),
(85, 1, 114, 2),
(85, 1, 394, 2),
(85, 1, 416, 2),
(85, 1, 480, 2),
(86, 1, 63, 2),
(89, 1, 52, 2),
(89, 1, 417, 2),
(90, 1, 27, 2),
(95, 1, 434, 2),
(95, 1, 435, 2),
(100, 1, 440, 2),
(101, 1, 460, 2),
(4, 1, 396, 3),
(4, 1, 402, 3),
(5, 1, 403, 3),
(9, 1, 13, 3),
(12, 1, 35, 3),
(15, 1, 441, 3),
(24, 1, 413, 3),
(27, 1, 14, 3),
(33, 1, 49, 3),
(55, 1, 65, 3),
(55, 1, 397, 3),
(61, 1, 76, 3),
(85, 1, 41, 3),
(85, 1, 414, 3),
(86, 1, 17, 3),
(86, 1, 18, 3),
(86, 1, 24, 3),
(89, 1, 394, 3),
(89, 1, 416, 3),
(90, 1, 63, 3),
(91, 1, 114, 3),
(92, 1, 407, 3),
(94, 1, 27, 3),
(95, 1, 52, 3),
(5, 1, 396, 4),
(6, 1, 402, 4),
(16, 1, 13, 4),
(27, 1, 441, 4),
(34, 1, 49, 4),
(87, 1, 17, 4),
(87, 1, 18, 4),
(87, 1, 24, 4),
(89, 1, 14, 4),
(95, 1, 27, 4),
(96, 1, 35, 4),
(99, 1, 394, 4),
(100, 1, 114, 4),
(35, 1, 49, 5),
(55, 1, 402, 5),
(63, 1, 13, 5),
(92, 1, 14, 5),
(94, 1, 17, 5),
(94, 1, 18, 5),
(94, 1, 24, 5),
(36, 1, 49, 6),
(57, 1, 402, 6),
(86, 1, 13, 6),
(96, 1, 14, 6),
(37, 1, 49, 7),
(58, 1, 402, 7),
(87, 1, 13, 7),
(100, 1, 14, 7),
(38, 1, 49, 8),
(101, 1, 14, 8),
(39, 1, 49, 9),
(40, 1, 49, 10),
(42, 1, 49, 11),
(43, 1, 49, 12),
(44, 1, 49, 13),
(46, 1, 49, 14),
(47, 1, 49, 15),
(48, 1, 49, 16),
(49, 1, 49, 17),
(50, 1, 49, 18),
(51, 1, 49, 19),
(52, 1, 49, 20),
(53, 1, 49, 21),
(84, 1, 49, 22);

-- --------------------------------------------------------

--
-- Estructura de tabla para la tabla `pr_hook_module_exceptions`
--

CREATE TABLE `pr_hook_module_exceptions` (
  `id_hook_module_exceptions` int UNSIGNED NOT NULL,
  `id_shop` int UNSIGNED NOT NULL DEFAULT '1',
  `id_module` int UNSIGNED NOT NULL,
  `id_hook` int UNSIGNED NOT NULL,
  `file_name` varchar(255) CHARACTER SET utf8mb4 COLLATE utf8mb4_general_ci DEFAULT NULL
) ENGINE=InnoDB DEFAULT CHARSET=utf8mb4 COLLATE=utf8mb4_general_ci;

-- --------------------------------------------------------

--
-- Estructura de tabla para la tabla `pr_image`
--

CREATE TABLE `pr_image` (
  `id_image` int UNSIGNED NOT NULL,
  `id_product` int UNSIGNED NOT NULL,
  `position` smallint UNSIGNED NOT NULL DEFAULT '0',
  `cover` tinyint UNSIGNED DEFAULT NULL
) ENGINE=InnoDB DEFAULT CHARSET=utf8mb4 COLLATE=utf8mb4_general_ci;

-- --------------------------------------------------------

--
-- Estructura de tabla para la tabla `pr_image_lang`
--

CREATE TABLE `pr_image_lang` (
  `id_image` int UNSIGNED NOT NULL,
  `id_lang` int UNSIGNED NOT NULL,
  `legend` varchar(128) CHARACTER SET utf8mb4 COLLATE utf8mb4_general_ci DEFAULT NULL
) ENGINE=InnoDB DEFAULT CHARSET=utf8mb4 COLLATE=utf8mb4_general_ci;

-- --------------------------------------------------------

--
-- Estructura de tabla para la tabla `pr_image_shop`
--

CREATE TABLE `pr_image_shop` (
  `id_product` int UNSIGNED NOT NULL,
  `id_image` int UNSIGNED NOT NULL,
  `id_shop` int UNSIGNED NOT NULL,
  `cover` tinyint UNSIGNED DEFAULT NULL
) ENGINE=InnoDB DEFAULT CHARSET=utf8mb4 COLLATE=utf8mb4_general_ci;

-- --------------------------------------------------------

--
-- Estructura de tabla para la tabla `pr_image_type`
--

CREATE TABLE `pr_image_type` (
  `id_image_type` int UNSIGNED NOT NULL,
  `name` varchar(64) CHARACTER SET utf8mb4 COLLATE utf8mb4_general_ci NOT NULL,
  `width` int UNSIGNED NOT NULL,
  `height` int UNSIGNED NOT NULL,
  `products` tinyint(1) NOT NULL DEFAULT '1',
  `categories` tinyint(1) NOT NULL DEFAULT '1',
  `manufacturers` tinyint(1) NOT NULL DEFAULT '1',
  `suppliers` tinyint(1) NOT NULL DEFAULT '1',
  `stores` tinyint(1) NOT NULL DEFAULT '1'
) ENGINE=InnoDB DEFAULT CHARSET=utf8mb4 COLLATE=utf8mb4_general_ci;

--
-- Volcado de datos para la tabla `pr_image_type`
--

INSERT INTO `pr_image_type` (`id_image_type`, `name`, `width`, `height`, `products`, `categories`, `manufacturers`, `suppliers`, `stores`) VALUES
(1, 'cart_default', 125, 125, 0, 0, 0, 0, 0),
(2, 'small_default', 98, 98, 0, 1, 1, 1, 0),
(3, 'medium_default', 400, 400, 0, 0, 1, 1, 0),
(4, 'home_default', 400, 500, 1, 0, 0, 0, 0),
(5, 'large_default', 400, 400, 1, 1, 1, 1, 1),
(6, 'category_default', 141, 180, 1, 1, 0, 0, 0),
(7, 'stores_default', 170, 115, 0, 0, 0, 0, 1),
(8, 'Home', 400, 500, 0, 1, 1, 1, 1);

-- --------------------------------------------------------

--
-- Estructura de tabla para la tabla `pr_import_match`
--

CREATE TABLE `pr_import_match` (
  `id_import_match` int NOT NULL,
  `name` varchar(32) CHARACTER SET utf8mb4 COLLATE utf8mb4_general_ci NOT NULL,
  `match` mediumtext CHARACTER SET utf8mb4 COLLATE utf8mb4_general_ci NOT NULL,
  `skip` int NOT NULL
) ENGINE=InnoDB DEFAULT CHARSET=utf8mb4 COLLATE=utf8mb4_general_ci;

-- --------------------------------------------------------

--
-- Estructura de tabla para la tabla `pr_info`
--

CREATE TABLE `pr_info` (
  `id_info` int UNSIGNED NOT NULL
) ENGINE=InnoDB DEFAULT CHARSET=utf8;

--
-- Volcado de datos para la tabla `pr_info`
--

INSERT INTO `pr_info` (`id_info`) VALUES
(1);

-- --------------------------------------------------------

--
-- Estructura de tabla para la tabla `pr_info_lang`
--

CREATE TABLE `pr_info_lang` (
  `id_info` int UNSIGNED NOT NULL,
  `id_shop` int UNSIGNED NOT NULL,
  `id_lang` int UNSIGNED NOT NULL,
  `text` text NOT NULL
) ENGINE=InnoDB DEFAULT CHARSET=utf8;

--
-- Volcado de datos para la tabla `pr_info_lang`
--

INSERT INTO `pr_info_lang` (`id_info`, `id_shop`, `id_lang`, `text`) VALUES
(1, 1, 1, '<h2>Custom Text Block</h2>\n<p><strong class=\"dark\">Lorem ipsum dolor sit amet conse ctetu</strong></p>\n<p>Sit amet conse ctetur adipisicing elit, sed do eiusmod tempor incididunt ut labore et dolore magna aliqua. Ut enim ad minim veniam, quis nostrud exercitation ullamco laboris nisi ut aliquip ex ea commodo consequat. Duis aute irure dolor in reprehenderit.</p>'),
(1, 1, 3, '<h2>Custom Text Block</h2>\n<p><strong class=\"dark\">Lorem ipsum dolor sit amet conse ctetu</strong></p>\n<p>Sit amet conse ctetur adipisicing elit, sed do eiusmod tempor incididunt ut labore et dolore magna aliqua. Ut enim ad minim veniam, quis nostrud exercitation ullamco laboris nisi ut aliquip ex ea commodo consequat. Duis aute irure dolor in reprehenderit.</p>'),
(1, 1, 4, '<h2>Custom Text Block</h2>\n<p><strong class=\"dark\">Lorem ipsum dolor sit amet conse ctetu</strong></p>\n<p>Sit amet conse ctetur adipisicing elit, sed do eiusmod tempor incididunt ut labore et dolore magna aliqua. Ut enim ad minim veniam, quis nostrud exercitation ullamco laboris nisi ut aliquip ex ea commodo consequat. Duis aute irure dolor in reprehenderit.</p>');

-- --------------------------------------------------------

--
-- Estructura de tabla para la tabla `pr_info_shop`
--

CREATE TABLE `pr_info_shop` (
  `id_info` int UNSIGNED NOT NULL,
  `id_shop` int UNSIGNED NOT NULL
) ENGINE=InnoDB DEFAULT CHARSET=utf8;

--
-- Volcado de datos para la tabla `pr_info_shop`
--

INSERT INTO `pr_info_shop` (`id_info`, `id_shop`) VALUES
(1, 1);

-- --------------------------------------------------------

--
-- Estructura de tabla para la tabla `pr_lang`
--

CREATE TABLE `pr_lang` (
  `id_lang` int NOT NULL,
  `name` varchar(32) CHARACTER SET utf8mb4 COLLATE utf8mb4_general_ci NOT NULL,
  `active` tinyint(1) NOT NULL,
  `iso_code` varchar(2) CHARACTER SET utf8mb4 COLLATE utf8mb4_general_ci NOT NULL,
  `language_code` varchar(5) CHARACTER SET utf8mb4 COLLATE utf8mb4_general_ci NOT NULL,
  `locale` varchar(5) CHARACTER SET utf8mb4 COLLATE utf8mb4_general_ci NOT NULL,
  `date_format_lite` varchar(32) CHARACTER SET utf8mb4 COLLATE utf8mb4_general_ci NOT NULL,
  `date_format_full` varchar(32) CHARACTER SET utf8mb4 COLLATE utf8mb4_general_ci NOT NULL,
  `is_rtl` tinyint(1) NOT NULL
) ENGINE=InnoDB DEFAULT CHARSET=utf8mb4 COLLATE=utf8mb4_general_ci;

--
-- Volcado de datos para la tabla `pr_lang`
--

INSERT INTO `pr_lang` (`id_lang`, `name`, `active`, `iso_code`, `language_code`, `locale`, `date_format_lite`, `date_format_full`, `is_rtl`) VALUES
(1, 'English (English)', 0, 'en', 'en-us', 'en-US', 'm/d/Y', 'm/d/Y H:i:s', 0),
(3, 'Español AR (Spanish)', 0, 'ag', 'es-ar', 'es-AR', 'Y-m-d', 'Y-m-d H:i:s', 1),
(4, 'Español (Spanish)', 1, 'es', 'es-es', 'es-ES', 'd/m/Y', 'd/m/Y H:i:s', 0);

-- --------------------------------------------------------

--
-- Estructura de tabla para la tabla `pr_lang_shop`
--

CREATE TABLE `pr_lang_shop` (
  `id_lang` int NOT NULL,
  `id_shop` int NOT NULL
) ENGINE=InnoDB DEFAULT CHARSET=utf8mb4 COLLATE=utf8mb4_general_ci;

--
-- Volcado de datos para la tabla `pr_lang_shop`
--

INSERT INTO `pr_lang_shop` (`id_lang`, `id_shop`) VALUES
(1, 1),
(3, 1),
(4, 1);

-- --------------------------------------------------------

--
-- Estructura de tabla para la tabla `pr_layered_category`
--

CREATE TABLE `pr_layered_category` (
  `id_layered_category` int UNSIGNED NOT NULL,
  `id_shop` int UNSIGNED NOT NULL,
  `id_category` int UNSIGNED NOT NULL,
  `id_value` int UNSIGNED DEFAULT '0',
  `type` enum('category','id_feature','id_attribute_group','quantity','condition','manufacturer','weight','price') NOT NULL,
  `position` int UNSIGNED NOT NULL,
  `filter_type` int UNSIGNED NOT NULL DEFAULT '0',
  `filter_show_limit` int UNSIGNED NOT NULL DEFAULT '0'
) ENGINE=InnoDB DEFAULT CHARSET=utf8;

--
-- Volcado de datos para la tabla `pr_layered_category`
--

INSERT INTO `pr_layered_category` (`id_layered_category`, `id_shop`, `id_category`, `id_value`, `type`, `position`, `filter_type`, `filter_show_limit`) VALUES
(1, 1, 2, NULL, 'category', 1, 1, 0),
(2, 1, 2, 1, 'id_attribute_group', 2, 0, 0),
(3, 1, 2, 2, 'id_attribute_group', 3, 0, 0),
(4, 1, 2, 1, 'id_feature', 4, 0, 0),
(5, 1, 2, 2, 'id_feature', 5, 0, 0),
(6, 1, 2, NULL, 'quantity', 6, 0, 0),
(7, 1, 2, NULL, 'manufacturer', 7, 0, 0),
(8, 1, 2, NULL, 'condition', 8, 0, 0),
(9, 1, 2, NULL, 'weight', 9, 0, 0),
(10, 1, 2, NULL, 'price', 10, 0, 0),
(11, 1, 2, 3, 'id_attribute_group', 11, 0, 0),
(12, 1, 2, 4, 'id_attribute_group', 12, 0, 0),
(13, 1, 24, NULL, 'category', 1, 1, 0),
(14, 1, 24, 1, 'id_attribute_group', 2, 0, 0),
(15, 1, 24, 2, 'id_attribute_group', 3, 0, 0),
(16, 1, 24, 1, 'id_feature', 4, 0, 0),
(17, 1, 24, 2, 'id_feature', 5, 0, 0),
(18, 1, 24, NULL, 'quantity', 6, 0, 0),
(19, 1, 24, NULL, 'manufacturer', 7, 0, 0),
(20, 1, 24, NULL, 'condition', 8, 0, 0),
(21, 1, 24, NULL, 'weight', 9, 0, 0),
(22, 1, 24, NULL, 'price', 10, 0, 0),
(23, 1, 24, 3, 'id_attribute_group', 11, 0, 0),
(24, 1, 24, 4, 'id_attribute_group', 12, 0, 0),
(25, 1, 21, NULL, 'category', 1, 1, 0),
(26, 1, 21, 1, 'id_attribute_group', 2, 0, 0),
(27, 1, 21, 2, 'id_attribute_group', 3, 0, 0),
(28, 1, 21, 1, 'id_feature', 4, 0, 0),
(29, 1, 21, 2, 'id_feature', 5, 0, 0),
(30, 1, 21, NULL, 'quantity', 6, 0, 0),
(31, 1, 21, NULL, 'manufacturer', 7, 0, 0),
(32, 1, 21, NULL, 'condition', 8, 0, 0),
(33, 1, 21, NULL, 'weight', 9, 0, 0),
(34, 1, 21, NULL, 'price', 10, 0, 0),
(35, 1, 21, 3, 'id_attribute_group', 11, 0, 0),
(36, 1, 21, 4, 'id_attribute_group', 12, 0, 0),
(37, 1, 23, NULL, 'category', 1, 1, 0),
(38, 1, 23, 1, 'id_attribute_group', 2, 0, 0),
(39, 1, 23, 2, 'id_attribute_group', 3, 0, 0),
(40, 1, 23, 1, 'id_feature', 4, 0, 0),
(41, 1, 23, 2, 'id_feature', 5, 0, 0),
(42, 1, 23, NULL, 'quantity', 6, 0, 0),
(43, 1, 23, NULL, 'manufacturer', 7, 0, 0),
(44, 1, 23, NULL, 'condition', 8, 0, 0),
(45, 1, 23, NULL, 'weight', 9, 0, 0),
(46, 1, 23, NULL, 'price', 10, 0, 0),
(47, 1, 23, 3, 'id_attribute_group', 11, 0, 0),
(48, 1, 23, 4, 'id_attribute_group', 12, 0, 0),
(49, 1, 22, NULL, 'category', 1, 1, 0),
(50, 1, 22, 1, 'id_attribute_group', 2, 0, 0),
(51, 1, 22, 2, 'id_attribute_group', 3, 0, 0),
(52, 1, 22, 1, 'id_feature', 4, 0, 0),
(53, 1, 22, 2, 'id_feature', 5, 0, 0),
(54, 1, 22, NULL, 'quantity', 6, 0, 0),
(55, 1, 22, NULL, 'manufacturer', 7, 0, 0),
(56, 1, 22, NULL, 'condition', 8, 0, 0),
(57, 1, 22, NULL, 'weight', 9, 0, 0),
(58, 1, 22, NULL, 'price', 10, 0, 0),
(59, 1, 22, 3, 'id_attribute_group', 11, 0, 0),
(60, 1, 22, 4, 'id_attribute_group', 12, 0, 0),
(61, 1, 25, NULL, 'category', 1, 1, 0),
(62, 1, 25, 1, 'id_attribute_group', 2, 0, 0),
(63, 1, 25, 2, 'id_attribute_group', 3, 0, 0),
(64, 1, 25, 1, 'id_feature', 4, 0, 0),
(65, 1, 25, 2, 'id_feature', 5, 0, 0),
(66, 1, 25, NULL, 'quantity', 6, 0, 0),
(67, 1, 25, NULL, 'manufacturer', 7, 0, 0),
(68, 1, 25, NULL, 'condition', 8, 0, 0),
(69, 1, 25, NULL, 'weight', 9, 0, 0),
(70, 1, 25, NULL, 'price', 10, 0, 0),
(71, 1, 25, 3, 'id_attribute_group', 11, 0, 0),
(72, 1, 25, 4, 'id_attribute_group', 12, 0, 0),
(73, 1, 26, NULL, 'category', 1, 1, 0),
(74, 1, 26, 1, 'id_attribute_group', 2, 0, 0),
(75, 1, 26, 2, 'id_attribute_group', 3, 0, 0),
(76, 1, 26, 1, 'id_feature', 4, 0, 0),
(77, 1, 26, 2, 'id_feature', 5, 0, 0),
(78, 1, 26, NULL, 'quantity', 6, 0, 0),
(79, 1, 26, NULL, 'manufacturer', 7, 0, 0),
(80, 1, 26, NULL, 'condition', 8, 0, 0),
(81, 1, 26, NULL, 'weight', 9, 0, 0),
(82, 1, 26, NULL, 'price', 10, 0, 0),
(83, 1, 26, 3, 'id_attribute_group', 11, 0, 0),
(84, 1, 26, 4, 'id_attribute_group', 12, 0, 0),
(85, 1, 27, NULL, 'category', 1, 1, 0),
(86, 1, 27, 1, 'id_attribute_group', 2, 0, 0),
(87, 1, 27, 2, 'id_attribute_group', 3, 0, 0),
(88, 1, 27, 1, 'id_feature', 4, 0, 0),
(89, 1, 27, 2, 'id_feature', 5, 0, 0),
(90, 1, 27, NULL, 'quantity', 6, 0, 0),
(91, 1, 27, NULL, 'manufacturer', 7, 0, 0),
(92, 1, 27, NULL, 'condition', 8, 0, 0),
(93, 1, 27, NULL, 'weight', 9, 0, 0),
(94, 1, 27, NULL, 'price', 10, 0, 0),
(95, 1, 27, 3, 'id_attribute_group', 11, 0, 0),
(96, 1, 27, 4, 'id_attribute_group', 12, 0, 0),
(97, 1, 28, NULL, 'category', 1, 1, 0),
(98, 1, 28, 1, 'id_attribute_group', 2, 0, 0),
(99, 1, 28, 2, 'id_attribute_group', 3, 0, 0),
(100, 1, 28, 1, 'id_feature', 4, 0, 0),
(101, 1, 28, 2, 'id_feature', 5, 0, 0),
(102, 1, 28, NULL, 'quantity', 6, 0, 0),
(103, 1, 28, NULL, 'manufacturer', 7, 0, 0),
(104, 1, 28, NULL, 'condition', 8, 0, 0),
(105, 1, 28, NULL, 'weight', 9, 0, 0),
(106, 1, 28, NULL, 'price', 10, 0, 0),
(107, 1, 28, 3, 'id_attribute_group', 11, 0, 0),
(108, 1, 28, 4, 'id_attribute_group', 12, 0, 0),
(109, 1, 29, NULL, 'category', 1, 1, 0),
(110, 1, 29, 1, 'id_attribute_group', 2, 0, 0),
(111, 1, 29, 2, 'id_attribute_group', 3, 0, 0),
(112, 1, 29, 1, 'id_feature', 4, 0, 0),
(113, 1, 29, 2, 'id_feature', 5, 0, 0),
(114, 1, 29, NULL, 'quantity', 6, 0, 0),
(115, 1, 29, NULL, 'manufacturer', 7, 0, 0),
(116, 1, 29, NULL, 'condition', 8, 0, 0),
(117, 1, 29, NULL, 'weight', 9, 0, 0),
(118, 1, 29, NULL, 'price', 10, 0, 0),
(119, 1, 29, 3, 'id_attribute_group', 11, 0, 0),
(120, 1, 29, 4, 'id_attribute_group', 12, 0, 0),
(121, 1, 30, NULL, 'category', 1, 1, 0),
(122, 1, 30, 1, 'id_attribute_group', 2, 0, 0),
(123, 1, 30, 2, 'id_attribute_group', 3, 0, 0),
(124, 1, 30, 1, 'id_feature', 4, 0, 0),
(125, 1, 30, 2, 'id_feature', 5, 0, 0),
(126, 1, 30, NULL, 'quantity', 6, 0, 0),
(127, 1, 30, NULL, 'manufacturer', 7, 0, 0),
(128, 1, 30, NULL, 'condition', 8, 0, 0),
(129, 1, 30, NULL, 'weight', 9, 0, 0),
(130, 1, 30, NULL, 'price', 10, 0, 0),
(131, 1, 30, 3, 'id_attribute_group', 11, 0, 0),
(132, 1, 30, 4, 'id_attribute_group', 12, 0, 0),
(133, 1, 31, NULL, 'category', 1, 1, 0),
(134, 1, 31, 1, 'id_attribute_group', 2, 0, 0),
(135, 1, 31, 2, 'id_attribute_group', 3, 0, 0),
(136, 1, 31, 1, 'id_feature', 4, 0, 0),
(137, 1, 31, 2, 'id_feature', 5, 0, 0),
(138, 1, 31, NULL, 'quantity', 6, 0, 0),
(139, 1, 31, NULL, 'manufacturer', 7, 0, 0),
(140, 1, 31, NULL, 'condition', 8, 0, 0),
(141, 1, 31, NULL, 'weight', 9, 0, 0),
(142, 1, 31, NULL, 'price', 10, 0, 0),
(143, 1, 31, 3, 'id_attribute_group', 11, 0, 0),
(144, 1, 31, 4, 'id_attribute_group', 12, 0, 0),
(145, 1, 33, NULL, 'category', 1, 1, 0),
(146, 1, 33, 1, 'id_attribute_group', 2, 0, 0),
(147, 1, 33, 2, 'id_attribute_group', 3, 0, 0),
(148, 1, 33, 1, 'id_feature', 4, 0, 0),
(149, 1, 33, 2, 'id_feature', 5, 0, 0),
(150, 1, 33, NULL, 'quantity', 6, 0, 0),
(151, 1, 33, NULL, 'manufacturer', 7, 0, 0),
(152, 1, 33, NULL, 'condition', 8, 0, 0),
(153, 1, 33, NULL, 'weight', 9, 0, 0),
(154, 1, 33, NULL, 'price', 10, 0, 0),
(155, 1, 33, 3, 'id_attribute_group', 11, 0, 0),
(156, 1, 33, 4, 'id_attribute_group', 12, 0, 0),
(157, 1, 32, NULL, 'category', 1, 1, 0),
(158, 1, 32, 1, 'id_attribute_group', 2, 0, 0),
(159, 1, 32, 2, 'id_attribute_group', 3, 0, 0),
(160, 1, 32, 1, 'id_feature', 4, 0, 0),
(161, 1, 32, 2, 'id_feature', 5, 0, 0),
(162, 1, 32, NULL, 'quantity', 6, 0, 0),
(163, 1, 32, NULL, 'manufacturer', 7, 0, 0),
(164, 1, 32, NULL, 'condition', 8, 0, 0),
(165, 1, 32, NULL, 'weight', 9, 0, 0),
(166, 1, 32, NULL, 'price', 10, 0, 0),
(167, 1, 32, 3, 'id_attribute_group', 11, 0, 0),
(168, 1, 32, 4, 'id_attribute_group', 12, 0, 0),
(169, 1, 34, NULL, 'category', 1, 1, 0),
(170, 1, 34, 1, 'id_attribute_group', 2, 0, 0),
(171, 1, 34, 2, 'id_attribute_group', 3, 0, 0),
(172, 1, 34, 1, 'id_feature', 4, 0, 0),
(173, 1, 34, 2, 'id_feature', 5, 0, 0),
(174, 1, 34, NULL, 'quantity', 6, 0, 0),
(175, 1, 34, NULL, 'manufacturer', 7, 0, 0),
(176, 1, 34, NULL, 'condition', 8, 0, 0),
(177, 1, 34, NULL, 'weight', 9, 0, 0),
(178, 1, 34, NULL, 'price', 10, 0, 0),
(179, 1, 34, 3, 'id_attribute_group', 11, 0, 0),
(180, 1, 34, 4, 'id_attribute_group', 12, 0, 0),
(181, 1, 43, NULL, 'category', 1, 1, 0),
(182, 1, 43, 1, 'id_attribute_group', 2, 0, 0),
(183, 1, 43, 2, 'id_attribute_group', 3, 0, 0),
(184, 1, 43, 1, 'id_feature', 4, 0, 0),
(185, 1, 43, 2, 'id_feature', 5, 0, 0),
(186, 1, 43, NULL, 'quantity', 6, 0, 0),
(187, 1, 43, NULL, 'manufacturer', 7, 0, 0),
(188, 1, 43, NULL, 'condition', 8, 0, 0),
(189, 1, 43, NULL, 'weight', 9, 0, 0),
(190, 1, 43, NULL, 'price', 10, 0, 0),
(191, 1, 43, 3, 'id_attribute_group', 11, 0, 0),
(192, 1, 43, 4, 'id_attribute_group', 12, 0, 0),
(193, 1, 44, NULL, 'category', 1, 1, 0),
(194, 1, 44, 1, 'id_attribute_group', 2, 0, 0),
(195, 1, 44, 2, 'id_attribute_group', 3, 0, 0),
(196, 1, 44, 1, 'id_feature', 4, 0, 0),
(197, 1, 44, 2, 'id_feature', 5, 0, 0),
(198, 1, 44, NULL, 'quantity', 6, 0, 0),
(199, 1, 44, NULL, 'manufacturer', 7, 0, 0),
(200, 1, 44, NULL, 'condition', 8, 0, 0),
(201, 1, 44, NULL, 'weight', 9, 0, 0),
(202, 1, 44, NULL, 'price', 10, 0, 0),
(203, 1, 44, 3, 'id_attribute_group', 11, 0, 0),
(204, 1, 44, 4, 'id_attribute_group', 12, 0, 0),
(205, 1, 40, NULL, 'category', 1, 1, 0),
(206, 1, 40, 1, 'id_attribute_group', 2, 0, 0),
(207, 1, 40, 2, 'id_attribute_group', 3, 0, 0),
(208, 1, 40, 1, 'id_feature', 4, 0, 0),
(209, 1, 40, 2, 'id_feature', 5, 0, 0),
(210, 1, 40, NULL, 'quantity', 6, 0, 0),
(211, 1, 40, NULL, 'manufacturer', 7, 0, 0),
(212, 1, 40, NULL, 'condition', 8, 0, 0),
(213, 1, 40, NULL, 'weight', 9, 0, 0),
(214, 1, 40, NULL, 'price', 10, 0, 0),
(215, 1, 40, 3, 'id_attribute_group', 11, 0, 0),
(216, 1, 40, 4, 'id_attribute_group', 12, 0, 0),
(217, 1, 41, NULL, 'category', 1, 1, 0),
(218, 1, 41, 1, 'id_attribute_group', 2, 0, 0),
(219, 1, 41, 2, 'id_attribute_group', 3, 0, 0),
(220, 1, 41, 1, 'id_feature', 4, 0, 0),
(221, 1, 41, 2, 'id_feature', 5, 0, 0),
(222, 1, 41, NULL, 'quantity', 6, 0, 0),
(223, 1, 41, NULL, 'manufacturer', 7, 0, 0),
(224, 1, 41, NULL, 'condition', 8, 0, 0),
(225, 1, 41, NULL, 'weight', 9, 0, 0),
(226, 1, 41, NULL, 'price', 10, 0, 0),
(227, 1, 41, 3, 'id_attribute_group', 11, 0, 0),
(228, 1, 41, 4, 'id_attribute_group', 12, 0, 0),
(229, 1, 46, NULL, 'category', 1, 1, 0),
(230, 1, 46, 1, 'id_attribute_group', 2, 0, 0),
(231, 1, 46, 2, 'id_attribute_group', 3, 0, 0),
(232, 1, 46, 1, 'id_feature', 4, 0, 0),
(233, 1, 46, 2, 'id_feature', 5, 0, 0),
(234, 1, 46, NULL, 'quantity', 6, 0, 0),
(235, 1, 46, NULL, 'manufacturer', 7, 0, 0),
(236, 1, 46, NULL, 'condition', 8, 0, 0),
(237, 1, 46, NULL, 'weight', 9, 0, 0),
(238, 1, 46, NULL, 'price', 10, 0, 0),
(239, 1, 46, 3, 'id_attribute_group', 11, 0, 0),
(240, 1, 46, 4, 'id_attribute_group', 12, 0, 0),
(241, 1, 47, NULL, 'category', 1, 1, 0),
(242, 1, 47, 1, 'id_attribute_group', 2, 0, 0),
(243, 1, 47, 2, 'id_attribute_group', 3, 0, 0),
(244, 1, 47, 1, 'id_feature', 4, 0, 0),
(245, 1, 47, 2, 'id_feature', 5, 0, 0),
(246, 1, 47, NULL, 'quantity', 6, 0, 0),
(247, 1, 47, NULL, 'manufacturer', 7, 0, 0),
(248, 1, 47, NULL, 'condition', 8, 0, 0),
(249, 1, 47, NULL, 'weight', 9, 0, 0),
(250, 1, 47, NULL, 'price', 10, 0, 0),
(251, 1, 47, 3, 'id_attribute_group', 11, 0, 0),
(252, 1, 47, 4, 'id_attribute_group', 12, 0, 0);

-- --------------------------------------------------------

--
-- Estructura de tabla para la tabla `pr_layered_filter`
--

CREATE TABLE `pr_layered_filter` (
  `id_layered_filter` int UNSIGNED NOT NULL,
  `name` varchar(64) NOT NULL,
  `filters` longtext,
  `n_categories` int UNSIGNED NOT NULL,
  `date_add` datetime NOT NULL
) ENGINE=InnoDB DEFAULT CHARSET=utf8;

--
-- Volcado de datos para la tabla `pr_layered_filter`
--

INSERT INTO `pr_layered_filter` (`id_layered_filter`, `name`, `filters`, `n_categories`, `date_add`) VALUES
(1, 'Filtros', 'a:14:{s:9:\"shop_list\";a:1:{i:0;i:1;}s:10:\"categories\";a:21:{i:0;i:2;i:2;i:24;i:3;i:21;i:4;i:23;i:5;i:22;i:6;i:25;i:7;i:26;i:8;i:27;i:9;i:28;i:10;i:29;i:11;i:30;i:13;i:31;i:14;i:33;i:15;i:32;i:16;i:34;i:22;i:43;i:23;i:44;i:26;i:40;i:27;i:41;i:30;i:46;i:31;i:47;}s:31:\"layered_selection_subcategories\";a:2:{s:11:\"filter_type\";i:1;s:17:\"filter_show_limit\";i:0;}s:22:\"layered_selection_ag_1\";a:2:{s:11:\"filter_type\";i:0;s:17:\"filter_show_limit\";i:0;}s:22:\"layered_selection_ag_2\";a:2:{s:11:\"filter_type\";i:0;s:17:\"filter_show_limit\";i:0;}s:24:\"layered_selection_feat_1\";a:2:{s:11:\"filter_type\";i:0;s:17:\"filter_show_limit\";i:0;}s:24:\"layered_selection_feat_2\";a:2:{s:11:\"filter_type\";i:0;s:17:\"filter_show_limit\";i:0;}s:23:\"layered_selection_stock\";a:2:{s:11:\"filter_type\";i:0;s:17:\"filter_show_limit\";i:0;}s:30:\"layered_selection_manufacturer\";a:2:{s:11:\"filter_type\";i:0;s:17:\"filter_show_limit\";i:0;}s:27:\"layered_selection_condition\";a:2:{s:11:\"filter_type\";i:0;s:17:\"filter_show_limit\";i:0;}s:31:\"layered_selection_weight_slider\";a:2:{s:11:\"filter_type\";i:0;s:17:\"filter_show_limit\";i:0;}s:30:\"layered_selection_price_slider\";a:2:{s:11:\"filter_type\";i:0;s:17:\"filter_show_limit\";i:0;}s:22:\"layered_selection_ag_3\";a:2:{s:11:\"filter_type\";i:0;s:17:\"filter_show_limit\";i:0;}s:22:\"layered_selection_ag_4\";a:2:{s:11:\"filter_type\";i:0;s:17:\"filter_show_limit\";i:0;}}', 32, '2020-02-12 17:13:39');

-- --------------------------------------------------------

--
-- Estructura de tabla para la tabla `pr_layered_filter_block`
--

CREATE TABLE `pr_layered_filter_block` (
  `hash` char(32) NOT NULL DEFAULT '',
  `data` text
) ENGINE=InnoDB DEFAULT CHARSET=utf8;

-- --------------------------------------------------------

--
-- Estructura de tabla para la tabla `pr_layered_filter_shop`
--

CREATE TABLE `pr_layered_filter_shop` (
  `id_layered_filter` int UNSIGNED NOT NULL,
  `id_shop` int UNSIGNED NOT NULL
) ENGINE=InnoDB DEFAULT CHARSET=utf8;

-- --------------------------------------------------------

--
-- Estructura de tabla para la tabla `pr_layered_indexable_attribute_group`
--

CREATE TABLE `pr_layered_indexable_attribute_group` (
  `id_attribute_group` int NOT NULL,
  `indexable` tinyint(1) NOT NULL DEFAULT '0'
) ENGINE=InnoDB DEFAULT CHARSET=utf8;

--
-- Volcado de datos para la tabla `pr_layered_indexable_attribute_group`
--

INSERT INTO `pr_layered_indexable_attribute_group` (`id_attribute_group`, `indexable`) VALUES
(1, 1),
(2, 1),
(3, 1),
(4, 1);

-- --------------------------------------------------------

--
-- Estructura de tabla para la tabla `pr_layered_indexable_attribute_group_lang_value`
--

CREATE TABLE `pr_layered_indexable_attribute_group_lang_value` (
  `id_attribute_group` int NOT NULL,
  `id_lang` int NOT NULL,
  `url_name` varchar(128) DEFAULT NULL,
  `meta_title` varchar(128) DEFAULT NULL
) ENGINE=InnoDB DEFAULT CHARSET=utf8;

--
-- Volcado de datos para la tabla `pr_layered_indexable_attribute_group_lang_value`
--

INSERT INTO `pr_layered_indexable_attribute_group_lang_value` (`id_attribute_group`, `id_lang`, `url_name`, `meta_title`) VALUES
(1, 1, 'size', ''),
(1, 3, 'tamano', ''),
(1, 4, 'talles', '');

-- --------------------------------------------------------

--
-- Estructura de tabla para la tabla `pr_layered_indexable_attribute_lang_value`
--

CREATE TABLE `pr_layered_indexable_attribute_lang_value` (
  `id_attribute` int NOT NULL,
  `id_lang` int NOT NULL,
  `url_name` varchar(128) DEFAULT NULL,
  `meta_title` varchar(128) DEFAULT NULL
) ENGINE=InnoDB DEFAULT CHARSET=utf8;

-- --------------------------------------------------------

--
-- Estructura de tabla para la tabla `pr_layered_indexable_feature`
--

CREATE TABLE `pr_layered_indexable_feature` (
  `id_feature` int NOT NULL,
  `indexable` tinyint(1) NOT NULL DEFAULT '0'
) ENGINE=InnoDB DEFAULT CHARSET=utf8;

--
-- Volcado de datos para la tabla `pr_layered_indexable_feature`
--

INSERT INTO `pr_layered_indexable_feature` (`id_feature`, `indexable`) VALUES
(1, 1),
(2, 1);

-- --------------------------------------------------------

--
-- Estructura de tabla para la tabla `pr_layered_indexable_feature_lang_value`
--

CREATE TABLE `pr_layered_indexable_feature_lang_value` (
  `id_feature` int NOT NULL,
  `id_lang` int NOT NULL,
  `url_name` varchar(128) NOT NULL,
  `meta_title` varchar(128) DEFAULT NULL
) ENGINE=InnoDB DEFAULT CHARSET=utf8;

--
-- Volcado de datos para la tabla `pr_layered_indexable_feature_lang_value`
--

INSERT INTO `pr_layered_indexable_feature_lang_value` (`id_feature`, `id_lang`, `url_name`, `meta_title`) VALUES
(1, 1, 'composition', ''),
(1, 3, 'composition', ''),
(1, 4, 'talles', '');

-- --------------------------------------------------------

--
-- Estructura de tabla para la tabla `pr_layered_indexable_feature_value_lang_value`
--

CREATE TABLE `pr_layered_indexable_feature_value_lang_value` (
  `id_feature_value` int NOT NULL,
  `id_lang` int NOT NULL,
  `url_name` varchar(128) DEFAULT NULL,
  `meta_title` varchar(128) DEFAULT NULL
) ENGINE=InnoDB DEFAULT CHARSET=utf8;

--
-- Volcado de datos para la tabla `pr_layered_indexable_feature_value_lang_value`
--

INSERT INTO `pr_layered_indexable_feature_value_lang_value` (`id_feature_value`, `id_lang`, `url_name`, `meta_title`) VALUES
(1, 1, '', ''),
(1, 3, '', ''),
(1, 4, '', ''),
(11, 1, '', ''),
(11, 3, '', ''),
(11, 4, '', ''),
(12, 1, '', ''),
(12, 3, '', ''),
(12, 4, '', ''),
(13, 1, '', ''),
(13, 3, '', ''),
(13, 4, '', ''),
(14, 1, '', ''),
(14, 3, '', ''),
(14, 4, '', '');

-- --------------------------------------------------------

--
-- Estructura de tabla para la tabla `pr_layered_price_index`
--

CREATE TABLE `pr_layered_price_index` (
  `id_product` int NOT NULL,
  `id_currency` int NOT NULL,
  `id_shop` int NOT NULL,
  `price_min` decimal(11,5) NOT NULL,
  `price_max` decimal(11,5) NOT NULL,
  `id_country` int NOT NULL
) ENGINE=InnoDB DEFAULT CHARSET=utf8;

--
-- Volcado de datos para la tabla `pr_layered_price_index`
--

INSERT INTO `pr_layered_price_index` (`id_product`, `id_currency`, `id_shop`, `price_min`, `price_max`, `id_country`) VALUES
(55, 3, 1, 5.44215, 5.44215, 44),
(55, 4, 1, 350.00000, 350.00000, 44),
(59, 3, 1, 5.83088, 5.83088, 44),
(59, 4, 1, 375.00000, 375.00000, 44),
(60, 3, 1, 6.21960, 6.21960, 44),
(60, 4, 1, 400.00000, 400.00000, 44),
(61, 3, 1, 9.32940, 9.32940, 44),
(61, 4, 1, 600.00000, 600.00000, 44),
(62, 3, 1, 9.32940, 9.32940, 44),
(62, 4, 1, 600.00000, 600.00000, 44),
(63, 3, 1, 6.99705, 6.99705, 44),
(63, 4, 1, 450.00000, 450.00000, 44),
(65, 3, 1, 5.83088, 5.83088, 44),
(65, 4, 1, 375.00000, 375.00000, 44),
(66, 3, 1, 13.99410, 13.99410, 44),
(66, 4, 1, 900.00000, 900.00000, 44),
(68, 3, 1, 11.66175, 11.66175, 44),
(68, 4, 1, 750.00000, 750.00000, 44),
(69, 3, 1, 10.88430, 10.88430, 44),
(69, 4, 1, 700.00000, 700.00000, 44),
(70, 3, 1, 5.83088, 5.83088, 6),
(70, 3, 1, 5.83088, 5.83088, 21),
(70, 3, 1, 5.83088, 5.83088, 44),
(70, 4, 1, 375.00000, 375.00000, 6),
(70, 4, 1, 375.00000, 375.00000, 21),
(70, 4, 1, 375.00000, 375.00000, 44);

-- --------------------------------------------------------

--
-- Estructura de tabla para la tabla `pr_layered_product_attribute`
--

CREATE TABLE `pr_layered_product_attribute` (
  `id_attribute` int UNSIGNED NOT NULL,
  `id_product` int UNSIGNED NOT NULL,
  `id_attribute_group` int UNSIGNED NOT NULL DEFAULT '0',
  `id_shop` int UNSIGNED NOT NULL DEFAULT '1'
) ENGINE=InnoDB DEFAULT CHARSET=utf8;

--
-- Volcado de datos para la tabla `pr_layered_product_attribute`
--

INSERT INTO `pr_layered_product_attribute` (`id_attribute`, `id_product`, `id_attribute_group`, `id_shop`) VALUES
(1, 1, 1, 1),
(1, 2, 1, 1),
(1, 59, 1, 1),
(1, 60, 1, 1),
(1, 61, 1, 1),
(1, 62, 1, 1),
(1, 63, 1, 1),
(1, 65, 1, 1),
(1, 66, 1, 1),
(1, 70, 1, 1),
(2, 1, 1, 1),
(2, 2, 1, 1),
(2, 59, 1, 1),
(2, 60, 1, 1),
(2, 61, 1, 1),
(2, 62, 1, 1),
(2, 63, 1, 1),
(2, 65, 1, 1),
(2, 66, 1, 1),
(2, 70, 1, 1),
(3, 1, 1, 1),
(3, 2, 1, 1),
(3, 59, 1, 1),
(3, 60, 1, 1),
(3, 61, 1, 1),
(3, 62, 1, 1),
(3, 63, 1, 1),
(3, 65, 1, 1),
(3, 66, 1, 1),
(3, 70, 1, 1),
(4, 1, 1, 1),
(4, 2, 1, 1),
(4, 59, 1, 1),
(4, 60, 1, 1),
(4, 61, 1, 1),
(4, 62, 1, 1),
(4, 63, 1, 1),
(4, 65, 1, 1),
(4, 66, 1, 1),
(4, 70, 1, 1),
(8, 1, 2, 1),
(8, 9, 2, 1),
(8, 10, 2, 1),
(8, 11, 2, 1),
(11, 1, 2, 1),
(11, 9, 2, 1),
(11, 10, 2, 1),
(11, 11, 2, 1),
(19, 3, 3, 1),
(19, 4, 3, 1),
(19, 5, 3, 1),
(20, 3, 3, 1),
(20, 4, 3, 1),
(20, 5, 3, 1),
(21, 3, 3, 1),
(21, 4, 3, 1),
(21, 5, 3, 1),
(22, 16, 4, 1),
(22, 17, 4, 1),
(22, 18, 4, 1),
(23, 16, 4, 1),
(23, 17, 4, 1),
(23, 18, 4, 1),
(24, 16, 4, 1),
(24, 17, 4, 1),
(24, 18, 4, 1),
(25, 16, 4, 1),
(25, 17, 4, 1),
(25, 18, 4, 1);

-- --------------------------------------------------------

--
-- Estructura de tabla para la tabla `pr_linksmenutop`
--

CREATE TABLE `pr_linksmenutop` (
  `id_linksmenutop` int UNSIGNED NOT NULL,
  `id_shop` int UNSIGNED NOT NULL,
  `new_window` tinyint(1) NOT NULL
) ENGINE=InnoDB DEFAULT CHARSET=utf8;

--
-- Volcado de datos para la tabla `pr_linksmenutop`
--

INSERT INTO `pr_linksmenutop` (`id_linksmenutop`, `id_shop`, `new_window`) VALUES
(1, 1, 0);

-- --------------------------------------------------------

--
-- Estructura de tabla para la tabla `pr_linksmenutop_lang`
--

CREATE TABLE `pr_linksmenutop_lang` (
  `id_linksmenutop` int UNSIGNED NOT NULL,
  `id_lang` int UNSIGNED NOT NULL,
  `id_shop` int UNSIGNED NOT NULL,
  `label` varchar(128) NOT NULL,
  `link` varchar(128) NOT NULL
) ENGINE=InnoDB DEFAULT CHARSET=utf8;

--
-- Volcado de datos para la tabla `pr_linksmenutop_lang`
--

INSERT INTO `pr_linksmenutop_lang` (`id_linksmenutop`, `id_lang`, `id_shop`, `label`, `link`) VALUES
(1, 1, 1, '', 'http://'),
(1, 3, 1, '', 'http://'),
(1, 4, 1, '', 'http://');

-- --------------------------------------------------------

--
-- Estructura de tabla para la tabla `pr_link_block`
--

CREATE TABLE `pr_link_block` (
  `id_link_block` int UNSIGNED NOT NULL,
  `id_hook` int UNSIGNED DEFAULT NULL,
  `position` int UNSIGNED NOT NULL DEFAULT '0',
  `content` mediumtext CHARACTER SET utf8mb4 COLLATE utf8mb4_general_ci
) ENGINE=InnoDB DEFAULT CHARSET=utf8mb4 COLLATE=utf8mb4_general_ci;

--
-- Volcado de datos para la tabla `pr_link_block`
--

INSERT INTO `pr_link_block` (`id_link_block`, `id_hook`, `position`, `content`) VALUES
(1, 35, 0, '{\"cms\":[false],\"product\":[\"prices-drop\",\"new-products\",\"best-sales\"],\"static\":[false]}'),
(2, 35, 1, '{\"cms\":[false],\"static\":[\"contact\"],\"product\":[false]}');

-- --------------------------------------------------------

--
-- Estructura de tabla para la tabla `pr_link_block_lang`
--

CREATE TABLE `pr_link_block_lang` (
  `id_link_block` int UNSIGNED NOT NULL,
  `id_lang` int UNSIGNED NOT NULL,
  `name` varchar(40) CHARACTER SET utf8mb4 COLLATE utf8mb4_general_ci NOT NULL DEFAULT '',
  `custom_content` mediumtext CHARACTER SET utf8mb4 COLLATE utf8mb4_general_ci
) ENGINE=InnoDB DEFAULT CHARSET=utf8mb4 COLLATE=utf8mb4_general_ci;

--
-- Volcado de datos para la tabla `pr_link_block_lang`
--

INSERT INTO `pr_link_block_lang` (`id_link_block`, `id_lang`, `name`, `custom_content`) VALUES
(1, 1, 'Products', NULL),
(1, 3, 'Productos', NULL),
(1, 4, 'Productos', NULL),
(2, 1, 'Our company', NULL),
(2, 3, 'Nuestra empresa', NULL),
(2, 4, 'Nuestra empresa', NULL);

-- --------------------------------------------------------

--
-- Estructura de tabla para la tabla `pr_link_block_shop`
--

CREATE TABLE `pr_link_block_shop` (
  `id_link_block` int UNSIGNED NOT NULL,
  `id_shop` int UNSIGNED NOT NULL
) ENGINE=InnoDB DEFAULT CHARSET=utf8mb4 COLLATE=utf8mb4_general_ci;

-- --------------------------------------------------------

--
-- Estructura de tabla para la tabla `pr_log`
--

CREATE TABLE `pr_log` (
  `id_log` int UNSIGNED NOT NULL,
  `severity` tinyint(1) NOT NULL,
  `error_code` int DEFAULT NULL,
  `message` mediumtext CHARACTER SET utf8mb4 COLLATE utf8mb4_general_ci NOT NULL,
  `object_type` varchar(32) CHARACTER SET utf8mb4 COLLATE utf8mb4_general_ci DEFAULT NULL,
  `object_id` int UNSIGNED DEFAULT NULL,
  `id_employee` int UNSIGNED DEFAULT NULL,
  `date_add` datetime NOT NULL,
  `date_upd` datetime NOT NULL
) ENGINE=InnoDB DEFAULT CHARSET=utf8mb4 COLLATE=utf8mb4_general_ci;

--
-- Volcado de datos para la tabla `pr_log`
--

INSERT INTO `pr_log` (`id_log`, `severity`, `error_code`, `message`, `object_type`, `object_id`, `id_employee`, `date_add`, `date_upd`) VALUES
(220, 1, 0, 'Back office connection from 200.80.43.109', '', 0, 1, '2020-03-02 19:08:36', '2020-03-02 19:08:36'),
(221, 1, 0, 'Back office connection from 200.80.43.244', '', 0, 1, '2020-03-02 19:13:04', '2020-03-02 19:13:04'),
(222, 1, 0, 'Protect vendor folder in module mercadopago', '', 0, 1, '2020-03-02 19:13:55', '2020-03-02 19:13:55'),
(223, 1, 0, 'Module mercadopago has no vendor folder', '', 0, 1, '2020-03-02 19:13:55', '2020-03-02 19:13:55'),
(224, 1, 0, 'Exporting mail with theme modern for language Español AR (Spanish)', '', 0, 1, '2020-03-02 19:26:28', '2020-03-02 19:26:28'),
(225, 1, 0, 'Core output folder: /home/ccabrara/public_html/testtw/mails', '', 0, 1, '2020-03-02 19:26:28', '2020-03-02 19:26:28'),
(226, 1, 0, 'Modules output folder: /home/ccabrara/public_html/testtw/modules/', '', 0, 1, '2020-03-02 19:26:29', '2020-03-02 19:26:29'),
(227, 1, 0, 'Generate html template account at /home/ccabrara/public_html/testtw/mails/ag/account.html', '', 0, 1, '2020-03-02 19:26:29', '2020-03-02 19:26:29'),
(228, 1, 0, 'Generate txt template account at /home/ccabrara/public_html/testtw/mails/ag/account.txt', '', 0, 1, '2020-03-02 19:26:30', '2020-03-02 19:26:30'),
(229, 1, 0, 'Generate html template backoffice_order at /home/ccabrara/public_html/testtw/mails/ag/backoffice_order.html', '', 0, 1, '2020-03-02 19:26:30', '2020-03-02 19:26:30'),
(230, 1, 0, 'Generate txt template backoffice_order at /home/ccabrara/public_html/testtw/mails/ag/backoffice_order.txt', '', 0, 1, '2020-03-02 19:26:30', '2020-03-02 19:26:30'),
(231, 1, 0, 'Generate html template bankwire at /home/ccabrara/public_html/testtw/mails/ag/bankwire.html', '', 0, 1, '2020-03-02 19:26:31', '2020-03-02 19:26:31'),
(232, 1, 0, 'Generate txt template bankwire at /home/ccabrara/public_html/testtw/mails/ag/bankwire.txt', '', 0, 1, '2020-03-02 19:26:31', '2020-03-02 19:26:31'),
(233, 1, 0, 'Generate html template cheque at /home/ccabrara/public_html/testtw/mails/ag/cheque.html', '', 0, 1, '2020-03-02 19:26:31', '2020-03-02 19:26:31'),
(234, 1, 0, 'Generate txt template cheque at /home/ccabrara/public_html/testtw/mails/ag/cheque.txt', '', 0, 1, '2020-03-02 19:26:32', '2020-03-02 19:26:32'),
(235, 1, 0, 'Generate html template contact at /home/ccabrara/public_html/testtw/mails/ag/contact.html', '', 0, 1, '2020-03-02 19:26:32', '2020-03-02 19:26:32'),
(236, 1, 0, 'Generate txt template contact at /home/ccabrara/public_html/testtw/mails/ag/contact.txt', '', 0, 1, '2020-03-02 19:26:32', '2020-03-02 19:26:32'),
(237, 1, 0, 'Generate html template contact_form at /home/ccabrara/public_html/testtw/mails/ag/contact_form.html', '', 0, 1, '2020-03-02 19:26:32', '2020-03-02 19:26:32'),
(238, 1, 0, 'Generate txt template contact_form at /home/ccabrara/public_html/testtw/mails/ag/contact_form.txt', '', 0, 1, '2020-03-02 19:26:33', '2020-03-02 19:26:33'),
(239, 1, 0, 'Generate html template credit_slip at /home/ccabrara/public_html/testtw/mails/ag/credit_slip.html', '', 0, 1, '2020-03-02 19:26:33', '2020-03-02 19:26:33'),
(240, 1, 0, 'Generate txt template credit_slip at /home/ccabrara/public_html/testtw/mails/ag/credit_slip.txt', '', 0, 1, '2020-03-02 19:26:33', '2020-03-02 19:26:33'),
(241, 1, 0, 'Generate html template download_product at /home/ccabrara/public_html/testtw/mails/ag/download_product.html', '', 0, 1, '2020-03-02 19:26:34', '2020-03-02 19:26:34'),
(242, 1, 0, 'Generate txt template download_product at /home/ccabrara/public_html/testtw/mails/ag/download_product.txt', '', 0, 1, '2020-03-02 19:26:34', '2020-03-02 19:26:34'),
(243, 1, 0, 'Generate html template employee_password at /home/ccabrara/public_html/testtw/mails/ag/employee_password.html', '', 0, 1, '2020-03-02 19:26:34', '2020-03-02 19:26:34'),
(244, 1, 0, 'Generate txt template employee_password at /home/ccabrara/public_html/testtw/mails/ag/employee_password.txt', '', 0, 1, '2020-03-02 19:26:35', '2020-03-02 19:26:35'),
(245, 1, 0, 'Generate html template forward_msg at /home/ccabrara/public_html/testtw/mails/ag/forward_msg.html', '', 0, 1, '2020-03-02 19:26:35', '2020-03-02 19:26:35'),
(246, 1, 0, 'Generate txt template forward_msg at /home/ccabrara/public_html/testtw/mails/ag/forward_msg.txt', '', 0, 1, '2020-03-02 19:26:35', '2020-03-02 19:26:35'),
(247, 1, 0, 'Generate html template guest_to_customer at /home/ccabrara/public_html/testtw/mails/ag/guest_to_customer.html', '', 0, 1, '2020-03-02 19:26:36', '2020-03-02 19:26:36'),
(248, 1, 0, 'Generate txt template guest_to_customer at /home/ccabrara/public_html/testtw/mails/ag/guest_to_customer.txt', '', 0, 1, '2020-03-02 19:26:36', '2020-03-02 19:26:36'),
(249, 1, 0, 'Generate html template import at /home/ccabrara/public_html/testtw/mails/ag/import.html', '', 0, 1, '2020-03-02 19:26:36', '2020-03-02 19:26:36'),
(250, 1, 0, 'Generate txt template import at /home/ccabrara/public_html/testtw/mails/ag/import.txt', '', 0, 1, '2020-03-02 19:26:37', '2020-03-02 19:26:37'),
(251, 1, 0, 'Generate html template in_transit at /home/ccabrara/public_html/testtw/mails/ag/in_transit.html', '', 0, 1, '2020-03-02 19:26:41', '2020-03-02 19:26:41'),
(252, 1, 0, 'Generate txt template in_transit at /home/ccabrara/public_html/testtw/mails/ag/in_transit.txt', '', 0, 1, '2020-03-02 19:26:41', '2020-03-02 19:26:41'),
(253, 1, 0, 'Generate html template log_alert at /home/ccabrara/public_html/testtw/mails/ag/log_alert.html', '', 0, 1, '2020-03-02 19:26:41', '2020-03-02 19:26:41'),
(254, 1, 0, 'Generate txt template log_alert at /home/ccabrara/public_html/testtw/mails/ag/log_alert.txt', '', 0, 1, '2020-03-02 19:26:42', '2020-03-02 19:26:42'),
(255, 1, 0, 'Generate html template newsletter at /home/ccabrara/public_html/testtw/mails/ag/newsletter.html', '', 0, 1, '2020-03-02 19:26:42', '2020-03-02 19:26:42'),
(256, 1, 0, 'Generate txt template newsletter at /home/ccabrara/public_html/testtw/mails/ag/newsletter.txt', '', 0, 1, '2020-03-02 19:26:42', '2020-03-02 19:26:42'),
(257, 1, 0, 'Generate html template order_canceled at /home/ccabrara/public_html/testtw/mails/ag/order_canceled.html', '', 0, 1, '2020-03-02 19:26:43', '2020-03-02 19:26:43'),
(258, 1, 0, 'Generate txt template order_canceled at /home/ccabrara/public_html/testtw/mails/ag/order_canceled.txt', '', 0, 1, '2020-03-02 19:26:43', '2020-03-02 19:26:43'),
(259, 1, 0, 'Generate html template order_changed at /home/ccabrara/public_html/testtw/mails/ag/order_changed.html', '', 0, 1, '2020-03-02 19:26:43', '2020-03-02 19:26:43'),
(260, 1, 0, 'Generate txt template order_changed at /home/ccabrara/public_html/testtw/mails/ag/order_changed.txt', '', 0, 1, '2020-03-02 19:26:43', '2020-03-02 19:26:43'),
(261, 1, 0, 'Generate html template order_conf at /home/ccabrara/public_html/testtw/mails/ag/order_conf.html', '', 0, 1, '2020-03-02 19:26:44', '2020-03-02 19:26:44'),
(262, 1, 0, 'Generate txt template order_conf at /home/ccabrara/public_html/testtw/mails/ag/order_conf.txt', '', 0, 1, '2020-03-02 19:26:44', '2020-03-02 19:26:44'),
(263, 1, 0, 'Generate html template order_customer_comment at /home/ccabrara/public_html/testtw/mails/ag/order_customer_comment.html', '', 0, 1, '2020-03-02 19:26:44', '2020-03-02 19:26:44'),
(264, 1, 0, 'Generate txt template order_customer_comment at /home/ccabrara/public_html/testtw/mails/ag/order_customer_comment.txt', '', 0, 1, '2020-03-02 19:26:45', '2020-03-02 19:26:45'),
(265, 1, 0, 'Generate html template order_merchant_comment at /home/ccabrara/public_html/testtw/mails/ag/order_merchant_comment.html', '', 0, 1, '2020-03-02 19:26:45', '2020-03-02 19:26:45'),
(266, 1, 0, 'Generate txt template order_merchant_comment at /home/ccabrara/public_html/testtw/mails/ag/order_merchant_comment.txt', '', 0, 1, '2020-03-02 19:26:45', '2020-03-02 19:26:45'),
(267, 1, 0, 'Generate html template order_return_state at /home/ccabrara/public_html/testtw/mails/ag/order_return_state.html', '', 0, 1, '2020-03-02 19:26:46', '2020-03-02 19:26:46'),
(268, 1, 0, 'Generate txt template order_return_state at /home/ccabrara/public_html/testtw/mails/ag/order_return_state.txt', '', 0, 1, '2020-03-02 19:26:46', '2020-03-02 19:26:46'),
(269, 1, 0, 'Generate html template outofstock at /home/ccabrara/public_html/testtw/mails/ag/outofstock.html', '', 0, 1, '2020-03-02 19:26:46', '2020-03-02 19:26:46'),
(270, 1, 0, 'Generate txt template outofstock at /home/ccabrara/public_html/testtw/mails/ag/outofstock.txt', '', 0, 1, '2020-03-02 19:26:47', '2020-03-02 19:26:47'),
(271, 1, 0, 'Generate html template password at /home/ccabrara/public_html/testtw/mails/ag/password.html', '', 0, 1, '2020-03-02 19:26:47', '2020-03-02 19:26:47'),
(272, 1, 0, 'Generate txt template password at /home/ccabrara/public_html/testtw/mails/ag/password.txt', '', 0, 1, '2020-03-02 19:26:47', '2020-03-02 19:26:47'),
(273, 1, 0, 'Generate html template password_query at /home/ccabrara/public_html/testtw/mails/ag/password_query.html', '', 0, 1, '2020-03-02 19:26:47', '2020-03-02 19:26:47'),
(274, 1, 0, 'Generate txt template password_query at /home/ccabrara/public_html/testtw/mails/ag/password_query.txt', '', 0, 1, '2020-03-02 19:26:47', '2020-03-02 19:26:47'),
(275, 1, 0, 'Generate html template payment at /home/ccabrara/public_html/testtw/mails/ag/payment.html', '', 0, 1, '2020-03-02 19:26:48', '2020-03-02 19:26:48'),
(276, 1, 0, 'Generate txt template payment at /home/ccabrara/public_html/testtw/mails/ag/payment.txt', '', 0, 1, '2020-03-02 19:26:48', '2020-03-02 19:26:48'),
(277, 1, 0, 'Generate html template payment_error at /home/ccabrara/public_html/testtw/mails/ag/payment_error.html', '', 0, 1, '2020-03-02 19:26:49', '2020-03-02 19:26:49'),
(278, 1, 0, 'Generate txt template payment_error at /home/ccabrara/public_html/testtw/mails/ag/payment_error.txt', '', 0, 1, '2020-03-02 19:26:49', '2020-03-02 19:26:49'),
(279, 1, 0, 'Generate html template preparation at /home/ccabrara/public_html/testtw/mails/ag/preparation.html', '', 0, 1, '2020-03-02 19:26:49', '2020-03-02 19:26:49'),
(280, 1, 0, 'Generate txt template preparation at /home/ccabrara/public_html/testtw/mails/ag/preparation.txt', '', 0, 1, '2020-03-02 19:26:50', '2020-03-02 19:26:50'),
(281, 1, 0, 'Generate html template productoutofstock at /home/ccabrara/public_html/testtw/mails/ag/productoutofstock.html', '', 0, 1, '2020-03-02 19:26:50', '2020-03-02 19:26:50'),
(282, 1, 0, 'Generate txt template productoutofstock at /home/ccabrara/public_html/testtw/mails/ag/productoutofstock.txt', '', 0, 1, '2020-03-02 19:26:50', '2020-03-02 19:26:50'),
(283, 1, 0, 'Generate html template refund at /home/ccabrara/public_html/testtw/mails/ag/refund.html', '', 0, 1, '2020-03-02 19:26:51', '2020-03-02 19:26:51'),
(284, 1, 0, 'Generate txt template refund at /home/ccabrara/public_html/testtw/mails/ag/refund.txt', '', 0, 1, '2020-03-02 19:26:51', '2020-03-02 19:26:51'),
(285, 1, 0, 'Generate html template reply_msg at /home/ccabrara/public_html/testtw/mails/ag/reply_msg.html', '', 0, 1, '2020-03-02 19:26:51', '2020-03-02 19:26:51'),
(286, 1, 0, 'Generate txt template reply_msg at /home/ccabrara/public_html/testtw/mails/ag/reply_msg.txt', '', 0, 1, '2020-03-02 19:26:52', '2020-03-02 19:26:52'),
(287, 1, 0, 'Generate html template shipped at /home/ccabrara/public_html/testtw/mails/ag/shipped.html', '', 0, 1, '2020-03-02 19:26:52', '2020-03-02 19:26:52'),
(288, 1, 0, 'Generate txt template shipped at /home/ccabrara/public_html/testtw/mails/ag/shipped.txt', '', 0, 1, '2020-03-02 19:26:52', '2020-03-02 19:26:52'),
(289, 1, 0, 'Generate html template test at /home/ccabrara/public_html/testtw/mails/ag/test.html', '', 0, 1, '2020-03-02 19:26:53', '2020-03-02 19:26:53'),
(290, 1, 0, 'Generate txt template test at /home/ccabrara/public_html/testtw/mails/ag/test.txt', '', 0, 1, '2020-03-02 19:26:53', '2020-03-02 19:26:53'),
(291, 1, 0, 'Generate html template voucher at /home/ccabrara/public_html/testtw/mails/ag/voucher.html', '', 0, 1, '2020-03-02 19:26:53', '2020-03-02 19:26:53'),
(292, 1, 0, 'Generate txt template voucher at /home/ccabrara/public_html/testtw/mails/ag/voucher.txt', '', 0, 1, '2020-03-02 19:26:54', '2020-03-02 19:26:54'),
(293, 1, 0, 'Generate html template voucher_new at /home/ccabrara/public_html/testtw/mails/ag/voucher_new.html', '', 0, 1, '2020-03-02 19:26:54', '2020-03-02 19:26:54'),
(294, 1, 0, 'Generate txt template voucher_new at /home/ccabrara/public_html/testtw/mails/ag/voucher_new.txt', '', 0, 1, '2020-03-02 19:26:54', '2020-03-02 19:26:54'),
(295, 1, 0, 'Generate html template followup_1 at /home/ccabrara/public_html/testtw/modules//followup/mails/ag/followup_1.html', '', 0, 1, '2020-03-02 19:26:55', '2020-03-02 19:26:55'),
(296, 1, 0, 'Generate txt template followup_1 at /home/ccabrara/public_html/testtw/modules//followup/mails/ag/followup_1.txt', '', 0, 1, '2020-03-02 19:26:55', '2020-03-02 19:26:55'),
(297, 1, 0, 'Generate html template followup_2 at /home/ccabrara/public_html/testtw/modules//followup/mails/ag/followup_2.html', '', 0, 1, '2020-03-02 19:26:56', '2020-03-02 19:26:56'),
(298, 1, 0, 'Generate txt template followup_2 at /home/ccabrara/public_html/testtw/modules//followup/mails/ag/followup_2.txt', '', 0, 1, '2020-03-02 19:26:56', '2020-03-02 19:26:56'),
(299, 1, 0, 'Generate html template followup_3 at /home/ccabrara/public_html/testtw/modules//followup/mails/ag/followup_3.html', '', 0, 1, '2020-03-02 19:26:56', '2020-03-02 19:26:56'),
(300, 1, 0, 'Generate txt template followup_3 at /home/ccabrara/public_html/testtw/modules//followup/mails/ag/followup_3.txt', '', 0, 1, '2020-03-02 19:26:57', '2020-03-02 19:26:57'),
(301, 1, 0, 'Generate html template followup_4 at /home/ccabrara/public_html/testtw/modules//followup/mails/ag/followup_4.html', '', 0, 1, '2020-03-02 19:26:57', '2020-03-02 19:26:57'),
(302, 1, 0, 'Generate txt template followup_4 at /home/ccabrara/public_html/testtw/modules//followup/mails/ag/followup_4.txt', '', 0, 1, '2020-03-02 19:26:58', '2020-03-02 19:26:58'),
(303, 1, 0, 'Generate html template customer_qty at /home/ccabrara/public_html/testtw/modules//ps_emailalerts/mails/ag/customer_qty.html', '', 0, 1, '2020-03-02 19:26:58', '2020-03-02 19:26:58'),
(304, 1, 0, 'Generate txt template customer_qty at /home/ccabrara/public_html/testtw/modules//ps_emailalerts/mails/ag/customer_qty.txt', '', 0, 1, '2020-03-02 19:26:58', '2020-03-02 19:26:58'),
(305, 1, 0, 'Generate html template new_order at /home/ccabrara/public_html/testtw/modules//ps_emailalerts/mails/ag/new_order.html', '', 0, 1, '2020-03-02 19:26:59', '2020-03-02 19:26:59'),
(306, 1, 0, 'Generate txt template new_order at /home/ccabrara/public_html/testtw/modules//ps_emailalerts/mails/ag/new_order.txt', '', 0, 1, '2020-03-02 19:27:00', '2020-03-02 19:27:00'),
(307, 1, 0, 'Generate html template order_changed at /home/ccabrara/public_html/testtw/modules//ps_emailalerts/mails/ag/order_changed.html', '', 0, 1, '2020-03-02 19:27:00', '2020-03-02 19:27:00'),
(308, 1, 0, 'Generate txt template order_changed at /home/ccabrara/public_html/testtw/modules//ps_emailalerts/mails/ag/order_changed.txt', '', 0, 1, '2020-03-02 19:27:01', '2020-03-02 19:27:01'),
(309, 1, 0, 'Generate html template productcoverage at /home/ccabrara/public_html/testtw/modules//ps_emailalerts/mails/ag/productcoverage.html', '', 0, 1, '2020-03-02 19:27:01', '2020-03-02 19:27:01'),
(310, 1, 0, 'Generate txt template productcoverage at /home/ccabrara/public_html/testtw/modules//ps_emailalerts/mails/ag/productcoverage.txt', '', 0, 1, '2020-03-02 19:27:02', '2020-03-02 19:27:02'),
(311, 1, 0, 'Generate html template productoutofstock at /home/ccabrara/public_html/testtw/modules//ps_emailalerts/mails/ag/productoutofstock.html', '', 0, 1, '2020-03-02 19:27:02', '2020-03-02 19:27:02'),
(312, 1, 0, 'Generate txt template productoutofstock at /home/ccabrara/public_html/testtw/modules//ps_emailalerts/mails/ag/productoutofstock.txt', '', 0, 1, '2020-03-02 19:27:03', '2020-03-02 19:27:03'),
(313, 1, 0, 'Generate html template return_slip at /home/ccabrara/public_html/testtw/modules//ps_emailalerts/mails/ag/return_slip.html', '', 0, 1, '2020-03-02 19:27:03', '2020-03-02 19:27:03'),
(314, 1, 0, 'Generate txt template return_slip at /home/ccabrara/public_html/testtw/modules//ps_emailalerts/mails/ag/return_slip.txt', '', 0, 1, '2020-03-02 19:27:03', '2020-03-02 19:27:03'),
(315, 1, 0, 'Generate html template newsletter_conf at /home/ccabrara/public_html/testtw/modules//ps_emailsubscription/mails/ag/newsletter_conf.html', '', 0, 1, '2020-03-02 19:27:04', '2020-03-02 19:27:04'),
(316, 1, 0, 'Generate txt template newsletter_conf at /home/ccabrara/public_html/testtw/modules//ps_emailsubscription/mails/ag/newsletter_conf.txt', '', 0, 1, '2020-03-02 19:27:04', '2020-03-02 19:27:04'),
(317, 1, 0, 'Generate html template newsletter_verif at /home/ccabrara/public_html/testtw/modules//ps_emailsubscription/mails/ag/newsletter_verif.html', '', 0, 1, '2020-03-02 19:27:05', '2020-03-02 19:27:05'),
(318, 1, 0, 'Generate txt template newsletter_verif at /home/ccabrara/public_html/testtw/modules//ps_emailsubscription/mails/ag/newsletter_verif.txt', '', 0, 1, '2020-03-02 19:27:05', '2020-03-02 19:27:05'),
(319, 1, 0, 'Generate html template newsletter_voucher at /home/ccabrara/public_html/testtw/modules//ps_emailsubscription/mails/ag/newsletter_voucher.html', '', 0, 1, '2020-03-02 19:27:06', '2020-03-02 19:27:06'),
(320, 1, 0, 'Generate txt template newsletter_voucher at /home/ccabrara/public_html/testtw/modules//ps_emailsubscription/mails/ag/newsletter_voucher.txt', '', 0, 1, '2020-03-02 19:27:06', '2020-03-02 19:27:06'),
(321, 1, 0, 'Generate html template referralprogram-congratulations at /home/ccabrara/public_html/testtw/modules//referralprogram/mails/ag/referralprogram-congratulations.html', '', 0, 1, '2020-03-02 19:27:06', '2020-03-02 19:27:06'),
(322, 1, 0, 'Generate txt template referralprogram-congratulations at /home/ccabrara/public_html/testtw/modules//referralprogram/mails/ag/referralprogram-congratulations.txt', '', 0, 1, '2020-03-02 19:27:07', '2020-03-02 19:27:07'),
(323, 1, 0, 'Generate html template referralprogram-invitation at /home/ccabrara/public_html/testtw/modules//referralprogram/mails/ag/referralprogram-invitation.html', '', 0, 1, '2020-03-02 19:27:07', '2020-03-02 19:27:07'),
(324, 1, 0, 'Generate txt template referralprogram-invitation at /home/ccabrara/public_html/testtw/modules//referralprogram/mails/ag/referralprogram-invitation.txt', '', 0, 1, '2020-03-02 19:27:08', '2020-03-02 19:27:08'),
(325, 1, 0, 'Generate html template referralprogram-voucher at /home/ccabrara/public_html/testtw/modules//referralprogram/mails/ag/referralprogram-voucher.html', '', 0, 1, '2020-03-02 19:27:08', '2020-03-02 19:27:08'),
(326, 1, 0, 'Generate txt template referralprogram-voucher at /home/ccabrara/public_html/testtw/modules//referralprogram/mails/ag/referralprogram-voucher.txt', '', 0, 1, '2020-03-02 19:27:08', '2020-03-02 19:27:08'),
(327, 1, 0, 'Exporting mail with theme modern for language Español (Spanish)', '', 0, 1, '2020-03-02 19:31:11', '2020-03-02 19:31:11'),
(328, 1, 0, 'Generate html template account at /home/ccabrara/public_html/testtw/mails/es/account.html', '', 0, 1, '2020-03-02 19:31:11', '2020-03-02 19:31:11'),
(329, 1, 0, 'Generate txt template account at /home/ccabrara/public_html/testtw/mails/es/account.txt', '', 0, 1, '2020-03-02 19:31:12', '2020-03-02 19:31:12'),
(330, 1, 0, 'Generate html template backoffice_order at /home/ccabrara/public_html/testtw/mails/es/backoffice_order.html', '', 0, 1, '2020-03-02 19:31:13', '2020-03-02 19:31:13'),
(331, 1, 0, 'Generate txt template backoffice_order at /home/ccabrara/public_html/testtw/mails/es/backoffice_order.txt', '', 0, 1, '2020-03-02 19:31:13', '2020-03-02 19:31:13'),
(332, 1, 0, 'Generate html template bankwire at /home/ccabrara/public_html/testtw/mails/es/bankwire.html', '', 0, 1, '2020-03-02 19:31:13', '2020-03-02 19:31:13'),
(333, 1, 0, 'Generate txt template bankwire at /home/ccabrara/public_html/testtw/mails/es/bankwire.txt', '', 0, 1, '2020-03-02 19:31:13', '2020-03-02 19:31:13'),
(334, 1, 0, 'Generate html template cheque at /home/ccabrara/public_html/testtw/mails/es/cheque.html', '', 0, 1, '2020-03-02 19:31:14', '2020-03-02 19:31:14'),
(335, 1, 0, 'Generate txt template cheque at /home/ccabrara/public_html/testtw/mails/es/cheque.txt', '', 0, 1, '2020-03-02 19:31:15', '2020-03-02 19:31:15'),
(336, 1, 0, 'Generate html template contact at /home/ccabrara/public_html/testtw/mails/es/contact.html', '', 0, 1, '2020-03-02 19:31:15', '2020-03-02 19:31:15'),
(337, 1, 0, 'Generate txt template contact at /home/ccabrara/public_html/testtw/mails/es/contact.txt', '', 0, 1, '2020-03-02 19:31:15', '2020-03-02 19:31:15'),
(338, 1, 0, 'Generate html template contact_form at /home/ccabrara/public_html/testtw/mails/es/contact_form.html', '', 0, 1, '2020-03-02 19:31:16', '2020-03-02 19:31:16'),
(339, 1, 0, 'Generate txt template contact_form at /home/ccabrara/public_html/testtw/mails/es/contact_form.txt', '', 0, 1, '2020-03-02 19:31:16', '2020-03-02 19:31:16'),
(340, 1, 0, 'Generate html template credit_slip at /home/ccabrara/public_html/testtw/mails/es/credit_slip.html', '', 0, 1, '2020-03-02 19:31:16', '2020-03-02 19:31:16'),
(341, 1, 0, 'Generate txt template credit_slip at /home/ccabrara/public_html/testtw/mails/es/credit_slip.txt', '', 0, 1, '2020-03-02 19:31:17', '2020-03-02 19:31:17'),
(342, 1, 0, 'Generate html template download_product at /home/ccabrara/public_html/testtw/mails/es/download_product.html', '', 0, 1, '2020-03-02 19:31:17', '2020-03-02 19:31:17'),
(343, 1, 0, 'Generate txt template download_product at /home/ccabrara/public_html/testtw/mails/es/download_product.txt', '', 0, 1, '2020-03-02 19:31:17', '2020-03-02 19:31:17'),
(344, 1, 0, 'Generate html template employee_password at /home/ccabrara/public_html/testtw/mails/es/employee_password.html', '', 0, 1, '2020-03-02 19:31:18', '2020-03-02 19:31:18'),
(345, 1, 0, 'Generate txt template employee_password at /home/ccabrara/public_html/testtw/mails/es/employee_password.txt', '', 0, 1, '2020-03-02 19:31:18', '2020-03-02 19:31:18'),
(346, 1, 0, 'Generate html template forward_msg at /home/ccabrara/public_html/testtw/mails/es/forward_msg.html', '', 0, 1, '2020-03-02 19:31:19', '2020-03-02 19:31:19'),
(347, 1, 0, 'Generate txt template forward_msg at /home/ccabrara/public_html/testtw/mails/es/forward_msg.txt', '', 0, 1, '2020-03-02 19:31:19', '2020-03-02 19:31:19'),
(348, 1, 0, 'Generate html template guest_to_customer at /home/ccabrara/public_html/testtw/mails/es/guest_to_customer.html', '', 0, 1, '2020-03-02 19:31:19', '2020-03-02 19:31:19'),
(349, 1, 0, 'Generate txt template guest_to_customer at /home/ccabrara/public_html/testtw/mails/es/guest_to_customer.txt', '', 0, 1, '2020-03-02 19:31:19', '2020-03-02 19:31:19'),
(350, 1, 0, 'Generate html template import at /home/ccabrara/public_html/testtw/mails/es/import.html', '', 0, 1, '2020-03-02 19:31:20', '2020-03-02 19:31:20'),
(351, 1, 0, 'Generate txt template import at /home/ccabrara/public_html/testtw/mails/es/import.txt', '', 0, 1, '2020-03-02 19:31:20', '2020-03-02 19:31:20'),
(352, 1, 0, 'Generate html template in_transit at /home/ccabrara/public_html/testtw/mails/es/in_transit.html', '', 0, 1, '2020-03-02 19:31:20', '2020-03-02 19:31:20'),
(353, 1, 0, 'Generate txt template in_transit at /home/ccabrara/public_html/testtw/mails/es/in_transit.txt', '', 0, 1, '2020-03-02 19:31:21', '2020-03-02 19:31:21'),
(354, 1, 0, 'Generate html template log_alert at /home/ccabrara/public_html/testtw/mails/es/log_alert.html', '', 0, 1, '2020-03-02 19:31:21', '2020-03-02 19:31:21'),
(355, 1, 0, 'Generate txt template log_alert at /home/ccabrara/public_html/testtw/mails/es/log_alert.txt', '', 0, 1, '2020-03-02 19:31:21', '2020-03-02 19:31:21'),
(356, 1, 0, 'Generate html template newsletter at /home/ccabrara/public_html/testtw/mails/es/newsletter.html', '', 0, 1, '2020-03-02 19:31:21', '2020-03-02 19:31:21'),
(357, 1, 0, 'Generate txt template newsletter at /home/ccabrara/public_html/testtw/mails/es/newsletter.txt', '', 0, 1, '2020-03-02 19:31:22', '2020-03-02 19:31:22'),
(358, 1, 0, 'Generate html template order_canceled at /home/ccabrara/public_html/testtw/mails/es/order_canceled.html', '', 0, 1, '2020-03-02 19:31:22', '2020-03-02 19:31:22'),
(359, 1, 0, 'Generate txt template order_canceled at /home/ccabrara/public_html/testtw/mails/es/order_canceled.txt', '', 0, 1, '2020-03-02 19:31:22', '2020-03-02 19:31:22'),
(360, 1, 0, 'Generate html template order_changed at /home/ccabrara/public_html/testtw/mails/es/order_changed.html', '', 0, 1, '2020-03-02 19:31:23', '2020-03-02 19:31:23'),
(361, 1, 0, 'Generate txt template order_changed at /home/ccabrara/public_html/testtw/mails/es/order_changed.txt', '', 0, 1, '2020-03-02 19:31:23', '2020-03-02 19:31:23'),
(362, 1, 0, 'Generate html template order_conf at /home/ccabrara/public_html/testtw/mails/es/order_conf.html', '', 0, 1, '2020-03-02 19:31:23', '2020-03-02 19:31:23'),
(363, 1, 0, 'Generate txt template order_conf at /home/ccabrara/public_html/testtw/mails/es/order_conf.txt', '', 0, 1, '2020-03-02 19:31:24', '2020-03-02 19:31:24'),
(364, 1, 0, 'Generate html template order_customer_comment at /home/ccabrara/public_html/testtw/mails/es/order_customer_comment.html', '', 0, 1, '2020-03-02 19:31:25', '2020-03-02 19:31:25'),
(365, 1, 0, 'Generate txt template order_customer_comment at /home/ccabrara/public_html/testtw/mails/es/order_customer_comment.txt', '', 0, 1, '2020-03-02 19:31:25', '2020-03-02 19:31:25'),
(366, 1, 0, 'Generate html template order_merchant_comment at /home/ccabrara/public_html/testtw/mails/es/order_merchant_comment.html', '', 0, 1, '2020-03-02 19:31:25', '2020-03-02 19:31:25'),
(367, 1, 0, 'Generate txt template order_merchant_comment at /home/ccabrara/public_html/testtw/mails/es/order_merchant_comment.txt', '', 0, 1, '2020-03-02 19:31:26', '2020-03-02 19:31:26'),
(368, 1, 0, 'Generate html template order_return_state at /home/ccabrara/public_html/testtw/mails/es/order_return_state.html', '', 0, 1, '2020-03-02 19:31:26', '2020-03-02 19:31:26'),
(369, 1, 0, 'Generate txt template order_return_state at /home/ccabrara/public_html/testtw/mails/es/order_return_state.txt', '', 0, 1, '2020-03-02 19:31:27', '2020-03-02 19:31:27'),
(370, 1, 0, 'Generate html template outofstock at /home/ccabrara/public_html/testtw/mails/es/outofstock.html', '', 0, 1, '2020-03-02 19:31:27', '2020-03-02 19:31:27'),
(371, 1, 0, 'Generate txt template outofstock at /home/ccabrara/public_html/testtw/mails/es/outofstock.txt', '', 0, 1, '2020-03-02 19:31:28', '2020-03-02 19:31:28'),
(372, 1, 0, 'Generate html template password at /home/ccabrara/public_html/testtw/mails/es/password.html', '', 0, 1, '2020-03-02 19:31:28', '2020-03-02 19:31:28'),
(373, 1, 0, 'Generate txt template password at /home/ccabrara/public_html/testtw/mails/es/password.txt', '', 0, 1, '2020-03-02 19:31:28', '2020-03-02 19:31:28'),
(374, 1, 0, 'Generate html template password_query at /home/ccabrara/public_html/testtw/mails/es/password_query.html', '', 0, 1, '2020-03-02 19:31:28', '2020-03-02 19:31:28'),
(375, 1, 0, 'Generate txt template password_query at /home/ccabrara/public_html/testtw/mails/es/password_query.txt', '', 0, 1, '2020-03-02 19:31:28', '2020-03-02 19:31:28'),
(376, 1, 0, 'Generate html template payment at /home/ccabrara/public_html/testtw/mails/es/payment.html', '', 0, 1, '2020-03-02 19:31:29', '2020-03-02 19:31:29'),
(377, 1, 0, 'Generate txt template payment at /home/ccabrara/public_html/testtw/mails/es/payment.txt', '', 0, 1, '2020-03-02 19:31:29', '2020-03-02 19:31:29'),
(378, 1, 0, 'Generate html template payment_error at /home/ccabrara/public_html/testtw/mails/es/payment_error.html', '', 0, 1, '2020-03-02 19:31:29', '2020-03-02 19:31:29'),
(379, 1, 0, 'Generate txt template payment_error at /home/ccabrara/public_html/testtw/mails/es/payment_error.txt', '', 0, 1, '2020-03-02 19:31:30', '2020-03-02 19:31:30'),
(380, 1, 0, 'Generate html template preparation at /home/ccabrara/public_html/testtw/mails/es/preparation.html', '', 0, 1, '2020-03-02 19:31:30', '2020-03-02 19:31:30'),
(381, 1, 0, 'Generate txt template preparation at /home/ccabrara/public_html/testtw/mails/es/preparation.txt', '', 0, 1, '2020-03-02 19:31:30', '2020-03-02 19:31:30'),
(382, 1, 0, 'Generate html template productoutofstock at /home/ccabrara/public_html/testtw/mails/es/productoutofstock.html', '', 0, 1, '2020-03-02 19:31:31', '2020-03-02 19:31:31'),
(383, 1, 0, 'Generate txt template productoutofstock at /home/ccabrara/public_html/testtw/mails/es/productoutofstock.txt', '', 0, 1, '2020-03-02 19:31:31', '2020-03-02 19:31:31'),
(384, 1, 0, 'Generate html template refund at /home/ccabrara/public_html/testtw/mails/es/refund.html', '', 0, 1, '2020-03-02 19:31:32', '2020-03-02 19:31:32'),
(385, 1, 0, 'Generate txt template refund at /home/ccabrara/public_html/testtw/mails/es/refund.txt', '', 0, 1, '2020-03-02 19:31:32', '2020-03-02 19:31:32'),
(386, 1, 0, 'Generate html template reply_msg at /home/ccabrara/public_html/testtw/mails/es/reply_msg.html', '', 0, 1, '2020-03-02 19:31:33', '2020-03-02 19:31:33'),
(387, 1, 0, 'Generate txt template reply_msg at /home/ccabrara/public_html/testtw/mails/es/reply_msg.txt', '', 0, 1, '2020-03-02 19:31:33', '2020-03-02 19:31:33'),
(388, 1, 0, 'Generate html template shipped at /home/ccabrara/public_html/testtw/mails/es/shipped.html', '', 0, 1, '2020-03-02 19:31:34', '2020-03-02 19:31:34'),
(389, 1, 0, 'Generate txt template shipped at /home/ccabrara/public_html/testtw/mails/es/shipped.txt', '', 0, 1, '2020-03-02 19:31:34', '2020-03-02 19:31:34'),
(390, 1, 0, 'Generate html template test at /home/ccabrara/public_html/testtw/mails/es/test.html', '', 0, 1, '2020-03-02 19:31:34', '2020-03-02 19:31:34'),
(391, 1, 0, 'Generate txt template test at /home/ccabrara/public_html/testtw/mails/es/test.txt', '', 0, 1, '2020-03-02 19:31:34', '2020-03-02 19:31:34'),
(392, 1, 0, 'Generate html template voucher at /home/ccabrara/public_html/testtw/mails/es/voucher.html', '', 0, 1, '2020-03-02 19:31:35', '2020-03-02 19:31:35'),
(393, 1, 0, 'Generate txt template voucher at /home/ccabrara/public_html/testtw/mails/es/voucher.txt', '', 0, 1, '2020-03-02 19:31:35', '2020-03-02 19:31:35'),
(394, 1, 0, 'Generate html template voucher_new at /home/ccabrara/public_html/testtw/mails/es/voucher_new.html', '', 0, 1, '2020-03-02 19:31:35', '2020-03-02 19:31:35'),
(395, 1, 0, 'Generate txt template voucher_new at /home/ccabrara/public_html/testtw/mails/es/voucher_new.txt', '', 0, 1, '2020-03-02 19:31:36', '2020-03-02 19:31:36'),
(396, 1, 0, 'Generate html template followup_1 at /home/ccabrara/public_html/testtw/modules//followup/mails/es/followup_1.html', '', 0, 1, '2020-03-02 19:31:36', '2020-03-02 19:31:36'),
(397, 1, 0, 'Generate txt template followup_1 at /home/ccabrara/public_html/testtw/modules//followup/mails/es/followup_1.txt', '', 0, 1, '2020-03-02 19:31:37', '2020-03-02 19:31:37'),
(398, 1, 0, 'Generate html template followup_2 at /home/ccabrara/public_html/testtw/modules//followup/mails/es/followup_2.html', '', 0, 1, '2020-03-02 19:31:37', '2020-03-02 19:31:37'),
(399, 1, 0, 'Generate txt template followup_2 at /home/ccabrara/public_html/testtw/modules//followup/mails/es/followup_2.txt', '', 0, 1, '2020-03-02 19:31:37', '2020-03-02 19:31:37'),
(400, 1, 0, 'Generate html template followup_3 at /home/ccabrara/public_html/testtw/modules//followup/mails/es/followup_3.html', '', 0, 1, '2020-03-02 19:31:38', '2020-03-02 19:31:38'),
(401, 1, 0, 'Generate txt template followup_3 at /home/ccabrara/public_html/testtw/modules//followup/mails/es/followup_3.txt', '', 0, 1, '2020-03-02 19:31:38', '2020-03-02 19:31:38'),
(402, 1, 0, 'Generate html template followup_4 at /home/ccabrara/public_html/testtw/modules//followup/mails/es/followup_4.html', '', 0, 1, '2020-03-02 19:31:38', '2020-03-02 19:31:38'),
(403, 1, 0, 'Generate txt template followup_4 at /home/ccabrara/public_html/testtw/modules//followup/mails/es/followup_4.txt', '', 0, 1, '2020-03-02 19:31:39', '2020-03-02 19:31:39'),
(404, 1, 0, 'Generate html template customer_qty at /home/ccabrara/public_html/testtw/modules//ps_emailalerts/mails/es/customer_qty.html', '', 0, 1, '2020-03-02 19:31:39', '2020-03-02 19:31:39'),
(405, 1, 0, 'Generate txt template customer_qty at /home/ccabrara/public_html/testtw/modules//ps_emailalerts/mails/es/customer_qty.txt', '', 0, 1, '2020-03-02 19:31:39', '2020-03-02 19:31:39'),
(406, 1, 0, 'Generate html template new_order at /home/ccabrara/public_html/testtw/modules//ps_emailalerts/mails/es/new_order.html', '', 0, 1, '2020-03-02 19:31:40', '2020-03-02 19:31:40'),
(407, 1, 0, 'Generate txt template new_order at /home/ccabrara/public_html/testtw/modules//ps_emailalerts/mails/es/new_order.txt', '', 0, 1, '2020-03-02 19:31:40', '2020-03-02 19:31:40'),
(408, 1, 0, 'Generate html template order_changed at /home/ccabrara/public_html/testtw/modules//ps_emailalerts/mails/es/order_changed.html', '', 0, 1, '2020-03-02 19:31:40', '2020-03-02 19:31:40'),
(409, 1, 0, 'Generate txt template order_changed at /home/ccabrara/public_html/testtw/modules//ps_emailalerts/mails/es/order_changed.txt', '', 0, 1, '2020-03-02 19:31:41', '2020-03-02 19:31:41'),
(410, 1, 0, 'Generate html template productcoverage at /home/ccabrara/public_html/testtw/modules//ps_emailalerts/mails/es/productcoverage.html', '', 0, 1, '2020-03-02 19:31:41', '2020-03-02 19:31:41'),
(411, 1, 0, 'Generate txt template productcoverage at /home/ccabrara/public_html/testtw/modules//ps_emailalerts/mails/es/productcoverage.txt', '', 0, 1, '2020-03-02 19:31:41', '2020-03-02 19:31:41'),
(412, 1, 0, 'Generate html template productoutofstock at /home/ccabrara/public_html/testtw/modules//ps_emailalerts/mails/es/productoutofstock.html', '', 0, 1, '2020-03-02 19:31:41', '2020-03-02 19:31:41'),
(413, 1, 0, 'Generate txt template productoutofstock at /home/ccabrara/public_html/testtw/modules//ps_emailalerts/mails/es/productoutofstock.txt', '', 0, 1, '2020-03-02 19:31:42', '2020-03-02 19:31:42'),
(414, 1, 0, 'Generate html template return_slip at /home/ccabrara/public_html/testtw/modules//ps_emailalerts/mails/es/return_slip.html', '', 0, 1, '2020-03-02 19:31:42', '2020-03-02 19:31:42'),
(415, 1, 0, 'Generate txt template return_slip at /home/ccabrara/public_html/testtw/modules//ps_emailalerts/mails/es/return_slip.txt', '', 0, 1, '2020-03-02 19:31:42', '2020-03-02 19:31:42'),
(416, 1, 0, 'Generate html template newsletter_conf at /home/ccabrara/public_html/testtw/modules//ps_emailsubscription/mails/es/newsletter_conf.html', '', 0, 1, '2020-03-02 19:31:43', '2020-03-02 19:31:43'),
(417, 1, 0, 'Generate txt template newsletter_conf at /home/ccabrara/public_html/testtw/modules//ps_emailsubscription/mails/es/newsletter_conf.txt', '', 0, 1, '2020-03-02 19:31:43', '2020-03-02 19:31:43'),
(418, 1, 0, 'Generate html template newsletter_verif at /home/ccabrara/public_html/testtw/modules//ps_emailsubscription/mails/es/newsletter_verif.html', '', 0, 1, '2020-03-02 19:31:43', '2020-03-02 19:31:43'),
(419, 1, 0, 'Generate txt template newsletter_verif at /home/ccabrara/public_html/testtw/modules//ps_emailsubscription/mails/es/newsletter_verif.txt', '', 0, 1, '2020-03-02 19:31:44', '2020-03-02 19:31:44'),
(420, 1, 0, 'Generate html template newsletter_voucher at /home/ccabrara/public_html/testtw/modules//ps_emailsubscription/mails/es/newsletter_voucher.html', '', 0, 1, '2020-03-02 19:31:44', '2020-03-02 19:31:44'),
(421, 1, 0, 'Generate txt template newsletter_voucher at /home/ccabrara/public_html/testtw/modules//ps_emailsubscription/mails/es/newsletter_voucher.txt', '', 0, 1, '2020-03-02 19:31:44', '2020-03-02 19:31:44'),
(422, 1, 0, 'Generate html template referralprogram-congratulations at /home/ccabrara/public_html/testtw/modules//referralprogram/mails/es/referralprogram-congratulations.html', '', 0, 1, '2020-03-02 19:31:44', '2020-03-02 19:31:44'),
(423, 1, 0, 'Generate txt template referralprogram-congratulations at /home/ccabrara/public_html/testtw/modules//referralprogram/mails/es/referralprogram-congratulations.txt', '', 0, 1, '2020-03-02 19:31:45', '2020-03-02 19:31:45'),
(424, 1, 0, 'Generate html template referralprogram-invitation at /home/ccabrara/public_html/testtw/modules//referralprogram/mails/es/referralprogram-invitation.html', '', 0, 1, '2020-03-02 19:31:45', '2020-03-02 19:31:45'),
(425, 1, 0, 'Generate txt template referralprogram-invitation at /home/ccabrara/public_html/testtw/modules//referralprogram/mails/es/referralprogram-invitation.txt', '', 0, 1, '2020-03-02 19:31:45', '2020-03-02 19:31:45'),
(426, 1, 0, 'Generate html template referralprogram-voucher at /home/ccabrara/public_html/testtw/modules//referralprogram/mails/es/referralprogram-voucher.html', '', 0, 1, '2020-03-02 19:31:46', '2020-03-02 19:31:46'),
(427, 1, 0, 'Generate txt template referralprogram-voucher at /home/ccabrara/public_html/testtw/modules//referralprogram/mails/es/referralprogram-voucher.txt', '', 0, 1, '2020-03-02 19:31:46', '2020-03-02 19:31:46'),
(428, 1, 0, 'Conexión al panel de administración desde 200.80.43.244', '', 0, 1, '2020-03-02 16:45:44', '2020-03-02 16:45:44'),
(429, 1, 0, 'Conexión al panel de administración desde 200.80.43.244', '', 0, 1, '2020-03-03 09:04:48', '2020-03-03 09:04:48'),
(430, 1, 0, 'Protect vendor folder in module ps_newproducts', '', 0, 1, '2020-03-03 09:09:01', '2020-03-03 09:09:01'),
(431, 1, 0, 'Product deleted: (19).', '', 0, 1, '2020-03-03 09:22:24', '2020-03-03 09:22:24'),
(432, 1, 0, 'Product deleted: (18).', '', 0, 1, '2020-03-03 09:22:32', '2020-03-03 09:22:32'),
(433, 1, 0, 'Product deleted: (17).', '', 0, 1, '2020-03-03 09:22:40', '2020-03-03 09:22:40'),
(434, 1, 0, 'Product modification', 'Product', 16, 1, '2020-03-03 09:28:01', '2020-03-03 09:28:01'),
(435, 1, 0, 'Country modificación', 'Country', 44, 1, '2020-03-03 09:40:54', '2020-03-03 09:40:54'),
(436, 1, 0, 'Carrier eliminado', 'Carrier', 1, 1, '2020-03-03 09:45:42', '2020-03-03 09:45:42'),
(437, 1, 0, 'Carrier eliminado', 'Carrier', 2, 1, '2020-03-03 09:45:47', '2020-03-03 09:45:47'),
(438, 1, 0, 'Conexión al panel de administración desde 200.80.43.244', '', 0, 1, '2020-03-05 15:05:54', '2020-03-05 15:05:54'),
(439, 1, 0, 'Conexión al panel de administración desde 200.80.43.244', '', 0, 1, '2020-03-10 11:01:52', '2020-03-10 11:01:52'),
(440, 1, 0, 'Conexión al panel de administración desde 200.80.43.244', '', 0, 1, '2020-03-10 11:04:40', '2020-03-10 11:04:40'),
(441, 1, 0, 'Conexión al back-office desde 200.80.43.244', '', 0, 1, '2020-03-10 11:14:20', '2020-03-10 11:14:20'),
(442, 1, 0, 'Products deleted: (16).', '', 0, 1, '2020-03-10 11:39:55', '2020-03-10 11:39:55'),
(443, 1, 0, 'Products deleted: (15).', '', 0, 1, '2020-03-10 11:39:57', '2020-03-10 11:39:57'),
(444, 1, 0, 'Products deleted: (14).', '', 0, 1, '2020-03-10 11:39:58', '2020-03-10 11:39:58'),
(445, 1, 0, 'Products deleted: (13).', '', 0, 1, '2020-03-10 11:40:00', '2020-03-10 11:40:00'),
(446, 1, 0, 'Products deleted: (12).', '', 0, 1, '2020-03-10 11:40:02', '2020-03-10 11:40:02'),
(447, 1, 0, 'Products deleted: (11).', '', 0, 1, '2020-03-10 11:40:05', '2020-03-10 11:40:05'),
(448, 1, 0, 'Products deleted: (10).', '', 0, 1, '2020-03-10 11:40:10', '2020-03-10 11:40:10'),
(449, 1, 0, 'Products deleted: (9).', '', 0, 1, '2020-03-10 11:40:13', '2020-03-10 11:40:13'),
(450, 1, 0, 'Products deleted: (8).', '', 0, 1, '2020-03-10 11:40:15', '2020-03-10 11:40:15'),
(451, 1, 0, 'Products deleted: (7).', '', 0, 1, '2020-03-10 11:40:17', '2020-03-10 11:40:17'),
(452, 1, 0, 'Products deleted: (6).', '', 0, 1, '2020-03-10 11:40:19', '2020-03-10 11:40:19'),
(453, 1, 0, 'Products deleted: (5).', '', 0, 1, '2020-03-10 11:40:23', '2020-03-10 11:40:23'),
(454, 1, 0, 'Products deleted: (4).', '', 0, 1, '2020-03-10 11:40:27', '2020-03-10 11:40:27'),
(455, 1, 0, 'Products deleted: (3).', '', 0, 1, '2020-03-10 11:40:31', '2020-03-10 11:40:31'),
(456, 1, 0, 'Products deleted: (2).', '', 0, 1, '2020-03-10 11:40:35', '2020-03-10 11:40:35'),
(457, 1, 0, 'Products deleted: (1).', '', 0, 1, '2020-03-10 11:40:42', '2020-03-10 11:40:42'),
(458, 1, 0, 'Product deleted: (20).', '', 0, 1, '2020-03-10 11:56:05', '2020-03-10 11:56:05'),
(459, 1, 0, 'Product modification', 'Product', 21, 1, '2020-03-10 11:57:14', '2020-03-10 11:57:14'),
(460, 1, 0, 'Protect vendor folder in module statsbestcategories', '', 0, 1, '2020-03-10 12:02:36', '2020-03-10 12:02:36'),
(461, 1, 0, 'Module statsbestcategories has no vendor folder', '', 0, 1, '2020-03-10 12:02:37', '2020-03-10 12:02:37'),
(462, 1, 0, 'Frontcontroller::init - Cart cannot be loaded or an order has already been placed using this cart', 'Cart', 11, 0, '2020-03-10 12:05:48', '2020-03-10 12:05:48'),
(463, 1, 0, 'Product deleted: (21).', '', 0, 1, '2020-03-10 12:10:11', '2020-03-10 12:10:11'),
(464, 1, 0, 'Product modification', 'Product', 22, 1, '2020-03-10 12:14:39', '2020-03-10 12:14:39'),
(465, 1, 0, 'Product modification', 'Product', 22, 1, '2020-03-10 12:14:43', '2020-03-10 12:14:43'),
(466, 1, 0, 'Product modification', 'Product', 22, 1, '2020-03-10 12:15:13', '2020-03-10 12:15:13'),
(467, 1, 0, 'Product modification', 'Product', 22, 1, '2020-03-10 12:20:34', '2020-03-10 12:20:34'),
(468, 1, 0, 'Frontcontroller::init - Cart cannot be loaded or an order has already been placed using this cart', 'Cart', 13, 0, '2020-03-10 12:43:56', '2020-03-10 12:43:56'),
(469, 1, 0, 'Product modification', 'Product', 22, 1, '2020-03-10 12:51:43', '2020-03-10 12:51:43'),
(470, 1, 0, 'Product duplicated: (from 22 to 23).', '', 0, 1, '2020-03-10 12:53:02', '2020-03-10 12:53:02'),
(471, 1, 0, 'Product duplicated: (from 22 to 24).', '', 0, 1, '2020-03-10 12:53:07', '2020-03-10 12:53:07'),
(472, 1, 0, 'Product duplicated: (from 22 to 25).', '', 0, 1, '2020-03-10 12:53:11', '2020-03-10 12:53:11'),
(473, 1, 0, 'Products duplicated: (22).', '', 0, 1, '2020-03-10 12:53:17', '2020-03-10 12:53:17'),
(474, 1, 0, 'Products deleted: (26).', '', 0, 1, '2020-03-10 12:53:47', '2020-03-10 12:53:47'),
(475, 1, 0, 'Products deleted: (25).', '', 0, 1, '2020-03-10 12:53:50', '2020-03-10 12:53:50'),
(476, 1, 0, 'Products deleted: (24).', '', 0, 1, '2020-03-10 12:53:51', '2020-03-10 12:53:51'),
(477, 1, 0, 'Products deleted: (23).', '', 0, 1, '2020-03-10 12:53:54', '2020-03-10 12:53:54'),
(478, 1, 0, 'Product modification', 'Product', 27, 1, '2020-03-10 12:55:12', '2020-03-10 12:55:12'),
(479, 1, 0, 'Product modification', 'Product', 27, 1, '2020-03-10 12:55:39', '2020-03-10 12:55:39'),
(480, 1, 0, 'Product modification', 'Product', 28, 1, '2020-03-10 12:56:52', '2020-03-10 12:56:52'),
(481, 1, 0, 'Product modification', 'Product', 28, 1, '2020-03-10 12:56:56', '2020-03-10 12:56:56'),
(482, 1, 0, 'Product modification', 'Product', 28, 1, '2020-03-10 12:57:20', '2020-03-10 12:57:20'),
(483, 1, 0, 'Product modification', 'Product', 28, 1, '2020-03-10 12:57:38', '2020-03-10 12:57:38'),
(484, 1, 0, 'Product modification', 'Product', 29, 1, '2020-03-10 12:59:08', '2020-03-10 12:59:08'),
(485, 1, 0, 'Product modification', 'Product', 29, 1, '2020-03-10 12:59:13', '2020-03-10 12:59:13'),
(486, 1, 0, 'Product modification', 'Product', 29, 1, '2020-03-10 12:59:18', '2020-03-10 12:59:18'),
(487, 1, 0, 'Product modification', 'Product', 30, 1, '2020-03-10 13:00:36', '2020-03-10 13:00:36'),
(488, 1, 0, 'Product modification', 'Product', 30, 1, '2020-03-10 13:00:44', '2020-03-10 13:00:44'),
(489, 1, 0, 'Product modification', 'Product', 31, 1, '2020-03-10 13:01:29', '2020-03-10 13:01:29'),
(490, 1, 0, 'Product modification', 'Product', 31, 1, '2020-03-10 13:01:33', '2020-03-10 13:01:33'),
(491, 1, 0, 'Product modification', 'Product', 31, 1, '2020-03-10 13:05:18', '2020-03-10 13:05:18'),
(492, 1, 0, 'Product modification', 'Product', 31, 1, '2020-03-10 13:05:58', '2020-03-10 13:05:58'),
(493, 1, 0, 'Product modification', 'Product', 30, 1, '2020-03-10 13:06:19', '2020-03-10 13:06:19'),
(494, 1, 0, 'Product deleted: (29).', '', 0, 1, '2020-03-10 13:06:33', '2020-03-10 13:06:33'),
(495, 1, 0, 'Product deleted: (22).', '', 0, 1, '2020-03-10 13:06:40', '2020-03-10 13:06:40'),
(496, 1, 0, 'Product modification', 'Product', 28, 1, '2020-03-10 13:06:50', '2020-03-10 13:06:50'),
(497, 1, 0, 'Product modification', 'Product', 28, 1, '2020-03-10 13:07:02', '2020-03-10 13:07:02'),
(498, 1, 0, 'Product modification', 'Product', 27, 1, '2020-03-10 13:07:21', '2020-03-10 13:07:21'),
(499, 1, 0, 'Product modification', 'Product', 32, 1, '2020-03-10 13:11:07', '2020-03-10 13:11:07'),
(500, 1, 0, 'Product modification', 'Product', 32, 1, '2020-03-10 13:11:11', '2020-03-10 13:11:11'),
(501, 1, 0, 'Product modification', 'Product', 33, 1, '2020-03-10 13:11:50', '2020-03-10 13:11:50'),
(502, 1, 0, 'Product modification', 'Product', 33, 1, '2020-03-10 13:11:55', '2020-03-10 13:11:55'),
(503, 1, 0, 'Product modification', 'Product', 33, 1, '2020-03-10 13:12:15', '2020-03-10 13:12:15'),
(504, 1, 0, 'Product modification', 'Product', 33, 1, '2020-03-10 13:12:52', '2020-03-10 13:12:52'),
(505, 1, 0, 'Product modification', 'Product', 27, 1, '2020-03-10 13:13:50', '2020-03-10 13:13:50'),
(506, 1, 0, 'Product modification', 'Product', 28, 1, '2020-03-10 13:14:12', '2020-03-10 13:14:12'),
(507, 1, 0, 'Product modification', 'Product', 35, 1, '2020-03-10 13:43:16', '2020-03-10 13:43:16'),
(508, 1, 0, 'Product modification', 'Product', 35, 1, '2020-03-10 13:43:46', '2020-03-10 13:43:46'),
(509, 1, 0, 'Product modification', 'Product', 36, 1, '2020-03-10 13:45:18', '2020-03-10 13:45:18'),
(510, 1, 0, 'Product modification', 'Product', 36, 1, '2020-03-10 13:46:31', '2020-03-10 13:46:31'),
(511, 1, 0, 'Product modification', 'Product', 38, 1, '2020-03-10 14:03:13', '2020-03-10 14:03:13'),
(512, 1, 0, 'Product modification', 'Product', 38, 1, '2020-03-10 14:03:54', '2020-03-10 14:03:54'),
(513, 1, 0, 'Product modification', 'Product', 39, 1, '2020-03-10 14:06:18', '2020-03-10 14:06:18'),
(514, 1, 0, 'Product modification', 'Product', 39, 1, '2020-03-10 14:06:47', '2020-03-10 14:06:47'),
(515, 1, 0, 'Product modification', 'Product', 39, 1, '2020-03-10 14:07:19', '2020-03-10 14:07:19'),
(516, 1, 0, 'Product modification', 'Product', 39, 1, '2020-03-10 14:07:39', '2020-03-10 14:07:39'),
(517, 1, 0, 'Product modification', 'Product', 39, 1, '2020-03-10 14:11:12', '2020-03-10 14:11:12'),
(518, 1, 0, 'Product modification', 'Product', 30, 1, '2020-03-10 14:11:41', '2020-03-10 14:11:41'),
(519, 1, 0, 'Product modification', 'Product', 30, 1, '2020-03-10 14:12:13', '2020-03-10 14:12:13'),
(520, 1, 0, 'Product modification', 'Product', 31, 1, '2020-03-10 14:12:30', '2020-03-10 14:12:30'),
(521, 1, 0, 'Carrier eliminado', 'Carrier', 4, 1, '2020-03-10 16:23:40', '2020-03-10 16:23:40'),
(522, 1, 0, 'Product modification', 'Product', 36, 1, '2020-03-10 16:38:12', '2020-03-10 16:38:12'),
(523, 1, 0, 'Product modification', 'Product', 36, 1, '2020-03-10 16:38:36', '2020-03-10 16:38:36'),
(524, 1, 0, 'Product modification', 'Product', 36, 1, '2020-03-10 16:38:48', '2020-03-10 16:38:48'),
(525, 1, 0, 'Product modification', 'Product', 36, 1, '2020-03-10 16:39:52', '2020-03-10 16:39:52'),
(526, 1, 0, 'Product modification', 'Product', 36, 1, '2020-03-10 16:40:38', '2020-03-10 16:40:38'),
(527, 1, 0, 'Product modification', 'Product', 36, 1, '2020-03-10 16:40:59', '2020-03-10 16:40:59'),
(528, 1, 0, 'Product modification', 'Product', 36, 1, '2020-03-10 16:41:34', '2020-03-10 16:41:34'),
(529, 1, 0, 'Product modification', 'Product', 35, 1, '2020-03-10 16:42:40', '2020-03-10 16:42:40'),
(530, 1, 0, 'Product modification', 'Product', 35, 1, '2020-03-10 16:42:53', '2020-03-10 16:42:53'),
(531, 1, 0, 'Product modification', 'Product', 35, 1, '2020-03-10 16:43:14', '2020-03-10 16:43:14'),
(532, 1, 0, 'Conexión al back-office desde 200.80.43.244', '', 0, 1, '2020-03-11 09:42:28', '2020-03-11 09:42:28'),
(533, 1, 0, 'Conexión al back-office desde 200.80.43.244', '', 0, 1, '2020-03-11 12:11:02', '2020-03-11 12:11:02'),
(534, 1, 0, 'Protect vendor folder in module whatsapp', '', 0, 1, '2020-03-11 12:12:14', '2020-03-11 12:12:14'),
(535, 1, 0, 'Module whatsapp has no vendor folder', '', 0, 1, '2020-03-11 12:12:14', '2020-03-11 12:12:14'),
(536, 1, 0, 'Protect vendor folder in module eicaptcha', '', 0, 1, '2020-03-11 12:16:47', '2020-03-11 12:16:47'),
(537, 1, 0, 'Conexión al back-office desde 200.80.43.244', '', 0, 1, '2020-03-11 12:38:20', '2020-03-11 12:38:20'),
(538, 1, 0, 'Conexión al back-office desde 200.80.43.244', '', 0, 1, '2020-03-11 13:09:12', '2020-03-11 13:09:12'),
(539, 1, 0, 'Frontcontroller::init - Cart cannot be loaded or an order has already been placed using this cart', 'Cart', 12, 0, '2020-03-11 13:40:38', '2020-03-11 13:40:38'),
(540, 1, 0, 'Protect vendor folder in module revws', '', 0, 1, '2020-03-11 14:08:00', '2020-03-11 14:08:00'),
(541, 1, 0, 'Module revws has no vendor folder', '', 0, 1, '2020-03-11 14:08:00', '2020-03-11 14:08:00'),
(542, 1, 0, 'Conexión al back-office desde 200.80.43.244', '', 0, 1, '2020-03-11 16:07:51', '2020-03-11 16:07:51'),
(543, 1, 0, 'Conexión al back-office desde 200.80.43.244', '', 0, 1, '2020-03-12 10:00:45', '2020-03-12 10:00:45'),
(544, 1, 0, 'Conexión al back-office desde 200.80.43.244', '', 0, 1, '2020-03-16 13:15:09', '2020-03-16 13:15:09'),
(545, 1, 0, 'Conexión al back-office desde 181.47.247.29', '', 0, 1, '2020-03-17 09:16:47', '2020-03-17 09:16:47'),
(546, 1, 0, 'Conexión al back-office desde 181.47.247.29', '', 0, 1, '2020-03-30 10:22:46', '2020-03-30 10:22:46'),
(547, 3, 0, 'Excepción emitida por el módulo paypal en install. Error sent by Addons. You may need to be logged.', '', 0, 1, '2020-03-30 10:24:13', '2020-03-30 10:24:13'),
(548, 1, 0, 'Protect vendor folder in module paypal', '', 0, 1, '2020-03-30 10:28:40', '2020-03-30 10:28:40'),
(549, 1, 0, 'Conexión al back-office desde 181.47.247.29', '', 0, 1, '2020-03-30 14:00:34', '2020-03-30 14:00:34'),
(550, 1, 0, 'Conexión al back-office desde 181.47.247.29', '', 0, 1, '2020-03-30 14:33:42', '2020-03-30 14:33:42'),
(551, 1, 0, 'Product deleted: (41).', '', 0, 1, '2020-03-30 14:36:55', '2020-03-30 14:36:55'),
(552, 1, 0, 'Product modification', 'Product', 42, 1, '2020-03-30 14:37:42', '2020-03-30 14:37:42'),
(553, 1, 0, 'Product activated: 42', '', 0, 1, '2020-03-30 14:38:29', '2020-03-30 14:38:29'),
(554, 1, 0, 'Product deleted: (42).', '', 0, 1, '2020-03-30 14:38:45', '2020-03-30 14:38:45'),
(555, 1, 0, 'Product modification', 'Product', 45, 1, '2020-03-30 14:45:06', '2020-03-30 14:45:06');
INSERT INTO `pr_log` (`id_log`, `severity`, `error_code`, `message`, `object_type`, `object_id`, `id_employee`, `date_add`, `date_upd`) VALUES
(556, 1, 0, 'Conexión al back-office desde 181.47.247.29', '', 0, 1, '2020-03-30 17:03:30', '2020-03-30 17:03:30'),
(557, 1, 0, 'Product deleted: (45).', '', 0, 1, '2020-03-30 17:03:44', '2020-03-30 17:03:44'),
(558, 1, 0, 'Product modification', 'Product', 46, 1, '2020-03-30 17:10:03', '2020-03-30 17:10:03'),
(559, 1, 0, 'Product modification', 'Product', 48, 1, '2020-03-30 17:11:59', '2020-03-30 17:11:59'),
(560, 1, 0, 'Product modification', 'Product', 50, 1, '2020-03-30 17:15:23', '2020-03-30 17:15:23'),
(561, 1, 0, 'Conexión al back-office desde 181.47.247.29', '', 0, 1, '2020-04-01 10:13:30', '2020-04-01 10:13:30'),
(562, 1, 0, 'Product deleted: (50).', '', 0, 1, '2020-04-01 10:18:37', '2020-04-01 10:18:37'),
(563, 1, 0, 'Product deleted: (48).', '', 0, 1, '2020-04-01 10:18:42', '2020-04-01 10:18:42'),
(564, 1, 0, 'Product deleted: (46).', '', 0, 1, '2020-04-01 10:18:46', '2020-04-01 10:18:46'),
(565, 1, 0, 'Product modification', 'Product', 51, 1, '2020-04-01 10:24:00', '2020-04-01 10:24:00'),
(566, 1, 0, 'Product modification', 'Product', 51, 1, '2020-04-01 10:50:33', '2020-04-01 10:50:33'),
(567, 1, 0, 'Product modification', 'Product', 51, 1, '2020-04-01 10:50:34', '2020-04-01 10:50:34'),
(568, 3, 0, 'Data from PrestaShop Addons is invalid, and cannot fallback on cache. ', '', 0, 1, '2020-04-01 11:00:02', '2020-04-01 11:00:02'),
(569, 3, 0, 'The addon with id 26233 does not have name.', '', 0, 1, '2020-04-01 11:00:12', '2020-04-01 11:00:12'),
(570, 1, 0, 'Frontcontroller::init - Cart cannot be loaded or an order has already been placed using this cart', 'Cart', 16, 0, '2020-04-01 13:18:45', '2020-04-01 13:18:45'),
(571, 3, 0, 'Exception on hook paymentOptions for module . La propiedad Customer->lastname está vacía.', '', 0, 0, '2020-04-01 13:31:38', '2020-04-01 13:31:38'),
(572, 1, 0, 'Conexión al back-office desde 181.47.247.29', '', 0, 1, '2020-04-01 15:48:15', '2020-04-01 15:48:15'),
(573, 1, 0, 'Product modification', 'Product', 52, 1, '2020-04-01 15:50:59', '2020-04-01 15:50:59'),
(574, 1, 0, 'Product modification', 'Product', 52, 1, '2020-04-01 15:51:00', '2020-04-01 15:51:00'),
(575, 1, 0, 'Product deleted: (51).', '', 0, 1, '2020-04-01 15:51:07', '2020-04-01 15:51:07'),
(576, 1, 0, 'Product deleted: (52).', '', 0, 1, '2020-04-01 15:51:11', '2020-04-01 15:51:11'),
(577, 1, 0, 'Product modification', 'Product', 55, 1, '2020-04-01 15:53:23', '2020-04-01 15:53:23'),
(578, 1, 0, 'Product modification', 'Product', 55, 1, '2020-04-01 15:53:29', '2020-04-01 15:53:29'),
(579, 1, 0, 'Conexión al back-office desde 181.47.247.29', '', 0, 1, '2020-04-02 09:25:51', '2020-04-02 09:25:51'),
(580, 1, 0, 'Product modification', 'Product', 55, 1, '2020-04-02 10:53:41', '2020-04-02 10:53:41'),
(581, 1, 0, 'Conexión al back-office desde 181.47.247.29', '', 0, 1, '2020-04-02 12:35:29', '2020-04-02 12:35:29'),
(582, 1, 0, 'Conexión al back-office desde 181.47.247.29', '', 0, 1, '2020-04-03 09:28:48', '2020-04-03 09:28:48'),
(583, 1, 0, 'Conexión al back-office desde 181.47.247.29', '', 0, 1, '2020-04-03 15:16:33', '2020-04-03 15:16:33'),
(584, 1, 0, 'Protect vendor folder in module ps_shoppingcart', '', 0, 1, '2020-04-03 15:19:42', '2020-04-03 15:19:42'),
(585, 1, 0, 'Protect vendor folder in module ps_currencyselector', '', 0, 1, '2020-04-03 15:24:02', '2020-04-03 15:24:02'),
(586, 1, 0, 'Conexión al back-office desde 181.47.247.29', '', 0, 1, '2020-04-06 09:46:07', '2020-04-06 09:46:07'),
(587, 1, 0, 'Conexión al back-office desde 181.47.247.29', '', 0, 1, '2020-04-08 09:41:17', '2020-04-08 09:41:17'),
(588, 1, 0, 'Conexión al back-office desde 181.47.247.29', '', 0, 1, '2020-04-09 15:48:03', '2020-04-09 15:48:03'),
(589, 1, 0, 'Conexión al back-office desde 181.47.247.29', '', 0, 2, '2020-04-09 15:59:12', '2020-04-09 15:59:12'),
(590, 1, 0, 'ShopGroup añadido', 'ShopGroup', 2, 2, '2020-04-09 16:03:24', '2020-04-09 16:03:24'),
(591, 1, 0, 'Conexión al back-office desde 181.47.247.29', '', 0, 2, '2020-04-09 16:03:51', '2020-04-09 16:03:51'),
(592, 1, 0, 'Conexión al back-office desde 181.47.247.29', '', 0, 1, '2020-04-09 16:04:13', '2020-04-09 16:04:13'),
(593, 1, 0, 'Conexión al back-office desde 181.47.247.29', '', 0, 2, '2020-04-09 16:11:57', '2020-04-09 16:11:57'),
(594, 1, 0, 'Conexión al back-office desde 181.47.247.29', '', 0, 2, '2020-04-09 16:12:47', '2020-04-09 16:12:47'),
(595, 1, 0, 'Conexión al back-office desde 181.47.247.29', '', 0, 1, '2020-04-10 20:23:40', '2020-04-10 20:23:40'),
(596, 1, 0, 'Product deactivated: 55', '', 0, 1, '2020-04-10 20:50:41', '2020-04-10 20:50:41'),
(597, 1, 0, 'Product deactivated: 39', '', 0, 1, '2020-04-10 20:50:58', '2020-04-10 20:50:58'),
(598, 1, 0, 'Product deactivated: 38', '', 0, 1, '2020-04-10 20:51:04', '2020-04-10 20:51:04'),
(599, 1, 0, 'Product deactivated: 36', '', 0, 1, '2020-04-10 20:51:11', '2020-04-10 20:51:11'),
(600, 1, 0, 'Product deactivated: 35', '', 0, 1, '2020-04-10 20:51:19', '2020-04-10 20:51:19'),
(601, 1, 0, 'Product deactivated: 33', '', 0, 1, '2020-04-10 20:51:48', '2020-04-10 20:51:48'),
(602, 1, 0, 'Product deactivated: 32', '', 0, 1, '2020-04-10 20:51:54', '2020-04-10 20:51:54'),
(603, 1, 0, 'Product deactivated: 31', '', 0, 1, '2020-04-10 20:52:05', '2020-04-10 20:52:05'),
(604, 1, 0, 'Product deactivated: 30', '', 0, 1, '2020-04-10 20:52:16', '2020-04-10 20:52:16'),
(605, 1, 0, 'Product deactivated: 28', '', 0, 1, '2020-04-10 20:52:20', '2020-04-10 20:52:20'),
(606, 1, 0, 'Product deactivated: 27', '', 0, 1, '2020-04-10 20:52:28', '2020-04-10 20:52:28'),
(607, 1, 0, 'Product modification', 'Product', 56, 1, '2020-04-10 21:10:02', '2020-04-10 21:10:02'),
(608, 1, 0, 'Product modification', 'Product', 56, 1, '2020-04-10 21:10:06', '2020-04-10 21:10:06'),
(609, 1, 0, 'Product modification', 'Product', 58, 1, '2020-04-10 21:28:25', '2020-04-10 21:28:25'),
(610, 1, 0, 'Product deleted: (58).', '', 0, 1, '2020-04-10 21:29:09', '2020-04-10 21:29:09'),
(611, 1, 0, 'Product deleted: (56).', '', 0, 1, '2020-04-10 21:29:16', '2020-04-10 21:29:16'),
(612, 1, 0, 'Product modification', 'Product', 59, 1, '2020-04-10 21:39:08', '2020-04-10 21:39:08'),
(613, 1, 0, 'Product modification', 'Product', 59, 1, '2020-04-10 21:39:52', '2020-04-10 21:39:52'),
(614, 1, 0, 'Product modification', 'Product', 60, 1, '2020-04-10 21:40:42', '2020-04-10 21:40:42'),
(615, 1, 0, 'Product modification', 'Product', 60, 1, '2020-04-10 21:40:48', '2020-04-10 21:40:48'),
(616, 1, 0, 'Product modification', 'Product', 61, 1, '2020-04-10 21:42:41', '2020-04-10 21:42:41'),
(617, 1, 0, 'Product modification', 'Product', 61, 1, '2020-04-10 21:42:46', '2020-04-10 21:42:46'),
(618, 1, 0, 'Product modification', 'Product', 62, 1, '2020-04-10 21:44:44', '2020-04-10 21:44:44'),
(619, 1, 0, 'Product modification', 'Product', 62, 1, '2020-04-10 21:44:50', '2020-04-10 21:44:50'),
(620, 1, 0, 'Product modification', 'Product', 63, 1, '2020-04-10 21:45:29', '2020-04-10 21:45:29'),
(621, 1, 0, 'Product modification', 'Product', 63, 1, '2020-04-10 21:45:35', '2020-04-10 21:45:35'),
(622, 1, 0, 'Product modification', 'Product', 62, 1, '2020-04-10 21:45:51', '2020-04-10 21:45:51'),
(623, 1, 0, 'Product modification', 'Product', 63, 1, '2020-04-10 21:47:49', '2020-04-10 21:47:49'),
(624, 1, 0, 'Product modification', 'Product', 62, 1, '2020-04-10 21:48:01', '2020-04-10 21:48:01'),
(625, 1, 0, 'Product modification', 'Product', 62, 1, '2020-04-10 21:48:27', '2020-04-10 21:48:27'),
(626, 1, 0, 'Product modification', 'Product', 63, 1, '2020-04-10 21:49:00', '2020-04-10 21:49:00'),
(627, 1, 0, 'Feature modificación', 'Feature', 1, 1, '2020-04-10 21:53:33', '2020-04-10 21:53:33'),
(628, 1, 0, 'FeatureValue modificación', 'FeatureValue', 1, 1, '2020-04-10 21:54:08', '2020-04-10 21:54:08'),
(629, 1, 0, 'FeatureValue añadido', 'FeatureValue', 11, 1, '2020-04-10 21:54:15', '2020-04-10 21:54:15'),
(630, 1, 0, 'FeatureValue añadido', 'FeatureValue', 12, 1, '2020-04-10 21:54:21', '2020-04-10 21:54:21'),
(631, 1, 0, 'FeatureValue eliminado', 'FeatureValue', 3, 1, '2020-04-10 21:54:49', '2020-04-10 21:54:49'),
(632, 1, 0, 'FeatureValue eliminado', 'FeatureValue', 2, 1, '2020-04-10 21:54:56', '2020-04-10 21:54:56'),
(633, 1, 0, 'FeatureValue eliminado', 'FeatureValue', 4, 1, '2020-04-10 21:55:02', '2020-04-10 21:55:02'),
(634, 1, 0, 'FeatureValue eliminado', 'FeatureValue', 5, 1, '2020-04-10 21:55:08', '2020-04-10 21:55:08'),
(635, 1, 0, 'FeatureValue eliminado', 'FeatureValue', 6, 1, '2020-04-10 21:55:18', '2020-04-10 21:55:18'),
(636, 1, 0, 'FeatureValue añadido', 'FeatureValue', 13, 1, '2020-04-10 21:55:49', '2020-04-10 21:55:49'),
(637, 1, 0, 'FeatureValue añadido', 'FeatureValue', 14, 1, '2020-04-10 21:56:18', '2020-04-10 21:56:18'),
(638, 1, 0, 'FeatureValue modificación', 'FeatureValue', 14, 1, '2020-04-10 21:57:24', '2020-04-10 21:57:24'),
(639, 1, 0, 'FeatureValue modificación', 'FeatureValue', 1, 1, '2020-04-10 21:57:45', '2020-04-10 21:57:45'),
(640, 1, 0, 'FeatureValue modificación', 'FeatureValue', 11, 1, '2020-04-10 21:57:58', '2020-04-10 21:57:58'),
(641, 1, 0, 'FeatureValue modificación', 'FeatureValue', 12, 1, '2020-04-10 21:58:15', '2020-04-10 21:58:15'),
(642, 1, 0, 'FeatureValue modificación', 'FeatureValue', 13, 1, '2020-04-10 21:58:25', '2020-04-10 21:58:25'),
(643, 1, 0, 'Product modification', 'Product', 60, 1, '2020-04-10 22:03:29', '2020-04-10 22:03:29'),
(644, 1, 0, 'Product modification', 'Product', 59, 1, '2020-04-10 22:03:50', '2020-04-10 22:03:50'),
(645, 1, 0, 'Product modification', 'Product', 61, 1, '2020-04-10 22:04:39', '2020-04-10 22:04:39'),
(646, 1, 0, 'Product modification', 'Product', 61, 1, '2020-04-10 22:05:16', '2020-04-10 22:05:16'),
(647, 1, 0, 'Product modification', 'Product', 61, 1, '2020-04-10 22:05:33', '2020-04-10 22:05:33'),
(648, 1, 0, 'Product modification', 'Product', 61, 1, '2020-04-10 22:05:54', '2020-04-10 22:05:54'),
(649, 1, 0, 'Product modification', 'Product', 61, 1, '2020-04-10 22:07:19', '2020-04-10 22:07:19'),
(650, 1, 0, 'Product modification', 'Product', 61, 1, '2020-04-10 22:07:24', '2020-04-10 22:07:24'),
(651, 1, 0, 'Product modification', 'Product', 61, 1, '2020-04-10 22:07:38', '2020-04-10 22:07:38'),
(652, 1, 0, 'Product modification', 'Product', 61, 1, '2020-04-10 22:07:44', '2020-04-10 22:07:44'),
(653, 1, 0, 'Product modification', 'Product', 61, 1, '2020-04-10 22:09:41', '2020-04-10 22:09:41'),
(654, 1, 0, 'Product modification', 'Product', 63, 1, '2020-04-10 22:10:35', '2020-04-10 22:10:35'),
(655, 1, 0, 'Product modification', 'Product', 63, 1, '2020-04-10 22:10:42', '2020-04-10 22:10:42'),
(656, 1, 0, 'Product modification', 'Product', 62, 1, '2020-04-10 22:10:57', '2020-04-10 22:10:57'),
(657, 1, 0, 'Product modification', 'Product', 62, 1, '2020-04-10 22:11:04', '2020-04-10 22:11:04'),
(658, 1, 0, 'Product modification', 'Product', 60, 1, '2020-04-10 22:11:21', '2020-04-10 22:11:21'),
(659, 1, 0, 'Product modification', 'Product', 60, 1, '2020-04-10 22:11:35', '2020-04-10 22:11:35'),
(660, 1, 0, 'Product modification', 'Product', 59, 1, '2020-04-10 22:11:55', '2020-04-10 22:11:55'),
(661, 1, 0, 'Product modification', 'Product', 59, 1, '2020-04-10 22:12:02', '2020-04-10 22:12:02'),
(662, 1, 0, 'Product modification', 'Product', 59, 1, '2020-04-10 22:12:47', '2020-04-10 22:12:47'),
(663, 1, 0, 'Product modification', 'Product', 59, 1, '2020-04-10 22:12:52', '2020-04-10 22:12:52'),
(664, 1, 0, 'Product modification', 'Product', 59, 1, '2020-04-10 22:13:30', '2020-04-10 22:13:30'),
(665, 1, 0, 'Product modification', 'Product', 65, 1, '2020-04-10 22:27:36', '2020-04-10 22:27:36'),
(666, 1, 0, 'Product modification', 'Product', 65, 1, '2020-04-10 22:28:51', '2020-04-10 22:28:51'),
(667, 1, 0, 'Product modification', 'Product', 65, 1, '2020-04-10 22:28:57', '2020-04-10 22:28:57'),
(668, 1, 0, 'Product modification', 'Product', 65, 1, '2020-04-10 22:29:59', '2020-04-10 22:29:59'),
(669, 1, 0, 'Product modification', 'Product', 65, 1, '2020-04-10 22:30:06', '2020-04-10 22:30:06'),
(670, 1, 0, 'Product modification', 'Product', 59, 1, '2020-04-10 22:30:36', '2020-04-10 22:30:36'),
(671, 1, 0, 'Product modification', 'Product', 61, 1, '2020-04-10 22:31:05', '2020-04-10 22:31:05'),
(672, 1, 0, 'AttributeGroup modificación', 'AttributeGroup', 1, 1, '2020-04-10 22:42:34', '2020-04-10 22:42:34'),
(673, 1, 0, 'Product modification', 'Product', 60, 1, '2020-04-10 22:50:59', '2020-04-10 22:50:59'),
(674, 1, 0, 'Product modification', 'Product', 60, 1, '2020-04-10 22:53:08', '2020-04-10 22:53:08'),
(675, 1, 0, 'Product modification', 'Product', 66, 1, '2020-04-10 22:55:19', '2020-04-10 22:55:19'),
(676, 1, 0, 'Product modification', 'Product', 66, 1, '2020-04-10 22:55:25', '2020-04-10 22:55:25'),
(677, 1, 0, 'Product modification', 'Product', 66, 1, '2020-04-10 22:58:17', '2020-04-10 22:58:17'),
(678, 1, 0, 'Product modification', 'Product', 66, 1, '2020-04-10 22:58:36', '2020-04-10 22:58:36'),
(679, 1, 0, 'Product modification', 'Product', 66, 1, '2020-04-10 22:58:42', '2020-04-10 22:58:42'),
(680, 1, 0, 'Product modification', 'Product', 66, 1, '2020-04-10 22:59:48', '2020-04-10 22:59:48'),
(681, 1, 0, 'Product modification', 'Product', 66, 1, '2020-04-10 23:00:33', '2020-04-10 23:00:33'),
(682, 1, 0, 'Conexión al back-office desde 181.47.247.29', '', 0, 1, '2020-04-13 09:36:22', '2020-04-13 09:36:22'),
(683, 1, 0, 'Conexión al back-office desde 181.47.247.29', '', 0, 1, '2020-04-13 10:54:55', '2020-04-13 10:54:55'),
(684, 1, 0, 'Protect vendor folder in module todopago', '', 0, 1, '2020-04-13 11:00:53', '2020-04-13 11:00:53'),
(685, 1, 0, 'Product modification', 'Product', 66, 1, '2020-04-13 11:40:01', '2020-04-13 11:40:01'),
(686, 1, 0, 'Product modification', 'Product', 66, 1, '2020-04-13 11:40:33', '2020-04-13 11:40:33'),
(687, 1, 0, 'Product modification', 'Product', 66, 1, '2020-04-13 11:40:41', '2020-04-13 11:40:41'),
(688, 1, 0, 'Product modification', 'Product', 66, 1, '2020-04-13 11:41:04', '2020-04-13 11:41:04'),
(689, 1, 0, 'Product modification', 'Product', 66, 1, '2020-04-13 11:41:11', '2020-04-13 11:41:11'),
(690, 1, 0, 'Product modification', 'Product', 66, 1, '2020-04-13 11:41:27', '2020-04-13 11:41:27'),
(691, 1, 0, 'Protect vendor folder in module contentbox', '', 0, 1, '2020-04-13 14:10:04', '2020-04-13 14:10:04'),
(692, 1, 0, 'Module contentbox has no vendor folder', '', 0, 1, '2020-04-13 14:10:04', '2020-04-13 14:10:04'),
(693, 1, 0, 'Conexión al back-office desde 181.47.247.29', '', 0, 1, '2020-04-13 15:44:58', '2020-04-13 15:44:58'),
(694, 1, 0, 'Product modification', 'Product', 66, 1, '2020-04-13 15:51:35', '2020-04-13 15:51:35'),
(695, 1, 0, 'Product modification', 'Product', 66, 1, '2020-04-13 15:55:52', '2020-04-13 15:55:52'),
(696, 1, 0, 'Frontcontroller::init - Cart cannot be loaded or an order has already been placed using this cart', 'Cart', 29, 0, '2020-04-13 16:15:43', '2020-04-13 16:15:43'),
(697, 1, 0, 'Conexión al back-office desde 200.80.42.51', '', 0, 1, '2020-04-13 22:14:07', '2020-04-13 22:14:07'),
(698, 1, 0, 'Conexión al back-office desde 181.47.247.29', '', 0, 1, '2020-04-13 22:19:03', '2020-04-13 22:19:03'),
(699, 1, 0, 'Conexión al back-office desde 181.47.247.29', '', 0, 1, '2020-04-14 09:09:35', '2020-04-14 09:09:35'),
(700, 1, 0, 'Product modification', 'Product', 66, 1, '2020-04-14 09:19:00', '2020-04-14 09:19:00'),
(701, 1, 0, 'Product modification', 'Product', 68, 1, '2020-04-14 09:41:22', '2020-04-14 09:41:22'),
(702, 1, 0, 'Product modification', 'Product', 68, 1, '2020-04-14 09:41:40', '2020-04-14 09:41:40'),
(703, 1, 0, 'Product modification', 'Product', 69, 1, '2020-04-14 09:46:34', '2020-04-14 09:46:34'),
(704, 1, 0, 'Product modification', 'Product', 69, 1, '2020-04-14 09:46:39', '2020-04-14 09:46:39'),
(705, 1, 0, 'Product modification', 'Product', 69, 1, '2020-04-14 09:48:12', '2020-04-14 09:48:12'),
(706, 1, 0, 'Product modification', 'Product', 68, 1, '2020-04-14 09:48:25', '2020-04-14 09:48:25'),
(707, 1, 0, 'Protect vendor folder in module ps_contactinfo', '', 0, 1, '2020-04-14 10:00:53', '2020-04-14 10:00:53'),
(708, 1, 0, 'Protect vendor folder in module ps_linklist', '', 0, 1, '2020-04-14 10:18:23', '2020-04-14 10:18:23'),
(709, 1, 0, 'Module ps_linklist has no vendor folder', '', 0, 1, '2020-04-14 10:18:23', '2020-04-14 10:18:23'),
(710, 1, 0, 'Product modification', 'Product', 68, 1, '2020-04-14 10:22:43', '2020-04-14 10:22:43'),
(711, 1, 0, 'ImageType modificación', 'ImageType', 4, 1, '2020-04-14 10:31:50', '2020-04-14 10:31:50'),
(712, 1, 0, 'ImageType modificación', 'ImageType', 4, 1, '2020-04-14 10:34:08', '2020-04-14 10:34:08'),
(713, 1, 0, 'Protect vendor folder in module ps_facetedsearch', '', 0, 1, '2020-04-14 10:35:40', '2020-04-14 10:35:40'),
(714, 1, 0, 'Product modification', 'Product', 69, 1, '2020-04-14 10:46:32', '2020-04-14 10:46:32'),
(715, 1, 0, 'Product modification', 'Product', 68, 1, '2020-04-14 10:46:47', '2020-04-14 10:46:47'),
(716, 1, 0, 'Product modification', 'Product', 66, 1, '2020-04-14 10:47:02', '2020-04-14 10:47:02'),
(717, 1, 0, 'Product modification', 'Product', 65, 1, '2020-04-14 10:47:29', '2020-04-14 10:47:29'),
(718, 1, 0, 'Product modification', 'Product', 63, 1, '2020-04-14 10:47:48', '2020-04-14 10:47:48'),
(719, 1, 0, 'Product modification', 'Product', 62, 1, '2020-04-14 10:48:12', '2020-04-14 10:48:12'),
(720, 1, 0, 'Product modification', 'Product', 61, 1, '2020-04-14 10:48:35', '2020-04-14 10:48:35'),
(721, 1, 0, 'Product modification', 'Product', 60, 1, '2020-04-14 10:48:50', '2020-04-14 10:48:50'),
(722, 1, 0, 'Product modification', 'Product', 59, 1, '2020-04-14 10:49:14', '2020-04-14 10:49:14'),
(723, 1, 0, 'Product modification', 'Product', 69, 1, '2020-04-14 10:56:40', '2020-04-14 10:56:40'),
(724, 1, 0, 'Product modification', 'Product', 68, 1, '2020-04-14 10:56:54', '2020-04-14 10:56:54'),
(725, 1, 0, 'Product modification', 'Product', 63, 1, '2020-04-14 10:57:52', '2020-04-14 10:57:52'),
(726, 1, 0, 'Product modification', 'Product', 63, 1, '2020-04-14 10:58:04', '2020-04-14 10:58:04'),
(727, 1, 0, 'Product modification', 'Product', 63, 1, '2020-04-14 10:58:25', '2020-04-14 10:58:25'),
(728, 1, 0, 'Product modification', 'Product', 63, 1, '2020-04-14 10:58:41', '2020-04-14 10:58:41'),
(729, 1, 0, 'Product modification', 'Product', 62, 1, '2020-04-14 11:07:34', '2020-04-14 11:07:34'),
(730, 1, 0, 'Product modification', 'Product', 60, 1, '2020-04-14 11:07:56', '2020-04-14 11:07:56'),
(731, 1, 0, 'Product modification', 'Product', 59, 1, '2020-04-14 11:08:21', '2020-04-14 11:08:21'),
(732, 1, 0, 'Product modification', 'Product', 59, 1, '2020-04-14 11:15:39', '2020-04-14 11:15:39'),
(733, 1, 0, 'Product modification', 'Product', 59, 1, '2020-04-14 11:36:56', '2020-04-14 11:36:56'),
(734, 1, 0, 'Product modification', 'Product', 59, 1, '2020-04-14 11:37:31', '2020-04-14 11:37:31'),
(735, 1, 0, 'Product modification', 'Product', 59, 1, '2020-04-14 11:38:47', '2020-04-14 11:38:47'),
(736, 1, 0, 'Product modification', 'Product', 59, 1, '2020-04-14 11:39:07', '2020-04-14 11:39:07'),
(737, 1, 0, 'Product modification', 'Product', 59, 1, '2020-04-14 11:39:32', '2020-04-14 11:39:32'),
(738, 1, 0, 'Product modification', 'Product', 59, 1, '2020-04-14 11:39:36', '2020-04-14 11:39:36'),
(739, 1, 0, 'Product modification', 'Product', 59, 1, '2020-04-14 11:39:48', '2020-04-14 11:39:48'),
(740, 1, 0, 'Product modification', 'Product', 59, 1, '2020-04-14 11:39:50', '2020-04-14 11:39:50'),
(741, 1, 0, 'Product modification', 'Product', 59, 1, '2020-04-14 11:40:43', '2020-04-14 11:40:43'),
(742, 1, 0, 'Product modification', 'Product', 59, 1, '2020-04-14 11:41:03', '2020-04-14 11:41:03'),
(743, 1, 0, 'Product modification', 'Product', 70, 1, '2020-04-14 11:42:16', '2020-04-14 11:42:16'),
(744, 1, 0, 'Product modification', 'Product', 70, 1, '2020-04-14 11:42:33', '2020-04-14 11:42:33'),
(745, 1, 0, 'Product modification', 'Product', 70, 1, '2020-04-14 11:42:45', '2020-04-14 11:42:45'),
(746, 1, 0, 'Product modification', 'Product', 70, 1, '2020-04-14 11:43:02', '2020-04-14 11:43:02'),
(747, 1, 0, 'Product modification', 'Product', 70, 1, '2020-04-14 11:43:21', '2020-04-14 11:43:21'),
(748, 1, 0, 'Product deleted: (59).', '', 0, 1, '2020-04-14 11:43:42', '2020-04-14 11:43:42'),
(749, 1, 0, 'Product modification', 'Product', 55, 1, '2020-04-14 11:45:32', '2020-04-14 11:45:32'),
(750, 1, 0, 'Product deleted: (55).', '', 0, 1, '2020-04-14 11:45:33', '2020-04-14 11:45:33'),
(751, 1, 0, 'Products sorted: (27,28,30,31,32,33,35,36,38,39,70,61,62,63,65,66,60,68,69) with positions (1,2,3,4,5,6,7,8,9,10,20,12,13,14,15,16,11,18,19).', '', 0, 1, '2020-04-14 12:26:39', '2020-04-14 12:26:39'),
(752, 1, 0, 'Products sorted: (27,28,30,31,32,33,35,36,38,39,70,65,63,62,61,66,60,69,68) with positions (1,2,3,4,5,6,7,8,9,10,11,15,14,13,12,16,17,19,18).', '', 0, 1, '2020-04-14 12:34:56', '2020-04-14 12:34:56'),
(753, 1, 0, 'Product modification', 'Product', 70, 1, '2020-04-14 12:37:34', '2020-04-14 12:37:34'),
(754, 1, 0, 'Product modification', 'Product', 69, 1, '2020-04-14 12:55:54', '2020-04-14 12:55:54'),
(755, 1, 0, 'Product modification', 'Product', 68, 1, '2020-04-14 13:11:25', '2020-04-14 13:11:25'),
(756, 1, 0, 'Product modification', 'Product', 61, 1, '2020-04-14 13:24:44', '2020-04-14 13:24:44'),
(757, 1, 0, 'Product modification', 'Product', 61, 1, '2020-04-14 13:27:33', '2020-04-14 13:27:33'),
(758, 1, 0, 'Product modification', 'Product', 65, 1, '2020-04-14 13:30:57', '2020-04-14 13:30:57'),
(759, 1, 0, 'Product modification', 'Product', 60, 1, '2020-04-14 13:35:26', '2020-04-14 13:35:26'),
(760, 1, 0, 'Product modification', 'Product', 60, 1, '2020-04-14 13:35:52', '2020-04-14 13:35:52'),
(761, 1, 0, 'Product modification', 'Product', 66, 1, '2020-04-14 13:40:36', '2020-04-14 13:40:36'),
(762, 1, 0, 'Product modification', 'Product', 63, 1, '2020-04-14 13:44:48', '2020-04-14 13:44:48'),
(763, 1, 0, 'Product modification', 'Product', 62, 1, '2020-04-14 13:48:38', '2020-04-14 13:48:38'),
(764, 1, 0, 'Product modification', 'Product', 62, 1, '2020-04-14 13:50:18', '2020-04-14 13:50:18'),
(765, 1, 0, 'Product modification', 'Product', 62, 1, '2020-04-14 13:50:24', '2020-04-14 13:50:24'),
(766, 1, 0, 'Product modification', 'Product', 62, 1, '2020-04-14 13:53:03', '2020-04-14 13:53:03'),
(767, 1, 0, 'Product modification', 'Product', 65, 1, '2020-04-14 13:58:09', '2020-04-14 13:58:09'),
(768, 1, 0, 'Product modification', 'Product', 62, 1, '2020-04-14 13:58:48', '2020-04-14 13:58:48'),
(769, 1, 0, 'Conexión al back-office desde 181.47.247.29', '', 0, 1, '2020-04-15 09:17:48', '2020-04-15 09:17:48'),
(770, 1, 0, 'Protect vendor folder in module ps_checkout', '', 0, 1, '2020-04-15 09:24:31', '2020-04-15 09:24:31'),
(771, 1, 0, 'Conexión al back-office desde 186.23.28.96', '', 0, 1, '2020-04-15 11:17:56', '2020-04-15 11:17:56'),
(772, 1, 0, 'Conexión al back-office desde 181.47.247.29', '', 0, 1, '2020-04-17 15:26:54', '2020-04-17 15:26:54'),
(773, 1, 0, 'Conexión al back-office desde 200.80.42.51', '', 0, 1, '2020-04-23 20:47:13', '2020-04-23 20:47:13'),
(774, 1, 0, 'Conexión al back-office desde 181.47.247.29', '', 0, 1, '2020-04-29 09:08:35', '2020-04-29 09:08:35'),
(775, 1, 0, 'Protect vendor folder in module enviopack', '', 0, 1, '2020-04-29 09:20:27', '2020-04-29 09:20:27'),
(776, 1, 0, 'Module enviopack has no vendor folder', '', 0, 1, '2020-04-29 09:20:27', '2020-04-29 09:20:27'),
(777, 2, 0, 'Enviopack: No es posible cotizar un envio sin codigo postal, provincia, dimensiones o peso', '', 0, 0, '2020-04-29 09:23:33', '2020-04-29 09:23:33'),
(778, 1, 0, 'Country modificación', 'Country', 44, 1, '2020-04-29 12:16:33', '2020-04-29 12:16:33'),
(779, 1, 0, 'Country modificación', 'Country', 44, 1, '2020-04-29 12:22:12', '2020-04-29 12:22:12'),
(780, 1, 0, 'Country modificación', 'Country', 44, 1, '2020-04-29 12:27:34', '2020-04-29 12:27:34'),
(781, 1, 0, 'Country modificación', 'Country', 44, 1, '2020-04-29 13:11:15', '2020-04-29 13:11:15'),
(782, 1, 0, 'Conexión al back-office desde 181.47.247.29', '', 0, 1, '2020-04-29 15:09:05', '2020-04-29 15:09:05'),
(783, 1, 0, 'Conexión al back-office desde 200.80.42.51', '', 0, 1, '2020-04-29 16:04:05', '2020-04-29 16:04:05'),
(784, 1, 0, 'Conexión al back-office desde 181.46.165.9', '', 0, 1, '2020-04-29 16:07:33', '2020-04-29 16:07:33'),
(785, 1, 0, 'Conexión al back-office desde 181.47.247.29', '', 0, 1, '2020-04-30 09:29:31', '2020-04-30 09:29:31'),
(786, 1, 0, 'Conexión al back-office desde 186.23.28.96', '', 0, 1, '2020-04-30 13:00:18', '2020-04-30 13:00:18'),
(787, 1, 0, 'Protect vendor folder in module packlink', '', 0, 1, '2020-04-30 13:41:31', '2020-04-30 13:41:31'),
(788, 3, 0, 'PACKLINK LOG: | Date: 30/04/2020 | Time: 13:42:37 | Log level: ERROR | Message: Entity QueueItem cannot be inserted. Error: Table \\\'ccabrara_pr1.pr_packlink_entity\\\' doesn\\\'t exist', '', 0, 0, '2020-04-30 13:42:37', '2020-04-30 13:42:37'),
(789, 3, 0, 'PACKLINK LOG: | Date: 30/04/2020 | Time: 13:42:37 | Log level: ERROR | Message: Failed to run task runner. Unexpected error occurred. | Context data: [{\\\"ExceptionMessage\\\":\\\"Entity QueueItem cannot be inserted. Error: Table \\\'ccabrara_pr1.pr_packlink_entity\\\' doesn\\\'t exist\\\"}]', '', 0, 0, '2020-04-30 13:42:37', '2020-04-30 13:42:37'),
(790, 3, 0, 'PACKLINK LOG: | Date: 30/04/2020 | Time: 13:42:37 | Log level: ERROR | Message: Could not delete entity Process with ID 14.', '', 0, 0, '2020-04-30 13:42:37', '2020-04-30 13:42:37'),
(791, 1, 0, 'Protect vendor folder in module gsitemap', '', 0, 1, '2020-04-30 14:12:38', '2020-04-30 14:12:38'),
(792, 1, 0, 'Module gsitemap has no vendor folder', '', 0, 1, '2020-04-30 14:12:38', '2020-04-30 14:12:38'),
(793, 1, 0, 'Conexión al back-office desde 186.23.28.96', '', 0, 1, '2020-04-30 14:26:46', '2020-04-30 14:26:46'),
(794, 1, 0, 'Conexión al back-office desde 186.23.28.96', '', 0, 1, '2020-04-30 15:52:01', '2020-04-30 15:52:01'),
(795, 3, 0, 'Excepción emitida por el módulo ps_themecusto en upgrade. Error sent by Addons. You may need to be logged.', '', 0, 1, '2020-04-30 16:06:15', '2020-04-30 16:06:15'),
(796, 1, 0, 'Conexión al back-office desde 181.47.247.29', '', 0, 1, '2020-05-04 10:16:24', '2020-05-04 10:16:24'),
(797, 1, 0, 'Product modification', 'Product', 65, 1, '2020-05-04 10:17:46', '2020-05-04 10:17:46'),
(798, 1, 0, 'Product modification', 'Product', 66, 1, '2020-05-04 10:53:07', '2020-05-04 10:53:07'),
(799, 1, 0, 'Product modification', 'Product', 60, 1, '2020-05-04 10:53:53', '2020-05-04 10:53:53'),
(800, 1, 0, 'Product modification', 'Product', 60, 1, '2020-05-04 10:54:01', '2020-05-04 10:54:01'),
(801, 1, 0, 'Product modification', 'Product', 60, 1, '2020-05-04 10:58:52', '2020-05-04 10:58:52'),
(802, 1, 0, 'Product modification', 'Product', 66, 1, '2020-05-04 11:00:27', '2020-05-04 11:00:27'),
(803, 1, 0, 'Product modification', 'Product', 66, 1, '2020-05-04 11:01:10', '2020-05-04 11:01:10'),
(804, 1, 0, 'Product modification', 'Product', 66, 1, '2020-05-04 11:01:12', '2020-05-04 11:01:12'),
(805, 1, 0, 'Protect vendor folder in module blockreassurance', '', 0, 1, '2020-05-04 13:09:48', '2020-05-04 13:09:48'),
(806, 1, 0, 'Conexión al back-office desde 181.47.247.29', '', 0, 1, '2020-05-05 09:41:34', '2020-05-05 09:41:34'),
(807, 1, 0, 'Product modification', 'Product', 65, 1, '2020-05-05 09:42:28', '2020-05-05 09:42:28'),
(808, 1, 0, 'Product modification', 'Product', 65, 1, '2020-05-05 09:42:46', '2020-05-05 09:42:46'),
(809, 1, 0, 'Conexión al back-office desde 181.47.247.29', '', 0, 1, '2020-05-05 11:55:02', '2020-05-05 11:55:02'),
(810, 1, 0, 'Conexión al back-office desde 181.47.247.29', '', 0, 1, '2020-05-11 12:41:41', '2020-05-11 12:41:41'),
(811, 1, 0, 'Conexión al back-office desde 181.47.247.29', '', 0, 1, '2020-05-11 16:17:22', '2020-05-11 16:17:22'),
(812, 1, 0, 'Conexión al back-office desde 181.47.247.29', '', 0, 1, '2020-05-14 12:05:25', '2020-05-14 12:05:25'),
(813, 1, 0, 'Conexión al back-office desde 181.47.247.29', '', 0, 1, '2020-05-19 15:54:34', '2020-05-19 15:54:34'),
(814, 1, 0, 'Protect vendor folder in module prestaqna', '', 0, 1, '2020-05-19 15:58:33', '2020-05-19 15:58:33'),
(815, 1, 0, 'Module prestaqna has no vendor folder', '', 0, 1, '2020-05-19 15:58:33', '2020-05-19 15:58:33'),
(816, 1, 0, 'Protect vendor folder in module productenquiry', '', 0, 1, '2020-05-19 16:18:09', '2020-05-19 16:18:09'),
(817, 1, 0, 'Module productenquiry has no vendor folder', '', 0, 1, '2020-05-19 16:18:09', '2020-05-19 16:18:09'),
(818, 1, 0, 'Protect vendor folder in module bonorder', '', 0, 1, '2020-05-19 16:25:24', '2020-05-19 16:25:24'),
(819, 1, 0, 'Module bonorder has no vendor folder', '', 0, 1, '2020-05-19 16:25:24', '2020-05-19 16:25:24'),
(820, 1, 0, 'Conexión al back-office desde 181.47.247.29', '', 0, 1, '2020-05-20 17:03:47', '2020-05-20 17:03:47'),
(821, 1, 0, 'Conexión al back-office desde 181.47.247.29', '', 0, 1, '2020-05-21 09:39:20', '2020-05-21 09:39:20'),
(822, 1, 0, 'Conexión al back-office desde 181.47.247.29', '', 0, 1, '2020-05-22 10:05:38', '2020-05-22 10:05:38'),
(823, 1, 0, 'Conexión al back-office desde 181.47.247.29', '', 0, 1, '2020-05-26 10:15:45', '2020-05-26 10:15:45'),
(824, 1, 0, 'AttributeGroup modificación', 'AttributeGroup', 1, 1, '2020-05-26 10:16:53', '2020-05-26 10:16:53'),
(825, 1, 0, 'AttributeGroup modificación', 'AttributeGroup', 1, 1, '2020-05-26 10:18:11', '2020-05-26 10:18:11'),
(826, 1, 0, 'Attribute modificación', 'Attribute', 1, 1, '2020-05-26 10:18:33', '2020-05-26 10:18:33'),
(827, 1, 0, 'Attribute modificación', 'Attribute', 3, 1, '2020-05-26 10:18:48', '2020-05-26 10:18:48'),
(828, 1, 0, 'Attribute modificación', 'Attribute', 4, 1, '2020-05-26 10:18:57', '2020-05-26 10:18:57'),
(829, 1, 0, 'Attribute modificación', 'Attribute', 2, 1, '2020-05-26 10:19:32', '2020-05-26 10:19:32'),
(830, 1, 0, 'AttributeGroup modificación', 'AttributeGroup', 1, 1, '2020-05-26 10:21:40', '2020-05-26 10:21:40'),
(831, 1, 0, 'Conexión al back-office desde 181.47.247.29', '', 0, 1, '2020-07-16 10:19:12', '2020-07-16 10:19:12'),
(832, 1, 0, 'Conexión al back-office desde 181.47.247.29', '', 0, 1, '2020-11-18 10:02:38', '2020-11-18 10:02:38'),
(833, 1, 0, 'Conexión al back-office desde 181.47.247.29', '', 0, 1, '2020-11-18 12:21:15', '2020-11-18 12:21:15'),
(834, 1, 0, 'Protect vendor folder in module contactform', '', 0, 1, '2020-11-18 12:27:32', '2020-11-18 12:27:32'),
(835, 1, 0, 'Protect vendor folder in module ps_mainmenu', '', 0, 1, '2020-11-18 12:28:13', '2020-11-18 12:28:13'),
(836, 1, 0, 'Protect vendor folder in module ps_featuredproducts', '', 0, 1, '2020-11-18 12:28:16', '2020-11-18 12:28:16'),
(837, 1, 0, 'Protect vendor folder in module welcome', '', 0, 1, '2020-11-18 12:30:04', '2020-11-18 12:30:04'),
(838, 1, 0, 'Protect vendor folder in module ps_wirepayment', '', 0, 1, '2020-11-18 12:31:26', '2020-11-18 12:31:26'),
(839, 1, 0, 'Protect vendor folder in module ps_checkpayment', '', 0, 1, '2020-11-18 12:31:46', '2020-11-18 12:31:46'),
(840, 1, 0, 'Protect vendor folder in module ps_sharebuttons', '', 0, 1, '2020-11-18 12:33:49', '2020-11-18 12:33:49'),
(841, 1, 0, 'Protect vendor folder in module ps_socialfollow', '', 0, 1, '2020-11-18 12:34:08', '2020-11-18 12:34:08'),
(842, 1, 0, 'Protect vendor folder in module ps_languageselector', '', 0, 1, '2020-11-18 12:37:19', '2020-11-18 12:37:19'),
(843, 3, 0, 'Excepción emitida por el módulo psgdpr en upgrade. Error sent by Addons. You may need to be logged.', '', 0, 1, '2020-11-18 12:37:26', '2020-11-18 12:37:26'),
(844, 1, 0, 'Protect vendor folder in module ps_customtext', '', 0, 1, '2020-11-18 12:37:29', '2020-11-18 12:37:29'),
(845, 1, 0, 'Protect vendor folder in module ps_imageslider', '', 0, 1, '2020-11-18 12:37:33', '2020-11-18 12:37:33'),
(846, 1, 0, 'Protect vendor folder in module ps_customersignin', '', 0, 1, '2020-11-18 12:37:35', '2020-11-18 12:37:35'),
(847, 1, 0, 'Protect vendor folder in module statsdata', '', 0, 1, '2020-11-18 12:37:39', '2020-11-18 12:37:39'),
(848, 1, 0, 'Protect vendor folder in module dashproducts', '', 0, 1, '2020-11-18 12:39:04', '2020-11-18 12:39:04'),
(849, 1, 0, 'Protect vendor folder in module psaddonsconnect', '', 0, 1, '2020-11-18 12:39:12', '2020-11-18 12:39:12'),
(850, 1, 0, 'Protect vendor folder in module statspersonalinfos', '', 0, 1, '2020-11-18 12:39:15', '2020-11-18 12:39:15'),
(851, 1, 0, 'Protect vendor folder in module ps_faviconnotificationbo', '', 0, 1, '2020-11-18 12:39:25', '2020-11-18 12:39:25'),
(852, 1, 0, 'Protect vendor folder in module psgdpr', '', 0, 1, '2020-11-18 12:39:42', '2020-11-18 12:39:42'),
(853, 1, 0, 'Protect vendor folder in module dashtrends', '', 0, 1, '2020-11-18 12:39:46', '2020-11-18 12:39:46'),
(854, 1, 0, 'Protect vendor folder in module statslive', '', 0, 1, '2020-11-18 12:40:55', '2020-11-18 12:40:55'),
(855, 1, 0, 'Protect vendor folder in module ps_mbo', '', 0, 1, '2020-11-18 12:41:12', '2020-11-18 12:41:12'),
(856, 1, 0, 'Protect vendor folder in module statsvisits', '', 0, 1, '2020-11-18 12:41:15', '2020-11-18 12:41:15'),
(857, 1, 0, 'Conexión al back-office desde 181.47.247.29', '', 0, 1, '2020-11-19 11:46:36', '2020-11-19 11:46:36'),
(858, 1, 0, 'Conexión al back-office desde 181.47.247.29', '', 0, 1, '2021-01-07 16:43:40', '2021-01-07 16:43:40'),
(859, 1, 0, 'Protect vendor folder in module gridhtml', '', 0, 1, '2021-01-07 16:48:30', '2021-01-07 16:48:30'),
(860, 1, 0, 'Protect vendor folder in module ps_themecusto', '', 0, 1, '2021-01-07 16:49:20', '2021-01-07 16:49:20'),
(861, 1, 0, 'Conexión al back-office desde 181.47.247.29', '', 0, 1, '2021-01-08 10:22:04', '2021-01-08 10:22:04'),
(862, 1, 0, 'ImageType modificación', 'ImageType', 4, 1, '2021-01-08 10:23:10', '2021-01-08 10:23:10'),
(863, 1, 0, 'ImageType modificación', 'ImageType', 5, 1, '2021-01-08 10:24:37', '2021-01-08 10:24:37'),
(864, 1, 0, 'ImageType modificación', 'ImageType', 4, 1, '2021-01-08 10:25:25', '2021-01-08 10:25:25'),
(865, 1, 0, 'ImageType modificación', 'ImageType', 4, 1, '2021-01-08 10:25:50', '2021-01-08 10:25:50'),
(866, 1, 0, 'ImageType modificación', 'ImageType', 5, 1, '2021-01-08 10:25:58', '2021-01-08 10:25:58'),
(867, 1, 0, 'Conexión al back-office desde 200.80.43.244', '', 0, 1, '2021-01-11 10:34:11', '2021-01-11 10:34:11'),
(868, 1, 0, 'Conexión al back-office desde 200.80.43.244', '', 0, 1, '2021-01-11 10:38:31', '2021-01-11 10:38:31'),
(869, 1, 0, 'ImageType modificación', 'ImageType', 4, 1, '2021-01-11 10:41:45', '2021-01-11 10:41:45'),
(870, 1, 0, 'ImageType modificación', 'ImageType', 5, 1, '2021-01-11 10:41:51', '2021-01-11 10:41:51'),
(871, 1, 0, 'ImageType modificación', 'ImageType', 3, 1, '2021-01-11 10:43:00', '2021-01-11 10:43:00'),
(872, 1, 0, 'ImageType modificación', 'ImageType', 5, 1, '2021-01-11 10:50:33', '2021-01-11 10:50:33'),
(873, 1, 0, 'ImageType modificación', 'ImageType', 5, 1, '2021-01-11 10:51:21', '2021-01-11 10:51:21'),
(874, 1, 0, 'ImageType modificación', 'ImageType', 4, 1, '2021-01-11 10:51:28', '2021-01-11 10:51:28'),
(875, 1, 0, 'ImageType modificación', 'ImageType', 3, 1, '2021-01-11 10:51:35', '2021-01-11 10:51:35'),
(876, 1, 0, 'Conexión al back-office desde 200.80.43.244', '', 0, 1, '2021-01-12 10:20:19', '2021-01-12 10:20:19'),
(877, 1, 0, 'ImageType modificación', 'ImageType', 5, 1, '2021-01-12 10:34:19', '2021-01-12 10:34:19'),
(878, 1, 0, 'ImageType modificación', 'ImageType', 4, 1, '2021-01-12 10:40:48', '2021-01-12 10:40:48'),
(879, 1, 0, 'ImageType modificación', 'ImageType', 3, 1, '2021-01-12 10:40:53', '2021-01-12 10:40:53'),
(880, 1, 0, 'ImageType modificación', 'ImageType', 2, 1, '2021-01-12 10:40:58', '2021-01-12 10:40:58'),
(881, 1, 0, 'ImageType modificación', 'ImageType', 1, 1, '2021-01-12 10:41:03', '2021-01-12 10:41:03'),
(882, 1, 0, 'ImageType modificación', 'ImageType', 2, 1, '2021-01-12 10:41:47', '2021-01-12 10:41:47'),
(883, 1, 0, 'ImageType modificación', 'ImageType', 3, 1, '2021-01-12 10:41:50', '2021-01-12 10:41:50'),
(884, 1, 0, 'ImageType modificación', 'ImageType', 4, 1, '2021-01-12 10:41:52', '2021-01-12 10:41:52'),
(885, 1, 0, 'ImageType modificación', 'ImageType', 6, 1, '2021-01-12 10:41:55', '2021-01-12 10:41:55'),
(886, 1, 0, 'ImageType modificación', 'ImageType', 7, 1, '2021-01-12 10:41:58', '2021-01-12 10:41:58'),
(887, 1, 0, 'ImageType modificación', 'ImageType', 5, 1, '2021-01-12 10:42:51', '2021-01-12 10:42:51'),
(888, 1, 0, 'ImageType añadido', 'ImageType', 8, 1, '2021-01-12 10:48:28', '2021-01-12 10:48:28'),
(889, 1, 0, 'Products deleted: (27).', '', 0, 1, '2021-01-12 10:48:55', '2021-01-12 10:48:55'),
(890, 1, 0, 'Products deleted: (28).', '', 0, 1, '2021-01-12 10:49:05', '2021-01-12 10:49:05'),
(891, 1, 0, 'Products deleted: (30).', '', 0, 1, '2021-01-12 10:49:12', '2021-01-12 10:49:12'),
(892, 1, 0, 'Products deleted: (31).', '', 0, 1, '2021-01-12 10:49:19', '2021-01-12 10:49:19'),
(893, 1, 0, 'Products deleted: (32).', '', 0, 1, '2021-01-12 10:49:27', '2021-01-12 10:49:27'),
(894, 1, 0, 'Products deleted: (33).', '', 0, 1, '2021-01-12 10:49:34', '2021-01-12 10:49:34'),
(895, 1, 0, 'Products deleted: (35).', '', 0, 1, '2021-01-12 10:49:41', '2021-01-12 10:49:41'),
(896, 1, 0, 'Products deleted: (36).', '', 0, 1, '2021-01-12 10:49:48', '2021-01-12 10:49:48'),
(897, 1, 0, 'Products deleted: (38).', '', 0, 1, '2021-01-12 10:49:54', '2021-01-12 10:49:54'),
(898, 1, 0, 'ImageType modificación', 'ImageType', 2, 1, '2021-01-12 10:49:55', '2021-01-12 10:49:55'),
(899, 1, 0, 'Products deleted: (39).', '', 0, 1, '2021-01-12 10:50:00', '2021-01-12 10:50:00'),
(900, 1, 0, 'ImageType modificación', 'ImageType', 3, 1, '2021-01-12 10:50:01', '2021-01-12 10:50:01'),
(901, 1, 0, 'ImageType modificación', 'ImageType', 7, 1, '2021-01-12 10:50:23', '2021-01-12 10:50:23'),
(902, 1, 0, 'ImageType modificación', 'ImageType', 8, 1, '2021-01-12 10:50:27', '2021-01-12 10:50:27'),
(903, 1, 0, 'Conexión al back-office desde 200.80.43.244', '', 0, 1, '2021-01-12 11:33:23', '2021-01-12 11:33:23'),
(904, 1, 0, 'ImageType modificación', 'ImageType', 4, 1, '2021-01-12 11:34:54', '2021-01-12 11:34:54'),
(905, 1, 0, 'Conexión al back-office desde 200.80.43.244', '', 0, 1, '2021-01-12 16:47:42', '2021-01-12 16:47:42'),
(906, 1, 0, 'Conexión al back-office desde 200.80.43.244', '', 0, 1, '2021-01-13 09:30:59', '2021-01-13 09:30:59'),
(907, 1, 0, 'Product modification', 'Product', 70, 1, '2021-01-13 09:32:58', '2021-01-13 09:32:58'),
(908, 1, 0, 'Product modification', 'Product', 70, 1, '2021-01-13 09:34:07', '2021-01-13 09:34:07'),
(909, 1, 0, 'Product modification', 'Product', 70, 1, '2021-01-13 09:34:17', '2021-01-13 09:34:17'),
(910, 1, 0, 'Product modification', 'Product', 70, 1, '2021-01-13 09:34:30', '2021-01-13 09:34:30'),
(911, 1, 0, 'Product modification', 'Product', 70, 1, '2021-01-13 09:43:46', '2021-01-13 09:43:46'),
(912, 1, 0, 'Product modification', 'Product', 70, 1, '2021-01-13 09:44:28', '2021-01-13 09:44:28'),
(913, 1, 0, 'Product modification', 'Product', 70, 1, '2021-01-13 09:46:51', '2021-01-13 09:46:51'),
(914, 1, 0, 'Product modification', 'Product', 70, 1, '2021-01-13 09:59:17', '2021-01-13 09:59:17'),
(915, 1, 0, 'Product modification', 'Product', 70, 1, '2021-01-13 10:03:35', '2021-01-13 10:03:35'),
(916, 1, 0, 'Product modification', 'Product', 70, 1, '2021-01-13 10:05:20', '2021-01-13 10:05:20'),
(917, 1, 0, 'Conexión al back-office desde 200.80.43.244', '', 0, 1, '2021-01-14 10:30:00', '2021-01-14 10:30:00'),
(918, 1, 0, 'Protect vendor folder in module ps_categorytree', '', 0, 1, '2021-01-14 10:34:46', '2021-01-14 10:34:46'),
(919, 1, 0, 'Protect vendor folder in module ps_customeraccountlinks', '', 0, 1, '2021-01-14 10:35:09', '2021-01-14 10:35:09'),
(920, 1, 0, 'Protect vendor folder in module ps_crossselling', '', 0, 1, '2021-01-14 10:35:12', '2021-01-14 10:35:12'),
(921, 1, 0, 'Conexión al back-office desde 200.80.43.244', '', 0, 1, '2021-01-14 10:47:22', '2021-01-14 10:47:22'),
(922, 1, 0, 'Conexión al back-office desde 181.47.247.29', '', 0, 1, '2021-01-25 12:08:40', '2021-01-25 12:08:40'),
(923, 1, 0, 'Cart eliminado', 'Cart', 61, 1, '2021-01-25 12:19:56', '2021-01-25 12:19:56'),
(924, 1, 0, 'Cart eliminado', 'Cart', 60, 1, '2021-01-25 12:19:57', '2021-01-25 12:19:57'),
(925, 1, 0, 'Cart eliminado', 'Cart', 59, 1, '2021-01-25 12:19:57', '2021-01-25 12:19:57'),
(926, 1, 0, 'Cart eliminado', 'Cart', 58, 1, '2021-01-25 12:19:57', '2021-01-25 12:19:57'),
(927, 1, 0, 'Cart eliminado', 'Cart', 57, 1, '2021-01-25 12:19:57', '2021-01-25 12:19:57'),
(928, 1, 0, 'Cart eliminado', 'Cart', 56, 1, '2021-01-25 12:19:57', '2021-01-25 12:19:57'),
(929, 1, 0, 'Cart eliminado', 'Cart', 55, 1, '2021-01-25 12:19:58', '2021-01-25 12:19:58'),
(930, 1, 0, 'Cart eliminado', 'Cart', 54, 1, '2021-01-25 12:19:58', '2021-01-25 12:19:58'),
(931, 1, 0, 'Cart eliminado', 'Cart', 53, 1, '2021-01-25 12:19:59', '2021-01-25 12:19:59'),
(932, 1, 0, 'Cart eliminado', 'Cart', 52, 1, '2021-01-25 12:19:59', '2021-01-25 12:19:59'),
(933, 1, 0, 'Cart eliminado', 'Cart', 51, 1, '2021-01-25 12:19:59', '2021-01-25 12:19:59'),
(934, 1, 0, 'Cart eliminado', 'Cart', 50, 1, '2021-01-25 12:20:00', '2021-01-25 12:20:00'),
(935, 1, 0, 'Cart eliminado', 'Cart', 49, 1, '2021-01-25 12:20:01', '2021-01-25 12:20:01'),
(936, 1, 0, 'Cart eliminado', 'Cart', 48, 1, '2021-01-25 12:20:01', '2021-01-25 12:20:01'),
(937, 1, 0, 'Cart eliminado', 'Cart', 47, 1, '2021-01-25 12:20:02', '2021-01-25 12:20:02'),
(938, 1, 0, 'Cart eliminado', 'Cart', 46, 1, '2021-01-25 12:20:02', '2021-01-25 12:20:02'),
(939, 1, 0, 'Cart eliminado', 'Cart', 45, 1, '2021-01-25 12:20:03', '2021-01-25 12:20:03'),
(940, 1, 0, 'Cart eliminado', 'Cart', 44, 1, '2021-01-25 12:20:04', '2021-01-25 12:20:04'),
(941, 1, 0, 'Cart eliminado', 'Cart', 43, 1, '2021-01-25 12:20:04', '2021-01-25 12:20:04'),
(942, 1, 0, 'Cart eliminado', 'Cart', 42, 1, '2021-01-25 12:20:04', '2021-01-25 12:20:04'),
(943, 1, 0, 'Cart eliminado', 'Cart', 41, 1, '2021-01-25 12:20:04', '2021-01-25 12:20:04'),
(944, 1, 0, 'Cart eliminado', 'Cart', 40, 1, '2021-01-25 12:20:05', '2021-01-25 12:20:05'),
(945, 1, 0, 'Cart eliminado', 'Cart', 39, 1, '2021-01-25 12:20:05', '2021-01-25 12:20:05'),
(946, 1, 0, 'Cart eliminado', 'Cart', 38, 1, '2021-01-25 12:20:06', '2021-01-25 12:20:06'),
(947, 1, 0, 'Cart eliminado', 'Cart', 37, 1, '2021-01-25 12:20:06', '2021-01-25 12:20:06'),
(948, 1, 0, 'Cart eliminado', 'Cart', 36, 1, '2021-01-25 12:20:07', '2021-01-25 12:20:07'),
(949, 1, 0, 'Cart eliminado', 'Cart', 35, 1, '2021-01-25 12:20:08', '2021-01-25 12:20:08'),
(950, 1, 0, 'Cart eliminado', 'Cart', 34, 1, '2021-01-25 12:20:08', '2021-01-25 12:20:08'),
(951, 1, 0, 'Cart eliminado', 'Cart', 32, 1, '2021-01-25 12:20:09', '2021-01-25 12:20:09'),
(952, 1, 0, 'Cart eliminado', 'Cart', 30, 1, '2021-01-25 12:20:10', '2021-01-25 12:20:10'),
(953, 1, 0, 'Cart eliminado', 'Cart', 27, 1, '2021-01-25 12:20:10', '2021-01-25 12:20:10'),
(954, 1, 0, 'Cart eliminado', 'Cart', 20, 1, '2021-01-25 12:20:11', '2021-01-25 12:20:11'),
(955, 1, 0, 'Cart eliminado', 'Cart', 19, 1, '2021-01-25 12:20:11', '2021-01-25 12:20:11'),
(956, 1, 0, 'Cart eliminado', 'Cart', 18, 1, '2021-01-25 12:20:12', '2021-01-25 12:20:12'),
(957, 1, 0, 'Cart eliminado', 'Cart', 17, 1, '2021-01-25 12:20:12', '2021-01-25 12:20:12'),
(958, 1, 0, 'Cart eliminado', 'Cart', 15, 1, '2021-01-25 12:20:12', '2021-01-25 12:20:12'),
(959, 1, 0, 'Cart eliminado', 'Cart', 14, 1, '2021-01-25 12:20:13', '2021-01-25 12:20:13'),
(960, 1, 0, 'Cart eliminado', 'Cart', 10, 1, '2021-01-25 12:20:14', '2021-01-25 12:20:14'),
(961, 1, 0, 'Cart eliminado', 'Cart', 9, 1, '2021-01-25 12:20:15', '2021-01-25 12:20:15'),
(962, 1, 0, 'Cart eliminado', 'Cart', 8, 1, '2021-01-25 12:20:16', '2021-01-25 12:20:16'),
(963, 1, 0, 'Cart eliminado', 'Cart', 7, 1, '2021-01-25 12:20:16', '2021-01-25 12:20:16'),
(964, 1, 0, 'Cart eliminado', 'Cart', 6, 1, '2021-01-25 12:20:17', '2021-01-25 12:20:17'),
(965, 1, 0, 'Protect vendor folder in module deleteordersfree', '', 0, 1, '2021-01-25 12:22:47', '2021-01-25 12:22:47'),
(966, 1, 0, 'Module deleteordersfree has no vendor folder', '', 0, 1, '2021-01-25 12:22:47', '2021-01-25 12:22:47'),
(967, 1, 0, 'Conexión al back-office desde 181.47.247.29', '', 0, 1, '2021-03-29 12:59:39', '2021-03-29 12:59:39'),
(968, 1, 0, 'Protect vendor folder in module ps_banner', '', 0, 1, '2021-03-29 13:15:17', '2021-03-29 13:15:17'),
(969, 1, 0, 'Protect vendor folder in module ps_dataprivacy', '', 0, 1, '2021-03-29 13:15:20', '2021-03-29 13:15:20'),
(970, 1, 0, 'Conexión al back-office desde 181.47.247.29', '', 0, 1, '2021-03-29 13:33:01', '2021-03-29 13:33:01'),
(971, 1, 0, 'Products deleted: (70).', '', 0, 1, '2021-03-29 13:42:53', '2021-03-29 13:42:53'),
(972, 1, 0, 'Products deleted: (65).', '', 0, 1, '2021-03-29 13:43:05', '2021-03-29 13:43:05'),
(973, 1, 0, 'Products deleted: (63).', '', 0, 1, '2021-03-29 13:43:19', '2021-03-29 13:43:19'),
(974, 1, 0, 'Products deleted: (62).', '', 0, 1, '2021-03-29 13:43:32', '2021-03-29 13:43:32'),
(975, 1, 0, 'Products deleted: (61).', '', 0, 1, '2021-03-29 13:43:42', '2021-03-29 13:43:42'),
(976, 1, 0, 'Products deleted: (66).', '', 0, 1, '2021-03-29 13:43:55', '2021-03-29 13:43:55'),
(977, 1, 0, 'Products deleted: (60).', '', 0, 1, '2021-03-29 13:44:05', '2021-03-29 13:44:05'),
(978, 1, 0, 'Products deleted: (69).', '', 0, 1, '2021-03-29 13:44:12', '2021-03-29 13:44:12'),
(979, 1, 0, 'Products deleted: (68).', '', 0, 1, '2021-03-29 13:44:15', '2021-03-29 13:44:15'),
(980, 1, 0, 'Zone añadido', 'Zone', 9, 1, '2021-03-29 13:55:32', '2021-03-29 13:55:32'),
(981, 1, 0, 'Zone añadido', 'Zone', 10, 1, '2021-03-29 13:55:47', '2021-03-29 13:55:47'),
(982, 1, 0, 'Zone añadido', 'Zone', 11, 1, '2021-03-29 13:55:54', '2021-03-29 13:55:54'),
(983, 1, 0, 'Zone añadido', 'Zone', 12, 1, '2021-03-29 13:56:00', '2021-03-29 13:56:00'),
(984, 1, 0, 'Zone añadido', 'Zone', 13, 1, '2021-03-29 13:56:08', '2021-03-29 13:56:08'),
(985, 1, 0, 'Zone añadido', 'Zone', 14, 1, '2021-03-29 13:56:24', '2021-03-29 13:56:24'),
(986, 1, 0, 'Zone añadido', 'Zone', 15, 1, '2021-03-29 13:56:31', '2021-03-29 13:56:31'),
(987, 1, 0, 'Zone añadido', 'Zone', 16, 1, '2021-03-29 13:56:43', '2021-03-29 13:56:43'),
(988, 1, 0, 'Zone añadido', 'Zone', 17, 1, '2021-03-29 13:56:51', '2021-03-29 13:56:51'),
(989, 1, 0, 'Zone añadido', 'Zone', 18, 1, '2021-03-29 13:56:58', '2021-03-29 13:56:58'),
(990, 1, 0, 'Zone añadido', 'Zone', 19, 1, '2021-03-29 13:57:06', '2021-03-29 13:57:06'),
(991, 1, 0, 'Zone añadido', 'Zone', 20, 1, '2021-03-29 13:57:14', '2021-03-29 13:57:14'),
(992, 1, 0, 'Zone añadido', 'Zone', 21, 1, '2021-03-29 13:57:25', '2021-03-29 13:57:25'),
(993, 1, 0, 'Zone añadido', 'Zone', 22, 1, '2021-03-29 13:57:32', '2021-03-29 13:57:32'),
(994, 1, 0, 'Zone añadido', 'Zone', 23, 1, '2021-03-29 13:57:41', '2021-03-29 13:57:41'),
(995, 1, 0, 'Zone añadido', 'Zone', 24, 1, '2021-03-29 13:57:49', '2021-03-29 13:57:49'),
(996, 1, 0, 'Zone añadido', 'Zone', 25, 1, '2021-03-29 13:57:55', '2021-03-29 13:57:55'),
(997, 1, 0, 'Zone añadido', 'Zone', 26, 1, '2021-03-29 13:58:03', '2021-03-29 13:58:03'),
(998, 1, 0, 'Zone añadido', 'Zone', 27, 1, '2021-03-29 13:58:09', '2021-03-29 13:58:09'),
(999, 1, 0, 'Zone añadido', 'Zone', 28, 1, '2021-03-29 13:58:17', '2021-03-29 13:58:17'),
(1000, 1, 0, 'Zone añadido', 'Zone', 29, 1, '2021-03-29 13:58:23', '2021-03-29 13:58:23'),
(1001, 1, 0, 'Zone añadido', 'Zone', 30, 1, '2021-03-29 13:58:30', '2021-03-29 13:58:30'),
(1002, 1, 0, 'Zone añadido', 'Zone', 31, 1, '2021-03-29 13:58:38', '2021-03-29 13:58:38'),
(1003, 1, 0, 'Zone añadido', 'Zone', 32, 1, '2021-03-29 13:58:44', '2021-03-29 13:58:44'),
(1004, 1, 0, 'Zone eliminado', 'Zone', 1, 1, '2021-03-29 13:59:07', '2021-03-29 13:59:07'),
(1005, 1, 0, 'Zone eliminado', 'Zone', 2, 1, '2021-03-29 13:59:09', '2021-03-29 13:59:09'),
(1006, 1, 0, 'Zone eliminado', 'Zone', 3, 1, '2021-03-29 13:59:11', '2021-03-29 13:59:11'),
(1007, 1, 0, 'Zone eliminado', 'Zone', 4, 1, '2021-03-29 13:59:12', '2021-03-29 13:59:12'),
(1008, 1, 0, 'Zone eliminado', 'Zone', 5, 1, '2021-03-29 13:59:13', '2021-03-29 13:59:13'),
(1009, 1, 0, 'Zone eliminado', 'Zone', 6, 1, '2021-03-29 13:59:15', '2021-03-29 13:59:15'),
(1010, 1, 0, 'Zone eliminado', 'Zone', 7, 1, '2021-03-29 13:59:18', '2021-03-29 13:59:18'),
(1011, 1, 0, 'Zone eliminado', 'Zone', 8, 1, '2021-03-29 13:59:19', '2021-03-29 13:59:19'),
(1012, 1, 0, 'State modificación', 'State', 102, 1, '2021-03-29 14:00:24', '2021-03-29 14:00:24'),
(1013, 1, 0, 'State modificación', 'State', 106, 1, '2021-03-29 14:00:31', '2021-03-29 14:00:31'),
(1014, 1, 0, 'State modificación', 'State', 103, 1, '2021-03-29 14:02:38', '2021-03-29 14:02:38'),
(1015, 1, 0, 'State modificación', 'State', 104, 1, '2021-03-29 14:02:51', '2021-03-29 14:02:51'),
(1016, 1, 0, 'State modificación', 'State', 105, 1, '2021-03-29 14:03:10', '2021-03-29 14:03:10'),
(1017, 1, 0, 'State modificación', 'State', 107, 1, '2021-03-29 14:03:24', '2021-03-29 14:03:24'),
(1018, 1, 0, 'State modificación', 'State', 108, 1, '2021-03-29 14:03:54', '2021-03-29 14:03:54'),
(1019, 1, 0, 'State modificación', 'State', 109, 1, '2021-03-29 14:04:06', '2021-03-29 14:04:06'),
(1020, 1, 0, 'State modificación', 'State', 110, 1, '2021-03-29 14:04:22', '2021-03-29 14:04:22'),
(1021, 1, 0, 'State modificación', 'State', 111, 1, '2021-03-29 14:04:38', '2021-03-29 14:04:38'),
(1022, 1, 0, 'State modificación', 'State', 112, 1, '2021-03-29 14:04:48', '2021-03-29 14:04:48'),
(1023, 1, 0, 'State modificación', 'State', 113, 1, '2021-03-29 14:05:00', '2021-03-29 14:05:00'),
(1024, 1, 0, 'State modificación', 'State', 114, 1, '2021-03-29 14:05:13', '2021-03-29 14:05:13'),
(1025, 1, 0, 'State modificación', 'State', 115, 1, '2021-03-29 14:05:23', '2021-03-29 14:05:23'),
(1026, 1, 0, 'State modificación', 'State', 116, 1, '2021-03-29 14:05:43', '2021-03-29 14:05:43'),
(1027, 1, 0, 'State modificación', 'State', 117, 1, '2021-03-29 14:05:54', '2021-03-29 14:05:54'),
(1028, 1, 0, 'State modificación', 'State', 118, 1, '2021-03-29 14:06:05', '2021-03-29 14:06:05'),
(1029, 1, 0, 'State modificación', 'State', 119, 1, '2021-03-29 14:06:18', '2021-03-29 14:06:18'),
(1030, 1, 0, 'State modificación', 'State', 120, 1, '2021-03-29 14:06:33', '2021-03-29 14:06:33'),
(1031, 1, 0, 'State modificación', 'State', 121, 1, '2021-03-29 14:07:01', '2021-03-29 14:07:01'),
(1032, 1, 0, 'State modificación', 'State', 122, 1, '2021-03-29 14:07:21', '2021-03-29 14:07:21'),
(1033, 1, 0, 'State modificación', 'State', 123, 1, '2021-03-29 14:07:35', '2021-03-29 14:07:35'),
(1034, 1, 0, 'State modificación', 'State', 124, 1, '2021-03-29 14:07:51', '2021-03-29 14:07:51'),
(1035, 1, 0, 'State modificación', 'State', 125, 1, '2021-03-29 14:08:02', '2021-03-29 14:08:02');
INSERT INTO `pr_log` (`id_log`, `severity`, `error_code`, `message`, `object_type`, `object_id`, `id_employee`, `date_add`, `date_upd`) VALUES
(1036, 1, 0, 'Conexión al back-office desde 181.47.247.29', '', 0, 1, '2021-03-30 14:36:16', '2021-03-30 14:36:16'),
(1037, 1, 0, 'Protect vendor folder in module ps_searchbar', '', 0, 1, '2021-03-30 14:44:49', '2021-03-30 14:44:49'),
(1038, 1, 0, 'Module ps_searchbar has no vendor folder', '', 0, 1, '2021-03-30 14:44:49', '2021-03-30 14:44:49'),
(1039, 1, 0, 'Store eliminado', 'Store', 1, 1, '2021-03-30 14:50:14', '2021-03-30 14:50:14'),
(1040, 1, 0, 'Store eliminado', 'Store', 2, 1, '2021-03-30 14:50:15', '2021-03-30 14:50:15'),
(1041, 1, 0, 'Store eliminado', 'Store', 3, 1, '2021-03-30 14:50:17', '2021-03-30 14:50:17'),
(1042, 1, 0, 'Store eliminado', 'Store', 4, 1, '2021-03-30 14:50:17', '2021-03-30 14:50:17'),
(1043, 1, 0, 'Store eliminado', 'Store', 5, 1, '2021-03-30 14:50:18', '2021-03-30 14:50:18'),
(1044, 1, 0, 'Conexión al back-office desde 181.47.247.29', '', 0, 1, '2021-03-31 13:22:31', '2021-03-31 13:22:31'),
(1045, 1, 0, 'Conexión al back-office desde 181.47.247.29', '', 0, 1, '2021-03-31 13:35:25', '2021-03-31 13:35:25'),
(1046, 1, 0, 'Conexión al back-office desde 181.47.247.29', '', 0, 1, '2021-04-12 10:46:05', '2021-04-12 10:46:05'),
(1047, 1, 0, 'Protect vendor folder in module ps_emailsubscription', '', 0, 1, '2021-04-12 10:54:24', '2021-04-12 10:54:24'),
(1048, 1, 0, 'Protect vendor folder in module ftm_recaptchav3', '', 0, 1, '2021-04-12 10:56:31', '2021-04-12 10:56:31'),
(1049, 1, 0, 'Module ftm_recaptchav3 has no vendor folder', '', 0, 1, '2021-04-12 10:56:31', '2021-04-12 10:56:31'),
(1050, 1, 0, 'Module eicaptcha has no vendor folder', '', 0, 1, '2021-04-12 11:08:51', '2021-04-12 11:08:51'),
(1051, 1, 0, 'Conexión al back-office desde 181.47.247.29', '', 0, 1, '2021-04-12 13:26:12', '2021-04-12 13:26:12'),
(1052, 1, 0, 'Conexión al back-office desde 181.47.247.29', '', 0, 1, '2021-04-12 13:44:28', '2021-04-12 13:44:28'),
(1053, 1, 0, 'CustomerThread eliminado', 'CustomerThread', 4, 1, '2021-04-12 13:45:52', '2021-04-12 13:45:52'),
(1054, 1, 0, 'Conexión al back-office desde 181.47.247.29', '', 0, 1, '2021-04-14 10:28:01', '2021-04-14 10:28:01'),
(1055, 1, 0, 'Conexión al back-office desde 181.47.247.29', '', 0, 1, '2021-04-14 10:50:18', '2021-04-14 10:50:18'),
(1056, 1, 0, 'Conexión al back-office desde 186.138.207.200', '', 0, 1, '2021-06-23 10:04:39', '2021-06-23 10:04:39'),
(1057, 1, 0, 'Protect vendor folder in module productcomments', '', 0, 1, '2021-06-23 10:17:18', '2021-06-23 10:17:18'),
(1058, 1, 0, 'Group modificación', 'Group', 1, 1, '2021-06-23 10:32:16', '2021-06-23 10:32:16'),
(1059, 1, 0, 'Group modificación', 'Group', 2, 1, '2021-06-23 10:32:17', '2021-06-23 10:32:17'),
(1060, 1, 0, 'Group modificación', 'Group', 3, 1, '2021-06-23 10:32:22', '2021-06-23 10:32:22'),
(1061, 1, 0, 'Conexión al back-office desde 181.164.35.226', '', 0, 1, '2021-08-24 13:31:50', '2021-08-24 13:31:50'),
(1062, 1, 0, 'Conexión al back-office desde 181.164.35.226', '', 0, 1, '2021-08-24 16:56:14', '2021-08-24 16:56:14'),
(1063, 1, 0, 'Conexión al back-office desde 181.164.35.226', '', 0, 1, '2021-08-25 09:50:43', '2021-08-25 09:50:43'),
(1064, 1, 0, 'Conexión al back-office desde 181.164.35.226', '', 0, 1, '2021-08-25 16:11:59', '2021-08-25 16:11:59'),
(1065, 1, 0, 'CustomerThread eliminado', 'CustomerThread', 8, 1, '2021-08-25 16:19:52', '2021-08-25 16:19:52'),
(1066, 1, 0, 'CustomerThread eliminado', 'CustomerThread', 7, 1, '2021-08-25 16:19:52', '2021-08-25 16:19:52'),
(1067, 1, 0, 'CustomerThread eliminado', 'CustomerThread', 6, 1, '2021-08-25 16:19:52', '2021-08-25 16:19:52'),
(1068, 1, 0, 'CustomerThread eliminado', 'CustomerThread', 9, 1, '2021-08-25 16:23:39', '2021-08-25 16:23:39'),
(1069, 1, 0, 'Store information saved successfully', 'Mercadopago', 470, 1, '2021-08-25 16:25:04', '2021-08-25 16:25:04'),
(1070, 1, 0, 'Standard checkout configuration saved successfully', 'Mercadopago', 470, 1, '2021-08-25 16:25:19', '2021-08-25 16:25:19');

-- --------------------------------------------------------

--
-- Estructura de tabla para la tabla `pr_mail`
--

CREATE TABLE `pr_mail` (
  `id_mail` int UNSIGNED NOT NULL,
  `recipient` varchar(126) CHARACTER SET utf8mb4 COLLATE utf8mb4_general_ci NOT NULL,
  `template` varchar(62) CHARACTER SET utf8mb4 COLLATE utf8mb4_general_ci NOT NULL,
  `subject` varchar(254) CHARACTER SET utf8mb4 COLLATE utf8mb4_general_ci NOT NULL,
  `id_lang` int UNSIGNED NOT NULL,
  `date_add` timestamp NOT NULL DEFAULT CURRENT_TIMESTAMP
) ENGINE=InnoDB DEFAULT CHARSET=utf8mb4 COLLATE=utf8mb4_general_ci;

-- --------------------------------------------------------

--
-- Estructura de tabla para la tabla `pr_manufacturer`
--

CREATE TABLE `pr_manufacturer` (
  `id_manufacturer` int UNSIGNED NOT NULL,
  `name` varchar(64) CHARACTER SET utf8mb4 COLLATE utf8mb4_general_ci NOT NULL,
  `date_add` datetime NOT NULL,
  `date_upd` datetime NOT NULL,
  `active` tinyint(1) NOT NULL DEFAULT '0'
) ENGINE=InnoDB DEFAULT CHARSET=utf8mb4 COLLATE=utf8mb4_general_ci;

--
-- Volcado de datos para la tabla `pr_manufacturer`
--

INSERT INTO `pr_manufacturer` (`id_manufacturer`, `name`, `date_add`, `date_upd`, `active`) VALUES
(1, 'Studio Design', '2020-02-12 22:13:31', '2020-02-12 22:13:31', 1),
(2, 'Graphic Corner', '2020-02-12 22:13:31', '2020-02-12 22:13:31', 1);

-- --------------------------------------------------------

--
-- Estructura de tabla para la tabla `pr_manufacturer_lang`
--

CREATE TABLE `pr_manufacturer_lang` (
  `id_manufacturer` int UNSIGNED NOT NULL,
  `id_lang` int UNSIGNED NOT NULL,
  `description` mediumtext CHARACTER SET utf8mb4 COLLATE utf8mb4_general_ci,
  `short_description` mediumtext CHARACTER SET utf8mb4 COLLATE utf8mb4_general_ci,
  `meta_title` varchar(255) CHARACTER SET utf8mb4 COLLATE utf8mb4_general_ci DEFAULT NULL,
  `meta_keywords` varchar(255) CHARACTER SET utf8mb4 COLLATE utf8mb4_general_ci DEFAULT NULL,
  `meta_description` varchar(512) CHARACTER SET utf8mb4 COLLATE utf8mb4_general_ci DEFAULT NULL
) ENGINE=InnoDB DEFAULT CHARSET=utf8mb4 COLLATE=utf8mb4_general_ci;

--
-- Volcado de datos para la tabla `pr_manufacturer_lang`
--

INSERT INTO `pr_manufacturer_lang` (`id_manufacturer`, `id_lang`, `description`, `short_description`, `meta_title`, `meta_keywords`, `meta_description`) VALUES
(1, 1, '<p><span style=\"font-size:10pt;font-style:normal;\">Studio Design offers a range of items from ready-to-wear collections to contemporary objects. The brand has been presenting new ideas and trends since its creation in 2012.</span></p>', '', '', '', ''),
(1, 3, '<p><span style=\"font-size:10pt;font-style:normal;\">Studio Design offers a range of items from ready-to-wear collections to contemporary objects. The brand has been presenting new ideas and trends since its creation in 2012.</span></p>', '', '', '', ''),
(1, 4, '<p><span style=\"font-size:10pt;font-style:normal;\">Studio Design offers a range of items from ready-to-wear collections to contemporary objects. The brand has been presenting new ideas and trends since its creation in 2012.</span></p>', '', '', '', ''),
(2, 1, '<p><span style=\"font-size:10pt;font-style:normal;\">Since 2010, Graphic Corner offers a large choice of quality posters, available on paper and many other formats. </span></p>', '', '', '', ''),
(2, 3, '<p><span style=\"font-size:10pt;font-style:normal;\">Since 2010, Graphic Corner offers a large choice of quality posters, available on paper and many other formats. </span></p>', '', '', '', ''),
(2, 4, '<p><span style=\"font-size:10pt;font-style:normal;\">Since 2010, Graphic Corner offers a large choice of quality posters, available on paper and many other formats. </span></p>', '', '', '', '');

-- --------------------------------------------------------

--
-- Estructura de tabla para la tabla `pr_manufacturer_shop`
--

CREATE TABLE `pr_manufacturer_shop` (
  `id_manufacturer` int UNSIGNED NOT NULL,
  `id_shop` int UNSIGNED NOT NULL
) ENGINE=InnoDB DEFAULT CHARSET=utf8mb4 COLLATE=utf8mb4_general_ci;

--
-- Volcado de datos para la tabla `pr_manufacturer_shop`
--

INSERT INTO `pr_manufacturer_shop` (`id_manufacturer`, `id_shop`) VALUES
(1, 1),
(2, 1);

-- --------------------------------------------------------

--
-- Estructura de tabla para la tabla `pr_memcached_servers`
--

CREATE TABLE `pr_memcached_servers` (
  `id_memcached_server` int UNSIGNED NOT NULL,
  `ip` varchar(254) CHARACTER SET utf8mb4 COLLATE utf8mb4_general_ci NOT NULL,
  `port` int UNSIGNED NOT NULL,
  `weight` int UNSIGNED NOT NULL
) ENGINE=InnoDB DEFAULT CHARSET=utf8mb4 COLLATE=utf8mb4_general_ci;

-- --------------------------------------------------------

--
-- Estructura de tabla para la tabla `pr_message`
--

CREATE TABLE `pr_message` (
  `id_message` int UNSIGNED NOT NULL,
  `id_cart` int UNSIGNED DEFAULT NULL,
  `id_customer` int UNSIGNED NOT NULL,
  `id_employee` int UNSIGNED DEFAULT NULL,
  `id_order` int UNSIGNED NOT NULL,
  `message` mediumtext CHARACTER SET utf8mb4 COLLATE utf8mb4_general_ci NOT NULL,
  `private` tinyint UNSIGNED NOT NULL DEFAULT '1',
  `date_add` datetime NOT NULL
) ENGINE=InnoDB DEFAULT CHARSET=utf8mb4 COLLATE=utf8mb4_general_ci;

-- --------------------------------------------------------

--
-- Estructura de tabla para la tabla `pr_message_readed`
--

CREATE TABLE `pr_message_readed` (
  `id_message` int UNSIGNED NOT NULL,
  `id_employee` int UNSIGNED NOT NULL,
  `date_add` datetime NOT NULL
) ENGINE=InnoDB DEFAULT CHARSET=utf8mb4 COLLATE=utf8mb4_general_ci;

-- --------------------------------------------------------

--
-- Estructura de tabla para la tabla `pr_meta`
--

CREATE TABLE `pr_meta` (
  `id_meta` int UNSIGNED NOT NULL,
  `page` varchar(64) CHARACTER SET utf8mb4 COLLATE utf8mb4_general_ci NOT NULL,
  `configurable` tinyint UNSIGNED NOT NULL DEFAULT '1'
) ENGINE=InnoDB DEFAULT CHARSET=utf8mb4 COLLATE=utf8mb4_general_ci;

--
-- Volcado de datos para la tabla `pr_meta`
--

INSERT INTO `pr_meta` (`id_meta`, `page`, `configurable`) VALUES
(1, 'pagenotfound', 1),
(2, 'best-sales', 1),
(3, 'contact', 1),
(4, 'index', 1),
(5, 'manufacturer', 1),
(6, 'new-products', 1),
(7, 'password', 1),
(8, 'prices-drop', 1),
(9, 'sitemap', 1),
(10, 'supplier', 1),
(11, 'address', 1),
(12, 'addresses', 1),
(13, 'authentication', 1),
(14, 'cart', 1),
(15, 'discount', 1),
(16, 'history', 1),
(17, 'identity', 1),
(18, 'my-account', 1),
(19, 'order-follow', 1),
(20, 'order-slip', 1),
(21, 'order', 1),
(22, 'search', 1),
(23, 'stores', 1),
(24, 'guest-tracking', 1),
(25, 'order-confirmation', 1),
(26, 'product', 0),
(27, 'category', 0),
(28, 'cms', 0),
(29, 'module-cheque-payment', 0),
(30, 'module-cheque-validation', 0),
(31, 'module-bankwire-validation', 0),
(32, 'module-bankwire-payment', 0),
(33, 'module-cashondelivery-validation', 0),
(34, 'module-ps_checkpayment-payment', 1),
(35, 'module-ps_checkpayment-validation', 1),
(39, 'module-ps_shoppingcart-ajax', 1),
(40, 'module-ps_wirepayment-payment', 1),
(41, 'module-ps_wirepayment-validation', 1),
(54, 'module-ps_emailsubscription-verification', 1),
(55, 'module-ps_emailsubscription-subscription', 1);

-- --------------------------------------------------------

--
-- Estructura de tabla para la tabla `pr_meta_lang`
--

CREATE TABLE `pr_meta_lang` (
  `id_meta` int UNSIGNED NOT NULL,
  `id_shop` int UNSIGNED NOT NULL DEFAULT '1',
  `id_lang` int UNSIGNED NOT NULL,
  `title` varchar(128) CHARACTER SET utf8mb4 COLLATE utf8mb4_general_ci DEFAULT NULL,
  `description` varchar(255) CHARACTER SET utf8mb4 COLLATE utf8mb4_general_ci DEFAULT NULL,
  `keywords` varchar(255) CHARACTER SET utf8mb4 COLLATE utf8mb4_general_ci DEFAULT NULL,
  `url_rewrite` varchar(254) CHARACTER SET utf8mb4 COLLATE utf8mb4_general_ci NOT NULL
) ENGINE=InnoDB DEFAULT CHARSET=utf8mb4 COLLATE=utf8mb4_general_ci;

--
-- Volcado de datos para la tabla `pr_meta_lang`
--

INSERT INTO `pr_meta_lang` (`id_meta`, `id_shop`, `id_lang`, `title`, `description`, `keywords`, `url_rewrite`) VALUES
(1, 1, 1, '404 error', 'This page cannot be found', '', 'page-not-found'),
(1, 1, 3, 'Error 404', 'Página no encontrada', '', 'pagina-no-encontrada'),
(1, 1, 4, 'Error 404', 'Página no encontrada', '', 'pagina-no-encontrada'),
(2, 1, 1, 'Best sales', 'Our best sales', '', 'best-sales'),
(2, 1, 3, 'Los más vendidos', 'Los más vendidos', '', 'mas-vendidos'),
(2, 1, 4, 'Los más vendidos', 'Los más vendidos', '', 'mas-vendidos'),
(3, 1, 1, 'Contact us', 'Use our form to contact us', '', 'contact-us'),
(3, 1, 3, 'Contáctenos', 'Contáctenos', '', 'contactenos'),
(3, 1, 4, 'Contacte con nosotros', 'Contáctenos', '', 'contactenos'),
(4, 1, 1, '', 'Shop powered by PrestaShop', '', ''),
(4, 1, 3, '', 'Tienda creada con PrestaShop', '', ''),
(4, 1, 4, '', 'Tienda creada con PrestaShop', '', ''),
(5, 1, 1, 'Brands', 'Brands list', '', 'brands'),
(5, 1, 3, 'Brands', 'Brands list', '', 'brands'),
(5, 1, 4, 'Brands', 'Brands list', '', 'brands'),
(6, 1, 1, 'New products', 'Our new products', '', 'new-products'),
(6, 1, 3, 'Novedades', 'Novedades', '', 'novedades'),
(6, 1, 4, 'Novedades', 'Novedades', '', 'novedades'),
(7, 1, 1, 'Forgot your password', 'Enter the e-mail address you use to sign in to receive an e-mail with a new password', '', 'password-recovery'),
(7, 1, 3, '¿Olvidaste tu contraseña?', 'Introduzca la dirección de correo electrónico que utiliza a la hora de iniciar sesión, para recibir un correo electrónico con una nueva contraseña', '', 'recuperar-contraseña'),
(7, 1, 4, 'Ha olvidado su contraseña', 'Introduzca la dirección de correo electrónico que utiliza a la hora de iniciar sesión, para recibir un correo electrónico con una nueva contraseña', '', 'recuperar-contraseña'),
(8, 1, 1, 'Prices drop', 'Our special products', '', 'prices-drop'),
(8, 1, 3, 'Ofertas', 'Our special products', '', 'productos-rebajados'),
(8, 1, 4, 'Ofertas', 'Our special products', '', 'productos-rebajados'),
(9, 1, 1, 'Sitemap', 'Lost ? Find what your are looking for', '', 'sitemap'),
(9, 1, 3, 'Mapa del Sitio', '¿Perdido? Encuentre lo que está buscando', '', 'Mapa del Sitio'),
(9, 1, 4, 'Mapa del sitio', '¿Perdido? Encuentre lo que está buscando', '', 'mapa del sitio'),
(10, 1, 1, 'Suppliers', 'Suppliers list', '', 'supplier'),
(10, 1, 3, 'Proveedores', 'Listado de proveedores', '', 'proveedor'),
(10, 1, 4, 'Proveedores', 'Listado de proveedores', '', 'proveedor'),
(11, 1, 1, 'Address', '', '', 'address'),
(11, 1, 3, 'Dirección', '', '', 'direccion'),
(11, 1, 4, 'Dirección', '', '', 'direccion'),
(12, 1, 1, 'Addresses', '', '', 'addresses'),
(12, 1, 3, 'Direcciones', '', '', 'direcciones'),
(12, 1, 4, 'Direcciones', '', '', 'direcciones'),
(13, 1, 1, 'Login', '', '', 'login'),
(13, 1, 3, 'Ingresar', '', '', 'iniciar-sesion'),
(13, 1, 4, 'Iniciar sesión', '', '', 'iniciar-sesion'),
(14, 1, 1, 'Cart', '', '', 'cart'),
(14, 1, 3, 'Carrito', '', '', 'carrito'),
(14, 1, 4, 'Carrito', '', '', 'carrito'),
(15, 1, 1, 'Discount', '', '', 'discount'),
(15, 1, 3, 'Descuento', '', '', 'descuento'),
(15, 1, 4, 'Descuento', '', '', 'descuento'),
(16, 1, 1, 'Order history', '', '', 'order-history'),
(16, 1, 3, 'Historial de pedidos', '', '', 'historial-compra'),
(16, 1, 4, 'Historial de pedidos', '', '', 'historial-compra'),
(17, 1, 1, 'Identity', '', '', 'identity'),
(17, 1, 3, 'Datos personales', '', '', 'datos-personales'),
(17, 1, 4, 'Datos personales', '', '', 'datos-personales'),
(18, 1, 1, 'My account', '', '', 'my-account'),
(18, 1, 3, 'Mi cuenta', '', '', 'mi-cuenta'),
(18, 1, 4, 'Mi cuenta', '', '', 'mi-cuenta'),
(19, 1, 1, 'Order follow', '', '', 'order-follow'),
(19, 1, 3, 'Seguimiento del pedido', '', '', 'seguimiento-pedido'),
(19, 1, 4, 'Seguimiento del pedido', '', '', 'seguimiento-pedido'),
(20, 1, 1, 'Credit slip', '', '', 'credit-slip'),
(20, 1, 3, 'Nota de credito', '', '', 'facturas-abono'),
(20, 1, 4, 'Factura por abono', '', '', 'facturas-abono'),
(21, 1, 1, 'Order', '', '', 'order'),
(21, 1, 3, 'Pedido', '', '', 'un pedido'),
(21, 1, 4, 'Pedido', '', '', 'pedido'),
(22, 1, 1, 'Search', '', '', 'search'),
(22, 1, 3, 'Buscar', '', '', 'busqueda'),
(22, 1, 4, 'Buscar', '', '', 'busqueda'),
(23, 1, 1, 'Stores', '', '', 'stores'),
(23, 1, 3, 'Tiendas', '', '', 'tiendas'),
(23, 1, 4, 'Tiendas', '', '', 'tiendas'),
(24, 1, 1, 'Guest tracking', '', '', 'guest-tracking'),
(24, 1, 3, 'Seguimiento de pedidos de clientes invitados', '', '', 'seguimiento-pedido-invitado'),
(24, 1, 4, 'Seguimiento de pedidos de clientes invitados', '', '', 'seguimiento-pedido-invitado'),
(25, 1, 1, 'Order confirmation', '', '', 'order-confirmation'),
(25, 1, 3, 'Confirmación del Pedido', '', '', 'confirmacion-pedido'),
(25, 1, 4, 'Confirmación de pedido', '', '', 'confirmacion-pedido'),
(34, 1, 1, '', '', '', ''),
(34, 1, 3, '', '', '', ''),
(34, 1, 4, '', '', '', ''),
(35, 1, 1, '', '', '', ''),
(35, 1, 3, '', '', '', ''),
(35, 1, 4, '', '', '', ''),
(39, 1, 1, '', '', '', ''),
(39, 1, 3, '', '', '', ''),
(39, 1, 4, '', '', '', ''),
(40, 1, 1, '', '', '', ''),
(40, 1, 3, '', '', '', ''),
(40, 1, 4, '', '', '', ''),
(41, 1, 1, '', '', '', ''),
(41, 1, 3, '', '', '', ''),
(41, 1, 4, '', '', '', ''),
(54, 1, 1, '', '', '', ''),
(54, 1, 3, '', '', '', ''),
(54, 1, 4, '', '', '', ''),
(55, 1, 1, '', '', '', ''),
(55, 1, 3, '', '', '', ''),
(55, 1, 4, '', '', '', '');

-- --------------------------------------------------------

--
-- Estructura de tabla para la tabla `pr_module`
--

CREATE TABLE `pr_module` (
  `id_module` int UNSIGNED NOT NULL,
  `name` varchar(64) CHARACTER SET utf8mb4 COLLATE utf8mb4_general_ci NOT NULL,
  `active` tinyint UNSIGNED NOT NULL DEFAULT '0',
  `version` varchar(8) CHARACTER SET utf8mb4 COLLATE utf8mb4_general_ci NOT NULL
) ENGINE=InnoDB DEFAULT CHARSET=utf8mb4 COLLATE=utf8mb4_general_ci;

--
-- Volcado de datos para la tabla `pr_module`
--

INSERT INTO `pr_module` (`id_module`, `name`, `active`, `version`) VALUES
(2, 'dashactivity', 1, '2.0.2'),
(3, 'dashtrends', 1, '2.0.3'),
(4, 'dashgoals', 1, '2.0.2'),
(5, 'dashproducts', 1, '2.1.1'),
(6, 'graphnvd3', 1, '2.0.1'),
(7, 'gridhtml', 1, '2.0.1'),
(9, 'ps_banner', 1, '2.1.1'),
(10, 'ps_categorytree', 1, '2.0.2'),
(11, 'ps_checkpayment', 1, '2.0.5'),
(12, 'ps_contactinfo', 1, '3.3.0'),
(13, 'ps_currencyselector', 1, '2.0.1'),
(14, 'ps_customeraccountlinks', 1, '3.1.1'),
(15, 'ps_customersignin', 1, '2.0.4'),
(16, 'ps_customtext', 1, '4.1.1'),
(19, 'ps_faviconnotificationbo', 1, '2.1.0'),
(20, 'ps_featuredproducts', 1, '2.1.0'),
(21, 'ps_imageslider', 1, '3.1.0'),
(22, 'ps_languageselector', 1, '2.1.0'),
(23, 'ps_linklist', 1, '4.0.0'),
(24, 'ps_mainmenu', 1, '2.3.0'),
(25, 'ps_searchbar', 1, '2.0.2'),
(26, 'ps_sharebuttons', 1, '2.1.1'),
(27, 'ps_shoppingcart', 1, '2.0.4'),
(28, 'ps_socialfollow', 1, '2.2.0'),
(29, 'ps_themecusto', 1, '1.2.1'),
(30, 'ps_wirepayment', 1, '2.1.0'),
(31, 'pagesnotfound', 1, '2.0.0'),
(32, 'sekeywords', 1, '2.0.0'),
(33, 'statsbestcategories', 1, '2.0.0'),
(34, 'statsbestcustomers', 1, '2.0.2'),
(35, 'statsbestproducts', 1, '2.0.0'),
(36, 'statsbestsuppliers', 1, '2.0.0'),
(37, 'statsbestvouchers', 1, '2.0.0'),
(38, 'statscarrier', 1, '2.0.0'),
(39, 'statscatalog', 1, '2.0.1'),
(40, 'statscheckup', 1, '2.0.1'),
(41, 'statsdata', 1, '2.1.0'),
(42, 'statsequipment', 1, '2.0.0'),
(43, 'statsforecast', 1, '2.0.3'),
(44, 'statslive', 1, '2.1.0'),
(46, 'statsorigin', 1, '2.0.2'),
(47, 'statspersonalinfos', 1, '2.0.3'),
(48, 'statsproduct', 1, '2.0.3'),
(49, 'statsregistrations', 1, '2.0.0'),
(50, 'statssales', 1, '2.0.0'),
(51, 'statssearch', 1, '2.0.1'),
(52, 'statsstock', 1, '2.0.0'),
(53, 'statsvisits', 1, '2.0.3'),
(54, 'welcome', 1, '6.0.6'),
(55, 'gamification', 1, '2.3.2'),
(56, 'psaddonsconnect', 1, '2.1.2'),
(57, 'psgdpr', 1, '1.2.1'),
(58, 'ps_mbo', 1, '2.0.1'),
(59, 'ps_buybuttonlite', 1, '1.0.1'),
(60, 'blockreassurance', 1, '5.0.0'),
(61, 'ps_facetedsearch', 1, '3.7.1'),
(63, 'ps_newproducts', 1, '1.0.1'),
(76, 'gsitemap', 1, '4.2.0'),
(84, 'statsnewsletter', 1, '2.0.2'),
(85, 'ps_emailsubscription', 1, '2.7.0'),
(86, 'ps_bestsellers', 1, '1.0.3'),
(87, 'ps_specials', 1, '1.0.1'),
(89, 'productcomments', 1, '4.2.2'),
(90, 'ps_crossselling', 1, '2.0.1'),
(91, 'ps_dataprivacy', 1, '2.0.1'),
(92, 'mercadopago', 1, '4.7.0'),
(93, 'deleteordersfree', 1, '1.5.3'),
(94, 'ps_categoryproducts', 1, '1.0.4'),
(95, 'ps_viewedproduct', 1, '1.2.1'),
(96, 'whatsapp', 1, '2.1.0'),
(99, 'contactform', 1, '4.3.0'),
(100, 'ftm_recaptchav3', 1, '1.1.0'),
(101, 'eicaptcha', 1, '2.0.1');

-- --------------------------------------------------------

--
-- Estructura de tabla para la tabla `pr_module_access`
--

CREATE TABLE `pr_module_access` (
  `id_profile` int UNSIGNED NOT NULL,
  `id_authorization_role` int UNSIGNED NOT NULL
) ENGINE=InnoDB DEFAULT CHARSET=utf8mb4 COLLATE=utf8mb4_general_ci;

--
-- Volcado de datos para la tabla `pr_module_access`
--

INSERT INTO `pr_module_access` (`id_profile`, `id_authorization_role`) VALUES
(1, 485),
(1, 486),
(1, 487),
(1, 488),
(1, 489),
(1, 490),
(1, 491),
(1, 492),
(1, 497),
(1, 498),
(1, 499),
(1, 500),
(1, 501),
(1, 502),
(1, 503),
(1, 504),
(1, 505),
(1, 506),
(1, 507),
(1, 508),
(1, 509),
(1, 510),
(1, 511),
(1, 512),
(1, 517),
(1, 518),
(1, 519),
(1, 520),
(1, 521),
(1, 522),
(1, 523),
(1, 524),
(1, 525),
(1, 526),
(1, 527),
(1, 528),
(1, 529),
(1, 530),
(1, 531),
(1, 532),
(1, 533),
(1, 534),
(1, 535),
(1, 536),
(1, 537),
(1, 538),
(1, 539),
(1, 540),
(1, 541),
(1, 542),
(1, 543),
(1, 544),
(1, 545),
(1, 546),
(1, 547),
(1, 548),
(1, 557),
(1, 558),
(1, 559),
(1, 560),
(1, 565),
(1, 566),
(1, 567),
(1, 568),
(1, 569),
(1, 570),
(1, 571),
(1, 572),
(1, 573),
(1, 574),
(1, 575),
(1, 576),
(1, 581),
(1, 582),
(1, 583),
(1, 584),
(1, 585),
(1, 586),
(1, 587),
(1, 588),
(1, 589),
(1, 590),
(1, 591),
(1, 592),
(1, 593),
(1, 594),
(1, 595),
(1, 596),
(1, 597),
(1, 598),
(1, 599),
(1, 600),
(1, 601),
(1, 602),
(1, 603),
(1, 604),
(1, 605),
(1, 606),
(1, 607),
(1, 608),
(1, 621),
(1, 622),
(1, 623),
(1, 624),
(1, 625),
(1, 626),
(1, 627),
(1, 628),
(1, 629),
(1, 630),
(1, 631),
(1, 632),
(1, 633),
(1, 634),
(1, 635),
(1, 636),
(1, 637),
(1, 638),
(1, 639),
(1, 640),
(1, 641),
(1, 642),
(1, 643),
(1, 644),
(1, 645),
(1, 646),
(1, 647),
(1, 648),
(1, 649),
(1, 650),
(1, 651),
(1, 652),
(1, 653),
(1, 654),
(1, 655),
(1, 656),
(1, 657),
(1, 658),
(1, 659),
(1, 660),
(1, 661),
(1, 662),
(1, 663),
(1, 664),
(1, 665),
(1, 666),
(1, 667),
(1, 668),
(1, 669),
(1, 670),
(1, 671),
(1, 672),
(1, 673),
(1, 674),
(1, 675),
(1, 676),
(1, 677),
(1, 678),
(1, 679),
(1, 680),
(1, 685),
(1, 686),
(1, 687),
(1, 688),
(1, 689),
(1, 690),
(1, 691),
(1, 692),
(1, 693),
(1, 694),
(1, 695),
(1, 696),
(1, 697),
(1, 698),
(1, 699),
(1, 700),
(1, 701),
(1, 702),
(1, 703),
(1, 704),
(1, 705),
(1, 706),
(1, 707),
(1, 708),
(1, 709),
(1, 710),
(1, 711),
(1, 712),
(1, 713),
(1, 714),
(1, 715),
(1, 716),
(1, 717),
(1, 718),
(1, 719),
(1, 720),
(1, 729),
(1, 730),
(1, 731),
(1, 732),
(1, 733),
(1, 734),
(1, 735),
(1, 736),
(1, 737),
(1, 738),
(1, 739),
(1, 740),
(1, 749),
(1, 750),
(1, 751),
(1, 752),
(1, 761),
(1, 762),
(1, 763),
(1, 764),
(1, 769),
(1, 770),
(1, 771),
(1, 772),
(1, 773),
(1, 774),
(1, 775),
(1, 776),
(1, 781),
(1, 782),
(1, 783),
(1, 784),
(1, 961),
(1, 962),
(1, 963),
(1, 964),
(1, 1005),
(1, 1006),
(1, 1007),
(1, 1008),
(1, 1009),
(1, 1010),
(1, 1011),
(1, 1012),
(1, 1013),
(1, 1014),
(1, 1015),
(1, 1016),
(1, 1017),
(1, 1018),
(1, 1019),
(1, 1020),
(1, 1049),
(1, 1050),
(1, 1051),
(1, 1052),
(1, 1053),
(1, 1054),
(1, 1055),
(1, 1056),
(1, 1057),
(1, 1058),
(1, 1059),
(1, 1060),
(1, 1061),
(1, 1062),
(1, 1063),
(1, 1064),
(1, 1065),
(1, 1066),
(1, 1067),
(1, 1068),
(1, 1073),
(1, 1074),
(1, 1075),
(1, 1076),
(1, 1077),
(1, 1078),
(1, 1079),
(1, 1080),
(1, 1081),
(1, 1082),
(1, 1083),
(1, 1084),
(1, 1093),
(1, 1094),
(1, 1095),
(1, 1096),
(1, 1097),
(1, 1098),
(1, 1099),
(1, 1100),
(1, 1101),
(1, 1102),
(1, 1103),
(1, 1104);

-- --------------------------------------------------------

--
-- Estructura de tabla para la tabla `pr_module_carrier`
--

CREATE TABLE `pr_module_carrier` (
  `id_module` int UNSIGNED NOT NULL,
  `id_shop` int UNSIGNED NOT NULL DEFAULT '1',
  `id_reference` int NOT NULL
) ENGINE=InnoDB DEFAULT CHARSET=utf8mb4 COLLATE=utf8mb4_general_ci;

--
-- Volcado de datos para la tabla `pr_module_carrier`
--

INSERT INTO `pr_module_carrier` (`id_module`, `id_shop`, `id_reference`) VALUES
(11, 1, 3),
(11, 1, 19),
(11, 1, 20),
(11, 1, 21),
(11, 1, 25),
(30, 1, 3),
(30, 1, 19),
(30, 1, 20),
(30, 1, 21),
(30, 1, 25),
(92, 1, 3),
(92, 1, 25);

-- --------------------------------------------------------

--
-- Estructura de tabla para la tabla `pr_module_country`
--

CREATE TABLE `pr_module_country` (
  `id_module` int UNSIGNED NOT NULL,
  `id_shop` int UNSIGNED NOT NULL DEFAULT '1',
  `id_country` int UNSIGNED NOT NULL
) ENGINE=InnoDB DEFAULT CHARSET=utf8mb4 COLLATE=utf8mb4_general_ci;

--
-- Volcado de datos para la tabla `pr_module_country`
--

INSERT INTO `pr_module_country` (`id_module`, `id_shop`, `id_country`) VALUES
(11, 1, 21),
(11, 1, 44),
(30, 1, 21),
(30, 1, 44),
(92, 1, 6),
(92, 1, 21),
(92, 1, 44);

-- --------------------------------------------------------

--
-- Estructura de tabla para la tabla `pr_module_currency`
--

CREATE TABLE `pr_module_currency` (
  `id_module` int UNSIGNED NOT NULL,
  `id_shop` int UNSIGNED NOT NULL DEFAULT '1',
  `id_currency` int NOT NULL
) ENGINE=InnoDB DEFAULT CHARSET=utf8mb4 COLLATE=utf8mb4_general_ci;

--
-- Volcado de datos para la tabla `pr_module_currency`
--

INSERT INTO `pr_module_currency` (`id_module`, `id_shop`, `id_currency`) VALUES
(11, 1, 3),
(11, 1, 4),
(30, 1, 3),
(30, 1, 4),
(92, 1, 3),
(92, 1, 4);

-- --------------------------------------------------------

--
-- Estructura de tabla para la tabla `pr_module_group`
--

CREATE TABLE `pr_module_group` (
  `id_module` int UNSIGNED NOT NULL,
  `id_shop` int UNSIGNED NOT NULL DEFAULT '1',
  `id_group` int UNSIGNED NOT NULL
) ENGINE=InnoDB DEFAULT CHARSET=utf8mb4 COLLATE=utf8mb4_general_ci;

--
-- Volcado de datos para la tabla `pr_module_group`
--

INSERT INTO `pr_module_group` (`id_module`, `id_shop`, `id_group`) VALUES
(2, 1, 1),
(2, 1, 2),
(2, 1, 3),
(3, 1, 1),
(3, 1, 2),
(3, 1, 3),
(4, 1, 1),
(4, 1, 2),
(4, 1, 3),
(5, 1, 1),
(5, 1, 2),
(5, 1, 3),
(6, 1, 1),
(6, 1, 2),
(6, 1, 3),
(7, 1, 1),
(7, 1, 2),
(7, 1, 3),
(9, 1, 1),
(9, 1, 2),
(9, 1, 3),
(10, 1, 1),
(10, 1, 2),
(10, 1, 3),
(12, 1, 1),
(12, 1, 2),
(12, 1, 3),
(13, 1, 1),
(13, 1, 2),
(13, 1, 3),
(14, 1, 1),
(14, 1, 2),
(14, 1, 3),
(15, 1, 1),
(15, 1, 2),
(15, 1, 3),
(16, 1, 1),
(16, 1, 2),
(16, 1, 3),
(19, 1, 1),
(19, 1, 2),
(19, 1, 3),
(20, 1, 1),
(20, 1, 2),
(20, 1, 3),
(21, 1, 1),
(21, 1, 2),
(21, 1, 3),
(22, 1, 1),
(22, 1, 2),
(22, 1, 3),
(23, 1, 1),
(23, 1, 2),
(23, 1, 3),
(24, 1, 1),
(24, 1, 2),
(24, 1, 3),
(25, 1, 1),
(25, 1, 2),
(25, 1, 3),
(26, 1, 1),
(26, 1, 2),
(26, 1, 3),
(27, 1, 1),
(27, 1, 2),
(27, 1, 3),
(28, 1, 1),
(28, 1, 2),
(28, 1, 3),
(29, 1, 1),
(29, 1, 2),
(29, 1, 3),
(30, 1, 1),
(30, 1, 2),
(30, 1, 3),
(31, 1, 1),
(31, 1, 2),
(31, 1, 3),
(32, 1, 1),
(32, 1, 2),
(32, 1, 3),
(33, 1, 1),
(33, 1, 2),
(33, 1, 3),
(34, 1, 1),
(34, 1, 2),
(34, 1, 3),
(35, 1, 1),
(35, 1, 2),
(35, 1, 3),
(36, 1, 1),
(36, 1, 2),
(36, 1, 3),
(37, 1, 1),
(37, 1, 2),
(37, 1, 3),
(38, 1, 1),
(38, 1, 2),
(38, 1, 3),
(39, 1, 1),
(39, 1, 2),
(39, 1, 3),
(40, 1, 1),
(40, 1, 2),
(40, 1, 3),
(41, 1, 1),
(41, 1, 2),
(41, 1, 3),
(42, 1, 1),
(42, 1, 2),
(42, 1, 3),
(43, 1, 1),
(43, 1, 2),
(43, 1, 3),
(44, 1, 1),
(44, 1, 2),
(44, 1, 3),
(46, 1, 1),
(46, 1, 2),
(46, 1, 3),
(47, 1, 1),
(47, 1, 2),
(47, 1, 3),
(48, 1, 1),
(48, 1, 2),
(48, 1, 3),
(49, 1, 1),
(49, 1, 2),
(49, 1, 3),
(50, 1, 1),
(50, 1, 2),
(50, 1, 3),
(51, 1, 1),
(51, 1, 2),
(51, 1, 3),
(52, 1, 1),
(52, 1, 2),
(52, 1, 3),
(53, 1, 1),
(53, 1, 2),
(53, 1, 3),
(54, 1, 1),
(54, 1, 2),
(54, 1, 3),
(55, 1, 1),
(55, 1, 2),
(55, 1, 3),
(56, 1, 1),
(56, 1, 2),
(56, 1, 3),
(57, 1, 1),
(57, 1, 2),
(57, 1, 3),
(58, 1, 1),
(58, 1, 2),
(58, 1, 3),
(59, 1, 1),
(59, 1, 2),
(59, 1, 3),
(60, 1, 1),
(60, 1, 2),
(60, 1, 3),
(61, 1, 1),
(61, 1, 2),
(61, 1, 3),
(63, 1, 1),
(63, 1, 2),
(63, 1, 3),
(76, 1, 1),
(76, 1, 2),
(76, 1, 3),
(84, 1, 1),
(84, 1, 2),
(84, 1, 3),
(85, 1, 1),
(85, 1, 2),
(85, 1, 3),
(86, 1, 1),
(86, 1, 2),
(86, 1, 3),
(87, 1, 1),
(87, 1, 2),
(87, 1, 3),
(89, 1, 1),
(89, 1, 2),
(89, 1, 3),
(90, 1, 1),
(90, 1, 2),
(90, 1, 3),
(91, 1, 1),
(91, 1, 2),
(91, 1, 3),
(92, 1, 1),
(92, 1, 2),
(92, 1, 3),
(93, 1, 1),
(93, 1, 2),
(93, 1, 3),
(94, 1, 1),
(94, 1, 2),
(94, 1, 3),
(95, 1, 1),
(95, 1, 2),
(95, 1, 3),
(96, 1, 1),
(96, 1, 2),
(96, 1, 3),
(99, 1, 1),
(99, 1, 2),
(99, 1, 3),
(100, 1, 1),
(100, 1, 2),
(100, 1, 3),
(101, 1, 1),
(101, 1, 2),
(101, 1, 3);

-- --------------------------------------------------------

--
-- Estructura de tabla para la tabla `pr_module_history`
--

CREATE TABLE `pr_module_history` (
  `id` int NOT NULL,
  `id_employee` int NOT NULL,
  `id_module` int NOT NULL,
  `date_add` datetime NOT NULL,
  `date_upd` datetime NOT NULL
) ENGINE=InnoDB DEFAULT CHARSET=utf8 COLLATE=utf8_unicode_ci;

--
-- Volcado de datos para la tabla `pr_module_history`
--

INSERT INTO `pr_module_history` (`id`, `id_employee`, `id_module`, `date_add`, `date_upd`) VALUES
(1, 1, 62, '2020-03-02 19:14:18', '2020-04-01 12:15:26'),
(2, 1, 30, '2020-03-10 11:38:20', '2021-08-25 16:25:38'),
(3, 1, 24, '2020-03-10 12:04:40', '2020-05-11 16:28:02'),
(4, 1, 64, '2020-03-11 12:12:50', '2020-05-21 09:39:52'),
(5, 1, 65, '2020-03-11 12:17:08', '2020-04-08 09:50:11'),
(6, 1, 1, '2020-03-11 12:40:26', '2020-05-20 17:06:30'),
(7, 1, 66, '2020-03-11 14:08:13', '2020-03-11 14:08:13'),
(8, 1, 67, '2020-03-30 10:29:46', '2020-04-01 11:00:30'),
(9, 1, 68, '2020-04-01 11:15:35', '2020-04-15 09:42:04'),
(10, 1, 69, '2020-04-01 12:25:44', '2020-04-15 10:05:17'),
(11, 1, 27, '2020-04-03 15:32:58', '2020-04-03 15:32:58'),
(12, 1, 10, '2020-04-10 23:06:11', '2020-05-11 16:29:23'),
(13, 1, 70, '2020-04-13 11:05:32', '2020-04-13 22:46:34'),
(14, 1, 71, '2020-04-13 14:10:26', '2020-04-13 15:45:12'),
(15, 1, 23, '2020-04-14 10:03:46', '2020-05-20 17:10:15'),
(16, 1, 61, '2020-04-14 10:36:37', '2020-05-11 16:30:13'),
(17, 1, 72, '2020-04-15 09:25:27', '2020-04-15 11:39:51'),
(18, 1, 73, '2020-04-29 09:22:24', '2020-04-29 10:17:20'),
(19, 1, 74, '2020-04-29 15:10:01', '2020-04-30 14:35:44'),
(20, 1, 75, '2020-04-30 13:41:43', '2020-04-30 13:41:43'),
(21, 1, 8, '2020-04-30 14:10:44', '2020-04-30 14:10:44'),
(22, 1, 76, '2020-04-30 14:13:24', '2020-05-04 11:08:27'),
(23, 1, 77, '2020-04-30 15:07:39', '2020-04-30 15:50:04'),
(24, 1, 78, '2020-04-30 15:51:34', '2020-04-30 15:52:25'),
(25, 1, 20, '2020-05-11 16:24:48', '2021-01-12 11:01:14'),
(26, 1, 79, '2020-05-19 15:59:06', '2020-05-19 16:00:49'),
(27, 1, 80, '2020-05-19 16:15:51', '2020-05-19 16:15:51'),
(28, 1, 81, '2020-05-19 16:18:34', '2020-05-19 16:18:34'),
(29, 1, 82, '2020-05-19 16:25:47', '2020-05-19 16:35:17'),
(30, 1, 83, '2020-07-16 10:47:53', '2020-07-16 10:47:53'),
(31, 1, 88, '2020-11-18 12:24:35', '2020-11-18 12:24:58'),
(32, 1, 97, '2021-03-31 13:38:35', '2021-03-31 13:40:12'),
(33, 1, 98, '2021-03-31 13:39:56', '2021-03-31 13:39:56'),
(34, 1, 100, '2021-04-12 10:57:13', '2021-08-25 16:18:17'),
(35, 1, 99, '2021-04-12 10:59:43', '2021-08-25 16:21:00'),
(36, 1, 101, '2021-04-12 11:09:21', '2021-04-12 11:16:44'),
(37, 1, 12, '2021-08-25 16:22:09', '2021-08-25 16:22:09'),
(38, 1, 92, '2021-08-25 16:24:40', '2021-08-25 16:24:40');

-- --------------------------------------------------------

--
-- Estructura de tabla para la tabla `pr_module_preference`
--

CREATE TABLE `pr_module_preference` (
  `id_module_preference` int NOT NULL,
  `id_employee` int NOT NULL,
  `module` varchar(191) CHARACTER SET utf8mb4 COLLATE utf8mb4_general_ci NOT NULL,
  `interest` tinyint(1) DEFAULT NULL,
  `favorite` tinyint(1) DEFAULT NULL
) ENGINE=InnoDB DEFAULT CHARSET=utf8mb4 COLLATE=utf8mb4_general_ci;

-- --------------------------------------------------------

--
-- Estructura de tabla para la tabla `pr_module_shop`
--

CREATE TABLE `pr_module_shop` (
  `id_module` int UNSIGNED NOT NULL,
  `id_shop` int UNSIGNED NOT NULL,
  `enable_device` tinyint(1) NOT NULL DEFAULT '7'
) ENGINE=InnoDB DEFAULT CHARSET=utf8mb4 COLLATE=utf8mb4_general_ci;

--
-- Volcado de datos para la tabla `pr_module_shop`
--

INSERT INTO `pr_module_shop` (`id_module`, `id_shop`, `enable_device`) VALUES
(2, 1, 7),
(3, 1, 7),
(4, 1, 7),
(5, 1, 7),
(6, 1, 7),
(7, 1, 7),
(9, 1, 7),
(10, 1, 7),
(11, 1, 7),
(19, 1, 7),
(20, 1, 7),
(21, 1, 7),
(22, 1, 7),
(24, 1, 7),
(25, 1, 7),
(27, 1, 7),
(29, 1, 7),
(30, 1, 7),
(31, 1, 7),
(32, 1, 7),
(33, 1, 7),
(34, 1, 7),
(35, 1, 7),
(37, 1, 7),
(39, 1, 7),
(40, 1, 7),
(42, 1, 7),
(43, 1, 7),
(44, 1, 7),
(46, 1, 7),
(47, 1, 7),
(48, 1, 7),
(49, 1, 7),
(50, 1, 7),
(51, 1, 7),
(52, 1, 7),
(53, 1, 7),
(54, 1, 7),
(55, 1, 7),
(56, 1, 7),
(57, 1, 7),
(58, 1, 7),
(59, 1, 7),
(61, 1, 7),
(76, 1, 7),
(86, 1, 7),
(87, 1, 7),
(89, 1, 7),
(90, 1, 7),
(91, 1, 7),
(92, 1, 7),
(93, 1, 7),
(94, 1, 7),
(95, 1, 7),
(96, 1, 7),
(99, 1, 7),
(100, 1, 7);

-- --------------------------------------------------------

--
-- Estructura de tabla para la tabla `pr_mp_module`
--

CREATE TABLE `pr_mp_module` (
  `id_mp_module` int NOT NULL,
  `version` varchar(20) NOT NULL,
  `updated` tinyint(1) DEFAULT NULL,
  `evaluation` varchar(20) DEFAULT NULL,
  `comments` tinytext,
  `recommend` tinyint(1) DEFAULT NULL,
  `created_at` datetime NOT NULL,
  `updated_at` datetime DEFAULT NULL
) ENGINE=InnoDB DEFAULT CHARSET=utf8;

--
-- Volcado de datos para la tabla `pr_mp_module`
--

INSERT INTO `pr_mp_module` (`id_mp_module`, `version`, `updated`, `evaluation`, `comments`, `recommend`, `created_at`, `updated_at`) VALUES
(1, '4.0.1', NULL, NULL, NULL, NULL, '2020-03-02 19:13:37', NULL),
(2, '4.1.0', NULL, NULL, NULL, NULL, '2020-04-01 12:24:49', NULL),
(3, '4.3.0', NULL, NULL, NULL, NULL, '2020-11-18 12:22:46', NULL),
(4, '4.4.3', NULL, NULL, NULL, NULL, '2021-01-25 12:10:18', NULL),
(5, '4.4.2', NULL, NULL, NULL, NULL, '2021-01-25 12:12:50', NULL),
(6, '4.6.1', NULL, NULL, NULL, NULL, '2021-06-23 10:18:28', NULL);

-- --------------------------------------------------------

--
-- Estructura de tabla para la tabla `pr_mp_transactions`
--

CREATE TABLE `pr_mp_transactions` (
  `id_mp_transaction` int UNSIGNED NOT NULL,
  `cart_id` int UNSIGNED NOT NULL,
  `order_id` int UNSIGNED DEFAULT NULL,
  `customer_id` int UNSIGNED NOT NULL,
  `total` decimal(15,2) DEFAULT NULL,
  `payment_id` varchar(100) DEFAULT NULL,
  `payment_method` varchar(100) DEFAULT NULL,
  `payment_type` varchar(100) DEFAULT NULL,
  `payment_status` varchar(100) DEFAULT NULL,
  `payment_amount` varchar(100) DEFAULT NULL,
  `merchant_order_id` varchar(100) DEFAULT NULL,
  `notification_url` text,
  `is_payment_test` tinyint(1) DEFAULT NULL,
  `received_webhook` tinyint(1) DEFAULT NULL,
  `created_at` datetime NOT NULL,
  `updated_at` datetime DEFAULT NULL,
  `mp_module_id` int NOT NULL
) ENGINE=InnoDB DEFAULT CHARSET=utf8;

--
-- Volcado de datos para la tabla `pr_mp_transactions`
--

INSERT INTO `pr_mp_transactions` (`id_mp_transaction`, `cart_id`, `order_id`, `customer_id`, `total`, `payment_id`, `payment_method`, `payment_type`, `payment_status`, `payment_amount`, `merchant_order_id`, `notification_url`, `is_payment_test`, `received_webhook`, `created_at`, `updated_at`, `mp_module_id`) VALUES
(1, 10, NULL, 3, 58.00, NULL, NULL, NULL, NULL, NULL, NULL, 'http://www.ccabreraok.tk/testtw/?fc=module&module=mercadopago&controller=notification&checkout=standard&cart_id=10&customer=008192dd435aacf03cd08960fb5252a1&notification=ipn', 1, NULL, '2020-03-05 16:40:46', NULL, 1),
(2, 13, 7, 4, 1.66, '6059381028', 'account_money', 'account_money', '', '1.66', '1245562065', '/prestatowebs/?cart_id=13&checkout=standard&controller=notification&customer=74b3655c6b572c4b8166c0a3143b449b&fc=module&id=1245562065&module=mercadopago&notification=ipn&topic=merchant_order', 0, 1, '2020-03-10 12:17:09', '2020-04-01 19:50:44', 1),
(3, 16, NULL, 5, 1.00, NULL, NULL, NULL, NULL, NULL, NULL, 'http://www.ccabreraok.tk/testtw/?fc=module&module=mercadopago&controller=notification&checkout=standard&cart_id=16&customer=592daf114dc2e524fc2253b38021edd3&notification=ipn', 1, NULL, '2020-03-30 10:22:06', '2020-04-01 13:18:37', 1),
(4, 20, NULL, 8, 2.50, NULL, NULL, NULL, NULL, NULL, NULL, 'http://www.ccabreraok.tk/testtw/?fc=module&module=mercadopago&controller=notification&checkout=standard&cart_id=20&customer=f229f1429a951b321e1a980032238012&notification=ipn', 1, NULL, '2020-04-01 12:33:16', '2020-04-01 12:42:06', 2),
(5, 21, NULL, 9, 15.00, NULL, NULL, NULL, NULL, NULL, NULL, 'http://www.ccabreraok.tk/testtw/?fc=module&module=mercadopago&controller=notification&checkout=standard&cart_id=21&customer=f123388eec5c442d46106bb846de8278&notification=ipn', 1, NULL, '2020-04-01 13:32:01', '2020-04-13 11:42:33', 2),
(6, 22, NULL, 9, 15.00, NULL, NULL, NULL, NULL, NULL, NULL, 'http://www.ccabreraok.tk/testtw/?fc=module&module=mercadopago&controller=notification&checkout=standard&cart_id=22&customer=f123388eec5c442d46106bb846de8278&notification=ipn', 1, NULL, '2020-04-13 11:44:11', '2020-04-13 11:45:08', 2),
(7, 23, NULL, 9, 15.00, NULL, NULL, NULL, NULL, NULL, NULL, 'http://www.ccabreraok.tk/testtw/?fc=module&module=mercadopago&controller=notification&checkout=standard&cart_id=23&customer=f123388eec5c442d46106bb846de8278&notification=ipn', 1, NULL, '2020-04-13 11:47:02', '2020-04-13 11:58:05', 2),
(8, 24, NULL, 9, 15.00, NULL, NULL, NULL, NULL, NULL, NULL, 'http://www.ccabreraok.tk/testtw/?fc=module&module=mercadopago&controller=notification&checkout=standard&cart_id=24&customer=f123388eec5c442d46106bb846de8278&notification=ipn', 1, NULL, '2020-04-13 11:58:40', '2020-04-13 11:59:23', 2),
(9, 25, NULL, 9, 15.00, NULL, NULL, NULL, NULL, NULL, NULL, 'http://www.ccabreraok.tk/testtw/?fc=module&module=mercadopago&controller=notification&checkout=standard&cart_id=25&customer=f123388eec5c442d46106bb846de8278&notification=ipn', 1, NULL, '2020-04-13 12:00:04', '2020-04-13 12:01:30', 2),
(10, 26, NULL, 9, 0.23, NULL, NULL, NULL, NULL, NULL, NULL, 'http://www.ccabreraok.tk/testtw/?fc=module&module=mercadopago&controller=notification&checkout=standard&cart_id=26&customer=f123388eec5c442d46106bb846de8278&notification=ipn', 1, NULL, '2020-04-13 12:06:18', '2020-04-13 12:45:22', 2),
(11, 28, NULL, 9, 0.23, NULL, NULL, NULL, NULL, NULL, NULL, 'http://www.ccabreraok.tk/testtw/?fc=module&module=mercadopago&controller=notification&checkout=standard&cart_id=28&customer=f123388eec5c442d46106bb846de8278&notification=ipn', 1, NULL, '2020-04-13 14:13:59', '2020-04-13 14:17:13', 2),
(12, 29, NULL, 9, 15.00, NULL, NULL, NULL, NULL, NULL, NULL, 'http://www.ccabreraok.tk/testtw/?fc=module&module=mercadopago&controller=notification&checkout=standard&cart_id=29&customer=f123388eec5c442d46106bb846de8278&notification=ipn', 1, NULL, '2020-04-13 16:10:48', '2020-04-13 16:15:18', 2),
(13, 31, NULL, 10, 15.00, NULL, NULL, NULL, NULL, NULL, NULL, 'http://www.ccabreraok.tk/testtw/?fc=module&module=mercadopago&controller=notification&checkout=standard&cart_id=31&customer=81542c43e2eec26178a37dea3185614f&notification=ipn', 1, NULL, '2020-04-13 22:35:39', '2020-04-13 22:36:39', 2),
(14, 30, NULL, 11, 375.00, NULL, NULL, NULL, NULL, NULL, NULL, 'http://www.ccabreraok.tk/testtw/?fc=module&module=mercadopago&controller=notification&checkout=standard&cart_id=30&customer=e65dbb5efa0ab032a539158b37c6fda5&notification=ipn', 1, NULL, '2020-04-15 09:39:19', '2020-04-15 12:06:47', 2),
(15, 32, NULL, 12, 750.00, NULL, NULL, NULL, NULL, NULL, NULL, 'http://www.ccabreraok.tk/testtw/?fc=module&module=mercadopago&controller=notification&checkout=standard&cart_id=32&customer=82d0e13fa723dea56b26df572a87eba9&notification=ipn', 0, NULL, '2020-04-15 10:10:28', '2020-04-15 10:10:54', 2),
(16, 33, NULL, 13, 600.00, NULL, NULL, NULL, NULL, NULL, NULL, 'http://www.ccabreraok.tk/testtw/?fc=module&module=mercadopago&controller=notification&checkout=standard&cart_id=33&customer=04bb49e7d0fb5f270db33db2f6aa36dc&notification=ipn', 1, NULL, '2020-04-23 15:03:19', '2020-04-23 15:03:50', 2),
(17, 34, NULL, 13, 870.00, NULL, NULL, NULL, NULL, NULL, NULL, 'http://www.ccabreraok.tk/testtw/?fc=module&module=mercadopago&controller=notification&checkout=standard&cart_id=34&customer=04bb49e7d0fb5f270db33db2f6aa36dc&notification=ipn', 1, NULL, '2020-04-29 09:25:45', '2020-05-05 10:21:15', 2),
(18, 35, NULL, 14, 570.00, NULL, NULL, NULL, NULL, NULL, NULL, 'http://www.ccabreraok.tk/testtw/?fc=module&module=mercadopago&controller=notification&checkout=standard&cart_id=35&customer=4c42827e80334e5d84bd8df2d25998b7&notification=ipn', 1, NULL, '2020-04-29 09:32:27', '2020-04-29 09:38:41', 2),
(19, 36, NULL, 15, 870.00, NULL, NULL, NULL, NULL, NULL, NULL, 'http://www.ccabreraok.tk/testtw/?fc=module&module=mercadopago&controller=notification&checkout=standard&cart_id=36&customer=b6fcdd69e74ec5b63ee6eac6c3f57144&notification=ipn', 1, NULL, '2020-04-29 12:20:45', '2020-04-29 12:32:53', 2),
(20, 37, NULL, 16, 375.00, NULL, NULL, NULL, NULL, NULL, NULL, 'http://www.ccabreraok.tk/testtw/?fc=module&module=mercadopago&controller=notification&checkout=standard&cart_id=37&customer=9933f21b3586b4f026acc2e1160231a0&notification=ipn', 1, NULL, '2020-04-29 13:00:46', '2020-04-29 13:01:15', 2),
(21, 38, NULL, 17, 495.00, NULL, NULL, NULL, NULL, NULL, NULL, 'http://www.ccabreraok.tk/testtw/?fc=module&module=mercadopago&controller=notification&checkout=standard&cart_id=38&customer=67eecbc0c76fa86f9001d03b4700271a&notification=ipn', 1, NULL, '2020-04-29 13:02:30', '2020-05-04 13:06:22', 2),
(22, 39, NULL, 18, 375.00, NULL, NULL, NULL, NULL, NULL, NULL, 'http://www.ccabreraok.tk/testtw/?fc=module&module=mercadopago&controller=notification&checkout=standard&cart_id=39&customer=35d62bb78c1ccb7d62f676bd94247528&notification=ipn', 1, NULL, '2020-04-29 13:12:31', '2020-04-29 13:12:56', 2),
(23, 40, NULL, 19, 375.00, NULL, NULL, NULL, NULL, NULL, NULL, 'http://www.ccabreraok.tk/testtw/?fc=module&module=mercadopago&controller=notification&checkout=standard&cart_id=40&customer=5c458c7acdb3520e50e1db0cf7f0c254&notification=ipn', 1, NULL, '2020-04-29 15:24:31', '2020-04-29 15:25:10', 2),
(24, 41, NULL, 20, 2295.00, NULL, NULL, NULL, NULL, NULL, NULL, 'http://www.ccabreraok.tk/testtw/?fc=module&module=mercadopago&controller=notification&checkout=standard&cart_id=41&customer=3228f34262889d64692c3789ccf7d734&notification=ipn', 1, NULL, '2020-04-29 15:57:31', '2020-05-06 16:43:15', 2),
(25, 42, NULL, 21, 495.00, NULL, NULL, NULL, NULL, NULL, NULL, 'http://www.ccabreraok.tk/testtw/?fc=module&module=mercadopago&controller=notification&checkout=standard&cart_id=42&customer=dfcc748a60c442ec0c895d46011886fd&notification=ipn', 1, NULL, '2020-04-30 13:08:54', '2020-04-30 14:20:58', 2),
(26, 43, NULL, 22, 495.00, NULL, NULL, NULL, NULL, NULL, NULL, 'http://www.ccabreraok.tk/testtw/?fc=module&module=mercadopago&controller=notification&checkout=standard&cart_id=43&customer=4e2ac46dfdb05048cb948594d09b59be&notification=ipn', 1, NULL, '2020-04-30 13:40:30', '2020-04-30 14:21:02', 2),
(27, 44, NULL, 23, 2364.00, NULL, NULL, NULL, NULL, NULL, NULL, 'http://www.ccabreraok.tk/testtw/?fc=module&module=mercadopago&controller=notification&checkout=standard&cart_id=44&customer=600a58f4060aba75a48b4cd7d048c81b&notification=ipn', 1, NULL, '2020-04-30 14:23:14', '2020-04-30 16:26:10', 2),
(28, 45, NULL, 24, 570.00, NULL, NULL, NULL, NULL, NULL, NULL, 'http://www.ccabreraok.tk/testtw/?fc=module&module=mercadopago&controller=notification&checkout=standard&cart_id=45&customer=9c68686bd3c08ec77b26a3613c0a4138&notification=ipn', 1, NULL, '2020-04-30 16:10:03', '2020-04-30 16:16:50', 2),
(29, 46, NULL, 25, 900.00, NULL, NULL, NULL, NULL, NULL, NULL, 'http://www.ccabreraok.tk/testtw/?fc=module&module=mercadopago&controller=notification&checkout=standard&cart_id=46&customer=bdc63eb5efac427441e0077c5e4b76e4&notification=ipn', 1, NULL, '2020-05-04 11:10:26', '2020-05-04 11:11:08', 2),
(30, 47, NULL, 26, 495.00, NULL, NULL, NULL, NULL, NULL, NULL, 'http://www.ccabreraok.tk/testtw/?fc=module&module=mercadopago&controller=notification&checkout=standard&cart_id=47&customer=654135779dd7c0097ebfbcd9af556730&notification=ipn', 1, NULL, '2020-05-04 11:18:21', '2020-05-04 12:38:29', 2),
(31, 48, NULL, 27, 495.00, NULL, NULL, NULL, NULL, NULL, NULL, 'http://www.ccabreraok.tk/testtw/?fc=module&module=mercadopago&controller=notification&checkout=standard&cart_id=48&customer=3a2b56759153917c0191705cb45e22eb&notification=ipn', 1, NULL, '2020-05-04 11:40:37', '2020-05-04 12:22:05', 2),
(32, 49, NULL, 28, 450.00, NULL, NULL, NULL, NULL, NULL, NULL, 'http://www.ccabreraok.tk/testtw/?fc=module&module=mercadopago&controller=notification&checkout=standard&cart_id=49&customer=368b08e2d0c61e8f9f4fcdb316ca6c65&notification=ipn', 1, NULL, '2020-05-04 11:50:09', '2020-05-04 11:50:40', 2),
(33, 50, NULL, 29, 375.00, NULL, NULL, NULL, NULL, NULL, NULL, 'http://www.ccabreraok.tk/testtw/?fc=module&module=mercadopago&controller=notification&checkout=standard&cart_id=50&customer=69d88b69b253f54fb79d53389be63f0f&notification=ipn', 1, NULL, '2020-05-04 12:45:14', '2020-05-04 13:01:20', 2),
(34, 51, NULL, 30, 375.00, NULL, NULL, NULL, NULL, NULL, NULL, 'http://www.ccabreraok.tk/testtw/?fc=module&module=mercadopago&controller=notification&checkout=standard&cart_id=51&customer=6f3b6bf77503b5cdce56c37d6115d109&notification=ipn', 1, NULL, '2020-05-04 12:46:34', '2020-05-04 13:28:11', 2),
(35, 52, NULL, 31, 495.00, NULL, NULL, NULL, NULL, NULL, NULL, 'http://www.ccabreraok.tk/testtw/?fc=module&module=mercadopago&controller=notification&checkout=standard&cart_id=52&customer=13631f647192217f7c455205dfb5155a&notification=ipn', 1, NULL, '2020-05-04 13:15:47', '2020-05-04 13:22:16', 2),
(36, 53, NULL, 32, 900.00, NULL, NULL, NULL, NULL, NULL, NULL, 'http://www.ccabreraok.tk/testtw/?fc=module&module=mercadopago&controller=notification&checkout=standard&cart_id=53&customer=49dd45588ef18a6298074483929ab100&notification=ipn', 1, NULL, '2020-05-04 13:30:40', '2020-05-04 13:32:01', 2),
(37, 54, NULL, 33, 1334.00, NULL, NULL, NULL, NULL, NULL, NULL, 'http://www.ccabreraok.tk/testtw/?fc=module&module=mercadopago&controller=notification&checkout=standard&cart_id=54&customer=6d0343594d990f6daf406fd147b6897b&notification=ipn', 1, NULL, '2020-05-04 13:40:12', '2020-05-04 13:55:35', 2),
(38, 55, NULL, 34, 375.00, NULL, NULL, NULL, NULL, NULL, NULL, 'http://www.ccabreraok.tk/testtw/?fc=module&module=mercadopago&controller=notification&checkout=standard&cart_id=55&customer=a70ab0509e159d8424bf7db477532f79&notification=ipn', 1, NULL, '2020-05-05 10:27:49', '2020-05-05 10:29:44', 2),
(39, 57, NULL, 35, 900.00, NULL, NULL, NULL, NULL, NULL, NULL, 'http://www.ccabreraok.tk/testtw/?fc=module&module=mercadopago&controller=notification&checkout=standard&cart_id=57&customer=b1ab870895fc9bc2e3edeccf6a810dc6&notification=ipn', 1, NULL, '2020-05-05 10:33:15', '2020-05-05 10:38:32', 2),
(40, 58, NULL, 36, 375.00, NULL, NULL, NULL, NULL, NULL, NULL, 'http://www.ccabreraok.tk/testtw/?fc=module&module=mercadopago&controller=notification&checkout=standard&cart_id=58&customer=3a664423dcffc35059186e79510419d6&notification=ipn', 1, NULL, '2020-05-06 16:03:40', '2020-05-06 16:04:56', 2),
(41, 59, NULL, 37, 900.00, NULL, NULL, NULL, NULL, NULL, NULL, 'http://www.ccabreraok.tk/testtw/?fc=module&module=mercadopago&controller=notification&checkout=standard&cart_id=59&customer=23c7d188b901894af015536c2c74d191&notification=ipn', 1, NULL, '2020-05-06 16:33:44', '2020-05-06 16:35:07', 2),
(42, 60, NULL, 38, 495.00, NULL, NULL, NULL, NULL, NULL, NULL, 'http://www.ccabreraok.tk/testtw/?fc=module&module=mercadopago&controller=notification&checkout=standard&cart_id=60&customer=267b51c6b05dfa1d951e91baf4e6480a&notification=ipn', 1, NULL, '2020-05-06 16:40:47', '2020-05-06 16:42:53', 2),
(43, 61, NULL, 39, 938.00, NULL, NULL, NULL, NULL, NULL, NULL, 'http://www.ccabreraok.tk/testtw/?fc=module&module=mercadopago&controller=notification&checkout=standard&cart_id=61&customer=ffdff949db7339fc2abd6838b356462f&notification=ipn', 1, NULL, '2020-05-13 17:03:44', '2020-05-13 17:06:25', 2);

-- --------------------------------------------------------

--
-- Estructura de tabla para la tabla `pr_operating_system`
--

CREATE TABLE `pr_operating_system` (
  `id_operating_system` int UNSIGNED NOT NULL,
  `name` varchar(64) CHARACTER SET utf8mb4 COLLATE utf8mb4_general_ci DEFAULT NULL
) ENGINE=InnoDB DEFAULT CHARSET=utf8mb4 COLLATE=utf8mb4_general_ci;

--
-- Volcado de datos para la tabla `pr_operating_system`
--

INSERT INTO `pr_operating_system` (`id_operating_system`, `name`) VALUES
(1, 'Windows XP'),
(2, 'Windows Vista'),
(3, 'Windows 7'),
(4, 'Windows 8'),
(5, 'Windows 8.1'),
(6, 'Windows 10'),
(7, 'MacOsX'),
(8, 'Linux'),
(9, 'Android');

-- --------------------------------------------------------

--
-- Estructura de tabla para la tabla `pr_orders`
--

CREATE TABLE `pr_orders` (
  `id_order` int UNSIGNED NOT NULL,
  `reference` varchar(9) CHARACTER SET utf8mb4 COLLATE utf8mb4_general_ci DEFAULT NULL,
  `id_shop_group` int UNSIGNED NOT NULL DEFAULT '1',
  `id_shop` int UNSIGNED NOT NULL DEFAULT '1',
  `id_carrier` int UNSIGNED NOT NULL,
  `id_lang` int UNSIGNED NOT NULL,
  `id_customer` int UNSIGNED NOT NULL,
  `id_cart` int UNSIGNED NOT NULL,
  `id_currency` int UNSIGNED NOT NULL,
  `id_address_delivery` int UNSIGNED NOT NULL,
  `id_address_invoice` int UNSIGNED NOT NULL,
  `current_state` int UNSIGNED NOT NULL,
  `secure_key` varchar(32) CHARACTER SET utf8mb4 COLLATE utf8mb4_general_ci NOT NULL DEFAULT '-1',
  `payment` varchar(255) CHARACTER SET utf8mb4 COLLATE utf8mb4_general_ci NOT NULL,
  `conversion_rate` decimal(13,6) NOT NULL DEFAULT '1.000000',
  `module` varchar(255) CHARACTER SET utf8mb4 COLLATE utf8mb4_general_ci DEFAULT NULL,
  `recyclable` tinyint UNSIGNED NOT NULL DEFAULT '0',
  `gift` tinyint UNSIGNED NOT NULL DEFAULT '0',
  `gift_message` mediumtext CHARACTER SET utf8mb4 COLLATE utf8mb4_general_ci,
  `mobile_theme` tinyint(1) NOT NULL DEFAULT '0',
  `shipping_number` varchar(64) CHARACTER SET utf8mb4 COLLATE utf8mb4_general_ci DEFAULT NULL,
  `total_discounts` decimal(20,6) NOT NULL DEFAULT '0.000000',
  `total_discounts_tax_incl` decimal(20,6) NOT NULL DEFAULT '0.000000',
  `total_discounts_tax_excl` decimal(20,6) NOT NULL DEFAULT '0.000000',
  `total_paid` decimal(20,6) NOT NULL DEFAULT '0.000000',
  `total_paid_tax_incl` decimal(20,6) NOT NULL DEFAULT '0.000000',
  `total_paid_tax_excl` decimal(20,6) NOT NULL DEFAULT '0.000000',
  `total_paid_real` decimal(20,6) NOT NULL DEFAULT '0.000000',
  `total_products` decimal(20,6) NOT NULL DEFAULT '0.000000',
  `total_products_wt` decimal(20,6) NOT NULL DEFAULT '0.000000',
  `total_shipping` decimal(20,6) NOT NULL DEFAULT '0.000000',
  `total_shipping_tax_incl` decimal(20,6) NOT NULL DEFAULT '0.000000',
  `total_shipping_tax_excl` decimal(20,6) NOT NULL DEFAULT '0.000000',
  `carrier_tax_rate` decimal(10,3) NOT NULL DEFAULT '0.000',
  `total_wrapping` decimal(20,6) NOT NULL DEFAULT '0.000000',
  `total_wrapping_tax_incl` decimal(20,6) NOT NULL DEFAULT '0.000000',
  `total_wrapping_tax_excl` decimal(20,6) NOT NULL DEFAULT '0.000000',
  `round_mode` tinyint(1) NOT NULL DEFAULT '2',
  `round_type` tinyint(1) NOT NULL DEFAULT '1',
  `invoice_number` int UNSIGNED NOT NULL DEFAULT '0',
  `delivery_number` int UNSIGNED NOT NULL DEFAULT '0',
  `invoice_date` datetime NOT NULL,
  `delivery_date` datetime NOT NULL,
  `valid` int UNSIGNED NOT NULL DEFAULT '0',
  `date_add` datetime NOT NULL,
  `date_upd` datetime NOT NULL
) ENGINE=InnoDB DEFAULT CHARSET=utf8mb4 COLLATE=utf8mb4_general_ci;

-- --------------------------------------------------------

--
-- Estructura de tabla para la tabla `pr_order_carrier`
--

CREATE TABLE `pr_order_carrier` (
  `id_order_carrier` int NOT NULL,
  `id_order` int UNSIGNED NOT NULL,
  `id_carrier` int UNSIGNED NOT NULL,
  `id_order_invoice` int UNSIGNED DEFAULT NULL,
  `weight` decimal(20,6) DEFAULT NULL,
  `shipping_cost_tax_excl` decimal(20,6) DEFAULT NULL,
  `shipping_cost_tax_incl` decimal(20,6) DEFAULT NULL,
  `tracking_number` varchar(64) CHARACTER SET utf8mb4 COLLATE utf8mb4_general_ci DEFAULT NULL,
  `date_add` datetime NOT NULL
) ENGINE=InnoDB DEFAULT CHARSET=utf8mb4 COLLATE=utf8mb4_general_ci;

-- --------------------------------------------------------

--
-- Estructura de tabla para la tabla `pr_order_cart_rule`
--

CREATE TABLE `pr_order_cart_rule` (
  `id_order_cart_rule` int UNSIGNED NOT NULL,
  `id_order` int UNSIGNED NOT NULL,
  `id_cart_rule` int UNSIGNED NOT NULL,
  `id_order_invoice` int UNSIGNED DEFAULT '0',
  `name` varchar(254) CHARACTER SET utf8mb4 COLLATE utf8mb4_general_ci NOT NULL,
  `value` decimal(20,6) NOT NULL DEFAULT '0.000000',
  `value_tax_excl` decimal(20,6) NOT NULL DEFAULT '0.000000',
  `free_shipping` tinyint(1) NOT NULL DEFAULT '0',
  `deleted` tinyint UNSIGNED NOT NULL
) ENGINE=InnoDB DEFAULT CHARSET=utf8mb4 COLLATE=utf8mb4_general_ci;

-- --------------------------------------------------------

--
-- Estructura de tabla para la tabla `pr_order_detail`
--

CREATE TABLE `pr_order_detail` (
  `id_order_detail` int UNSIGNED NOT NULL,
  `id_order` int UNSIGNED NOT NULL,
  `id_order_invoice` int DEFAULT NULL,
  `id_warehouse` int UNSIGNED DEFAULT '0',
  `id_shop` int UNSIGNED NOT NULL,
  `product_id` int UNSIGNED NOT NULL,
  `product_attribute_id` int UNSIGNED DEFAULT NULL,
  `id_customization` int UNSIGNED DEFAULT '0',
  `product_name` varchar(255) CHARACTER SET utf8mb4 COLLATE utf8mb4_general_ci NOT NULL,
  `product_quantity` int UNSIGNED NOT NULL DEFAULT '0',
  `product_quantity_in_stock` int NOT NULL DEFAULT '0',
  `product_quantity_refunded` int UNSIGNED NOT NULL DEFAULT '0',
  `product_quantity_return` int UNSIGNED NOT NULL DEFAULT '0',
  `product_quantity_reinjected` int UNSIGNED NOT NULL DEFAULT '0',
  `product_price` decimal(20,6) NOT NULL DEFAULT '0.000000',
  `reduction_percent` decimal(5,2) NOT NULL DEFAULT '0.00',
  `reduction_amount` decimal(20,6) NOT NULL DEFAULT '0.000000',
  `reduction_amount_tax_incl` decimal(20,6) NOT NULL DEFAULT '0.000000',
  `reduction_amount_tax_excl` decimal(20,6) NOT NULL DEFAULT '0.000000',
  `group_reduction` decimal(5,2) NOT NULL DEFAULT '0.00',
  `product_quantity_discount` decimal(20,6) NOT NULL DEFAULT '0.000000',
  `product_ean13` varchar(13) CHARACTER SET utf8mb4 COLLATE utf8mb4_general_ci DEFAULT NULL,
  `product_isbn` varchar(32) CHARACTER SET utf8mb4 COLLATE utf8mb4_general_ci DEFAULT NULL,
  `product_upc` varchar(12) CHARACTER SET utf8mb4 COLLATE utf8mb4_general_ci DEFAULT NULL,
  `product_mpn` varchar(40) CHARACTER SET utf8mb4 COLLATE utf8mb4_general_ci DEFAULT NULL,
  `product_reference` varchar(64) CHARACTER SET utf8mb4 COLLATE utf8mb4_general_ci DEFAULT NULL,
  `product_supplier_reference` varchar(64) CHARACTER SET utf8mb4 COLLATE utf8mb4_general_ci DEFAULT NULL,
  `product_weight` decimal(20,6) NOT NULL,
  `id_tax_rules_group` int UNSIGNED DEFAULT '0',
  `tax_computation_method` tinyint UNSIGNED NOT NULL DEFAULT '0',
  `tax_name` varchar(16) CHARACTER SET utf8mb4 COLLATE utf8mb4_general_ci NOT NULL,
  `tax_rate` decimal(10,3) NOT NULL DEFAULT '0.000',
  `ecotax` decimal(17,6) NOT NULL DEFAULT '0.000000',
  `ecotax_tax_rate` decimal(5,3) NOT NULL DEFAULT '0.000',
  `discount_quantity_applied` tinyint(1) NOT NULL DEFAULT '0',
  `download_hash` varchar(255) CHARACTER SET utf8mb4 COLLATE utf8mb4_general_ci DEFAULT NULL,
  `download_nb` int UNSIGNED DEFAULT '0',
  `download_deadline` datetime DEFAULT NULL,
  `total_price_tax_incl` decimal(20,6) NOT NULL DEFAULT '0.000000',
  `total_price_tax_excl` decimal(20,6) NOT NULL DEFAULT '0.000000',
  `unit_price_tax_incl` decimal(20,6) NOT NULL DEFAULT '0.000000',
  `unit_price_tax_excl` decimal(20,6) NOT NULL DEFAULT '0.000000',
  `total_shipping_price_tax_incl` decimal(20,6) NOT NULL DEFAULT '0.000000',
  `total_shipping_price_tax_excl` decimal(20,6) NOT NULL DEFAULT '0.000000',
  `purchase_supplier_price` decimal(20,6) NOT NULL DEFAULT '0.000000',
  `original_product_price` decimal(20,6) NOT NULL DEFAULT '0.000000',
  `original_wholesale_price` decimal(20,6) NOT NULL DEFAULT '0.000000',
  `total_refunded_tax_excl` decimal(20,6) NOT NULL DEFAULT '0.000000',
  `total_refunded_tax_incl` decimal(20,6) NOT NULL DEFAULT '0.000000'
) ENGINE=InnoDB DEFAULT CHARSET=utf8mb4 COLLATE=utf8mb4_general_ci;

-- --------------------------------------------------------

--
-- Estructura de tabla para la tabla `pr_order_detail_tax`
--

CREATE TABLE `pr_order_detail_tax` (
  `id_order_detail` int NOT NULL,
  `id_tax` int NOT NULL,
  `unit_amount` decimal(16,6) NOT NULL DEFAULT '0.000000',
  `total_amount` decimal(16,6) NOT NULL DEFAULT '0.000000'
) ENGINE=InnoDB DEFAULT CHARSET=utf8mb4 COLLATE=utf8mb4_general_ci;

-- --------------------------------------------------------

--
-- Estructura de tabla para la tabla `pr_order_history`
--

CREATE TABLE `pr_order_history` (
  `id_order_history` int UNSIGNED NOT NULL,
  `id_employee` int UNSIGNED NOT NULL,
  `id_order` int UNSIGNED NOT NULL,
  `id_order_state` int UNSIGNED NOT NULL,
  `date_add` datetime NOT NULL
) ENGINE=InnoDB DEFAULT CHARSET=utf8mb4 COLLATE=utf8mb4_general_ci;

-- --------------------------------------------------------

--
-- Estructura de tabla para la tabla `pr_order_invoice`
--

CREATE TABLE `pr_order_invoice` (
  `id_order_invoice` int UNSIGNED NOT NULL,
  `id_order` int NOT NULL,
  `number` int NOT NULL,
  `delivery_number` int NOT NULL,
  `delivery_date` datetime DEFAULT NULL,
  `total_discount_tax_excl` decimal(20,6) NOT NULL DEFAULT '0.000000',
  `total_discount_tax_incl` decimal(20,6) NOT NULL DEFAULT '0.000000',
  `total_paid_tax_excl` decimal(20,6) NOT NULL DEFAULT '0.000000',
  `total_paid_tax_incl` decimal(20,6) NOT NULL DEFAULT '0.000000',
  `total_products` decimal(20,6) NOT NULL DEFAULT '0.000000',
  `total_products_wt` decimal(20,6) NOT NULL DEFAULT '0.000000',
  `total_shipping_tax_excl` decimal(20,6) NOT NULL DEFAULT '0.000000',
  `total_shipping_tax_incl` decimal(20,6) NOT NULL DEFAULT '0.000000',
  `shipping_tax_computation_method` int UNSIGNED NOT NULL,
  `total_wrapping_tax_excl` decimal(20,6) NOT NULL DEFAULT '0.000000',
  `total_wrapping_tax_incl` decimal(20,6) NOT NULL DEFAULT '0.000000',
  `shop_address` mediumtext CHARACTER SET utf8mb4 COLLATE utf8mb4_general_ci,
  `note` mediumtext CHARACTER SET utf8mb4 COLLATE utf8mb4_general_ci,
  `date_add` datetime NOT NULL
) ENGINE=InnoDB DEFAULT CHARSET=utf8mb4 COLLATE=utf8mb4_general_ci;

-- --------------------------------------------------------

--
-- Estructura de tabla para la tabla `pr_order_invoice_payment`
--

CREATE TABLE `pr_order_invoice_payment` (
  `id_order_invoice` int UNSIGNED NOT NULL,
  `id_order_payment` int UNSIGNED NOT NULL,
  `id_order` int UNSIGNED NOT NULL
) ENGINE=InnoDB DEFAULT CHARSET=utf8mb4 COLLATE=utf8mb4_general_ci;

-- --------------------------------------------------------

--
-- Estructura de tabla para la tabla `pr_order_invoice_tax`
--

CREATE TABLE `pr_order_invoice_tax` (
  `id_order_invoice` int NOT NULL,
  `type` varchar(15) CHARACTER SET utf8mb4 COLLATE utf8mb4_general_ci NOT NULL,
  `id_tax` int NOT NULL,
  `amount` decimal(10,6) NOT NULL DEFAULT '0.000000'
) ENGINE=InnoDB DEFAULT CHARSET=utf8mb4 COLLATE=utf8mb4_general_ci;

-- --------------------------------------------------------

--
-- Estructura de tabla para la tabla `pr_order_message`
--

CREATE TABLE `pr_order_message` (
  `id_order_message` int UNSIGNED NOT NULL,
  `date_add` datetime NOT NULL
) ENGINE=InnoDB DEFAULT CHARSET=utf8mb4 COLLATE=utf8mb4_general_ci;

--
-- Volcado de datos para la tabla `pr_order_message`
--

INSERT INTO `pr_order_message` (`id_order_message`, `date_add`) VALUES
(1, '2020-02-12 22:13:35');

-- --------------------------------------------------------

--
-- Estructura de tabla para la tabla `pr_order_message_lang`
--

CREATE TABLE `pr_order_message_lang` (
  `id_order_message` int UNSIGNED NOT NULL,
  `id_lang` int UNSIGNED NOT NULL,
  `name` varchar(128) CHARACTER SET utf8mb4 COLLATE utf8mb4_general_ci NOT NULL,
  `message` mediumtext CHARACTER SET utf8mb4 COLLATE utf8mb4_general_ci NOT NULL
) ENGINE=InnoDB DEFAULT CHARSET=utf8mb4 COLLATE=utf8mb4_general_ci;

--
-- Volcado de datos para la tabla `pr_order_message_lang`
--

INSERT INTO `pr_order_message_lang` (`id_order_message`, `id_lang`, `name`, `message`) VALUES
(1, 1, 'Delay', 'Hi,\n\nUnfortunately, an item on your order is currently out of stock. This may cause a slight delay in delivery.\nPlease accept our apologies and rest assured that we are working hard to rectify this.\n\nBest regards,'),
(1, 3, 'Espera', 'Hola:\n\nDesafortunadamente, un producto de su pedido está fuera de stock en este momento. Esto puede originar un pequeño retraso en el envío. Trabajaremos lo más rápido posible para solucionarlo. Por favor, acepte nuestras disculpas.\n\nSaludos'),
(1, 4, 'Retraso', 'Hola:\n\nDesafortunadamente, un producto de su pedido está fuera de stock en este momento. Esto puede originar un pequeño retraso en el envío. Trabajaremos lo más rápido posible para solucionarlo. Por favor, acepte nuestras disculpas.\n\nSaludos');

-- --------------------------------------------------------

--
-- Estructura de tabla para la tabla `pr_order_payment`
--

CREATE TABLE `pr_order_payment` (
  `id_order_payment` int NOT NULL,
  `order_reference` varchar(9) CHARACTER SET utf8mb4 COLLATE utf8mb4_general_ci DEFAULT NULL,
  `id_currency` int UNSIGNED NOT NULL,
  `amount` decimal(20,6) NOT NULL DEFAULT '0.000000',
  `payment_method` varchar(255) CHARACTER SET utf8mb4 COLLATE utf8mb4_general_ci NOT NULL,
  `conversion_rate` decimal(13,6) NOT NULL DEFAULT '1.000000',
  `transaction_id` varchar(254) CHARACTER SET utf8mb4 COLLATE utf8mb4_general_ci DEFAULT NULL,
  `card_number` varchar(254) CHARACTER SET utf8mb4 COLLATE utf8mb4_general_ci DEFAULT NULL,
  `card_brand` varchar(254) CHARACTER SET utf8mb4 COLLATE utf8mb4_general_ci DEFAULT NULL,
  `card_expiration` char(7) CHARACTER SET utf8mb4 COLLATE utf8mb4_general_ci DEFAULT NULL,
  `card_holder` varchar(254) CHARACTER SET utf8mb4 COLLATE utf8mb4_general_ci DEFAULT NULL,
  `date_add` datetime NOT NULL
) ENGINE=InnoDB DEFAULT CHARSET=utf8mb4 COLLATE=utf8mb4_general_ci;

-- --------------------------------------------------------

--
-- Estructura de tabla para la tabla `pr_order_return`
--

CREATE TABLE `pr_order_return` (
  `id_order_return` int UNSIGNED NOT NULL,
  `id_customer` int UNSIGNED NOT NULL,
  `id_order` int UNSIGNED NOT NULL,
  `state` tinyint UNSIGNED NOT NULL DEFAULT '1',
  `question` mediumtext CHARACTER SET utf8mb4 COLLATE utf8mb4_general_ci NOT NULL,
  `date_add` datetime NOT NULL,
  `date_upd` datetime NOT NULL
) ENGINE=InnoDB DEFAULT CHARSET=utf8mb4 COLLATE=utf8mb4_general_ci;

-- --------------------------------------------------------

--
-- Estructura de tabla para la tabla `pr_order_return_detail`
--

CREATE TABLE `pr_order_return_detail` (
  `id_order_return` int UNSIGNED NOT NULL,
  `id_order_detail` int UNSIGNED NOT NULL,
  `id_customization` int UNSIGNED NOT NULL DEFAULT '0',
  `product_quantity` int UNSIGNED NOT NULL DEFAULT '0'
) ENGINE=InnoDB DEFAULT CHARSET=utf8mb4 COLLATE=utf8mb4_general_ci;

-- --------------------------------------------------------

--
-- Estructura de tabla para la tabla `pr_order_return_state`
--

CREATE TABLE `pr_order_return_state` (
  `id_order_return_state` int UNSIGNED NOT NULL,
  `color` varchar(32) CHARACTER SET utf8mb4 COLLATE utf8mb4_general_ci DEFAULT NULL
) ENGINE=InnoDB DEFAULT CHARSET=utf8mb4 COLLATE=utf8mb4_general_ci;

--
-- Volcado de datos para la tabla `pr_order_return_state`
--

INSERT INTO `pr_order_return_state` (`id_order_return_state`, `color`) VALUES
(1, '#4169E1'),
(2, '#8A2BE2'),
(3, '#32CD32'),
(4, '#DC143C'),
(5, '#108510');

-- --------------------------------------------------------

--
-- Estructura de tabla para la tabla `pr_order_return_state_lang`
--

CREATE TABLE `pr_order_return_state_lang` (
  `id_order_return_state` int UNSIGNED NOT NULL,
  `id_lang` int UNSIGNED NOT NULL,
  `name` varchar(64) CHARACTER SET utf8mb4 COLLATE utf8mb4_general_ci NOT NULL
) ENGINE=InnoDB DEFAULT CHARSET=utf8mb4 COLLATE=utf8mb4_general_ci;

--
-- Volcado de datos para la tabla `pr_order_return_state_lang`
--

INSERT INTO `pr_order_return_state_lang` (`id_order_return_state`, `id_lang`, `name`) VALUES
(1, 1, 'Waiting for confirmation'),
(1, 3, 'A la espera de confirmación'),
(1, 4, 'A la espera de confirmación'),
(2, 1, 'Waiting for package'),
(2, 3, 'A la espera del paquete'),
(2, 4, 'A la espera del paquete'),
(3, 1, 'Package received'),
(3, 3, 'Paquete recibido'),
(3, 4, 'Paquete recibido'),
(4, 1, 'Return denied'),
(4, 3, 'Devolución denegada'),
(4, 4, 'Devolución denegada'),
(5, 1, 'Return completed'),
(5, 3, 'Devolución completada'),
(5, 4, 'Devolución completada');

-- --------------------------------------------------------

--
-- Estructura de tabla para la tabla `pr_order_slip`
--

CREATE TABLE `pr_order_slip` (
  `id_order_slip` int UNSIGNED NOT NULL,
  `conversion_rate` decimal(13,6) NOT NULL DEFAULT '1.000000',
  `id_customer` int UNSIGNED NOT NULL,
  `id_order` int UNSIGNED NOT NULL,
  `total_products_tax_excl` decimal(20,6) DEFAULT NULL,
  `total_products_tax_incl` decimal(20,6) DEFAULT NULL,
  `total_shipping_tax_excl` decimal(20,6) DEFAULT NULL,
  `total_shipping_tax_incl` decimal(20,6) DEFAULT NULL,
  `shipping_cost` tinyint UNSIGNED NOT NULL DEFAULT '0',
  `amount` decimal(20,6) NOT NULL DEFAULT '0.000000',
  `shipping_cost_amount` decimal(20,6) NOT NULL DEFAULT '0.000000',
  `partial` tinyint(1) NOT NULL,
  `order_slip_type` tinyint UNSIGNED NOT NULL DEFAULT '0',
  `date_add` datetime NOT NULL,
  `date_upd` datetime NOT NULL
) ENGINE=InnoDB DEFAULT CHARSET=utf8mb4 COLLATE=utf8mb4_general_ci;

-- --------------------------------------------------------

--
-- Estructura de tabla para la tabla `pr_order_slip_detail`
--

CREATE TABLE `pr_order_slip_detail` (
  `id_order_slip` int UNSIGNED NOT NULL,
  `id_order_detail` int UNSIGNED NOT NULL,
  `product_quantity` int UNSIGNED NOT NULL DEFAULT '0',
  `unit_price_tax_excl` decimal(20,6) DEFAULT NULL,
  `unit_price_tax_incl` decimal(20,6) DEFAULT NULL,
  `total_price_tax_excl` decimal(20,6) DEFAULT NULL,
  `total_price_tax_incl` decimal(20,6) DEFAULT NULL,
  `amount_tax_excl` decimal(20,6) DEFAULT NULL,
  `amount_tax_incl` decimal(20,6) DEFAULT NULL
) ENGINE=InnoDB DEFAULT CHARSET=utf8mb4 COLLATE=utf8mb4_general_ci;

-- --------------------------------------------------------

--
-- Estructura de tabla para la tabla `pr_order_slip_detail_tax`
--

CREATE TABLE `pr_order_slip_detail_tax` (
  `id_order_slip_detail` int UNSIGNED NOT NULL,
  `id_tax` int UNSIGNED NOT NULL,
  `unit_amount` decimal(16,6) NOT NULL DEFAULT '0.000000',
  `total_amount` decimal(16,6) NOT NULL DEFAULT '0.000000'
) ENGINE=InnoDB DEFAULT CHARSET=utf8mb4 COLLATE=utf8mb4_general_ci;

-- --------------------------------------------------------

--
-- Estructura de tabla para la tabla `pr_order_state`
--

CREATE TABLE `pr_order_state` (
  `id_order_state` int UNSIGNED NOT NULL,
  `invoice` tinyint UNSIGNED DEFAULT '0',
  `send_email` tinyint UNSIGNED NOT NULL DEFAULT '0',
  `module_name` varchar(255) CHARACTER SET utf8mb4 COLLATE utf8mb4_general_ci DEFAULT NULL,
  `color` varchar(32) CHARACTER SET utf8mb4 COLLATE utf8mb4_general_ci DEFAULT NULL,
  `unremovable` tinyint UNSIGNED NOT NULL,
  `hidden` tinyint UNSIGNED NOT NULL DEFAULT '0',
  `logable` tinyint(1) NOT NULL DEFAULT '0',
  `delivery` tinyint UNSIGNED NOT NULL DEFAULT '0',
  `shipped` tinyint UNSIGNED NOT NULL DEFAULT '0',
  `paid` tinyint UNSIGNED NOT NULL DEFAULT '0',
  `pdf_invoice` tinyint UNSIGNED NOT NULL DEFAULT '0',
  `pdf_delivery` tinyint UNSIGNED NOT NULL DEFAULT '0',
  `deleted` tinyint UNSIGNED NOT NULL DEFAULT '0'
) ENGINE=InnoDB DEFAULT CHARSET=utf8mb4 COLLATE=utf8mb4_general_ci;

--
-- Volcado de datos para la tabla `pr_order_state`
--

INSERT INTO `pr_order_state` (`id_order_state`, `invoice`, `send_email`, `module_name`, `color`, `unremovable`, `hidden`, `logable`, `delivery`, `shipped`, `paid`, `pdf_invoice`, `pdf_delivery`, `deleted`) VALUES
(1, 0, 1, 'ps_checkpayment', '#34209E', 1, 0, 0, 0, 0, 0, 0, 0, 0),
(2, 1, 1, '', '#3498D8', 1, 0, 1, 0, 0, 1, 1, 0, 0),
(3, 1, 1, '', '#3498D8', 1, 0, 1, 1, 0, 1, 0, 0, 0),
(4, 1, 1, '', '#01b887', 1, 0, 1, 1, 1, 1, 0, 0, 0),
(5, 1, 0, '', '#01b887', 1, 0, 1, 1, 1, 1, 0, 0, 0),
(6, 0, 1, '', '#2C3E50', 1, 0, 0, 0, 0, 0, 0, 0, 0),
(7, 1, 1, '', '#01b887', 1, 0, 0, 0, 0, 0, 0, 0, 0),
(8, 0, 1, '', '#E74C3C', 1, 0, 0, 0, 0, 0, 0, 0, 0),
(9, 1, 1, '', '#3498D8', 1, 0, 0, 0, 0, 1, 0, 0, 0),
(10, 0, 1, 'ps_wirepayment', '#34209E', 1, 0, 0, 0, 0, 0, 0, 0, 0),
(11, 1, 1, '', '#3498D8', 1, 0, 1, 0, 0, 1, 0, 0, 0),
(12, 0, 1, '', '#34209E', 1, 0, 0, 0, 0, 0, 0, 0, 0),
(13, 0, 0, 'ps_cashondelivery', '#34209E', 1, 0, 0, 0, 0, 0, 0, 0, 0),
(14, 1, 1, 'mercadopago', '#ccfbff', 0, 0, 1, 0, 0, 0, 0, 0, 0),
(15, 1, 0, 'mercadopago', '#3498D8', 0, 0, 1, 0, 0, 1, 0, 0, 0),
(16, 1, 0, 'mercadopago', '#fec9c9', 0, 0, 1, 0, 0, 0, 0, 0, 0),
(17, 1, 0, 'mercadopago', '#fec9c9', 0, 0, 1, 0, 0, 0, 0, 0, 0),
(18, 1, 0, 'mercadopago', '#ffeddb', 0, 0, 1, 0, 0, 0, 0, 0, 0),
(19, 1, 1, 'mercadopago', '#c28566', 0, 0, 1, 0, 0, 0, 0, 0, 0),
(20, 1, 1, 'mercadopago', '#b280b2', 0, 0, 1, 0, 0, 0, 0, 0, 0),
(21, 1, 1, 'mercadopago', '#fffb96', 0, 0, 1, 0, 0, 0, 0, 0, 0),
(22, 1, 0, 'mercadopago', '#ccfbff', 0, 0, 1, 0, 0, 0, 0, 0, 0),
(23, 0, 0, 'paypal', '#34209E', 0, 0, 0, 0, 0, 0, 0, 0, 0),
(24, 0, 0, 'ps_checkout', '#34209E', 1, 0, 0, 0, 0, 0, 0, 0, 0),
(25, 0, 0, 'ps_checkout', '#34209E', 1, 0, 0, 0, 0, 0, 0, 0, 0),
(26, 0, 0, 'ps_checkout', '#34209E', 1, 0, 0, 0, 0, 0, 0, 0, 0),
(27, 0, 0, 'ps_checkout', '#3498D8', 1, 0, 0, 0, 0, 0, 0, 0, 0),
(28, 0, 0, 'ps_checkout', '#01B887', 1, 0, 0, 0, 0, 0, 0, 0, 0),
(29, 0, 0, 'ps_checkout', '#3498D8', 1, 0, 0, 0, 0, 0, 0, 0, 0),
(30, 1, 0, 'mercadopago', '#ffb0d9', 0, 0, 1, 0, 0, 0, 0, 0, 0);

-- --------------------------------------------------------

--
-- Estructura de tabla para la tabla `pr_order_state_lang`
--

CREATE TABLE `pr_order_state_lang` (
  `id_order_state` int UNSIGNED NOT NULL,
  `id_lang` int UNSIGNED NOT NULL,
  `name` varchar(64) CHARACTER SET utf8mb4 COLLATE utf8mb4_general_ci NOT NULL,
  `template` varchar(64) CHARACTER SET utf8mb4 COLLATE utf8mb4_general_ci NOT NULL
) ENGINE=InnoDB DEFAULT CHARSET=utf8mb4 COLLATE=utf8mb4_general_ci;

--
-- Volcado de datos para la tabla `pr_order_state_lang`
--

INSERT INTO `pr_order_state_lang` (`id_order_state`, `id_lang`, `name`, `template`) VALUES
(1, 1, 'Awaiting check payment', 'cheque'),
(1, 3, 'En espera de pago por cheque', 'cheque'),
(1, 4, 'En espera de pago por cheque', 'cheque'),
(2, 1, 'Payment accepted', 'payment'),
(2, 3, 'Pago aceptado', 'payment'),
(2, 4, 'Pago aceptado', 'payment'),
(3, 1, 'Processing in progress', 'preparation'),
(3, 3, 'Preparación en curso', 'preparation'),
(3, 4, 'Preparación en curso', 'preparation'),
(4, 1, 'Shipped', 'shipped'),
(4, 3, 'Enviado', 'shipped'),
(4, 4, 'Enviado', 'shipped'),
(5, 1, 'Delivered', ''),
(5, 3, 'Entregado', ''),
(5, 4, 'Entregado', ''),
(6, 1, 'Canceled', 'order_canceled'),
(6, 3, 'Cancelado', 'order_canceled'),
(6, 4, 'Cancelado', 'order_canceled'),
(7, 1, 'Refunded', 'refund'),
(7, 3, 'Reembolsado', 'refund'),
(7, 4, 'Reembolsado', 'refund'),
(8, 1, 'Payment error', 'payment_error'),
(8, 3, 'Error en pago', 'payment_error'),
(8, 4, 'Error en pago', 'payment_error'),
(9, 1, 'On backorder (paid)', 'outofstock'),
(9, 3, 'Pedido pendiente por falta de stock (pagado)', 'outofstock'),
(9, 4, 'Pedido pendiente por falta de stock (pagado)', 'outofstock'),
(10, 1, 'Awaiting bank wire payment', 'bankwire'),
(10, 3, 'En espera de pago por transferencia bancaria', 'bankwire'),
(10, 4, 'En espera de pago por transferencia bancaria', 'bankwire'),
(11, 1, 'Remote payment accepted', 'payment'),
(11, 3, 'Pago remoto aceptado', 'payment'),
(11, 4, 'Pago remoto aceptado', 'payment'),
(12, 1, 'On backorder (not paid)', 'outofstock'),
(12, 3, 'Pedido pendiente por falta de stock (no pagado)', 'outofstock'),
(12, 4, 'Pedido pendiente por falta de stock (no pagado)', 'outofstock'),
(13, 1, 'Awaiting Cash On Delivery validation', 'cashondelivery'),
(13, 3, 'En espera de validación por contra reembolso.', 'cashondelivery'),
(13, 4, 'En espera de validación por contra reembolso.', 'cashondelivery'),
(14, 1, 'Transaction in Process', 'in_process'),
(14, 3, 'Transaction in Process', 'in_process'),
(14, 4, 'Transaction in Process', 'in_process'),
(15, 1, 'Transaction Completed', 'payment'),
(15, 3, 'Transaction Completed', 'payment'),
(15, 4, 'Transaction Completed', 'payment'),
(16, 1, 'Transaction Canceled', 'order_canceled'),
(16, 3, 'Transaction Canceled', 'order_canceled'),
(16, 4, 'Transaction Canceled', 'order_canceled'),
(17, 1, 'Transaction Declined', 'payment_error'),
(17, 3, 'Transaction Declined', 'payment_error'),
(17, 4, 'Transaction Declined', 'payment_error'),
(18, 1, 'Transaction Refunded', 'refund'),
(18, 3, 'Transaction Refunded', 'refund'),
(18, 4, 'Transaction Refunded', 'refund'),
(19, 1, 'Transaction Chargedback', 'charged_back'),
(19, 3, 'Transaction Chargedback', 'charged_back'),
(19, 4, 'Transaction Chargedback', 'charged_back'),
(20, 1, 'Transaction in Mediation', 'in_mediation'),
(20, 3, 'Transaction in Mediation', 'in_mediation'),
(20, 4, 'Transaction in Mediation', 'in_mediation'),
(21, 1, 'Transaction Pending', 'pending'),
(21, 3, 'Transaction Pending', 'pending'),
(21, 4, 'Transaction Pending', 'pending'),
(22, 1, 'Transaction Authorized', 'authorized'),
(22, 3, 'Transaction Authorized', 'authorized'),
(22, 4, 'Transaction Authorized', 'authorized'),
(23, 1, 'Awaiting for PayPal payment', ''),
(23, 3, 'Awaiting for PayPal payment', ''),
(23, 4, 'Awaiting for PayPal payment', ''),
(24, 4, 'Esperando el pago con PayPal', 'payment'),
(25, 4, 'Esperando el pago con tarjeta de crédito', 'payment'),
(26, 4, 'Esperando el pago con un método de pago local', 'payment'),
(27, 4, 'Autorizado. El vendedor lo capturará', 'payment'),
(28, 4, 'Reembolso parcial', 'payment'),
(29, 4, 'Esperando la captura', 'payment'),
(30, 1, 'Transacción en Posible Fraude', 'payment_error'),
(30, 3, 'Transacción en Posible Fraude', 'payment_error'),
(30, 4, 'Transacción en Posible Fraude', 'payment_error');

-- --------------------------------------------------------

--
-- Estructura de tabla para la tabla `pr_pack`
--

CREATE TABLE `pr_pack` (
  `id_product_pack` int UNSIGNED NOT NULL,
  `id_product_item` int UNSIGNED NOT NULL,
  `id_product_attribute_item` int UNSIGNED NOT NULL,
  `quantity` int UNSIGNED NOT NULL DEFAULT '1'
) ENGINE=InnoDB DEFAULT CHARSET=utf8mb4 COLLATE=utf8mb4_general_ci;

-- --------------------------------------------------------

--
-- Estructura de tabla para la tabla `pr_page`
--

CREATE TABLE `pr_page` (
  `id_page` int UNSIGNED NOT NULL,
  `id_page_type` int UNSIGNED NOT NULL,
  `id_object` int UNSIGNED DEFAULT NULL
) ENGINE=InnoDB DEFAULT CHARSET=utf8mb4 COLLATE=utf8mb4_general_ci;

--
-- Volcado de datos para la tabla `pr_page`
--

INSERT INTO `pr_page` (`id_page`, `id_page_type`, `id_object`) VALUES
(1, 1, NULL),
(2, 2, NULL),
(3, 3, NULL),
(4, 4, NULL),
(5, 5, NULL),
(6, 6, NULL),
(7, 7, NULL),
(8, 8, 35),
(9, 9, 19),
(10, 9, 20),
(11, 9, 29),
(12, 10, NULL),
(13, 9, 33),
(14, 9, 28),
(15, 9, 26),
(16, 11, NULL),
(17, 9, 15),
(18, 9, 25),
(19, 9, 34),
(20, 8, 30),
(21, 8, 27),
(22, 9, 18),
(23, 9, 17),
(24, 9, 22),
(25, 8, 31),
(26, 9, 23),
(27, 8, 32),
(28, 9, 21),
(29, 12, NULL),
(30, 9, 30),
(31, 9, 32),
(32, 9, 31),
(33, 8, 36),
(34, 8, 28),
(35, 9, 27),
(36, 8, 33),
(37, 9, 24),
(38, 8, 66),
(39, 9, 2),
(40, 8, 70),
(41, 8, 62),
(42, 8, 63),
(43, 13, 0),
(44, 9, 36),
(45, 9, 42),
(46, 9, 38),
(47, 9, 39),
(48, 9, 45),
(49, 8, 65),
(50, 8, 61),
(51, 8, 68),
(52, 8, 69),
(53, 9, 37),
(54, 14, NULL),
(55, 9, 41),
(56, 9, 46),
(57, 9, 40),
(58, 9, 47),
(59, 9, 44),
(60, 9, 43),
(61, 8, 60);

-- --------------------------------------------------------

--
-- Estructura de tabla para la tabla `pr_pagenotfound`
--

CREATE TABLE `pr_pagenotfound` (
  `id_pagenotfound` int UNSIGNED NOT NULL,
  `id_shop` int UNSIGNED NOT NULL DEFAULT '1',
  `id_shop_group` int UNSIGNED NOT NULL DEFAULT '1',
  `request_uri` varchar(256) CHARACTER SET utf8mb4 COLLATE utf8mb4_general_ci NOT NULL,
  `http_referer` varchar(256) CHARACTER SET utf8mb4 COLLATE utf8mb4_general_ci NOT NULL,
  `date_add` datetime NOT NULL
) ENGINE=InnoDB DEFAULT CHARSET=utf8mb4 COLLATE=utf8mb4_general_ci;

-- --------------------------------------------------------

--
-- Estructura de tabla para la tabla `pr_page_type`
--

CREATE TABLE `pr_page_type` (
  `id_page_type` int UNSIGNED NOT NULL,
  `name` varchar(255) CHARACTER SET utf8mb4 COLLATE utf8mb4_general_ci NOT NULL
) ENGINE=InnoDB DEFAULT CHARSET=utf8mb4 COLLATE=utf8mb4_general_ci;

--
-- Volcado de datos para la tabla `pr_page_type`
--

INSERT INTO `pr_page_type` (`id_page_type`, `name`) VALUES
(3, 'authentication'),
(5, 'bestsales'),
(4, 'cart'),
(9, 'category'),
(14, 'cms'),
(2, 'contact'),
(1, 'index'),
(11, 'newproducts'),
(13, 'order'),
(7, 'orderconfirmation'),
(6, 'pagenotfound'),
(12, 'pricesdrop'),
(8, 'product'),
(10, 'stores');

-- --------------------------------------------------------

--
-- Estructura de tabla para la tabla `pr_page_viewed`
--

CREATE TABLE `pr_page_viewed` (
  `id_page` int UNSIGNED NOT NULL,
  `id_shop_group` int UNSIGNED NOT NULL DEFAULT '1',
  `id_shop` int UNSIGNED NOT NULL DEFAULT '1',
  `id_date_range` int UNSIGNED NOT NULL,
  `counter` int UNSIGNED NOT NULL
) ENGINE=InnoDB DEFAULT CHARSET=utf8mb4 COLLATE=utf8mb4_general_ci;

-- --------------------------------------------------------

--
-- Estructura de tabla para la tabla `pr_paypal_capture`
--

CREATE TABLE `pr_paypal_capture` (
  `id_paypal_capture` int UNSIGNED NOT NULL,
  `id_capture` varchar(255) NOT NULL,
  `id_paypal_order` int NOT NULL,
  `capture_amount` decimal(10,2) NOT NULL,
  `result` varchar(255) NOT NULL,
  `date_add` datetime NOT NULL,
  `date_upd` datetime NOT NULL
) ENGINE=InnoDB DEFAULT CHARSET=latin1;

-- --------------------------------------------------------

--
-- Estructura de tabla para la tabla `pr_paypal_ipn`
--

CREATE TABLE `pr_paypal_ipn` (
  `id_paypal_ipn` int UNSIGNED NOT NULL,
  `id_transaction` varchar(255) NOT NULL,
  `status` varchar(255) NOT NULL,
  `response` text NOT NULL,
  `date_add` datetime NOT NULL
) ENGINE=InnoDB DEFAULT CHARSET=latin1;

-- --------------------------------------------------------

--
-- Estructura de tabla para la tabla `pr_paypal_order`
--

CREATE TABLE `pr_paypal_order` (
  `id_paypal_order` int UNSIGNED NOT NULL,
  `id_order` int UNSIGNED NOT NULL,
  `id_cart` int UNSIGNED NOT NULL,
  `id_transaction` varchar(255) NOT NULL,
  `id_payment` varchar(255) NOT NULL,
  `payment_method` varchar(255) NOT NULL,
  `currency` varchar(255) NOT NULL,
  `total_paid` decimal(10,2) NOT NULL,
  `payment_status` varchar(255) NOT NULL,
  `total_prestashop` decimal(10,2) NOT NULL,
  `method` varchar(255) NOT NULL,
  `payment_tool` varchar(255) NOT NULL,
  `sandbox` tinyint UNSIGNED NOT NULL,
  `date_add` datetime NOT NULL,
  `date_upd` datetime NOT NULL
) ENGINE=InnoDB DEFAULT CHARSET=latin1;

-- --------------------------------------------------------

--
-- Estructura de tabla para la tabla `pr_paypal_processlogger`
--

CREATE TABLE `pr_paypal_processlogger` (
  `id_paypal_processlogger` int UNSIGNED NOT NULL,
  `id_order` int UNSIGNED NOT NULL,
  `id_cart` int UNSIGNED NOT NULL,
  `id_shop` int UNSIGNED NOT NULL,
  `id_transaction` varchar(50) NOT NULL,
  `log` varchar(1000) NOT NULL,
  `status` varchar(20) NOT NULL,
  `sandbox` tinyint UNSIGNED NOT NULL,
  `tools` varchar(50) NOT NULL,
  `date_add` datetime NOT NULL,
  `date_transaction` datetime NOT NULL
) ENGINE=InnoDB DEFAULT CHARSET=latin1;

--
-- Volcado de datos para la tabla `pr_paypal_processlogger`
--

INSERT INTO `pr_paypal_processlogger` (`id_paypal_processlogger`, `id_order`, `id_cart`, `id_shop`, `id_transaction`, `log`, `status`, `sandbox`, `tools`, `date_add`, `date_transaction`) VALUES
(1, 0, 16, 1, '', 'Error code: 10605;Short message: Transaction refused because of an invalid argument. See additional error messages for details.;Long message: Receiving country does not support the transaction currency.;', 'Error', 1, '', '2020-03-30 10:59:18', '0000-00-00 00:00:00'),
(2, 0, 17, 1, '', 'Error code: 10605;Short message: Transaction refused because of an invalid argument. See additional error messages for details.;Long message: Receiving country does not support the transaction currency.;', 'Error', 1, '', '2020-03-30 11:05:22', '0000-00-00 00:00:00'),
(3, 0, 17, 1, '', 'Error code: 10605;Short message: Transaction refused because of an invalid argument. See additional error messages for details.;Long message: Receiving country does not support the transaction currency.;', 'Error', 1, '', '2020-03-30 11:05:25', '0000-00-00 00:00:00'),
(4, 0, 16, 1, '', 'Error code: 10605;Short message: Transaction refused because of an invalid argument. See additional error messages for details.;Long message: Receiving country does not support the transaction currency.;', 'Error', 1, '', '2020-04-01 11:29:46', '0000-00-00 00:00:00'),
(5, 0, 0, 0, '', 'Se ha producido un error al crear tu experiencia web. Comprueba tus credenciales.', 'Error', 0, '', '2020-04-01 11:29:56', '0000-00-00 00:00:00'),
(6, 0, 16, 1, '', 'Error code: 10605;Short message: Transaction refused because of an invalid argument. See additional error messages for details.;Long message: Receiving country does not support the transaction currency.;', 'Error', 0, '', '2020-04-01 11:31:06', '0000-00-00 00:00:00'),
(7, 0, 16, 1, '', 'Error code: 10605;Short message: Transaction refused because of an invalid argument. See additional error messages for details.;Long message: Receiving country does not support the transaction currency.;', 'Error', 0, '', '2020-04-01 11:31:34', '0000-00-00 00:00:00'),
(8, 0, 16, 1, '', 'Error code: 10605;Short message: Transaction refused because of an invalid argument. See additional error messages for details.;Long message: Receiving country does not support the transaction currency.;', 'Error', 0, '', '2020-04-01 11:32:34', '0000-00-00 00:00:00'),
(9, 0, 16, 1, '', 'Error code: 10605;Short message: Transaction refused because of an invalid argument. See additional error messages for details.;Long message: Receiving country does not support the transaction currency.;', 'Error', 1, '', '2020-04-01 11:36:54', '0000-00-00 00:00:00'),
(10, 0, 16, 1, '', 'Error code: 10605;Short message: Transaction refused because of an invalid argument. See additional error messages for details.;Long message: Receiving country does not support the transaction currency.;', 'Error', 1, '', '2020-04-01 11:38:43', '0000-00-00 00:00:00'),
(11, 0, 16, 1, '', 'Error code: 10605;Short message: Transaction refused because of an invalid argument. See additional error messages for details.;Long message: Receiving country does not support the transaction currency.;', 'Error', 0, '', '2020-04-01 11:40:51', '0000-00-00 00:00:00'),
(12, 0, 16, 1, '', 'Error code: 10605;Short message: Transaction refused because of an invalid argument. See additional error messages for details.;Long message: Receiving country does not support the transaction currency.;', 'Error', 0, '', '2020-04-01 11:48:47', '0000-00-00 00:00:00'),
(13, 0, 18, 1, '', 'Error code: 10605;Short message: Transaction refused because of an invalid argument. See additional error messages for details.;Long message: Receiving country does not support the transaction currency.;', 'Error', 0, '', '2020-04-01 11:49:41', '0000-00-00 00:00:00'),
(14, 0, 16, 1, '', 'Error code: 10605;Short message: Transaction refused because of an invalid argument. See additional error messages for details.;Long message: Receiving country does not support the transaction currency.;', 'Error', 0, '', '2020-04-01 11:53:48', '0000-00-00 00:00:00'),
(15, 0, 16, 1, '', 'Error code: 10605;Short message: Transaction refused because of an invalid argument. See additional error messages for details.;Long message: Receiving country does not support the transaction currency.;', 'Error', 0, '', '2020-04-01 12:01:35', '0000-00-00 00:00:00'),
(16, 0, 16, 1, '', 'Error code: 10605;Short message: Transaction refused because of an invalid argument. See additional error messages for details.;Long message: Receiving country does not support the transaction currency.;', 'Error', 0, '', '2020-04-01 12:04:27', '0000-00-00 00:00:00'),
(17, 0, 16, 1, '', 'Error code: 10605;Short message: Transaction refused because of an invalid argument. See additional error messages for details.;Long message: Receiving country does not support the transaction currency.;', 'Error', 0, '', '2020-04-01 12:34:08', '0000-00-00 00:00:00'),
(18, 0, 16, 1, '', 'Error code: 10605;Short message: Transaction refused because of an invalid argument. See additional error messages for details.;Long message: Receiving country does not support the transaction currency.;', 'Error', 0, '', '2020-04-01 13:02:55', '0000-00-00 00:00:00'),
(19, 0, 16, 1, '', 'Error code: 10605;Short message: Transaction refused because of an invalid argument. See additional error messages for details.;Long message: Receiving country does not support the transaction currency.;', 'Error', 0, '', '2020-04-01 13:07:29', '0000-00-00 00:00:00');

-- --------------------------------------------------------

--
-- Estructura de tabla para la tabla `pr_paypal_vaulting`
--

CREATE TABLE `pr_paypal_vaulting` (
  `id_paypal_vaulting` int UNSIGNED NOT NULL,
  `id_customer` int UNSIGNED NOT NULL,
  `rememberedCards` varchar(255) NOT NULL,
  `profile_key` varchar(255) NOT NULL,
  `sandbox` tinyint UNSIGNED NOT NULL,
  `date_add` datetime NOT NULL,
  `date_upd` datetime NOT NULL
) ENGINE=InnoDB DEFAULT CHARSET=latin1;

-- --------------------------------------------------------

--
-- Estructura de tabla para la tabla `pr_product`
--

CREATE TABLE `pr_product` (
  `id_product` int UNSIGNED NOT NULL,
  `id_supplier` int UNSIGNED DEFAULT NULL,
  `id_manufacturer` int UNSIGNED DEFAULT NULL,
  `id_category_default` int UNSIGNED DEFAULT NULL,
  `id_shop_default` int UNSIGNED NOT NULL DEFAULT '1',
  `id_tax_rules_group` int UNSIGNED NOT NULL,
  `on_sale` tinyint UNSIGNED NOT NULL DEFAULT '0',
  `online_only` tinyint UNSIGNED NOT NULL DEFAULT '0',
  `ean13` varchar(13) CHARACTER SET utf8mb4 COLLATE utf8mb4_general_ci DEFAULT NULL,
  `isbn` varchar(32) CHARACTER SET utf8mb4 COLLATE utf8mb4_general_ci DEFAULT NULL,
  `upc` varchar(12) CHARACTER SET utf8mb4 COLLATE utf8mb4_general_ci DEFAULT NULL,
  `mpn` varchar(40) CHARACTER SET utf8mb4 COLLATE utf8mb4_general_ci DEFAULT NULL,
  `ecotax` decimal(17,6) NOT NULL DEFAULT '0.000000',
  `quantity` int NOT NULL DEFAULT '0',
  `minimal_quantity` int UNSIGNED NOT NULL DEFAULT '1',
  `low_stock_threshold` int DEFAULT NULL,
  `low_stock_alert` tinyint(1) NOT NULL DEFAULT '0',
  `price` decimal(20,6) NOT NULL DEFAULT '0.000000',
  `wholesale_price` decimal(20,6) NOT NULL DEFAULT '0.000000',
  `unity` varchar(255) CHARACTER SET utf8mb4 COLLATE utf8mb4_general_ci DEFAULT NULL,
  `unit_price_ratio` decimal(20,6) NOT NULL DEFAULT '0.000000',
  `additional_shipping_cost` decimal(20,6) NOT NULL DEFAULT '0.000000',
  `reference` varchar(64) CHARACTER SET utf8mb4 COLLATE utf8mb4_general_ci DEFAULT NULL,
  `supplier_reference` varchar(64) CHARACTER SET utf8mb4 COLLATE utf8mb4_general_ci DEFAULT NULL,
  `location` varchar(64) CHARACTER SET utf8mb4 COLLATE utf8mb4_general_ci DEFAULT NULL,
  `width` decimal(20,6) NOT NULL DEFAULT '0.000000',
  `height` decimal(20,6) NOT NULL DEFAULT '0.000000',
  `depth` decimal(20,6) NOT NULL DEFAULT '0.000000',
  `weight` decimal(20,6) NOT NULL DEFAULT '0.000000',
  `out_of_stock` int UNSIGNED NOT NULL DEFAULT '2',
  `additional_delivery_times` tinyint UNSIGNED NOT NULL DEFAULT '1',
  `quantity_discount` tinyint(1) DEFAULT '0',
  `customizable` tinyint NOT NULL DEFAULT '0',
  `uploadable_files` tinyint NOT NULL DEFAULT '0',
  `text_fields` tinyint NOT NULL DEFAULT '0',
  `active` tinyint UNSIGNED NOT NULL DEFAULT '0',
  `redirect_type` enum('','404','301-product','302-product','301-category','302-category') CHARACTER SET utf8mb4 COLLATE utf8mb4_general_ci NOT NULL DEFAULT '',
  `id_type_redirected` int UNSIGNED NOT NULL DEFAULT '0',
  `available_for_order` tinyint(1) NOT NULL DEFAULT '1',
  `available_date` date DEFAULT NULL,
  `show_condition` tinyint(1) NOT NULL DEFAULT '0',
  `condition` enum('new','used','refurbished') CHARACTER SET utf8mb4 COLLATE utf8mb4_general_ci NOT NULL DEFAULT 'new',
  `show_price` tinyint(1) NOT NULL DEFAULT '1',
  `indexed` tinyint(1) NOT NULL DEFAULT '0',
  `visibility` enum('both','catalog','search','none') CHARACTER SET utf8mb4 COLLATE utf8mb4_general_ci NOT NULL DEFAULT 'both',
  `cache_is_pack` tinyint(1) NOT NULL DEFAULT '0',
  `cache_has_attachments` tinyint(1) NOT NULL DEFAULT '0',
  `is_virtual` tinyint(1) NOT NULL DEFAULT '0',
  `cache_default_attribute` int UNSIGNED DEFAULT NULL,
  `date_add` datetime NOT NULL,
  `date_upd` datetime NOT NULL,
  `advanced_stock_management` tinyint(1) NOT NULL DEFAULT '0',
  `pack_stock_type` int UNSIGNED NOT NULL DEFAULT '3',
  `state` int UNSIGNED NOT NULL DEFAULT '1'
) ENGINE=InnoDB DEFAULT CHARSET=utf8mb4 COLLATE=utf8mb4_general_ci;

-- --------------------------------------------------------

--
-- Estructura de tabla para la tabla `pr_product_attachment`
--

CREATE TABLE `pr_product_attachment` (
  `id_product` int UNSIGNED NOT NULL,
  `id_attachment` int UNSIGNED NOT NULL
) ENGINE=InnoDB DEFAULT CHARSET=utf8mb4 COLLATE=utf8mb4_general_ci;

-- --------------------------------------------------------

--
-- Estructura de tabla para la tabla `pr_product_attribute`
--

CREATE TABLE `pr_product_attribute` (
  `id_product_attribute` int UNSIGNED NOT NULL,
  `id_product` int UNSIGNED NOT NULL,
  `reference` varchar(64) CHARACTER SET utf8mb4 COLLATE utf8mb4_general_ci DEFAULT NULL,
  `supplier_reference` varchar(64) CHARACTER SET utf8mb4 COLLATE utf8mb4_general_ci DEFAULT NULL,
  `location` varchar(64) CHARACTER SET utf8mb4 COLLATE utf8mb4_general_ci DEFAULT NULL,
  `ean13` varchar(13) CHARACTER SET utf8mb4 COLLATE utf8mb4_general_ci DEFAULT NULL,
  `isbn` varchar(32) CHARACTER SET utf8mb4 COLLATE utf8mb4_general_ci DEFAULT NULL,
  `upc` varchar(12) CHARACTER SET utf8mb4 COLLATE utf8mb4_general_ci DEFAULT NULL,
  `mpn` varchar(40) CHARACTER SET utf8mb4 COLLATE utf8mb4_general_ci DEFAULT NULL,
  `wholesale_price` decimal(20,6) NOT NULL DEFAULT '0.000000',
  `price` decimal(20,6) NOT NULL DEFAULT '0.000000',
  `ecotax` decimal(17,6) NOT NULL DEFAULT '0.000000',
  `quantity` int NOT NULL DEFAULT '0',
  `weight` decimal(20,6) NOT NULL DEFAULT '0.000000',
  `unit_price_impact` decimal(20,6) NOT NULL DEFAULT '0.000000',
  `default_on` tinyint UNSIGNED DEFAULT NULL,
  `minimal_quantity` int UNSIGNED NOT NULL DEFAULT '1',
  `low_stock_threshold` int DEFAULT NULL,
  `low_stock_alert` tinyint(1) NOT NULL DEFAULT '0',
  `available_date` date DEFAULT NULL
) ENGINE=InnoDB DEFAULT CHARSET=utf8mb4 COLLATE=utf8mb4_general_ci;

-- --------------------------------------------------------

--
-- Estructura de tabla para la tabla `pr_product_attribute_combination`
--

CREATE TABLE `pr_product_attribute_combination` (
  `id_attribute` int UNSIGNED NOT NULL,
  `id_product_attribute` int UNSIGNED NOT NULL
) ENGINE=InnoDB DEFAULT CHARSET=utf8mb4 COLLATE=utf8mb4_general_ci;

-- --------------------------------------------------------

--
-- Estructura de tabla para la tabla `pr_product_attribute_image`
--

CREATE TABLE `pr_product_attribute_image` (
  `id_product_attribute` int UNSIGNED NOT NULL,
  `id_image` int UNSIGNED NOT NULL
) ENGINE=InnoDB DEFAULT CHARSET=utf8mb4 COLLATE=utf8mb4_general_ci;

-- --------------------------------------------------------

--
-- Estructura de tabla para la tabla `pr_product_attribute_shop`
--

CREATE TABLE `pr_product_attribute_shop` (
  `id_product` int UNSIGNED NOT NULL,
  `id_product_attribute` int UNSIGNED NOT NULL,
  `id_shop` int UNSIGNED NOT NULL,
  `wholesale_price` decimal(20,6) NOT NULL DEFAULT '0.000000',
  `price` decimal(20,6) NOT NULL DEFAULT '0.000000',
  `ecotax` decimal(17,6) NOT NULL DEFAULT '0.000000',
  `weight` decimal(20,6) NOT NULL DEFAULT '0.000000',
  `unit_price_impact` decimal(20,6) NOT NULL DEFAULT '0.000000',
  `default_on` tinyint UNSIGNED DEFAULT NULL,
  `minimal_quantity` int UNSIGNED NOT NULL DEFAULT '1',
  `low_stock_threshold` int DEFAULT NULL,
  `low_stock_alert` tinyint(1) NOT NULL DEFAULT '0',
  `available_date` date DEFAULT NULL
) ENGINE=InnoDB DEFAULT CHARSET=utf8mb4 COLLATE=utf8mb4_general_ci;

-- --------------------------------------------------------

--
-- Estructura de tabla para la tabla `pr_product_carrier`
--

CREATE TABLE `pr_product_carrier` (
  `id_product` int UNSIGNED NOT NULL,
  `id_carrier_reference` int UNSIGNED NOT NULL,
  `id_shop` int UNSIGNED NOT NULL
) ENGINE=InnoDB DEFAULT CHARSET=utf8mb4 COLLATE=utf8mb4_general_ci;

-- --------------------------------------------------------

--
-- Estructura de tabla para la tabla `pr_product_comment`
--

CREATE TABLE `pr_product_comment` (
  `id_product_comment` int NOT NULL,
  `id_product` int NOT NULL,
  `id_customer` int NOT NULL,
  `id_guest` int NOT NULL,
  `title` varchar(64) NOT NULL,
  `content` text NOT NULL,
  `customer_name` varchar(64) NOT NULL,
  `grade` int NOT NULL,
  `validate` tinyint(1) NOT NULL,
  `deleted` tinyint(1) NOT NULL,
  `date_add` datetime NOT NULL
) ENGINE=InnoDB DEFAULT CHARSET=utf8;

-- --------------------------------------------------------

--
-- Estructura de tabla para la tabla `pr_product_comment_criterion`
--

CREATE TABLE `pr_product_comment_criterion` (
  `id_product_comment_criterion` int NOT NULL,
  `id_product_comment_criterion_type` int NOT NULL,
  `active` tinyint(1) NOT NULL
) ENGINE=InnoDB DEFAULT CHARSET=utf8;

--
-- Volcado de datos para la tabla `pr_product_comment_criterion`
--

INSERT INTO `pr_product_comment_criterion` (`id_product_comment_criterion`, `id_product_comment_criterion_type`, `active`) VALUES
(1, 1, 1);

-- --------------------------------------------------------

--
-- Estructura de tabla para la tabla `pr_product_comment_criterion_category`
--

CREATE TABLE `pr_product_comment_criterion_category` (
  `id_product_comment_criterion` int UNSIGNED NOT NULL,
  `id_category` int UNSIGNED NOT NULL
) ENGINE=InnoDB DEFAULT CHARSET=utf8;

-- --------------------------------------------------------

--
-- Estructura de tabla para la tabla `pr_product_comment_criterion_lang`
--

CREATE TABLE `pr_product_comment_criterion_lang` (
  `id_product_comment_criterion` int UNSIGNED NOT NULL,
  `id_lang` int UNSIGNED NOT NULL,
  `name` varchar(64) NOT NULL
) ENGINE=InnoDB DEFAULT CHARSET=utf8;

--
-- Volcado de datos para la tabla `pr_product_comment_criterion_lang`
--

INSERT INTO `pr_product_comment_criterion_lang` (`id_product_comment_criterion`, `id_lang`, `name`) VALUES
(1, 1, 'Quality'),
(1, 3, 'Quality'),
(1, 4, 'Quality');

-- --------------------------------------------------------

--
-- Estructura de tabla para la tabla `pr_product_comment_criterion_product`
--

CREATE TABLE `pr_product_comment_criterion_product` (
  `id_product` int UNSIGNED NOT NULL,
  `id_product_comment_criterion` int UNSIGNED NOT NULL
) ENGINE=InnoDB DEFAULT CHARSET=utf8;

-- --------------------------------------------------------

--
-- Estructura de tabla para la tabla `pr_product_comment_grade`
--

CREATE TABLE `pr_product_comment_grade` (
  `id_product_comment` int NOT NULL,
  `id_product_comment_criterion` int NOT NULL,
  `grade` int NOT NULL
) ENGINE=InnoDB DEFAULT CHARSET=utf8;

-- --------------------------------------------------------

--
-- Estructura de tabla para la tabla `pr_product_comment_report`
--

CREATE TABLE `pr_product_comment_report` (
  `id_product_comment` int NOT NULL,
  `id_customer` int NOT NULL
) ENGINE=InnoDB DEFAULT CHARSET=utf8;

-- --------------------------------------------------------

--
-- Estructura de tabla para la tabla `pr_product_comment_usefulness`
--

CREATE TABLE `pr_product_comment_usefulness` (
  `id_product_comment` int NOT NULL,
  `id_customer` int NOT NULL,
  `usefulness` tinyint(1) NOT NULL
) ENGINE=InnoDB DEFAULT CHARSET=utf8;

-- --------------------------------------------------------

--
-- Estructura de tabla para la tabla `pr_product_country_tax`
--

CREATE TABLE `pr_product_country_tax` (
  `id_product` int NOT NULL,
  `id_country` int NOT NULL,
  `id_tax` int NOT NULL
) ENGINE=InnoDB DEFAULT CHARSET=utf8mb4 COLLATE=utf8mb4_general_ci;

-- --------------------------------------------------------

--
-- Estructura de tabla para la tabla `pr_product_download`
--

CREATE TABLE `pr_product_download` (
  `id_product_download` int UNSIGNED NOT NULL,
  `id_product` int UNSIGNED NOT NULL,
  `display_filename` varchar(255) CHARACTER SET utf8mb4 COLLATE utf8mb4_general_ci DEFAULT NULL,
  `filename` varchar(255) CHARACTER SET utf8mb4 COLLATE utf8mb4_general_ci DEFAULT NULL,
  `date_add` datetime NOT NULL,
  `date_expiration` datetime DEFAULT NULL,
  `nb_days_accessible` int UNSIGNED DEFAULT NULL,
  `nb_downloadable` int UNSIGNED DEFAULT '1',
  `active` tinyint UNSIGNED NOT NULL DEFAULT '1',
  `is_shareable` tinyint UNSIGNED NOT NULL DEFAULT '0'
) ENGINE=InnoDB DEFAULT CHARSET=utf8mb4 COLLATE=utf8mb4_general_ci;

-- --------------------------------------------------------

--
-- Estructura de tabla para la tabla `pr_product_group_reduction_cache`
--

CREATE TABLE `pr_product_group_reduction_cache` (
  `id_product` int UNSIGNED NOT NULL,
  `id_group` int UNSIGNED NOT NULL,
  `reduction` decimal(5,4) NOT NULL DEFAULT '0.0000'
) ENGINE=InnoDB DEFAULT CHARSET=utf8mb4 COLLATE=utf8mb4_general_ci;

-- --------------------------------------------------------

--
-- Estructura de tabla para la tabla `pr_product_lang`
--

CREATE TABLE `pr_product_lang` (
  `id_product` int UNSIGNED NOT NULL,
  `id_shop` int UNSIGNED NOT NULL DEFAULT '1',
  `id_lang` int UNSIGNED NOT NULL,
  `description` mediumtext CHARACTER SET utf8mb4 COLLATE utf8mb4_general_ci,
  `description_short` mediumtext CHARACTER SET utf8mb4 COLLATE utf8mb4_general_ci,
  `link_rewrite` varchar(128) CHARACTER SET utf8mb4 COLLATE utf8mb4_general_ci NOT NULL,
  `meta_description` varchar(512) CHARACTER SET utf8mb4 COLLATE utf8mb4_general_ci DEFAULT NULL,
  `meta_keywords` varchar(255) CHARACTER SET utf8mb4 COLLATE utf8mb4_general_ci DEFAULT NULL,
  `meta_title` varchar(128) CHARACTER SET utf8mb4 COLLATE utf8mb4_general_ci DEFAULT NULL,
  `name` varchar(128) CHARACTER SET utf8mb4 COLLATE utf8mb4_general_ci NOT NULL,
  `available_now` varchar(255) CHARACTER SET utf8mb4 COLLATE utf8mb4_general_ci DEFAULT NULL,
  `available_later` varchar(255) CHARACTER SET utf8mb4 COLLATE utf8mb4_general_ci DEFAULT NULL,
  `delivery_in_stock` varchar(255) CHARACTER SET utf8mb4 COLLATE utf8mb4_general_ci DEFAULT NULL,
  `delivery_out_stock` varchar(255) CHARACTER SET utf8mb4 COLLATE utf8mb4_general_ci DEFAULT NULL
) ENGINE=InnoDB DEFAULT CHARSET=utf8mb4 COLLATE=utf8mb4_general_ci;

-- --------------------------------------------------------

--
-- Estructura de tabla para la tabla `pr_product_sale`
--

CREATE TABLE `pr_product_sale` (
  `id_product` int UNSIGNED NOT NULL,
  `quantity` int UNSIGNED NOT NULL DEFAULT '0',
  `sale_nbr` int UNSIGNED NOT NULL DEFAULT '0',
  `date_upd` date DEFAULT NULL
) ENGINE=InnoDB DEFAULT CHARSET=utf8mb4 COLLATE=utf8mb4_general_ci;

--
-- Volcado de datos para la tabla `pr_product_sale`
--

INSERT INTO `pr_product_sale` (`id_product`, `quantity`, `sale_nbr`, `date_upd`) VALUES
(1, 1, 1, '2020-11-18'),
(2, 1, 1, '2020-11-18'),
(4, 2, 1, '2020-11-18'),
(8, 1, 1, '2020-11-18'),
(10, 1, 1, '2020-11-18'),
(16, 2, 2, '2020-11-18'),
(21, 1, 1, '2020-11-18'),
(22, 1, 1, '2020-11-18');

-- --------------------------------------------------------

--
-- Estructura de tabla para la tabla `pr_product_shop`
--

CREATE TABLE `pr_product_shop` (
  `id_product` int UNSIGNED NOT NULL,
  `id_shop` int UNSIGNED NOT NULL,
  `id_category_default` int UNSIGNED DEFAULT NULL,
  `id_tax_rules_group` int UNSIGNED NOT NULL,
  `on_sale` tinyint UNSIGNED NOT NULL DEFAULT '0',
  `online_only` tinyint UNSIGNED NOT NULL DEFAULT '0',
  `ecotax` decimal(17,6) NOT NULL DEFAULT '0.000000',
  `minimal_quantity` int UNSIGNED NOT NULL DEFAULT '1',
  `low_stock_threshold` int DEFAULT NULL,
  `low_stock_alert` tinyint(1) NOT NULL DEFAULT '0',
  `price` decimal(20,6) NOT NULL DEFAULT '0.000000',
  `wholesale_price` decimal(20,6) NOT NULL DEFAULT '0.000000',
  `unity` varchar(255) CHARACTER SET utf8mb4 COLLATE utf8mb4_general_ci DEFAULT NULL,
  `unit_price_ratio` decimal(20,6) NOT NULL DEFAULT '0.000000',
  `additional_shipping_cost` decimal(20,6) NOT NULL DEFAULT '0.000000',
  `customizable` tinyint NOT NULL DEFAULT '0',
  `uploadable_files` tinyint NOT NULL DEFAULT '0',
  `text_fields` tinyint NOT NULL DEFAULT '0',
  `active` tinyint UNSIGNED NOT NULL DEFAULT '0',
  `redirect_type` enum('','404','301-product','302-product','301-category','302-category') CHARACTER SET utf8mb4 COLLATE utf8mb4_general_ci NOT NULL DEFAULT '',
  `id_type_redirected` int UNSIGNED NOT NULL DEFAULT '0',
  `available_for_order` tinyint(1) NOT NULL DEFAULT '1',
  `available_date` date DEFAULT NULL,
  `show_condition` tinyint(1) NOT NULL DEFAULT '1',
  `condition` enum('new','used','refurbished') CHARACTER SET utf8mb4 COLLATE utf8mb4_general_ci NOT NULL DEFAULT 'new',
  `show_price` tinyint(1) NOT NULL DEFAULT '1',
  `indexed` tinyint(1) NOT NULL DEFAULT '0',
  `visibility` enum('both','catalog','search','none') CHARACTER SET utf8mb4 COLLATE utf8mb4_general_ci NOT NULL DEFAULT 'both',
  `cache_default_attribute` int UNSIGNED DEFAULT NULL,
  `advanced_stock_management` tinyint(1) NOT NULL DEFAULT '0',
  `date_add` datetime NOT NULL,
  `date_upd` datetime NOT NULL,
  `pack_stock_type` int UNSIGNED NOT NULL DEFAULT '3'
) ENGINE=InnoDB DEFAULT CHARSET=utf8mb4 COLLATE=utf8mb4_general_ci;

-- --------------------------------------------------------

--
-- Estructura de tabla para la tabla `pr_product_supplier`
--

CREATE TABLE `pr_product_supplier` (
  `id_product_supplier` int UNSIGNED NOT NULL,
  `id_product` int UNSIGNED NOT NULL,
  `id_product_attribute` int UNSIGNED NOT NULL DEFAULT '0',
  `id_supplier` int UNSIGNED NOT NULL,
  `product_supplier_reference` varchar(64) CHARACTER SET utf8mb4 COLLATE utf8mb4_general_ci DEFAULT NULL,
  `product_supplier_price_te` decimal(20,6) NOT NULL DEFAULT '0.000000',
  `id_currency` int UNSIGNED NOT NULL
) ENGINE=InnoDB DEFAULT CHARSET=utf8mb4 COLLATE=utf8mb4_general_ci;

-- --------------------------------------------------------

--
-- Estructura de tabla para la tabla `pr_product_tag`
--

CREATE TABLE `pr_product_tag` (
  `id_product` int UNSIGNED NOT NULL,
  `id_tag` int UNSIGNED NOT NULL,
  `id_lang` int UNSIGNED NOT NULL
) ENGINE=InnoDB DEFAULT CHARSET=utf8mb4 COLLATE=utf8mb4_general_ci;

-- --------------------------------------------------------

--
-- Estructura de tabla para la tabla `pr_profile`
--

CREATE TABLE `pr_profile` (
  `id_profile` int UNSIGNED NOT NULL
) ENGINE=InnoDB DEFAULT CHARSET=utf8mb4 COLLATE=utf8mb4_general_ci;

--
-- Volcado de datos para la tabla `pr_profile`
--

INSERT INTO `pr_profile` (`id_profile`) VALUES
(1),
(2),
(3),
(4);

-- --------------------------------------------------------

--
-- Estructura de tabla para la tabla `pr_profile_lang`
--

CREATE TABLE `pr_profile_lang` (
  `id_lang` int UNSIGNED NOT NULL,
  `id_profile` int UNSIGNED NOT NULL,
  `name` varchar(128) CHARACTER SET utf8mb4 COLLATE utf8mb4_general_ci NOT NULL
) ENGINE=InnoDB DEFAULT CHARSET=utf8mb4 COLLATE=utf8mb4_general_ci;

--
-- Volcado de datos para la tabla `pr_profile_lang`
--

INSERT INTO `pr_profile_lang` (`id_lang`, `id_profile`, `name`) VALUES
(1, 1, 'SuperAdmin'),
(3, 1, 'SuperAdmin'),
(4, 1, 'SuperAdmin'),
(1, 2, 'Logistician'),
(3, 2, 'Encargado de logística'),
(4, 2, 'Encargado de logística'),
(1, 3, 'Translator'),
(3, 3, 'Traductor'),
(4, 3, 'Traductor'),
(1, 4, 'Salesman'),
(3, 4, 'Vendedor'),
(4, 4, 'Vendedor');

-- --------------------------------------------------------

--
-- Estructura de tabla para la tabla `pr_psgdpr_consent`
--

CREATE TABLE `pr_psgdpr_consent` (
  `id_gdpr_consent` int UNSIGNED NOT NULL,
  `id_module` int UNSIGNED NOT NULL,
  `active` int NOT NULL,
  `error` int DEFAULT NULL,
  `error_message` text,
  `date_add` datetime NOT NULL,
  `date_upd` datetime NOT NULL
) ENGINE=InnoDB DEFAULT CHARSET=utf8;

-- --------------------------------------------------------

--
-- Estructura de tabla para la tabla `pr_psgdpr_consent_lang`
--

CREATE TABLE `pr_psgdpr_consent_lang` (
  `id_gdpr_consent` int UNSIGNED NOT NULL,
  `id_lang` int UNSIGNED NOT NULL,
  `message` text,
  `id_shop` int UNSIGNED NOT NULL
) ENGINE=InnoDB DEFAULT CHARSET=utf8;

-- --------------------------------------------------------

--
-- Estructura de tabla para la tabla `pr_psgdpr_log`
--

CREATE TABLE `pr_psgdpr_log` (
  `id_gdpr_log` int UNSIGNED NOT NULL,
  `id_customer` int UNSIGNED DEFAULT NULL,
  `id_guest` int UNSIGNED DEFAULT NULL,
  `client_name` varchar(250) DEFAULT NULL,
  `id_module` int UNSIGNED NOT NULL,
  `request_type` int NOT NULL,
  `date_add` datetime NOT NULL,
  `date_upd` datetime NOT NULL
) ENGINE=InnoDB DEFAULT CHARSET=utf8;

--
-- Volcado de datos para la tabla `pr_psgdpr_log`
--

INSERT INTO `pr_psgdpr_log` (`id_gdpr_log`, `id_customer`, `id_guest`, `client_name`, `id_module`, `request_type`, `date_add`, `date_upd`) VALUES
(1, 3, 0, 'Manuel Cabrera', 0, 1, '2020-03-02 16:20:04', '2020-03-02 16:20:04'),
(2, 4, 0, 'Nicolas Apellido', 0, 1, '2020-03-10 12:01:22', '2020-03-10 12:01:22'),
(3, 3, 0, 'Manuel Cabrera', 66, 1, '2020-03-11 14:11:43', '2020-03-11 14:11:43'),
(4, 0, 49, 'Guest client : ID49', 66, 1, '2020-03-11 14:18:38', '2020-03-11 14:18:38'),
(5, 5, 0, 'manuel cabrera', 0, 1, '2020-03-30 10:20:30', '2020-03-30 10:20:30'),
(6, 6, 0, 'Fff Fff', 0, 1, '2020-04-01 11:48:39', '2020-04-01 11:48:39'),
(7, 7, 0, 'Manuel Cabrera', 0, 1, '2020-04-01 12:07:26', '2020-04-01 12:07:26'),
(8, 8, 0, 'asdasd asdasd', 0, 1, '2020-04-01 12:21:10', '2020-04-01 12:21:10'),
(9, 9, 0, 'Manuel Cabrera', 0, 1, '2020-04-01 13:31:57', '2020-04-01 13:31:57'),
(10, 10, 0, 'Rodrigo Roldán', 0, 1, '2020-04-13 22:35:35', '2020-04-13 22:35:35'),
(11, 11, 0, 'Manuel Cabrera', 0, 1, '2020-04-15 09:39:11', '2020-04-15 09:39:11'),
(12, 12, 0, 'Manuel Cabrera', 0, 1, '2020-04-15 10:10:24', '2020-04-15 10:10:24'),
(13, 13, 0, 'Manuel Cabrera', 0, 1, '2020-04-23 15:03:10', '2020-04-23 15:03:10'),
(14, 14, 0, 'Federico Prueb', 0, 1, '2020-04-29 09:32:21', '2020-04-29 09:32:21'),
(15, 15, 0, 'alma mia', 0, 1, '2020-04-29 12:20:38', '2020-04-29 12:20:38'),
(16, 16, 0, 'ivan lacos', 0, 1, '2020-04-29 13:00:39', '2020-04-29 13:00:39'),
(17, 17, 0, 'Federico Lasarte', 0, 1, '2020-04-29 13:02:22', '2020-04-29 13:02:22'),
(18, 18, 0, 'Manuel Cabrera', 0, 1, '2020-04-29 13:12:25', '2020-04-29 13:12:25'),
(19, 19, 0, 'rodolfo argento', 0, 1, '2020-04-29 15:24:25', '2020-04-29 15:24:25'),
(20, 20, 0, 'dfsads fasdf', 0, 1, '2020-04-29 15:57:25', '2020-04-29 15:57:25'),
(21, 21, 0, 'Test test', 0, 1, '2020-04-30 13:08:47', '2020-04-30 13:08:47'),
(22, 22, 0, 'test test', 0, 1, '2020-04-30 13:40:23', '2020-04-30 13:40:23'),
(23, 23, 0, 'testtes test', 0, 1, '2020-04-30 14:23:07', '2020-04-30 14:23:07'),
(24, 24, 0, 'Manuel Cabrera', 0, 1, '2020-04-30 16:09:56', '2020-04-30 16:09:56'),
(25, 25, 0, 'Manuel Cabrera', 0, 1, '2020-05-04 11:10:18', '2020-05-04 11:10:18'),
(26, 26, 0, 'asd asd', 0, 1, '2020-05-04 11:18:15', '2020-05-04 11:18:15'),
(27, 27, 0, 'asd asd', 0, 1, '2020-05-04 11:40:30', '2020-05-04 11:40:30'),
(28, 28, 0, 'karina cabrera', 0, 1, '2020-05-04 11:50:02', '2020-05-04 11:50:02'),
(29, 29, 0, 'asd asd', 0, 1, '2020-05-04 12:45:07', '2020-05-04 12:45:07'),
(30, 30, 0, 'Rodrigo Roldán', 0, 1, '2020-05-04 12:46:28', '2020-05-04 12:46:28'),
(31, 31, 0, 'asd asd', 0, 1, '2020-05-04 13:15:39', '2020-05-04 13:15:39'),
(32, 32, 0, 'Fernanda Lucrecia', 0, 1, '2020-05-04 13:30:32', '2020-05-04 13:30:32'),
(33, 33, 0, 'javier peñaloxa', 0, 1, '2020-05-04 13:40:04', '2020-05-04 13:40:04'),
(34, 34, 0, 'Manuel Cabrera', 0, 1, '2020-05-05 10:27:41', '2020-05-05 10:27:41'),
(35, 35, 0, 'Federico Lasarte', 0, 1, '2020-05-05 10:33:08', '2020-05-05 10:33:08'),
(36, 36, 0, 'dfa sdfsdf', 0, 1, '2020-05-06 16:03:33', '2020-05-06 16:03:33'),
(37, 37, 0, 'Manuel Cabrera', 0, 1, '2020-05-06 16:33:38', '2020-05-06 16:33:38'),
(38, 38, 0, 'dsfads fadsfdsf', 0, 1, '2020-05-06 16:40:40', '2020-05-06 16:40:40'),
(39, 39, 0, 'dsadsds adssd', 0, 1, '2020-05-13 17:03:37', '2020-05-13 17:03:37');

-- --------------------------------------------------------

--
-- Estructura de tabla para la tabla `pr_psreassurance`
--

CREATE TABLE `pr_psreassurance` (
  `id_psreassurance` int UNSIGNED NOT NULL,
  `icon` varchar(255) DEFAULT NULL,
  `custom_icon` varchar(255) DEFAULT NULL,
  `status` int UNSIGNED NOT NULL,
  `position` int UNSIGNED NOT NULL,
  `id_shop` int UNSIGNED NOT NULL,
  `type_link` int UNSIGNED DEFAULT NULL,
  `id_cms` int UNSIGNED DEFAULT NULL,
  `date_add` datetime NOT NULL,
  `date_upd` datetime DEFAULT NULL
) ENGINE=InnoDB DEFAULT CHARSET=utf8;

--
-- Volcado de datos para la tabla `pr_psreassurance`
--

INSERT INTO `pr_psreassurance` (`id_psreassurance`, `icon`, `custom_icon`, `status`, `position`, `id_shop`, `type_link`, `id_cms`, `date_add`, `date_upd`) VALUES
(1, '/prestatowebs/modules/blockreassurance/img/ic_verified_user_black_36dp_1x.png', NULL, 1, 1, 1, NULL, NULL, '2020-05-04 13:09:48', NULL),
(2, '/prestatowebs/modules/blockreassurance/img/ic_local_shipping_black_36dp_1x.png', NULL, 1, 2, 1, NULL, NULL, '2020-05-04 13:09:48', NULL),
(3, '/prestatowebs/modules/blockreassurance/img/ic_swap_horiz_black_36dp_1x.png', NULL, 1, 3, 1, NULL, NULL, '2020-05-04 13:09:48', NULL);

-- --------------------------------------------------------

--
-- Estructura de tabla para la tabla `pr_psreassurance_lang`
--

CREATE TABLE `pr_psreassurance_lang` (
  `id_psreassurance` int UNSIGNED NOT NULL,
  `id_lang` int UNSIGNED NOT NULL,
  `id_shop` int UNSIGNED NOT NULL,
  `title` varchar(255) NOT NULL,
  `description` varchar(255) NOT NULL,
  `link` varchar(255) NOT NULL
) ENGINE=InnoDB DEFAULT CHARSET=utf8;

--
-- Volcado de datos para la tabla `pr_psreassurance_lang`
--

INSERT INTO `pr_psreassurance_lang` (`id_psreassurance`, `id_lang`, `id_shop`, `title`, `description`, `link`) VALUES
(1, 1, 1, 'Security policy (edit with Customer reassurance module)', '', ''),
(1, 3, 1, 'Security policy (edit with Customer reassurance module)', '', ''),
(1, 4, 1, 'Security policy (edit with Customer reassurance module)', '', ''),
(2, 1, 1, 'Delivery policy (edit with Customer reassurance module)', '', ''),
(2, 3, 1, 'Delivery policy (edit with Customer reassurance module)', '', ''),
(2, 4, 1, 'Delivery policy (edit with Customer reassurance module)', '', ''),
(3, 1, 1, 'Return policy (edit with Customer reassurance module)', '', ''),
(3, 3, 1, 'Return policy (edit with Customer reassurance module)', '', ''),
(3, 4, 1, 'Return policy (edit with Customer reassurance module)', '', '');

-- --------------------------------------------------------

--
-- Estructura de tabla para la tabla `pr_quick_access`
--

CREATE TABLE `pr_quick_access` (
  `id_quick_access` int UNSIGNED NOT NULL,
  `new_window` tinyint(1) NOT NULL DEFAULT '0',
  `link` varchar(255) CHARACTER SET utf8mb4 COLLATE utf8mb4_general_ci NOT NULL
) ENGINE=InnoDB DEFAULT CHARSET=utf8mb4 COLLATE=utf8mb4_general_ci;

--
-- Volcado de datos para la tabla `pr_quick_access`
--

INSERT INTO `pr_quick_access` (`id_quick_access`, `new_window`, `link`) VALUES
(1, 0, 'index.php?controller=AdminOrders'),
(2, 0, 'index.php?controller=AdminCartRules&addcart_rule'),
(3, 0, 'index.php/sell/catalog/products/new'),
(4, 0, 'index.php/sell/catalog/categories/new'),
(5, 0, 'index.php/improve/modules/manage'),
(6, 0, 'index.php?controller=AdminStats&module=statscheckup');

-- --------------------------------------------------------

--
-- Estructura de tabla para la tabla `pr_quick_access_lang`
--

CREATE TABLE `pr_quick_access_lang` (
  `id_quick_access` int UNSIGNED NOT NULL,
  `id_lang` int UNSIGNED NOT NULL,
  `name` varchar(32) CHARACTER SET utf8mb4 COLLATE utf8mb4_general_ci NOT NULL
) ENGINE=InnoDB DEFAULT CHARSET=utf8mb4 COLLATE=utf8mb4_general_ci;

--
-- Volcado de datos para la tabla `pr_quick_access_lang`
--

INSERT INTO `pr_quick_access_lang` (`id_quick_access`, `id_lang`, `name`) VALUES
(1, 1, 'Orders'),
(1, 3, 'Pedidos'),
(1, 4, 'Pedidos'),
(2, 1, 'New voucher'),
(2, 3, 'Nuevo cupón de descuento'),
(2, 4, 'Nuevo cupón de descuento'),
(3, 1, 'New product'),
(3, 3, 'Producto nuevo'),
(3, 4, 'Nuevo'),
(4, 1, 'New category'),
(4, 3, 'Nueva categoría'),
(4, 4, 'Nueva categoría'),
(5, 1, 'Installed modules'),
(5, 3, 'Módulos instalados'),
(5, 4, 'Módulos instalados'),
(6, 1, 'Catalog evaluation'),
(6, 3, 'Evaluación del catálogo'),
(6, 4, 'Evaluación del catálogo');

-- --------------------------------------------------------

--
-- Estructura de tabla para la tabla `pr_range_price`
--

CREATE TABLE `pr_range_price` (
  `id_range_price` int UNSIGNED NOT NULL,
  `id_carrier` int UNSIGNED NOT NULL,
  `delimiter1` decimal(20,6) NOT NULL,
  `delimiter2` decimal(20,6) NOT NULL
) ENGINE=InnoDB DEFAULT CHARSET=utf8mb4 COLLATE=utf8mb4_general_ci;

--
-- Volcado de datos para la tabla `pr_range_price`
--

INSERT INTO `pr_range_price` (`id_range_price`, `id_carrier`, `delimiter1`, `delimiter2`) VALUES
(1, 2, 0.000000, 10000.000000),
(2, 6, 0.000000, 1000.000000),
(3, 7, 0.000000, 1000.000000),
(4, 8, 0.000000, 1000.000000),
(5, 9, 0.000000, 1000.000000),
(9, 10, 0.000000, 1000.000000),
(10, 11, 0.000000, 1000.000000),
(11, 12, 0.000000, 1000.000000),
(12, 13, 0.000000, 1000.000000),
(13, 14, 0.000000, 1000.000000),
(14, 15, 0.000000, 1000.000000),
(15, 16, 0.000000, 1000.000000),
(16, 17, 0.000000, 1000.000000),
(17, 18, 0.000000, 1000.000000),
(18, 19, 0.000000, 1000.000000),
(19, 20, 0.000000, 1000.000000),
(20, 21, 0.000000, 1000.000000),
(21, 22, 0.000000, 1000.000000),
(22, 23, 0.000000, 1000.000000),
(23, 24, 0.000000, 1000.000000);

-- --------------------------------------------------------

--
-- Estructura de tabla para la tabla `pr_range_weight`
--

CREATE TABLE `pr_range_weight` (
  `id_range_weight` int UNSIGNED NOT NULL,
  `id_carrier` int UNSIGNED NOT NULL,
  `delimiter1` decimal(20,6) NOT NULL,
  `delimiter2` decimal(20,6) NOT NULL
) ENGINE=InnoDB DEFAULT CHARSET=utf8mb4 COLLATE=utf8mb4_general_ci;

--
-- Volcado de datos para la tabla `pr_range_weight`
--

INSERT INTO `pr_range_weight` (`id_range_weight`, `id_carrier`, `delimiter1`, `delimiter2`) VALUES
(1, 2, 0.000000, 10000.000000),
(2, 3, 0.000000, 10000000.000000),
(3, 4, 0.000000, 10000000.000000),
(4, 5, 0.000000, 10000000.000000),
(5, 6, 0.000000, 1000.000000),
(6, 7, 0.000000, 1000.000000),
(7, 8, 0.000000, 1000.000000),
(8, 9, 0.000000, 1000.000000),
(9, 10, 0.000000, 1000.000000),
(10, 11, 0.000000, 1000.000000),
(11, 12, 0.000000, 1000.000000),
(12, 13, 0.000000, 1000.000000),
(13, 14, 0.000000, 1000.000000),
(14, 15, 0.000000, 1000.000000),
(15, 16, 0.000000, 1000.000000),
(16, 17, 0.000000, 1000.000000),
(17, 18, 0.000000, 1000.000000),
(18, 19, 0.000000, 1000.000000),
(19, 20, 0.000000, 1000.000000),
(20, 21, 0.000000, 1000.000000),
(21, 22, 0.000000, 1000.000000),
(22, 23, 0.000000, 1000.000000),
(23, 24, 0.000000, 1000.000000),
(24, 25, 0.000000, 1.000000),
(25, 26, 0.000000, 10000000.000000),
(26, 27, 0.000000, 1.000000);

-- --------------------------------------------------------

--
-- Estructura de tabla para la tabla `pr_reassurance`
--

CREATE TABLE `pr_reassurance` (
  `id_reassurance` int UNSIGNED NOT NULL,
  `id_shop` int UNSIGNED NOT NULL,
  `file_name` varchar(100) NOT NULL
) ENGINE=InnoDB DEFAULT CHARSET=utf8;

--
-- Volcado de datos para la tabla `pr_reassurance`
--

INSERT INTO `pr_reassurance` (`id_reassurance`, `id_shop`, `file_name`) VALUES
(1, 1, 'ic_verified_user_black_36dp_1x.png'),
(2, 1, 'ic_local_shipping_black_36dp_1x.png'),
(3, 1, 'ic_swap_horiz_black_36dp_1x.png');

-- --------------------------------------------------------

--
-- Estructura de tabla para la tabla `pr_reassurance_lang`
--

CREATE TABLE `pr_reassurance_lang` (
  `id_reassurance` int UNSIGNED NOT NULL,
  `id_lang` int UNSIGNED NOT NULL,
  `text` varchar(300) NOT NULL
) ENGINE=InnoDB DEFAULT CHARSET=utf8;

--
-- Volcado de datos para la tabla `pr_reassurance_lang`
--

INSERT INTO `pr_reassurance_lang` (`id_reassurance`, `id_lang`, `text`) VALUES
(1, 1, 'Security policy (edit with Customer reassurance module)'),
(1, 3, 'Security policy (edit with Customer reassurance module)'),
(1, 4, 'Security policy (edit with Customer reassurance module)'),
(2, 1, 'Delivery policy (edit with Customer reassurance module)'),
(2, 3, 'Delivery policy (edit with Customer reassurance module)'),
(2, 4, 'Delivery policy (edit with Customer reassurance module)'),
(3, 1, 'Return policy (edit with Customer reassurance module)'),
(3, 3, 'Return policy (edit with Customer reassurance module)'),
(3, 4, 'Return policy (edit with Customer reassurance module)');

-- --------------------------------------------------------

--
-- Estructura de tabla para la tabla `pr_referrer`
--

CREATE TABLE `pr_referrer` (
  `id_referrer` int UNSIGNED NOT NULL,
  `name` varchar(64) CHARACTER SET utf8mb4 COLLATE utf8mb4_general_ci NOT NULL,
  `passwd` varchar(255) CHARACTER SET utf8mb4 COLLATE utf8mb4_general_ci DEFAULT NULL,
  `http_referer_regexp` varchar(64) CHARACTER SET utf8mb4 COLLATE utf8mb4_general_ci DEFAULT NULL,
  `http_referer_like` varchar(64) CHARACTER SET utf8mb4 COLLATE utf8mb4_general_ci DEFAULT NULL,
  `request_uri_regexp` varchar(64) CHARACTER SET utf8mb4 COLLATE utf8mb4_general_ci DEFAULT NULL,
  `request_uri_like` varchar(64) CHARACTER SET utf8mb4 COLLATE utf8mb4_general_ci DEFAULT NULL,
  `http_referer_regexp_not` varchar(64) CHARACTER SET utf8mb4 COLLATE utf8mb4_general_ci DEFAULT NULL,
  `http_referer_like_not` varchar(64) CHARACTER SET utf8mb4 COLLATE utf8mb4_general_ci DEFAULT NULL,
  `request_uri_regexp_not` varchar(64) CHARACTER SET utf8mb4 COLLATE utf8mb4_general_ci DEFAULT NULL,
  `request_uri_like_not` varchar(64) CHARACTER SET utf8mb4 COLLATE utf8mb4_general_ci DEFAULT NULL,
  `base_fee` decimal(5,2) NOT NULL DEFAULT '0.00',
  `percent_fee` decimal(5,2) NOT NULL DEFAULT '0.00',
  `click_fee` decimal(5,2) NOT NULL DEFAULT '0.00',
  `date_add` datetime NOT NULL
) ENGINE=InnoDB DEFAULT CHARSET=utf8mb4 COLLATE=utf8mb4_general_ci;

-- --------------------------------------------------------

--
-- Estructura de tabla para la tabla `pr_referrer_cache`
--

CREATE TABLE `pr_referrer_cache` (
  `id_connections_source` int UNSIGNED NOT NULL,
  `id_referrer` int UNSIGNED NOT NULL
) ENGINE=InnoDB DEFAULT CHARSET=utf8mb4 COLLATE=utf8mb4_general_ci;

-- --------------------------------------------------------

--
-- Estructura de tabla para la tabla `pr_referrer_shop`
--

CREATE TABLE `pr_referrer_shop` (
  `id_referrer` int UNSIGNED NOT NULL,
  `id_shop` int UNSIGNED NOT NULL DEFAULT '1',
  `cache_visitors` int DEFAULT NULL,
  `cache_visits` int DEFAULT NULL,
  `cache_pages` int DEFAULT NULL,
  `cache_registrations` int DEFAULT NULL,
  `cache_orders` int DEFAULT NULL,
  `cache_sales` decimal(17,2) DEFAULT NULL,
  `cache_reg_rate` decimal(5,4) DEFAULT NULL,
  `cache_order_rate` decimal(5,4) DEFAULT NULL
) ENGINE=InnoDB DEFAULT CHARSET=utf8mb4 COLLATE=utf8mb4_general_ci;

-- --------------------------------------------------------

--
-- Estructura de tabla para la tabla `pr_request_sql`
--

CREATE TABLE `pr_request_sql` (
  `id_request_sql` int NOT NULL,
  `name` varchar(200) CHARACTER SET utf8mb4 COLLATE utf8mb4_general_ci NOT NULL,
  `sql` mediumtext CHARACTER SET utf8mb4 COLLATE utf8mb4_general_ci NOT NULL
) ENGINE=InnoDB DEFAULT CHARSET=utf8mb4 COLLATE=utf8mb4_general_ci;

-- --------------------------------------------------------

--
-- Estructura de tabla para la tabla `pr_required_field`
--

CREATE TABLE `pr_required_field` (
  `id_required_field` int NOT NULL,
  `object_name` varchar(32) CHARACTER SET utf8mb4 COLLATE utf8mb4_general_ci NOT NULL,
  `field_name` varchar(32) CHARACTER SET utf8mb4 COLLATE utf8mb4_general_ci NOT NULL
) ENGINE=InnoDB DEFAULT CHARSET=utf8mb4 COLLATE=utf8mb4_general_ci;

-- --------------------------------------------------------

--
-- Estructura de tabla para la tabla `pr_risk`
--

CREATE TABLE `pr_risk` (
  `id_risk` int UNSIGNED NOT NULL,
  `percent` tinyint NOT NULL,
  `color` varchar(32) CHARACTER SET utf8mb4 COLLATE utf8mb4_general_ci DEFAULT NULL
) ENGINE=InnoDB DEFAULT CHARSET=utf8mb4 COLLATE=utf8mb4_general_ci;

--
-- Volcado de datos para la tabla `pr_risk`
--

INSERT INTO `pr_risk` (`id_risk`, `percent`, `color`) VALUES
(1, 0, '#32CD32'),
(2, 35, '#FF8C00'),
(3, 75, '#DC143C'),
(4, 100, '#ec2e15');

-- --------------------------------------------------------

--
-- Estructura de tabla para la tabla `pr_risk_lang`
--

CREATE TABLE `pr_risk_lang` (
  `id_risk` int UNSIGNED NOT NULL,
  `id_lang` int UNSIGNED NOT NULL,
  `name` varchar(20) CHARACTER SET utf8mb4 COLLATE utf8mb4_general_ci NOT NULL
) ENGINE=InnoDB DEFAULT CHARSET=utf8mb4 COLLATE=utf8mb4_general_ci;

--
-- Volcado de datos para la tabla `pr_risk_lang`
--

INSERT INTO `pr_risk_lang` (`id_risk`, `id_lang`, `name`) VALUES
(1, 1, 'None'),
(1, 3, 'ninguno'),
(1, 4, 'Ninguno'),
(2, 1, 'Low'),
(2, 3, 'Baja'),
(2, 4, 'Baja'),
(3, 1, 'Medium'),
(3, 3, 'Media'),
(3, 4, 'Medio'),
(4, 1, 'High'),
(4, 3, 'Alta'),
(4, 4, 'Alto');

-- --------------------------------------------------------

--
-- Estructura de tabla para la tabla `pr_search_engine`
--

CREATE TABLE `pr_search_engine` (
  `id_search_engine` int UNSIGNED NOT NULL,
  `server` varchar(64) CHARACTER SET utf8mb4 COLLATE utf8mb4_general_ci NOT NULL,
  `getvar` varchar(16) CHARACTER SET utf8mb4 COLLATE utf8mb4_general_ci NOT NULL
) ENGINE=InnoDB DEFAULT CHARSET=utf8mb4 COLLATE=utf8mb4_general_ci;

--
-- Volcado de datos para la tabla `pr_search_engine`
--

INSERT INTO `pr_search_engine` (`id_search_engine`, `server`, `getvar`) VALUES
(1, 'google', 'q'),
(2, 'aol', 'q'),
(3, 'yandex', 'text'),
(4, 'ask.com', 'q'),
(5, 'nhl.com', 'q'),
(6, 'yahoo', 'p'),
(7, 'baidu', 'wd'),
(8, 'lycos', 'query'),
(9, 'exalead', 'q'),
(10, 'search.live', 'q'),
(11, 'voila', 'rdata'),
(12, 'altavista', 'q'),
(13, 'bing', 'q'),
(14, 'daum', 'q'),
(15, 'eniro', 'search_word'),
(16, 'naver', 'query'),
(17, 'msn', 'q'),
(18, 'netscape', 'query'),
(19, 'cnn', 'query'),
(20, 'about', 'terms'),
(21, 'mamma', 'query'),
(22, 'alltheweb', 'q'),
(23, 'virgilio', 'qs'),
(24, 'alice', 'qs'),
(25, 'najdi', 'q'),
(26, 'mama', 'query'),
(27, 'seznam', 'q'),
(28, 'onet', 'qt'),
(29, 'szukacz', 'q'),
(30, 'yam', 'k'),
(31, 'pchome', 'q'),
(32, 'kvasir', 'q'),
(33, 'sesam', 'q'),
(34, 'ozu', 'q'),
(35, 'terra', 'query'),
(36, 'mynet', 'q'),
(37, 'ekolay', 'q'),
(38, 'rambler', 'words');

-- --------------------------------------------------------

--
-- Estructura de tabla para la tabla `pr_search_index`
--

CREATE TABLE `pr_search_index` (
  `id_product` int UNSIGNED NOT NULL,
  `id_word` int UNSIGNED NOT NULL,
  `weight` smallint UNSIGNED NOT NULL DEFAULT '1'
) ENGINE=InnoDB DEFAULT CHARSET=utf8mb4 COLLATE=utf8mb4_general_ci;

-- --------------------------------------------------------

--
-- Estructura de tabla para la tabla `pr_search_word`
--

CREATE TABLE `pr_search_word` (
  `id_word` int UNSIGNED NOT NULL,
  `id_shop` int UNSIGNED NOT NULL DEFAULT '1',
  `id_lang` int UNSIGNED NOT NULL,
  `word` varchar(30) CHARACTER SET utf8mb4 COLLATE utf8mb4_general_ci NOT NULL
) ENGINE=InnoDB DEFAULT CHARSET=utf8mb4 COLLATE=utf8mb4_general_ci;

-- --------------------------------------------------------

--
-- Estructura de tabla para la tabla `pr_sekeyword`
--

CREATE TABLE `pr_sekeyword` (
  `id_sekeyword` int UNSIGNED NOT NULL,
  `id_shop` int UNSIGNED NOT NULL DEFAULT '1',
  `id_shop_group` int UNSIGNED NOT NULL DEFAULT '1',
  `keyword` varchar(256) NOT NULL,
  `date_add` datetime NOT NULL
) ENGINE=InnoDB DEFAULT CHARSET=utf8;

-- --------------------------------------------------------

--
-- Estructura de tabla para la tabla `pr_shop`
--

CREATE TABLE `pr_shop` (
  `id_shop` int NOT NULL,
  `id_shop_group` int NOT NULL,
  `name` varchar(64) CHARACTER SET utf8mb4 COLLATE utf8mb4_general_ci NOT NULL,
  `id_category` int NOT NULL,
  `theme_name` varchar(255) CHARACTER SET utf8mb4 COLLATE utf8mb4_general_ci NOT NULL,
  `active` tinyint(1) NOT NULL,
  `deleted` tinyint(1) NOT NULL
) ENGINE=InnoDB DEFAULT CHARSET=utf8mb4 COLLATE=utf8mb4_general_ci;

--
-- Volcado de datos para la tabla `pr_shop`
--

INSERT INTO `pr_shop` (`id_shop`, `id_shop_group`, `name`, `id_category`, `theme_name`, `active`, `deleted`) VALUES
(1, 1, 'My shop', 2, 'classic', 1, 0);

-- --------------------------------------------------------

--
-- Estructura de tabla para la tabla `pr_shop_group`
--

CREATE TABLE `pr_shop_group` (
  `id_shop_group` int NOT NULL,
  `name` varchar(64) CHARACTER SET utf8mb4 COLLATE utf8mb4_general_ci NOT NULL,
  `share_customer` tinyint(1) NOT NULL,
  `share_order` tinyint(1) NOT NULL,
  `share_stock` tinyint(1) NOT NULL,
  `active` tinyint(1) NOT NULL,
  `deleted` tinyint(1) NOT NULL
) ENGINE=InnoDB DEFAULT CHARSET=utf8mb4 COLLATE=utf8mb4_general_ci;

--
-- Volcado de datos para la tabla `pr_shop_group`
--

INSERT INTO `pr_shop_group` (`id_shop_group`, `name`, `share_customer`, `share_order`, `share_stock`, `active`, `deleted`) VALUES
(1, 'Default', 0, 0, 0, 1, 0),
(2, 'prueba 1', 1, 0, 0, 1, 0);

-- --------------------------------------------------------

--
-- Estructura de tabla para la tabla `pr_shop_url`
--

CREATE TABLE `pr_shop_url` (
  `id_shop_url` int UNSIGNED NOT NULL,
  `id_shop` int UNSIGNED NOT NULL,
  `domain` varchar(150) CHARACTER SET utf8mb4 COLLATE utf8mb4_general_ci NOT NULL,
  `domain_ssl` varchar(150) CHARACTER SET utf8mb4 COLLATE utf8mb4_general_ci NOT NULL,
  `physical_uri` varchar(64) CHARACTER SET utf8mb4 COLLATE utf8mb4_general_ci NOT NULL,
  `virtual_uri` varchar(64) CHARACTER SET utf8mb4 COLLATE utf8mb4_general_ci NOT NULL,
  `main` tinyint(1) NOT NULL,
  `active` tinyint(1) NOT NULL
) ENGINE=InnoDB DEFAULT CHARSET=utf8mb4 COLLATE=utf8mb4_general_ci;

--
-- Volcado de datos para la tabla `pr_shop_url`
--

INSERT INTO `pr_shop_url` (`id_shop_url`, `id_shop`, `domain`, `domain_ssl`, `physical_uri`, `virtual_uri`, `main`, `active`) VALUES
(1, 1, 'tienda.ccabreraok.tk', 'tienda.ccabreraok.tk', '/tienda/', '', 1, 1);

-- --------------------------------------------------------

--
-- Estructura de tabla para la tabla `pr_smarty_cache`
--

CREATE TABLE `pr_smarty_cache` (
  `id_smarty_cache` char(40) CHARACTER SET utf8mb4 COLLATE utf8mb4_general_ci NOT NULL,
  `name` char(40) CHARACTER SET utf8mb4 COLLATE utf8mb4_general_ci NOT NULL,
  `cache_id` varchar(254) CHARACTER SET utf8mb4 COLLATE utf8mb4_general_ci DEFAULT NULL,
  `modified` timestamp NOT NULL DEFAULT CURRENT_TIMESTAMP,
  `content` longtext CHARACTER SET utf8mb4 COLLATE utf8mb4_general_ci NOT NULL
) ENGINE=InnoDB DEFAULT CHARSET=utf8mb4 COLLATE=utf8mb4_general_ci;

-- --------------------------------------------------------

--
-- Estructura de tabla para la tabla `pr_smarty_last_flush`
--

CREATE TABLE `pr_smarty_last_flush` (
  `type` enum('compile','template') CHARACTER SET utf8mb4 COLLATE utf8mb4_general_ci NOT NULL DEFAULT 'compile',
  `last_flush` datetime NOT NULL DEFAULT '0000-00-00 00:00:00'
) ENGINE=InnoDB DEFAULT CHARSET=utf8mb4 COLLATE=utf8mb4_general_ci;

-- --------------------------------------------------------

--
-- Estructura de tabla para la tabla `pr_smarty_lazy_cache`
--

CREATE TABLE `pr_smarty_lazy_cache` (
  `template_hash` varchar(32) CHARACTER SET utf8mb4 COLLATE utf8mb4_general_ci NOT NULL DEFAULT '',
  `cache_id` varchar(191) CHARACTER SET utf8mb4 COLLATE utf8mb4_general_ci NOT NULL,
  `compile_id` varchar(32) CHARACTER SET utf8mb4 COLLATE utf8mb4_general_ci NOT NULL DEFAULT '',
  `filepath` varchar(255) CHARACTER SET utf8mb4 COLLATE utf8mb4_general_ci NOT NULL DEFAULT '',
  `last_update` datetime NOT NULL DEFAULT '0000-00-00 00:00:00'
) ENGINE=InnoDB DEFAULT CHARSET=utf8mb4 COLLATE=utf8mb4_general_ci;

-- --------------------------------------------------------

--
-- Estructura de tabla para la tabla `pr_specific_price`
--

CREATE TABLE `pr_specific_price` (
  `id_specific_price` int UNSIGNED NOT NULL,
  `id_specific_price_rule` int UNSIGNED NOT NULL,
  `id_cart` int UNSIGNED NOT NULL,
  `id_product` int UNSIGNED NOT NULL,
  `id_shop` int UNSIGNED NOT NULL DEFAULT '1',
  `id_shop_group` int UNSIGNED NOT NULL,
  `id_currency` int UNSIGNED NOT NULL,
  `id_country` int UNSIGNED NOT NULL,
  `id_group` int UNSIGNED NOT NULL,
  `id_customer` int UNSIGNED NOT NULL,
  `id_product_attribute` int UNSIGNED NOT NULL,
  `price` decimal(20,6) NOT NULL,
  `from_quantity` mediumint UNSIGNED NOT NULL,
  `reduction` decimal(20,6) NOT NULL,
  `reduction_tax` tinyint(1) NOT NULL DEFAULT '1',
  `reduction_type` enum('amount','percentage') CHARACTER SET utf8mb4 COLLATE utf8mb4_general_ci NOT NULL,
  `from` datetime NOT NULL,
  `to` datetime NOT NULL
) ENGINE=InnoDB DEFAULT CHARSET=utf8mb4 COLLATE=utf8mb4_general_ci;

-- --------------------------------------------------------

--
-- Estructura de tabla para la tabla `pr_specific_price_priority`
--

CREATE TABLE `pr_specific_price_priority` (
  `id_specific_price_priority` int NOT NULL,
  `id_product` int NOT NULL,
  `priority` varchar(80) CHARACTER SET utf8mb4 COLLATE utf8mb4_general_ci NOT NULL
) ENGINE=InnoDB DEFAULT CHARSET=utf8mb4 COLLATE=utf8mb4_general_ci;

--
-- Volcado de datos para la tabla `pr_specific_price_priority`
--

INSERT INTO `pr_specific_price_priority` (`id_specific_price_priority`, `id_product`, `priority`) VALUES
(1, 16, 'id_shop;id_currency;id_country;id_group'),
(2, 21, 'id_shop;id_currency;id_country;id_group'),
(3, 22, 'id_shop;id_currency;id_country;id_group'),
(8, 27, 'id_shop;id_currency;id_country;id_group'),
(10, 28, 'id_shop;id_currency;id_country;id_group'),
(14, 29, 'id_shop;id_currency;id_country;id_group'),
(17, 30, 'id_shop;id_currency;id_country;id_group'),
(19, 31, 'id_shop;id_currency;id_country;id_group'),
(27, 32, 'id_shop;id_currency;id_country;id_group'),
(29, 33, 'id_shop;id_currency;id_country;id_group'),
(35, 35, 'id_shop;id_currency;id_country;id_group'),
(37, 36, 'id_shop;id_currency;id_country;id_group'),
(39, 38, 'id_shop;id_currency;id_country;id_group'),
(41, 39, 'id_shop;id_currency;id_country;id_group'),
(59, 42, 'id_shop;id_currency;id_country;id_group'),
(60, 45, 'id_shop;id_currency;id_country;id_group'),
(61, 46, 'id_shop;id_currency;id_country;id_group'),
(62, 48, 'id_shop;id_currency;id_country;id_group'),
(63, 50, 'id_shop;id_currency;id_country;id_group'),
(64, 51, 'id_shop;id_currency;id_country;id_group'),
(67, 52, 'id_shop;id_currency;id_country;id_group'),
(69, 55, 'id_shop;id_currency;id_country;id_group'),
(72, 56, 'id_shop;id_currency;id_country;id_group'),
(74, 58, 'id_shop;id_currency;id_country;id_group'),
(75, 59, 'id_shop;id_currency;id_country;id_group'),
(77, 60, 'id_shop;id_currency;id_country;id_group'),
(79, 61, 'id_shop;id_currency;id_country;id_group'),
(81, 62, 'id_shop;id_currency;id_country;id_group'),
(83, 63, 'id_shop;id_currency;id_country;id_group'),
(112, 65, 'id_shop;id_currency;id_country;id_group'),
(121, 66, 'id_shop;id_currency;id_country;id_group'),
(137, 68, 'id_shop;id_currency;id_country;id_group'),
(139, 69, 'id_shop;id_currency;id_country;id_group'),
(173, 70, 'id_shop;id_currency;id_country;id_group');

-- --------------------------------------------------------

--
-- Estructura de tabla para la tabla `pr_specific_price_rule`
--

CREATE TABLE `pr_specific_price_rule` (
  `id_specific_price_rule` int UNSIGNED NOT NULL,
  `name` varchar(255) CHARACTER SET utf8mb4 COLLATE utf8mb4_general_ci NOT NULL,
  `id_shop` int UNSIGNED NOT NULL DEFAULT '1',
  `id_currency` int UNSIGNED NOT NULL,
  `id_country` int UNSIGNED NOT NULL,
  `id_group` int UNSIGNED NOT NULL,
  `from_quantity` mediumint UNSIGNED NOT NULL,
  `price` decimal(20,6) DEFAULT NULL,
  `reduction` decimal(20,6) NOT NULL,
  `reduction_tax` tinyint(1) NOT NULL DEFAULT '1',
  `reduction_type` enum('amount','percentage') CHARACTER SET utf8mb4 COLLATE utf8mb4_general_ci NOT NULL,
  `from` datetime NOT NULL,
  `to` datetime NOT NULL
) ENGINE=InnoDB DEFAULT CHARSET=utf8mb4 COLLATE=utf8mb4_general_ci;

-- --------------------------------------------------------

--
-- Estructura de tabla para la tabla `pr_specific_price_rule_condition`
--

CREATE TABLE `pr_specific_price_rule_condition` (
  `id_specific_price_rule_condition` int UNSIGNED NOT NULL,
  `id_specific_price_rule_condition_group` int UNSIGNED NOT NULL,
  `type` varchar(255) CHARACTER SET utf8mb4 COLLATE utf8mb4_general_ci NOT NULL,
  `value` varchar(255) CHARACTER SET utf8mb4 COLLATE utf8mb4_general_ci NOT NULL
) ENGINE=InnoDB DEFAULT CHARSET=utf8mb4 COLLATE=utf8mb4_general_ci;

-- --------------------------------------------------------

--
-- Estructura de tabla para la tabla `pr_specific_price_rule_condition_group`
--

CREATE TABLE `pr_specific_price_rule_condition_group` (
  `id_specific_price_rule_condition_group` int UNSIGNED NOT NULL,
  `id_specific_price_rule` int UNSIGNED NOT NULL
) ENGINE=InnoDB DEFAULT CHARSET=utf8mb4 COLLATE=utf8mb4_general_ci;

-- --------------------------------------------------------

--
-- Estructura de tabla para la tabla `pr_state`
--

CREATE TABLE `pr_state` (
  `id_state` int UNSIGNED NOT NULL,
  `id_country` int UNSIGNED NOT NULL,
  `id_zone` int UNSIGNED NOT NULL,
  `name` varchar(64) CHARACTER SET utf8mb4 COLLATE utf8mb4_general_ci NOT NULL,
  `iso_code` varchar(7) CHARACTER SET utf8mb4 COLLATE utf8mb4_general_ci NOT NULL,
  `tax_behavior` smallint NOT NULL DEFAULT '0',
  `active` tinyint(1) NOT NULL DEFAULT '0'
) ENGINE=InnoDB DEFAULT CHARSET=utf8mb4 COLLATE=utf8mb4_general_ci;

--
-- Volcado de datos para la tabla `pr_state`
--

INSERT INTO `pr_state` (`id_state`, `id_country`, `id_zone`, `name`, `iso_code`, `tax_behavior`, `active`) VALUES
(1, 21, 0, 'AA', 'AA', 0, 1),
(2, 21, 0, 'AE', 'AE', 0, 1),
(3, 21, 0, 'AP', 'AP', 0, 1),
(4, 21, 0, 'Alabama', 'AL', 0, 1),
(5, 21, 0, 'Alaska', 'AK', 0, 1),
(6, 21, 0, 'Arizona', 'AZ', 0, 1),
(7, 21, 0, 'Arkansas', 'AR', 0, 1),
(8, 21, 0, 'California', 'CA', 0, 1),
(9, 21, 0, 'Colorado', 'CO', 0, 1),
(10, 21, 0, 'Connecticut', 'CT', 0, 1),
(11, 21, 0, 'Delaware', 'DE', 0, 1),
(12, 21, 0, 'Florida', 'FL', 0, 1),
(13, 21, 0, 'Georgia', 'GA', 0, 1),
(14, 21, 0, 'Hawaii', 'HI', 0, 1),
(15, 21, 0, 'Idaho', 'ID', 0, 1),
(16, 21, 0, 'Illinois', 'IL', 0, 1),
(17, 21, 0, 'Indiana', 'IN', 0, 1),
(18, 21, 0, 'Iowa', 'IA', 0, 1),
(19, 21, 0, 'Kansas', 'KS', 0, 1),
(20, 21, 0, 'Kentucky', 'KY', 0, 1),
(21, 21, 0, 'Louisiana', 'LA', 0, 1),
(22, 21, 0, 'Maine', 'ME', 0, 1),
(23, 21, 0, 'Maryland', 'MD', 0, 1),
(24, 21, 0, 'Massachusetts', 'MA', 0, 1),
(25, 21, 0, 'Michigan', 'MI', 0, 1),
(26, 21, 0, 'Minnesota', 'MN', 0, 1),
(27, 21, 0, 'Mississippi', 'MS', 0, 1),
(28, 21, 0, 'Missouri', 'MO', 0, 1),
(29, 21, 0, 'Montana', 'MT', 0, 1),
(30, 21, 0, 'Nebraska', 'NE', 0, 1),
(31, 21, 0, 'Nevada', 'NV', 0, 1),
(32, 21, 0, 'New Hampshire', 'NH', 0, 1),
(33, 21, 0, 'New Jersey', 'NJ', 0, 1),
(34, 21, 0, 'New Mexico', 'NM', 0, 1),
(35, 21, 0, 'New York', 'NY', 0, 1),
(36, 21, 0, 'North Carolina', 'NC', 0, 1),
(37, 21, 0, 'North Dakota', 'ND', 0, 1),
(38, 21, 0, 'Ohio', 'OH', 0, 1),
(39, 21, 0, 'Oklahoma', 'OK', 0, 1),
(40, 21, 0, 'Oregon', 'OR', 0, 1),
(41, 21, 0, 'Pennsylvania', 'PA', 0, 1),
(42, 21, 0, 'Rhode Island', 'RI', 0, 1),
(43, 21, 0, 'South Carolina', 'SC', 0, 1),
(44, 21, 0, 'South Dakota', 'SD', 0, 1),
(45, 21, 0, 'Tennessee', 'TN', 0, 1),
(46, 21, 0, 'Texas', 'TX', 0, 1),
(47, 21, 0, 'Utah', 'UT', 0, 1),
(48, 21, 0, 'Vermont', 'VT', 0, 1),
(49, 21, 0, 'Virginia', 'VA', 0, 1),
(50, 21, 0, 'Washington', 'WA', 0, 1),
(51, 21, 0, 'West Virginia', 'WV', 0, 1),
(52, 21, 0, 'Wisconsin', 'WI', 0, 1),
(53, 21, 0, 'Wyoming', 'WY', 0, 1),
(54, 21, 0, 'Puerto Rico', 'PR', 0, 1),
(55, 21, 0, 'US Virgin Islands', 'VI', 0, 1),
(56, 21, 0, 'District of Columbia', 'DC', 0, 1),
(57, 145, 0, 'Aguascalientes', 'AGS', 0, 1),
(58, 145, 0, 'Baja California', 'BCN', 0, 1),
(59, 145, 0, 'Baja California Sur', 'BCS', 0, 1),
(60, 145, 0, 'Campeche', 'CAM', 0, 1),
(61, 145, 0, 'Chiapas', 'CHP', 0, 1),
(62, 145, 0, 'Chihuahua', 'CHH', 0, 1),
(63, 145, 0, 'Coahuila', 'COA', 0, 1),
(64, 145, 0, 'Colima', 'COL', 0, 1),
(65, 145, 0, 'Distrito Federal', 'DIF', 0, 1),
(66, 145, 0, 'Durango', 'DUR', 0, 1),
(67, 145, 0, 'Guanajuato', 'GUA', 0, 1),
(68, 145, 0, 'Guerrero', 'GRO', 0, 1),
(69, 145, 0, 'Hidalgo', 'HID', 0, 1),
(70, 145, 0, 'Jalisco', 'JAL', 0, 1),
(71, 145, 0, 'Estado de México', 'MEX', 0, 1),
(72, 145, 0, 'Michoacán', 'MIC', 0, 1),
(73, 145, 0, 'Morelos', 'MOR', 0, 1),
(74, 145, 0, 'Nayarit', 'NAY', 0, 1),
(75, 145, 0, 'Nuevo León', 'NLE', 0, 1),
(76, 145, 0, 'Oaxaca', 'OAX', 0, 1),
(77, 145, 0, 'Puebla', 'PUE', 0, 1),
(78, 145, 0, 'Querétaro', 'QUE', 0, 1),
(79, 145, 0, 'Quintana Roo', 'ROO', 0, 1),
(80, 145, 0, 'San Luis Potosí', 'SLP', 0, 1),
(81, 145, 0, 'Sinaloa', 'SIN', 0, 1),
(82, 145, 0, 'Sonora', 'SON', 0, 1),
(83, 145, 0, 'Tabasco', 'TAB', 0, 1),
(84, 145, 0, 'Tamaulipas', 'TAM', 0, 1),
(85, 145, 0, 'Tlaxcala', 'TLA', 0, 1),
(86, 145, 0, 'Veracruz', 'VER', 0, 1),
(87, 145, 0, 'Yucatán', 'YUC', 0, 1),
(88, 145, 0, 'Zacatecas', 'ZAC', 0, 1),
(89, 4, 0, 'Ontario', 'ON', 0, 1),
(90, 4, 0, 'Quebec', 'QC', 0, 1),
(91, 4, 0, 'British Columbia', 'BC', 0, 1),
(92, 4, 0, 'Alberta', 'AB', 0, 1),
(93, 4, 0, 'Manitoba', 'MB', 0, 1),
(94, 4, 0, 'Saskatchewan', 'SK', 0, 1),
(95, 4, 0, 'Nova Scotia', 'NS', 0, 1),
(96, 4, 0, 'New Brunswick', 'NB', 0, 1),
(97, 4, 0, 'Newfoundland and Labrador', 'NL', 0, 1),
(98, 4, 0, 'Prince Edward Island', 'PE', 0, 1),
(99, 4, 0, 'Northwest Territories', 'NT', 0, 1),
(100, 4, 0, 'Yukon', 'YT', 0, 1),
(101, 4, 0, 'Nunavut', 'NU', 0, 1),
(102, 44, 9, 'Buenos Aires', 'B', 0, 1),
(103, 44, 10, 'Catamarca', 'K', 0, 1),
(104, 44, 11, 'Chaco', 'H', 0, 1),
(105, 44, 12, 'Chubut', 'U', 0, 1),
(106, 44, 13, 'Ciudad de Buenos Aires', 'C', 0, 1),
(107, 44, 14, 'Córdoba', 'X', 0, 1),
(108, 44, 15, 'Corrientes', 'W', 0, 1),
(109, 44, 16, 'Entre Ríos', 'E', 0, 1),
(110, 44, 17, 'Formosa', 'P', 0, 1),
(111, 44, 18, 'Jujuy', 'Y', 0, 1),
(112, 44, 19, 'La Pampa', 'L', 0, 1),
(113, 44, 20, 'La Rioja', 'F', 0, 1),
(114, 44, 21, 'Mendoza', 'M', 0, 1),
(115, 44, 22, 'Misiones', 'N', 0, 1),
(116, 44, 23, 'Neuquén', 'Q', 0, 1),
(117, 44, 24, 'Río Negro', 'R', 0, 1),
(118, 44, 25, 'Salta', 'A', 0, 1),
(119, 44, 26, 'San Juan', 'J', 0, 1),
(120, 44, 27, 'San Luis', 'D', 0, 1),
(121, 44, 28, 'Santa Cruz', 'Z', 0, 1),
(122, 44, 29, 'Santa Fe', 'S', 0, 1),
(123, 44, 30, 'Santiago del Estero', 'G', 0, 1),
(124, 44, 31, 'Tierra del Fuego', 'V', 0, 1),
(125, 44, 32, 'Tucumán', 'T', 0, 1),
(126, 10, 0, 'Agrigento', 'AG', 0, 1),
(127, 10, 0, 'Alessandria', 'AL', 0, 1),
(128, 10, 0, 'Ancona', 'AN', 0, 1),
(129, 10, 0, 'Aosta', 'AO', 0, 1),
(130, 10, 0, 'Arezzo', 'AR', 0, 1),
(131, 10, 0, 'Ascoli Piceno', 'AP', 0, 1),
(132, 10, 0, 'Asti', 'AT', 0, 1),
(133, 10, 0, 'Avellino', 'AV', 0, 1),
(134, 10, 0, 'Bari', 'BA', 0, 1),
(135, 10, 0, 'Barletta-Andria-Trani', 'BT', 0, 1),
(136, 10, 0, 'Belluno', 'BL', 0, 1),
(137, 10, 0, 'Benevento', 'BN', 0, 1),
(138, 10, 0, 'Bergamo', 'BG', 0, 1),
(139, 10, 0, 'Biella', 'BI', 0, 1),
(140, 10, 0, 'Bologna', 'BO', 0, 1),
(141, 10, 0, 'Bolzano', 'BZ', 0, 1),
(142, 10, 0, 'Brescia', 'BS', 0, 1),
(143, 10, 0, 'Brindisi', 'BR', 0, 1),
(144, 10, 0, 'Cagliari', 'CA', 0, 1),
(145, 10, 0, 'Caltanissetta', 'CL', 0, 1),
(146, 10, 0, 'Campobasso', 'CB', 0, 1),
(147, 10, 0, 'Carbonia-Iglesias', 'CI', 0, 1),
(148, 10, 0, 'Caserta', 'CE', 0, 1),
(149, 10, 0, 'Catania', 'CT', 0, 1),
(150, 10, 0, 'Catanzaro', 'CZ', 0, 1),
(151, 10, 0, 'Chieti', 'CH', 0, 1),
(152, 10, 0, 'Como', 'CO', 0, 1),
(153, 10, 0, 'Cosenza', 'CS', 0, 1),
(154, 10, 0, 'Cremona', 'CR', 0, 1),
(155, 10, 0, 'Crotone', 'KR', 0, 1),
(156, 10, 0, 'Cuneo', 'CN', 0, 1),
(157, 10, 0, 'Enna', 'EN', 0, 1),
(158, 10, 0, 'Fermo', 'FM', 0, 1),
(159, 10, 0, 'Ferrara', 'FE', 0, 1),
(160, 10, 0, 'Firenze', 'FI', 0, 1),
(161, 10, 0, 'Foggia', 'FG', 0, 1),
(162, 10, 0, 'Forlì-Cesena', 'FC', 0, 1),
(163, 10, 0, 'Frosinone', 'FR', 0, 1),
(164, 10, 0, 'Genova', 'GE', 0, 1),
(165, 10, 0, 'Gorizia', 'GO', 0, 1),
(166, 10, 0, 'Grosseto', 'GR', 0, 1),
(167, 10, 0, 'Imperia', 'IM', 0, 1),
(168, 10, 0, 'Isernia', 'IS', 0, 1),
(169, 10, 0, 'L\'Aquila', 'AQ', 0, 1),
(170, 10, 0, 'La Spezia', 'SP', 0, 1),
(171, 10, 0, 'Latina', 'LT', 0, 1),
(172, 10, 0, 'Lecce', 'LE', 0, 1),
(173, 10, 0, 'Lecco', 'LC', 0, 1),
(174, 10, 0, 'Livorno', 'LI', 0, 1),
(175, 10, 0, 'Lodi', 'LO', 0, 1),
(176, 10, 0, 'Lucca', 'LU', 0, 1),
(177, 10, 0, 'Macerata', 'MC', 0, 1),
(178, 10, 0, 'Mantova', 'MN', 0, 1),
(179, 10, 0, 'Massa', 'MS', 0, 1),
(180, 10, 0, 'Matera', 'MT', 0, 1),
(181, 10, 0, 'Medio Campidano', 'VS', 0, 1),
(182, 10, 0, 'Messina', 'ME', 0, 1),
(183, 10, 0, 'Milano', 'MI', 0, 1),
(184, 10, 0, 'Modena', 'MO', 0, 1),
(185, 10, 0, 'Monza e della Brianza', 'MB', 0, 1),
(186, 10, 0, 'Napoli', 'NA', 0, 1),
(187, 10, 0, 'Novara', 'NO', 0, 1),
(188, 10, 0, 'Nuoro', 'NU', 0, 1),
(189, 10, 0, 'Ogliastra', 'OG', 0, 1),
(190, 10, 0, 'Olbia-Tempio', 'OT', 0, 1),
(191, 10, 0, 'Oristano', 'OR', 0, 1),
(192, 10, 0, 'Padova', 'PD', 0, 1),
(193, 10, 0, 'Palermo', 'PA', 0, 1),
(194, 10, 0, 'Parma', 'PR', 0, 1),
(195, 10, 0, 'Pavia', 'PV', 0, 1),
(196, 10, 0, 'Perugia', 'PG', 0, 1),
(197, 10, 0, 'Pesaro-Urbino', 'PU', 0, 1),
(198, 10, 0, 'Pescara', 'PE', 0, 1),
(199, 10, 0, 'Piacenza', 'PC', 0, 1),
(200, 10, 0, 'Pisa', 'PI', 0, 1),
(201, 10, 0, 'Pistoia', 'PT', 0, 1),
(202, 10, 0, 'Pordenone', 'PN', 0, 1),
(203, 10, 0, 'Potenza', 'PZ', 0, 1),
(204, 10, 0, 'Prato', 'PO', 0, 1),
(205, 10, 0, 'Ragusa', 'RG', 0, 1),
(206, 10, 0, 'Ravenna', 'RA', 0, 1),
(207, 10, 0, 'Reggio Calabria', 'RC', 0, 1),
(208, 10, 0, 'Reggio Emilia', 'RE', 0, 1),
(209, 10, 0, 'Rieti', 'RI', 0, 1),
(210, 10, 0, 'Rimini', 'RN', 0, 1),
(211, 10, 0, 'Roma', 'RM', 0, 1),
(212, 10, 0, 'Rovigo', 'RO', 0, 1),
(213, 10, 0, 'Salerno', 'SA', 0, 1),
(214, 10, 0, 'Sassari', 'SS', 0, 1),
(215, 10, 0, 'Savona', 'SV', 0, 1),
(216, 10, 0, 'Siena', 'SI', 0, 1),
(217, 10, 0, 'Siracusa', 'SR', 0, 1),
(218, 10, 0, 'Sondrio', 'SO', 0, 1),
(219, 10, 0, 'Taranto', 'TA', 0, 1),
(220, 10, 0, 'Teramo', 'TE', 0, 1),
(221, 10, 0, 'Terni', 'TR', 0, 1),
(222, 10, 0, 'Torino', 'TO', 0, 1),
(223, 10, 0, 'Trapani', 'TP', 0, 1),
(224, 10, 0, 'Trento', 'TN', 0, 1),
(225, 10, 0, 'Treviso', 'TV', 0, 1),
(226, 10, 0, 'Trieste', 'TS', 0, 1),
(227, 10, 0, 'Udine', 'UD', 0, 1),
(228, 10, 0, 'Varese', 'VA', 0, 1),
(229, 10, 0, 'Venezia', 'VE', 0, 1),
(230, 10, 0, 'Verbano-Cusio-Ossola', 'VB', 0, 1),
(231, 10, 0, 'Vercelli', 'VC', 0, 1),
(232, 10, 0, 'Verona', 'VR', 0, 1),
(233, 10, 0, 'Vibo Valentia', 'VV', 0, 1),
(234, 10, 0, 'Vicenza', 'VI', 0, 1),
(235, 10, 0, 'Viterbo', 'VT', 0, 1),
(236, 111, 0, 'Aceh', 'ID-AC', 0, 1),
(237, 111, 0, 'Bali', 'ID-BA', 0, 1),
(238, 111, 0, 'Banten', 'ID-BT', 0, 1),
(239, 111, 0, 'Bengkulu', 'ID-BE', 0, 1),
(240, 111, 0, 'Gorontalo', 'ID-GO', 0, 1),
(241, 111, 0, 'Jakarta', 'ID-JK', 0, 1),
(242, 111, 0, 'Jambi', 'ID-JA', 0, 1),
(243, 111, 0, 'Jawa Barat', 'ID-JB', 0, 1),
(244, 111, 0, 'Jawa Tengah', 'ID-JT', 0, 1),
(245, 111, 0, 'Jawa Timur', 'ID-JI', 0, 1),
(246, 111, 0, 'Kalimantan Barat', 'ID-KB', 0, 1),
(247, 111, 0, 'Kalimantan Selatan', 'ID-KS', 0, 1),
(248, 111, 0, 'Kalimantan Tengah', 'ID-KT', 0, 1),
(249, 111, 0, 'Kalimantan Timur', 'ID-KI', 0, 1),
(250, 111, 0, 'Kalimantan Utara', 'ID-KU', 0, 1),
(251, 111, 0, 'Kepulauan Bangka Belitug', 'ID-BB', 0, 1),
(252, 111, 0, 'Kepulauan Riau', 'ID-KR', 0, 1),
(253, 111, 0, 'Lampung', 'ID-LA', 0, 1),
(254, 111, 0, 'Maluku', 'ID-MA', 0, 1),
(255, 111, 0, 'Maluku Utara', 'ID-MU', 0, 1),
(256, 111, 0, 'Nusa Tengara Barat', 'ID-NB', 0, 1),
(257, 111, 0, 'Nusa Tenggara Timur', 'ID-NT', 0, 1),
(258, 111, 0, 'Papua', 'ID-PA', 0, 1),
(259, 111, 0, 'Papua Barat', 'ID-PB', 0, 1),
(260, 111, 0, 'Riau', 'ID-RI', 0, 1),
(261, 111, 0, 'Sulawesi Barat', 'ID-SR', 0, 1),
(262, 111, 0, 'Sulawesi Selatan', 'ID-SN', 0, 1),
(263, 111, 0, 'Sulawesi Tengah', 'ID-ST', 0, 1),
(264, 111, 0, 'Sulawesi Tenggara', 'ID-SG', 0, 1),
(265, 111, 0, 'Sulawesi Utara', 'ID-SA', 0, 1),
(266, 111, 0, 'Sumatera Barat', 'ID-SB', 0, 1),
(267, 111, 0, 'Sumatera Selatan', 'ID-SS', 0, 1),
(268, 111, 0, 'Sumatera Utara', 'ID-SU', 0, 1),
(269, 111, 0, 'Yogyakarta', 'ID-YO', 0, 1),
(270, 11, 0, 'Aichi', '23', 0, 1),
(271, 11, 0, 'Akita', '05', 0, 1),
(272, 11, 0, 'Aomori', '02', 0, 1),
(273, 11, 0, 'Chiba', '12', 0, 1),
(274, 11, 0, 'Ehime', '38', 0, 1),
(275, 11, 0, 'Fukui', '18', 0, 1),
(276, 11, 0, 'Fukuoka', '40', 0, 1),
(277, 11, 0, 'Fukushima', '07', 0, 1),
(278, 11, 0, 'Gifu', '21', 0, 1),
(279, 11, 0, 'Gunma', '10', 0, 1),
(280, 11, 0, 'Hiroshima', '34', 0, 1),
(281, 11, 0, 'Hokkaido', '01', 0, 1),
(282, 11, 0, 'Hyogo', '28', 0, 1),
(283, 11, 0, 'Ibaraki', '08', 0, 1),
(284, 11, 0, 'Ishikawa', '17', 0, 1),
(285, 11, 0, 'Iwate', '03', 0, 1),
(286, 11, 0, 'Kagawa', '37', 0, 1),
(287, 11, 0, 'Kagoshima', '46', 0, 1),
(288, 11, 0, 'Kanagawa', '14', 0, 1),
(289, 11, 0, 'Kochi', '39', 0, 1),
(290, 11, 0, 'Kumamoto', '43', 0, 1),
(291, 11, 0, 'Kyoto', '26', 0, 1),
(292, 11, 0, 'Mie', '24', 0, 1),
(293, 11, 0, 'Miyagi', '04', 0, 1),
(294, 11, 0, 'Miyazaki', '45', 0, 1),
(295, 11, 0, 'Nagano', '20', 0, 1),
(296, 11, 0, 'Nagasaki', '42', 0, 1),
(297, 11, 0, 'Nara', '29', 0, 1),
(298, 11, 0, 'Niigata', '15', 0, 1),
(299, 11, 0, 'Oita', '44', 0, 1),
(300, 11, 0, 'Okayama', '33', 0, 1),
(301, 11, 0, 'Okinawa', '47', 0, 1),
(302, 11, 0, 'Osaka', '27', 0, 1),
(303, 11, 0, 'Saga', '41', 0, 1),
(304, 11, 0, 'Saitama', '11', 0, 1),
(305, 11, 0, 'Shiga', '25', 0, 1),
(306, 11, 0, 'Shimane', '32', 0, 1),
(307, 11, 0, 'Shizuoka', '22', 0, 1),
(308, 11, 0, 'Tochigi', '09', 0, 1),
(309, 11, 0, 'Tokushima', '36', 0, 1),
(310, 11, 0, 'Tokyo', '13', 0, 1),
(311, 11, 0, 'Tottori', '31', 0, 1),
(312, 11, 0, 'Toyama', '16', 0, 1),
(313, 11, 0, 'Wakayama', '30', 0, 1),
(314, 11, 0, 'Yamagata', '06', 0, 1),
(315, 11, 0, 'Yamaguchi', '35', 0, 1),
(316, 11, 0, 'Yamanashi', '19', 0, 1),
(317, 24, 0, 'Australian Capital Territory', 'ACT', 0, 1),
(318, 24, 0, 'New South Wales', 'NSW', 0, 1),
(319, 24, 0, 'Northern Territory', 'NT', 0, 1),
(320, 24, 0, 'Queensland', 'QLD', 0, 1),
(321, 24, 0, 'South Australia', 'SA', 0, 1),
(322, 24, 0, 'Tasmania', 'TAS', 0, 1),
(323, 24, 0, 'Victoria', 'VIC', 0, 1),
(324, 24, 0, 'Western Australia', 'WA', 0, 1),
(325, 6, 0, 'A Coruña', 'ES-C', 0, 1),
(326, 6, 0, 'Álava', 'ES-VI', 0, 1),
(327, 6, 0, 'Albacete', 'ES-AB', 0, 1),
(328, 6, 0, 'Alacant', 'ES-A', 0, 1),
(329, 6, 0, 'Almería', 'ES-AL', 0, 1),
(330, 6, 0, 'Asturias', 'ES-O', 0, 1),
(331, 6, 0, 'Ávila', 'ES-AV', 0, 1),
(332, 6, 0, 'Badajoz', 'ES-BA', 0, 1),
(333, 6, 0, 'Balears', 'ES-PM', 0, 1),
(334, 6, 0, 'Barcelona', 'ES-B', 0, 1),
(335, 6, 0, 'Burgos', 'ES-BU', 0, 1),
(336, 6, 0, 'Cáceres', 'ES-CC', 0, 1),
(337, 6, 0, 'Cádiz', 'ES-CA', 0, 1),
(338, 6, 0, 'Cantabria', 'ES-S', 0, 1),
(339, 6, 0, 'Castelló', 'ES-CS', 0, 1),
(340, 6, 0, 'Ciudad Real', 'ES-CR', 0, 1),
(341, 6, 0, 'Córdoba', 'ES-CO', 0, 1),
(342, 6, 0, 'Cuenca', 'ES-CU', 0, 1),
(343, 6, 0, 'Girona', 'ES-GI', 0, 1),
(344, 6, 0, 'Granada', 'ES-GR', 0, 1),
(345, 6, 0, 'Guadalajara', 'ES-GU', 0, 1),
(346, 6, 0, 'Gipuzkoa', 'ES-SS', 0, 1),
(347, 6, 0, 'Huelva', 'ES-H', 0, 1),
(348, 6, 0, 'Huesca', 'ES-HU', 0, 1),
(349, 6, 0, 'Jaén', 'ES-J', 0, 1),
(350, 6, 0, 'La Rioja', 'ES-LO', 0, 1),
(351, 6, 0, 'Las Palmas', 'ES-GC', 0, 1),
(352, 6, 0, 'León', 'ES-LE', 0, 1),
(353, 6, 0, 'Lleida', 'ES-L', 0, 1),
(354, 6, 0, 'Lugo', 'ES-LU', 0, 1),
(355, 6, 0, 'Madrid', 'ES-M', 0, 1),
(356, 6, 0, 'Málaga', 'ES-MA', 0, 1),
(357, 6, 0, 'Murcia', 'ES-MU', 0, 1),
(358, 6, 0, 'Nafarroa', 'ES-NA', 0, 1),
(359, 6, 0, 'Ourense', 'ES-OR', 0, 1),
(360, 6, 0, 'Palencia', 'ES-P', 0, 1),
(361, 6, 0, 'Pontevedra', 'ES-PO', 0, 1),
(362, 6, 0, 'Salamanca', 'ES-SA', 0, 1),
(363, 6, 0, 'Santa Cruz de Tenerife', 'ES-TF', 0, 1),
(364, 6, 0, 'Segovia', 'ES-SG', 0, 1),
(365, 6, 0, 'Sevilla', 'ES-SE', 0, 1),
(366, 6, 0, 'Soria', 'ES-SO', 0, 1),
(367, 6, 0, 'Tarragona', 'ES-T', 0, 1),
(368, 6, 0, 'Teruel', 'ES-TE', 0, 1),
(369, 6, 0, 'Toledo', 'ES-TO', 0, 1),
(370, 6, 0, 'València', 'ES-V', 0, 1),
(371, 6, 0, 'Valladolid', 'ES-VA', 0, 1),
(372, 6, 0, 'Bizkaia', 'ES-BI', 0, 1),
(373, 6, 0, 'Zamora', 'ES-ZA', 0, 1),
(374, 6, 0, 'Zaragoza', 'ES-Z', 0, 1),
(375, 6, 0, ' Ceuta', 'ES-CE', 0, 1),
(376, 6, 0, ' Melilla', 'ES-ML', 0, 1);

-- --------------------------------------------------------

--
-- Estructura de tabla para la tabla `pr_statssearch`
--

CREATE TABLE `pr_statssearch` (
  `id_statssearch` int UNSIGNED NOT NULL,
  `id_shop` int UNSIGNED NOT NULL DEFAULT '1',
  `id_shop_group` int UNSIGNED NOT NULL DEFAULT '1',
  `keywords` varchar(255) CHARACTER SET utf8mb4 COLLATE utf8mb4_general_ci NOT NULL,
  `results` int NOT NULL DEFAULT '0',
  `date_add` datetime NOT NULL
) ENGINE=InnoDB DEFAULT CHARSET=utf8;

--
-- Volcado de datos para la tabla `pr_statssearch`
--

INSERT INTO `pr_statssearch` (`id_statssearch`, `id_shop`, `id_shop_group`, `keywords`, `results`, `date_add`) VALUES
(1, 1, 1, 'h', 0, '2020-03-10 11:59:03'),
(2, 1, 1, 'hos', 1, '2020-03-10 11:59:04'),
(3, 1, 1, 'hos', 1, '2020-03-10 11:59:04');

-- --------------------------------------------------------

--
-- Estructura de tabla para la tabla `pr_stock`
--

CREATE TABLE `pr_stock` (
  `id_stock` int UNSIGNED NOT NULL,
  `id_warehouse` int UNSIGNED NOT NULL,
  `id_product` int UNSIGNED NOT NULL,
  `id_product_attribute` int UNSIGNED NOT NULL,
  `reference` varchar(64) CHARACTER SET utf8mb4 COLLATE utf8mb4_general_ci NOT NULL,
  `ean13` varchar(13) CHARACTER SET utf8mb4 COLLATE utf8mb4_general_ci DEFAULT NULL,
  `isbn` varchar(32) CHARACTER SET utf8mb4 COLLATE utf8mb4_general_ci DEFAULT NULL,
  `upc` varchar(12) CHARACTER SET utf8mb4 COLLATE utf8mb4_general_ci DEFAULT NULL,
  `mpn` varchar(40) CHARACTER SET utf8mb4 COLLATE utf8mb4_general_ci DEFAULT NULL,
  `physical_quantity` int UNSIGNED NOT NULL,
  `usable_quantity` int UNSIGNED NOT NULL,
  `price_te` decimal(20,6) DEFAULT '0.000000'
) ENGINE=InnoDB DEFAULT CHARSET=utf8mb4 COLLATE=utf8mb4_general_ci;

-- --------------------------------------------------------

--
-- Estructura de tabla para la tabla `pr_stock_available`
--

CREATE TABLE `pr_stock_available` (
  `id_stock_available` int UNSIGNED NOT NULL,
  `id_product` int UNSIGNED NOT NULL,
  `id_product_attribute` int UNSIGNED NOT NULL,
  `id_shop` int UNSIGNED NOT NULL,
  `id_shop_group` int UNSIGNED NOT NULL,
  `quantity` int NOT NULL DEFAULT '0',
  `physical_quantity` int NOT NULL DEFAULT '0',
  `reserved_quantity` int NOT NULL DEFAULT '0',
  `depends_on_stock` tinyint UNSIGNED NOT NULL DEFAULT '0',
  `out_of_stock` tinyint UNSIGNED NOT NULL DEFAULT '0',
  `location` varchar(255) CHARACTER SET utf8mb4 COLLATE utf8mb4_general_ci NOT NULL DEFAULT ''
) ENGINE=InnoDB DEFAULT CHARSET=utf8mb4 COLLATE=utf8mb4_general_ci;

--
-- Volcado de datos para la tabla `pr_stock_available`
--

INSERT INTO `pr_stock_available` (`id_stock_available`, `id_product`, `id_product_attribute`, `id_shop`, `id_shop_group`, `quantity`, `physical_quantity`, `reserved_quantity`, `depends_on_stock`, `out_of_stock`, `location`) VALUES
(59, 18, 0, 1, 0, 0, 0, 0, 0, 0, ''),
(60, 17, 0, 1, 0, 0, 0, 0, 0, 0, ''),
(61, 16, 0, 1, 0, 0, 0, 0, 0, 0, ''),
(62, 11, 0, 1, 0, 0, 0, 0, 0, 0, ''),
(63, 10, 0, 1, 0, 0, 0, 0, 0, 0, ''),
(64, 9, 0, 1, 0, 0, 0, 0, 0, 0, ''),
(65, 5, 0, 1, 0, 0, 0, 0, 0, 0, ''),
(66, 4, 0, 1, 0, 0, 0, 0, 0, 0, ''),
(67, 3, 0, 1, 0, 0, 0, 0, 0, 0, ''),
(68, 2, 0, 1, 0, 0, 0, 0, 0, 0, ''),
(69, 1, 0, 1, 0, 0, 0, 0, 0, 0, ''),
(178, 59, 0, 1, 0, 0, 0, 0, 0, 0, ''),
(183, 55, 0, 1, 0, 0, 0, 0, 0, 0, ''),
(188, 70, 0, 1, 0, 0, 0, 0, 0, 0, ''),
(189, 65, 0, 1, 0, 0, 0, 0, 0, 0, ''),
(190, 63, 0, 1, 0, 0, 0, 0, 0, 0, ''),
(191, 62, 0, 1, 0, 0, 0, 0, 0, 0, ''),
(192, 61, 0, 1, 0, 0, 0, 0, 0, 0, ''),
(193, 66, 0, 1, 0, 0, 0, 0, 0, 0, ''),
(194, 60, 0, 1, 0, 0, 0, 0, 0, 0, '');

-- --------------------------------------------------------

--
-- Estructura de tabla para la tabla `pr_stock_mvt`
--

CREATE TABLE `pr_stock_mvt` (
  `id_stock_mvt` bigint NOT NULL,
  `id_stock` int NOT NULL,
  `id_order` int DEFAULT NULL,
  `id_supply_order` int DEFAULT NULL,
  `id_stock_mvt_reason` int NOT NULL,
  `id_employee` int NOT NULL,
  `employee_lastname` varchar(32) CHARACTER SET utf8mb4 COLLATE utf8mb4_general_ci DEFAULT NULL,
  `employee_firstname` varchar(32) CHARACTER SET utf8mb4 COLLATE utf8mb4_general_ci DEFAULT NULL,
  `physical_quantity` int NOT NULL,
  `date_add` datetime NOT NULL,
  `sign` smallint NOT NULL DEFAULT '1',
  `price_te` decimal(20,6) DEFAULT '0.000000',
  `last_wa` decimal(20,6) DEFAULT '0.000000',
  `current_wa` decimal(20,6) DEFAULT '0.000000',
  `referer` bigint DEFAULT NULL
) ENGINE=InnoDB DEFAULT CHARSET=utf8mb4 COLLATE=utf8mb4_general_ci;

--
-- Volcado de datos para la tabla `pr_stock_mvt`
--

INSERT INTO `pr_stock_mvt` (`id_stock_mvt`, `id_stock`, `id_order`, `id_supply_order`, `id_stock_mvt_reason`, `id_employee`, `employee_lastname`, `employee_firstname`, `physical_quantity`, `date_add`, `sign`, `price_te`, `last_wa`, `current_wa`, `referer`) VALUES
(1, 71, NULL, NULL, 11, 1, 'Owner', 'Site', 1, '2020-03-10 11:57:16', 1, 0.000000, 0.000000, 0.000000, NULL),
(2, 72, NULL, NULL, 11, 1, 'Owner', 'Site', 3, '2020-03-10 12:15:15', 1, 0.000000, 0.000000, 0.000000, NULL),
(3, 72, NULL, NULL, 11, 1, 'Owner', 'Site', 1, '2020-03-10 12:51:45', -1, 0.000000, 0.000000, 0.000000, NULL),
(4, 79, NULL, NULL, 11, 1, 'Owner', 'Site', 3, '2020-03-10 12:59:09', 1, 0.000000, 0.000000, 0.000000, NULL),
(5, 83, NULL, NULL, 11, 1, 'Owner', 'Site', 1, '2020-03-10 13:12:54', 1, 0.000000, 0.000000, 0.000000, NULL),
(6, 85, NULL, NULL, 11, 1, 'Owner', 'Site', 1, '2020-03-10 13:43:49', 1, 0.000000, 0.000000, 0.000000, NULL),
(7, 86, NULL, NULL, 11, 1, 'Owner', 'Site', 1, '2020-03-10 13:46:34', 1, 0.000000, 0.000000, 0.000000, NULL),
(8, 88, NULL, NULL, 11, 1, 'Owner', 'Site', 1, '2020-03-10 14:03:57', 1, 0.000000, 0.000000, 0.000000, NULL),
(9, 89, NULL, NULL, 11, 1, 'Owner', 'Site', 1, '2020-03-10 14:06:52', 1, 0.000000, 0.000000, 0.000000, NULL),
(10, 80, NULL, NULL, 11, 1, 'Owner', 'Site', 1, '2020-03-10 14:11:45', 1, 0.000000, 0.000000, 0.000000, NULL),
(11, 85, NULL, NULL, 11, 1, 'Owner', 'Site', 1, '2020-03-10 16:43:17', 1, 0.000000, 0.000000, 0.000000, NULL),
(12, 78, NULL, NULL, 11, 1, 'Owner', 'Site', 2, '2020-03-11 14:17:45', 1, 0.000000, 0.000000, 0.000000, NULL),
(13, 77, NULL, NULL, 11, 1, 'Owner', 'Site', 2, '2020-03-11 14:17:46', 1, 0.000000, 0.000000, 0.000000, NULL),
(14, 80, NULL, NULL, 11, 1, 'Owner', 'Site', 2, '2020-03-11 14:17:48', 1, 0.000000, 0.000000, 0.000000, NULL),
(15, 81, NULL, NULL, 11, 1, 'Owner', 'Site', 2, '2020-03-11 14:17:50', 1, 0.000000, 0.000000, 0.000000, NULL),
(16, 82, NULL, NULL, 11, 1, 'Owner', 'Site', 2, '2020-03-11 14:17:51', 1, 0.000000, 0.000000, 0.000000, NULL),
(17, 82, NULL, NULL, 11, 1, 'Owner', 'Site', 2, '2020-03-11 14:17:55', 1, 0.000000, 0.000000, 0.000000, NULL),
(18, 83, NULL, NULL, 11, 1, 'Owner', 'Site', 2, '2020-03-11 14:17:57', 1, 0.000000, 0.000000, 0.000000, NULL),
(19, 85, NULL, NULL, 11, 1, 'Owner', 'Site', 2, '2020-03-11 14:17:58', 1, 0.000000, 0.000000, 0.000000, NULL),
(20, 86, NULL, NULL, 11, 1, 'Owner', 'Site', 2, '2020-03-11 14:18:01', 1, 0.000000, 0.000000, 0.000000, NULL),
(21, 88, NULL, NULL, 11, 1, 'Owner', 'Site', 2, '2020-03-11 14:18:02', 1, 0.000000, 0.000000, 0.000000, NULL),
(22, 89, NULL, NULL, 11, 1, 'Owner', 'Site', 2, '2020-03-11 14:18:04', 1, 0.000000, 0.000000, 0.000000, NULL),
(23, 92, NULL, NULL, 11, 1, 'Owner', 'Site', 1, '2020-03-30 14:37:42', 1, 0.000000, 0.000000, 0.000000, NULL),
(24, 95, NULL, NULL, 11, 1, 'Owner', 'Site', 3, '2020-03-30 14:45:07', 1, 0.000000, 0.000000, 0.000000, NULL),
(25, 96, NULL, NULL, 11, 1, 'Owner', 'Site', 11, '2020-03-30 17:10:03', 1, 0.000000, 0.000000, 0.000000, NULL),
(26, 100, NULL, NULL, 11, 1, 'Owner', 'Site', 1, '2020-03-30 17:15:23', 1, 0.000000, 0.000000, 0.000000, NULL),
(27, 101, NULL, NULL, 11, 1, 'Owner', 'Site', 3, '2020-04-01 10:24:00', 1, 0.000000, 0.000000, 0.000000, NULL),
(28, 102, NULL, NULL, 11, 1, 'Owner', 'Site', 3, '2020-04-01 15:50:59', 1, 0.000000, 0.000000, 0.000000, NULL),
(29, 105, NULL, NULL, 11, 1, 'Owner', 'Site', 3, '2020-04-01 15:53:23', 1, 0.000000, 0.000000, 0.000000, NULL),
(30, 114, NULL, NULL, 11, 1, 'Owner', 'Site', 3, '2020-04-10 22:09:41', 1, 0.000000, 0.000000, 0.000000, NULL),
(31, 115, NULL, NULL, 11, 1, 'Owner', 'Site', 2, '2020-04-10 22:09:42', 1, 0.000000, 0.000000, 0.000000, NULL),
(32, 116, NULL, NULL, 11, 1, 'Owner', 'Site', 4, '2020-04-10 22:09:42', 1, 0.000000, 0.000000, 0.000000, NULL),
(33, 117, NULL, NULL, 11, 1, 'Owner', 'Site', 3, '2020-04-10 22:09:42', 1, 0.000000, 0.000000, 0.000000, NULL),
(34, 119, NULL, NULL, 11, 1, 'Owner', 'Site', 3, '2020-04-10 22:09:43', 1, 0.000000, 0.000000, 0.000000, NULL),
(35, 118, NULL, NULL, 11, 1, 'Owner', 'Site', 3, '2020-04-10 22:09:43', 1, 0.000000, 0.000000, 0.000000, NULL),
(36, 120, NULL, NULL, 11, 1, 'Owner', 'Site', 3, '2020-04-10 22:09:43', 1, 0.000000, 0.000000, 0.000000, NULL),
(37, 157, NULL, NULL, 11, 1, 'Owner', 'Site', 10, '2020-04-13 11:40:33', 1, 0.000000, 0.000000, 0.000000, NULL),
(38, 163, NULL, NULL, 11, 1, 'Owner', 'Site', 3, '2020-04-13 11:41:27', 1, 0.000000, 0.000000, 0.000000, NULL),
(39, 164, NULL, NULL, 11, 1, 'Owner', 'Site', 3, '2020-04-13 11:41:27', 1, 0.000000, 0.000000, 0.000000, NULL),
(40, 162, NULL, NULL, 11, 1, 'Owner', 'Site', 3, '2020-04-13 11:41:27', 1, 0.000000, 0.000000, 0.000000, NULL),
(41, 165, NULL, NULL, 11, 1, 'Owner', 'Site', 3, '2020-04-13 11:41:27', 1, 0.000000, 0.000000, 0.000000, NULL),
(42, 168, NULL, NULL, 11, 1, 'Owner', 'Site', 12, '2020-04-14 10:56:40', 1, 0.000000, 0.000000, 0.000000, NULL),
(43, 167, NULL, NULL, 11, 1, 'Owner', 'Site', 7, '2020-04-14 10:56:54', 1, 0.000000, 0.000000, 0.000000, NULL),
(44, 113, NULL, NULL, 11, 1, 'Owner', 'Site', 7, '2020-04-14 10:57:52', 1, 0.000000, 0.000000, 0.000000, NULL),
(45, 169, NULL, NULL, 11, 1, 'Owner', 'Site', 3, '2020-04-14 10:58:41', 1, 0.000000, 0.000000, 0.000000, NULL),
(46, 170, NULL, NULL, 11, 1, 'Owner', 'Site', 3, '2020-04-14 10:58:41', 1, 0.000000, 0.000000, 0.000000, NULL),
(47, 171, NULL, NULL, 11, 1, 'Owner', 'Site', 2, '2020-04-14 10:58:41', 1, 0.000000, 0.000000, 0.000000, NULL),
(48, 172, NULL, NULL, 11, 1, 'Owner', 'Site', 2, '2020-04-14 10:58:41', 1, 0.000000, 0.000000, 0.000000, NULL),
(49, 125, NULL, NULL, 11, 1, 'Owner', 'Site', 3, '2020-04-14 11:07:35', 1, 0.000000, 0.000000, 0.000000, NULL),
(50, 126, NULL, NULL, 11, 1, 'Owner', 'Site', 4, '2020-04-14 11:07:35', 1, 0.000000, 0.000000, 0.000000, NULL),
(51, 127, NULL, NULL, 11, 1, 'Owner', 'Site', 2, '2020-04-14 11:07:35', 1, 0.000000, 0.000000, 0.000000, NULL),
(52, 128, NULL, NULL, 11, 1, 'Owner', 'Site', 2, '2020-04-14 11:07:35', 1, 0.000000, 0.000000, 0.000000, NULL),
(53, 129, NULL, NULL, 11, 1, 'Owner', 'Site', 2, '2020-04-14 11:07:56', 1, 0.000000, 0.000000, 0.000000, NULL),
(54, 130, NULL, NULL, 11, 1, 'Owner', 'Site', 2, '2020-04-14 11:07:56', 1, 0.000000, 0.000000, 0.000000, NULL),
(55, 131, NULL, NULL, 11, 1, 'Owner', 'Site', 3, '2020-04-14 11:07:56', 1, 0.000000, 0.000000, 0.000000, NULL),
(56, 132, NULL, NULL, 11, 1, 'Owner', 'Site', 2, '2020-04-14 11:07:56', 1, 0.000000, 0.000000, 0.000000, NULL),
(57, 133, NULL, NULL, 11, 1, 'Owner', 'Site', 11, '2020-04-14 11:08:21', 1, 0.000000, 0.000000, 0.000000, NULL),
(58, 134, NULL, NULL, 11, 1, 'Owner', 'Site', 8, '2020-04-14 11:08:21', 1, 0.000000, 0.000000, 0.000000, NULL),
(59, 135, NULL, NULL, 11, 1, 'Owner', 'Site', 9, '2020-04-14 11:08:21', 1, 0.000000, 0.000000, 0.000000, NULL),
(60, 136, NULL, NULL, 11, 1, 'Owner', 'Site', 7, '2020-04-14 11:08:21', 1, 0.000000, 0.000000, 0.000000, NULL),
(61, 174, NULL, NULL, 11, 1, 'Owner', 'Site', 9, '2020-04-14 11:43:02', 1, 0.000000, 0.000000, 0.000000, NULL),
(62, 175, NULL, NULL, 11, 1, 'Owner', 'Site', 8, '2020-04-14 11:43:02', 1, 0.000000, 0.000000, 0.000000, NULL),
(63, 176, NULL, NULL, 11, 1, 'Owner', 'Site', 9, '2020-04-14 11:43:02', 1, 0.000000, 0.000000, 0.000000, NULL),
(64, 177, NULL, NULL, 11, 1, 'Owner', 'Site', 5, '2020-04-14 11:43:02', 1, 0.000000, 0.000000, 0.000000, NULL),
(65, 144, NULL, NULL, 11, 1, 'Owner', 'Site', 11, '2020-05-04 10:17:46', 1, 0.000000, 0.000000, 0.000000, NULL),
(66, 185, NULL, NULL, 11, 1, 'Owner', 'Site', 3, '2020-05-05 09:42:46', 1, 0.000000, 0.000000, 0.000000, NULL),
(67, 184, NULL, NULL, 11, 1, 'Owner', 'Site', 5, '2020-05-05 09:42:46', 1, 0.000000, 0.000000, 0.000000, NULL),
(68, 186, NULL, NULL, 11, 1, 'Owner', 'Site', 2, '2020-05-05 09:42:46', 1, 0.000000, 0.000000, 0.000000, NULL),
(69, 187, NULL, NULL, 11, 1, 'Owner', 'Site', 3, '2020-05-05 09:42:46', 1, 0.000000, 0.000000, 0.000000, NULL);

-- --------------------------------------------------------

--
-- Estructura de tabla para la tabla `pr_stock_mvt_reason`
--

CREATE TABLE `pr_stock_mvt_reason` (
  `id_stock_mvt_reason` int UNSIGNED NOT NULL,
  `sign` tinyint(1) NOT NULL DEFAULT '1',
  `date_add` datetime NOT NULL,
  `date_upd` datetime NOT NULL,
  `deleted` tinyint UNSIGNED NOT NULL DEFAULT '0'
) ENGINE=InnoDB DEFAULT CHARSET=utf8mb4 COLLATE=utf8mb4_general_ci;

--
-- Volcado de datos para la tabla `pr_stock_mvt_reason`
--

INSERT INTO `pr_stock_mvt_reason` (`id_stock_mvt_reason`, `sign`, `date_add`, `date_upd`, `deleted`) VALUES
(1, 1, '2020-02-12 22:11:48', '2020-02-12 22:11:48', 0),
(2, -1, '2020-02-12 22:11:48', '2020-02-12 22:11:48', 0),
(3, -1, '2020-02-12 22:11:48', '2020-02-12 22:11:48', 0),
(4, -1, '2020-02-12 22:11:48', '2020-02-12 22:11:48', 0),
(5, 1, '2020-02-12 22:11:48', '2020-02-12 22:11:48', 0),
(6, -1, '2020-02-12 22:11:48', '2020-02-12 22:11:48', 0),
(7, 1, '2020-02-12 22:11:48', '2020-02-12 22:11:48', 0),
(8, 1, '2020-02-12 22:11:48', '2020-02-12 22:11:48', 0),
(9, 1, '2020-02-12 22:11:48', '2020-02-12 22:11:48', 0),
(10, 1, '2020-02-12 22:11:48', '2020-02-12 22:11:48', 0),
(11, 1, '2020-02-12 22:11:48', '2020-02-12 22:11:48', 0),
(12, -1, '2020-02-12 22:11:48', '2020-02-12 22:11:48', 0);

-- --------------------------------------------------------

--
-- Estructura de tabla para la tabla `pr_stock_mvt_reason_lang`
--

CREATE TABLE `pr_stock_mvt_reason_lang` (
  `id_stock_mvt_reason` int UNSIGNED NOT NULL,
  `id_lang` int UNSIGNED NOT NULL,
  `name` varchar(255) CHARACTER SET utf8mb4 COLLATE utf8mb4_general_ci NOT NULL
) ENGINE=InnoDB DEFAULT CHARSET=utf8mb4 COLLATE=utf8mb4_general_ci;

--
-- Volcado de datos para la tabla `pr_stock_mvt_reason_lang`
--

INSERT INTO `pr_stock_mvt_reason_lang` (`id_stock_mvt_reason`, `id_lang`, `name`) VALUES
(1, 1, 'Increase'),
(1, 3, 'Aumento'),
(1, 4, 'Incrementar'),
(2, 1, 'Decrease'),
(2, 3, 'Reducción'),
(2, 4, 'Decrementar'),
(3, 1, 'Customer Order'),
(3, 3, 'Pedido del cliente'),
(3, 4, 'Pedido del cliente'),
(4, 1, 'Regulation following an inventory of stock'),
(4, 3, 'Regulation following an inventory of stock'),
(4, 4, 'Regulation following an inventory of stock'),
(5, 1, 'Regulation following an inventory of stock'),
(5, 3, 'Regulation following an inventory of stock'),
(5, 4, 'Regulation following an inventory of stock'),
(6, 1, 'Transfer to another warehouse'),
(6, 3, 'Transferir a otro almacén'),
(6, 4, 'Transferir a otro almacén'),
(7, 1, 'Transfer from another warehouse'),
(7, 3, 'Transferir desde otro almacén'),
(7, 4, 'Transferir desde otro almacén'),
(8, 1, 'Supply Order'),
(8, 3, 'Pedido de suministros'),
(8, 4, 'Pedido de suministros'),
(9, 1, 'Customer Order'),
(9, 3, 'Pedido del cliente'),
(9, 4, 'Pedido del cliente'),
(10, 1, 'Product return'),
(10, 3, 'Devolver producto'),
(10, 4, 'Devolver producto'),
(11, 1, 'Employee Edition'),
(11, 3, 'Employee Edition'),
(11, 4, 'Employee Edition'),
(12, 1, 'Employee Edition'),
(12, 3, 'Employee Edition'),
(12, 4, 'Employee Edition');

-- --------------------------------------------------------

--
-- Estructura de tabla para la tabla `pr_store`
--

CREATE TABLE `pr_store` (
  `id_store` int UNSIGNED NOT NULL,
  `id_country` int UNSIGNED NOT NULL,
  `id_state` int UNSIGNED DEFAULT NULL,
  `city` varchar(64) CHARACTER SET utf8mb4 COLLATE utf8mb4_general_ci NOT NULL,
  `postcode` varchar(12) CHARACTER SET utf8mb4 COLLATE utf8mb4_general_ci NOT NULL,
  `latitude` decimal(13,8) DEFAULT NULL,
  `longitude` decimal(13,8) DEFAULT NULL,
  `phone` varchar(16) CHARACTER SET utf8mb4 COLLATE utf8mb4_general_ci DEFAULT NULL,
  `fax` varchar(16) CHARACTER SET utf8mb4 COLLATE utf8mb4_general_ci DEFAULT NULL,
  `email` varchar(255) CHARACTER SET utf8mb4 COLLATE utf8mb4_general_ci DEFAULT NULL,
  `active` tinyint UNSIGNED NOT NULL DEFAULT '0',
  `date_add` datetime NOT NULL,
  `date_upd` datetime NOT NULL
) ENGINE=InnoDB DEFAULT CHARSET=utf8mb4 COLLATE=utf8mb4_general_ci;

-- --------------------------------------------------------

--
-- Estructura de tabla para la tabla `pr_store_lang`
--

CREATE TABLE `pr_store_lang` (
  `id_store` int UNSIGNED NOT NULL,
  `id_lang` int UNSIGNED NOT NULL,
  `name` varchar(255) CHARACTER SET utf8mb4 COLLATE utf8mb4_general_ci NOT NULL,
  `address1` varchar(255) CHARACTER SET utf8mb4 COLLATE utf8mb4_general_ci NOT NULL,
  `address2` varchar(255) CHARACTER SET utf8mb4 COLLATE utf8mb4_general_ci DEFAULT NULL,
  `hours` mediumtext CHARACTER SET utf8mb4 COLLATE utf8mb4_general_ci,
  `note` mediumtext CHARACTER SET utf8mb4 COLLATE utf8mb4_general_ci
) ENGINE=InnoDB DEFAULT CHARSET=utf8mb4 COLLATE=utf8mb4_general_ci;

-- --------------------------------------------------------

--
-- Estructura de tabla para la tabla `pr_store_shop`
--

CREATE TABLE `pr_store_shop` (
  `id_store` int UNSIGNED NOT NULL,
  `id_shop` int UNSIGNED NOT NULL
) ENGINE=InnoDB DEFAULT CHARSET=utf8mb4 COLLATE=utf8mb4_general_ci;

-- --------------------------------------------------------

--
-- Estructura de tabla para la tabla `pr_supplier`
--

CREATE TABLE `pr_supplier` (
  `id_supplier` int UNSIGNED NOT NULL,
  `name` varchar(64) CHARACTER SET utf8mb4 COLLATE utf8mb4_general_ci NOT NULL,
  `date_add` datetime NOT NULL,
  `date_upd` datetime NOT NULL,
  `active` tinyint(1) NOT NULL DEFAULT '0'
) ENGINE=InnoDB DEFAULT CHARSET=utf8mb4 COLLATE=utf8mb4_general_ci;

-- --------------------------------------------------------

--
-- Estructura de tabla para la tabla `pr_supplier_lang`
--

CREATE TABLE `pr_supplier_lang` (
  `id_supplier` int UNSIGNED NOT NULL,
  `id_lang` int UNSIGNED NOT NULL,
  `description` mediumtext CHARACTER SET utf8mb4 COLLATE utf8mb4_general_ci,
  `meta_title` varchar(255) CHARACTER SET utf8mb4 COLLATE utf8mb4_general_ci DEFAULT NULL,
  `meta_keywords` varchar(255) CHARACTER SET utf8mb4 COLLATE utf8mb4_general_ci DEFAULT NULL,
  `meta_description` varchar(512) CHARACTER SET utf8mb4 COLLATE utf8mb4_general_ci DEFAULT NULL
) ENGINE=InnoDB DEFAULT CHARSET=utf8mb4 COLLATE=utf8mb4_general_ci;

-- --------------------------------------------------------

--
-- Estructura de tabla para la tabla `pr_supplier_shop`
--

CREATE TABLE `pr_supplier_shop` (
  `id_supplier` int UNSIGNED NOT NULL,
  `id_shop` int UNSIGNED NOT NULL
) ENGINE=InnoDB DEFAULT CHARSET=utf8mb4 COLLATE=utf8mb4_general_ci;

-- --------------------------------------------------------

--
-- Estructura de tabla para la tabla `pr_supply_order`
--

CREATE TABLE `pr_supply_order` (
  `id_supply_order` int UNSIGNED NOT NULL,
  `id_supplier` int UNSIGNED NOT NULL,
  `supplier_name` varchar(64) CHARACTER SET utf8mb4 COLLATE utf8mb4_general_ci NOT NULL,
  `id_lang` int UNSIGNED NOT NULL,
  `id_warehouse` int UNSIGNED NOT NULL,
  `id_supply_order_state` int UNSIGNED NOT NULL,
  `id_currency` int UNSIGNED NOT NULL,
  `id_ref_currency` int UNSIGNED NOT NULL,
  `reference` varchar(64) CHARACTER SET utf8mb4 COLLATE utf8mb4_general_ci NOT NULL,
  `date_add` datetime NOT NULL,
  `date_upd` datetime NOT NULL,
  `date_delivery_expected` datetime DEFAULT NULL,
  `total_te` decimal(20,6) DEFAULT '0.000000',
  `total_with_discount_te` decimal(20,6) DEFAULT '0.000000',
  `total_tax` decimal(20,6) DEFAULT '0.000000',
  `total_ti` decimal(20,6) DEFAULT '0.000000',
  `discount_rate` decimal(20,6) DEFAULT '0.000000',
  `discount_value_te` decimal(20,6) DEFAULT '0.000000',
  `is_template` tinyint(1) DEFAULT '0'
) ENGINE=InnoDB DEFAULT CHARSET=utf8mb4 COLLATE=utf8mb4_general_ci;

-- --------------------------------------------------------

--
-- Estructura de tabla para la tabla `pr_supply_order_detail`
--

CREATE TABLE `pr_supply_order_detail` (
  `id_supply_order_detail` int UNSIGNED NOT NULL,
  `id_supply_order` int UNSIGNED NOT NULL,
  `id_currency` int UNSIGNED NOT NULL,
  `id_product` int UNSIGNED NOT NULL,
  `id_product_attribute` int UNSIGNED NOT NULL,
  `reference` varchar(64) CHARACTER SET utf8mb4 COLLATE utf8mb4_general_ci NOT NULL,
  `supplier_reference` varchar(64) CHARACTER SET utf8mb4 COLLATE utf8mb4_general_ci NOT NULL,
  `name` varchar(128) CHARACTER SET utf8mb4 COLLATE utf8mb4_general_ci NOT NULL,
  `ean13` varchar(13) CHARACTER SET utf8mb4 COLLATE utf8mb4_general_ci DEFAULT NULL,
  `isbn` varchar(32) CHARACTER SET utf8mb4 COLLATE utf8mb4_general_ci DEFAULT NULL,
  `upc` varchar(12) CHARACTER SET utf8mb4 COLLATE utf8mb4_general_ci DEFAULT NULL,
  `mpn` varchar(40) CHARACTER SET utf8mb4 COLLATE utf8mb4_general_ci DEFAULT NULL,
  `exchange_rate` decimal(20,6) DEFAULT '0.000000',
  `unit_price_te` decimal(20,6) DEFAULT '0.000000',
  `quantity_expected` int UNSIGNED NOT NULL,
  `quantity_received` int UNSIGNED NOT NULL,
  `price_te` decimal(20,6) DEFAULT '0.000000',
  `discount_rate` decimal(20,6) DEFAULT '0.000000',
  `discount_value_te` decimal(20,6) DEFAULT '0.000000',
  `price_with_discount_te` decimal(20,6) DEFAULT '0.000000',
  `tax_rate` decimal(20,6) DEFAULT '0.000000',
  `tax_value` decimal(20,6) DEFAULT '0.000000',
  `price_ti` decimal(20,6) DEFAULT '0.000000',
  `tax_value_with_order_discount` decimal(20,6) DEFAULT '0.000000',
  `price_with_order_discount_te` decimal(20,6) DEFAULT '0.000000'
) ENGINE=InnoDB DEFAULT CHARSET=utf8mb4 COLLATE=utf8mb4_general_ci;

-- --------------------------------------------------------

--
-- Estructura de tabla para la tabla `pr_supply_order_history`
--

CREATE TABLE `pr_supply_order_history` (
  `id_supply_order_history` int UNSIGNED NOT NULL,
  `id_supply_order` int UNSIGNED NOT NULL,
  `id_employee` int UNSIGNED NOT NULL,
  `employee_lastname` varchar(255) CHARACTER SET utf8mb4 COLLATE utf8mb4_general_ci DEFAULT '',
  `employee_firstname` varchar(255) CHARACTER SET utf8mb4 COLLATE utf8mb4_general_ci DEFAULT '',
  `id_state` int UNSIGNED NOT NULL,
  `date_add` datetime NOT NULL
) ENGINE=InnoDB DEFAULT CHARSET=utf8mb4 COLLATE=utf8mb4_general_ci;

-- --------------------------------------------------------

--
-- Estructura de tabla para la tabla `pr_supply_order_receipt_history`
--

CREATE TABLE `pr_supply_order_receipt_history` (
  `id_supply_order_receipt_history` int UNSIGNED NOT NULL,
  `id_supply_order_detail` int UNSIGNED NOT NULL,
  `id_employee` int UNSIGNED NOT NULL,
  `employee_lastname` varchar(255) CHARACTER SET utf8mb4 COLLATE utf8mb4_general_ci DEFAULT '',
  `employee_firstname` varchar(255) CHARACTER SET utf8mb4 COLLATE utf8mb4_general_ci DEFAULT '',
  `id_supply_order_state` int UNSIGNED NOT NULL,
  `quantity` int UNSIGNED NOT NULL,
  `date_add` datetime NOT NULL
) ENGINE=InnoDB DEFAULT CHARSET=utf8mb4 COLLATE=utf8mb4_general_ci;

-- --------------------------------------------------------

--
-- Estructura de tabla para la tabla `pr_supply_order_state`
--

CREATE TABLE `pr_supply_order_state` (
  `id_supply_order_state` int UNSIGNED NOT NULL,
  `delivery_note` tinyint(1) NOT NULL DEFAULT '0',
  `editable` tinyint(1) NOT NULL DEFAULT '0',
  `receipt_state` tinyint(1) NOT NULL DEFAULT '0',
  `pending_receipt` tinyint(1) NOT NULL DEFAULT '0',
  `enclosed` tinyint(1) NOT NULL DEFAULT '0',
  `color` varchar(32) CHARACTER SET utf8mb4 COLLATE utf8mb4_general_ci DEFAULT NULL
) ENGINE=InnoDB DEFAULT CHARSET=utf8mb4 COLLATE=utf8mb4_general_ci;

--
-- Volcado de datos para la tabla `pr_supply_order_state`
--

INSERT INTO `pr_supply_order_state` (`id_supply_order_state`, `delivery_note`, `editable`, `receipt_state`, `pending_receipt`, `enclosed`, `color`) VALUES
(1, 0, 1, 0, 0, 0, '#faab00'),
(2, 1, 0, 0, 0, 0, '#273cff'),
(3, 0, 0, 0, 1, 0, '#ff37f5'),
(4, 0, 0, 1, 1, 0, '#ff3e33'),
(5, 0, 0, 1, 0, 1, '#00d60c'),
(6, 0, 0, 0, 0, 1, '#666666');

-- --------------------------------------------------------

--
-- Estructura de tabla para la tabla `pr_supply_order_state_lang`
--

CREATE TABLE `pr_supply_order_state_lang` (
  `id_supply_order_state` int UNSIGNED NOT NULL,
  `id_lang` int UNSIGNED NOT NULL,
  `name` varchar(128) CHARACTER SET utf8mb4 COLLATE utf8mb4_general_ci DEFAULT NULL
) ENGINE=InnoDB DEFAULT CHARSET=utf8mb4 COLLATE=utf8mb4_general_ci;

--
-- Volcado de datos para la tabla `pr_supply_order_state_lang`
--

INSERT INTO `pr_supply_order_state_lang` (`id_supply_order_state`, `id_lang`, `name`) VALUES
(1, 1, '1 - Creation in progress'),
(1, 3, '1 - Creación en proceso'),
(1, 4, '1 - Creación en proceso'),
(2, 1, '2 - Order validated'),
(2, 3, '2 - Pedido validado'),
(2, 4, '2 - Pedido validado'),
(3, 1, '3 - Pending receipt'),
(3, 3, '3 - Pendiente de recepción'),
(3, 4, '3 - Pendiente de recepción'),
(4, 1, '4 - Order received in part'),
(4, 3, '4 - Pedido recibido parcialmente'),
(4, 4, '4 - Pedido recibido parcialmente'),
(5, 1, '5 - Order received completely'),
(5, 3, '5 - Pedido recibido al completo'),
(5, 4, '5 - Pedido recibido al completo'),
(6, 1, '6 - Order canceled'),
(6, 3, '6 - Pedido cancelado'),
(6, 4, '6 - Pedido cancelado');

-- --------------------------------------------------------

--
-- Estructura de tabla para la tabla `pr_tab`
--

CREATE TABLE `pr_tab` (
  `id_tab` int NOT NULL,
  `id_parent` int NOT NULL,
  `position` int NOT NULL,
  `module` varchar(64) CHARACTER SET utf8mb4 COLLATE utf8mb4_general_ci DEFAULT NULL,
  `class_name` varchar(64) CHARACTER SET utf8mb4 COLLATE utf8mb4_general_ci NOT NULL,
  `active` tinyint(1) NOT NULL,
  `hide_host_mode` tinyint(1) NOT NULL,
  `icon` varchar(32) CHARACTER SET utf8mb4 COLLATE utf8mb4_general_ci DEFAULT NULL,
  `enabled` tinyint(1) NOT NULL,
  `route_name` varchar(256) CHARACTER SET utf8mb4 COLLATE utf8mb4_general_ci DEFAULT NULL
) ENGINE=InnoDB DEFAULT CHARSET=utf8mb4 COLLATE=utf8mb4_general_ci;

--
-- Volcado de datos para la tabla `pr_tab`
--

INSERT INTO `pr_tab` (`id_tab`, `id_parent`, `position`, `module`, `class_name`, `active`, `hide_host_mode`, `icon`, `enabled`, `route_name`) VALUES
(1, 0, 1, NULL, 'AdminDashboard', 1, 0, 'trending_up', 1, NULL),
(2, 0, 2, NULL, 'SELL', 1, 0, '', 1, NULL),
(3, 2, 1, NULL, 'AdminParentOrders', 1, 0, 'shopping_basket', 1, NULL),
(4, 3, 0, NULL, 'AdminOrders', 1, 0, '', 1, NULL),
(5, 3, 1, NULL, 'AdminInvoices', 1, 0, '', 1, NULL),
(6, 3, 2, NULL, 'AdminSlip', 1, 0, '', 1, NULL),
(7, 3, 3, NULL, 'AdminDeliverySlip', 1, 0, '', 1, NULL),
(8, 3, 4, NULL, 'AdminCarts', 1, 0, '', 1, NULL),
(9, 2, 2, NULL, 'AdminCatalog', 1, 0, 'store', 1, NULL),
(10, 9, 1, NULL, 'AdminProducts', 1, 0, '', 1, NULL),
(11, 9, 2, NULL, 'AdminCategories', 1, 0, '', 1, NULL),
(12, 9, 3, NULL, 'AdminTracking', 1, 0, '', 1, NULL),
(13, 9, 4, NULL, 'AdminParentAttributesGroups', 1, 0, '', 1, NULL),
(14, 13, 0, NULL, 'AdminAttributesGroups', 1, 0, '', 1, NULL),
(15, 13, 1, NULL, 'AdminFeatures', 1, 0, '', 1, NULL),
(16, 9, 5, NULL, 'AdminParentManufacturers', 1, 0, '', 1, NULL),
(17, 16, 0, NULL, 'AdminManufacturers', 1, 0, '', 1, NULL),
(18, 16, 1, NULL, 'AdminSuppliers', 1, 0, '', 1, NULL),
(19, 9, 6, NULL, 'AdminAttachments', 1, 0, '', 1, NULL),
(20, 9, 7, NULL, 'AdminParentCartRules', 1, 0, '', 1, NULL),
(21, 20, 0, NULL, 'AdminCartRules', 1, 0, '', 1, NULL),
(22, 20, 1, NULL, 'AdminSpecificPriceRule', 1, 0, '', 1, NULL),
(23, 9, 8, NULL, 'AdminStockManagement', 1, 0, '', 1, NULL),
(24, 2, 3, NULL, 'AdminParentCustomer', 1, 0, 'account_circle', 1, NULL),
(25, 24, 0, NULL, 'AdminCustomers', 1, 0, '', 1, NULL),
(26, 24, 1, NULL, 'AdminAddresses', 1, 0, '', 1, NULL),
(27, 24, 2, NULL, 'AdminOutstanding', 0, 0, '', 1, NULL),
(28, 2, 4, NULL, 'AdminParentCustomerThreads', 1, 0, 'chat', 1, NULL),
(29, 28, 0, NULL, 'AdminCustomerThreads', 1, 0, '', 1, NULL),
(30, 28, 1, NULL, 'AdminOrderMessage', 1, 0, '', 1, NULL),
(31, 28, 2, NULL, 'AdminReturn', 1, 0, '', 1, NULL),
(32, 2, 5, NULL, 'AdminStats', 1, 0, 'assessment', 1, NULL),
(33, 2, 6, NULL, 'AdminStock', 1, 0, 'store', 1, NULL),
(34, 33, 0, NULL, 'AdminWarehouses', 1, 0, '', 1, NULL),
(35, 33, 1, NULL, 'AdminParentStockManagement', 1, 0, '', 1, NULL),
(36, 35, 0, NULL, 'AdminStockManagement', 1, 0, '', 1, NULL),
(37, 36, 0, NULL, 'AdminStockMvt', 1, 0, '', 1, NULL),
(38, 36, 1, NULL, 'AdminStockInstantState', 1, 0, '', 1, NULL),
(39, 36, 2, NULL, 'AdminStockCover', 1, 0, '', 1, NULL),
(40, 33, 2, NULL, 'AdminSupplyOrders', 1, 0, '', 1, NULL),
(41, 33, 3, NULL, 'AdminStockConfiguration', 1, 0, '', 1, NULL),
(42, 0, 3, NULL, 'IMPROVE', 1, 0, '', 1, NULL),
(43, 42, 0, NULL, 'AdminParentModulesSf', 1, 0, 'extension', 1, NULL),
(44, 43, 0, NULL, 'AdminModulesSf', 1, 0, '', 1, NULL),
(45, 44, 0, NULL, 'AdminModulesManage', 1, 0, '', 1, NULL),
(46, 44, 1, NULL, 'AdminModulesNotifications', 1, 0, '', 1, NULL),
(47, 44, 2, NULL, 'AdminModulesUpdates', 1, 0, '', 1, NULL),
(48, 43, 1, NULL, 'AdminParentModulesCatalog', 1, 0, '', 1, NULL),
(49, 48, 0, '', 'AdminModulesCatalog', 0, 0, '', 1, NULL),
(50, 48, 1, '', 'AdminAddonsCatalog', 0, 0, '', 1, NULL),
(51, 43, 2, NULL, 'AdminModules', 0, 0, '', 1, NULL),
(52, 42, 1, NULL, 'AdminParentThemes', 1, 0, 'desktop_mac', 1, NULL),
(53, 174, 1, '', 'AdminThemes', 1, 0, '', 1, NULL),
(54, 52, 1, '', 'AdminThemesCatalog', 0, 0, '', 1, NULL),
(55, 52, 3, NULL, 'AdminParentMailTheme', 1, 0, '', 1, NULL),
(56, 55, 0, NULL, 'AdminMailTheme', 1, 0, '', 1, NULL),
(57, 52, 4, NULL, 'AdminCmsContent', 1, 0, '', 1, NULL),
(58, 52, 5, NULL, 'AdminModulesPositions', 1, 0, '', 1, NULL),
(59, 52, 6, NULL, 'AdminImages', 1, 0, '', 1, NULL),
(60, 42, 2, NULL, 'AdminParentShipping', 1, 0, 'local_shipping', 1, NULL),
(61, 60, 1, NULL, 'AdminCarriers', 1, 0, '', 1, NULL),
(62, 60, 2, NULL, 'AdminShipping', 1, 0, '', 1, NULL),
(63, 42, 3, NULL, 'AdminParentPayment', 1, 0, 'payment', 1, NULL),
(64, 63, 0, NULL, 'AdminPayment', 1, 0, '', 1, NULL),
(65, 63, 1, NULL, 'AdminPaymentPreferences', 1, 0, '', 1, NULL),
(66, 42, 4, NULL, 'AdminInternational', 1, 0, 'language', 1, NULL),
(67, 66, 0, NULL, 'AdminParentLocalization', 1, 0, '', 1, NULL),
(68, 67, 0, NULL, 'AdminLocalization', 1, 0, '', 1, NULL),
(69, 67, 1, NULL, 'AdminLanguages', 1, 0, '', 1, NULL),
(70, 67, 2, NULL, 'AdminCurrencies', 1, 0, '', 1, NULL),
(71, 67, 3, NULL, 'AdminGeolocation', 1, 0, '', 1, NULL),
(72, 66, 1, NULL, 'AdminParentCountries', 1, 0, '', 1, NULL),
(73, 72, 0, NULL, 'AdminZones', 1, 0, '', 1, NULL),
(74, 72, 1, NULL, 'AdminCountries', 1, 0, '', 1, NULL),
(75, 72, 2, NULL, 'AdminStates', 1, 0, '', 1, NULL),
(76, 66, 2, NULL, 'AdminParentTaxes', 1, 0, '', 1, NULL),
(77, 76, 0, NULL, 'AdminTaxes', 1, 0, '', 1, NULL),
(78, 76, 1, NULL, 'AdminTaxRulesGroup', 1, 0, '', 1, NULL),
(79, 66, 3, NULL, 'AdminTranslations', 1, 0, '', 1, NULL),
(80, 0, 4, NULL, 'CONFIGURE', 1, 0, '', 1, NULL),
(81, 80, 0, NULL, 'ShopParameters', 1, 0, 'settings', 1, NULL),
(82, 81, 0, NULL, 'AdminParentPreferences', 1, 0, '', 1, NULL),
(83, 82, 0, NULL, 'AdminPreferences', 1, 0, '', 1, NULL),
(84, 82, 1, NULL, 'AdminMaintenance', 1, 0, '', 1, NULL),
(85, 81, 1, NULL, 'AdminParentOrderPreferences', 1, 0, '', 1, NULL),
(86, 85, 0, NULL, 'AdminOrderPreferences', 1, 0, '', 1, NULL),
(87, 85, 1, NULL, 'AdminStatuses', 1, 0, '', 1, NULL),
(88, 81, 2, NULL, 'AdminPPreferences', 1, 0, '', 1, NULL),
(89, 81, 3, NULL, 'AdminParentCustomerPreferences', 1, 0, '', 1, NULL),
(90, 89, 0, NULL, 'AdminCustomerPreferences', 1, 0, '', 1, NULL),
(91, 89, 1, NULL, 'AdminGroups', 1, 0, '', 1, NULL),
(92, 89, 2, NULL, 'AdminGenders', 1, 0, '', 1, NULL),
(93, 81, 4, NULL, 'AdminParentStores', 1, 0, '', 1, NULL),
(94, 93, 0, NULL, 'AdminContacts', 1, 0, '', 1, NULL),
(95, 93, 1, NULL, 'AdminStores', 1, 0, '', 1, NULL),
(96, 81, 5, NULL, 'AdminParentMeta', 1, 0, '', 1, NULL),
(97, 96, 0, NULL, 'AdminMeta', 1, 0, '', 1, NULL),
(98, 96, 1, NULL, 'AdminSearchEngines', 1, 0, '', 1, NULL),
(99, 96, 2, NULL, 'AdminReferrers', 1, 0, '', 1, NULL),
(100, 81, 6, NULL, 'AdminParentSearchConf', 1, 0, '', 1, NULL),
(101, 100, 0, NULL, 'AdminSearchConf', 1, 0, '', 1, NULL),
(102, 100, 1, NULL, 'AdminTags', 1, 0, '', 1, NULL),
(103, 80, 1, NULL, 'AdminAdvancedParameters', 1, 0, 'settings_applications', 1, NULL),
(104, 103, 0, NULL, 'AdminInformation', 1, 0, '', 1, NULL),
(105, 103, 1, NULL, 'AdminPerformance', 1, 0, '', 1, NULL),
(106, 103, 2, NULL, 'AdminAdminPreferences', 1, 0, '', 1, NULL),
(107, 103, 3, NULL, 'AdminEmails', 1, 0, '', 1, NULL),
(108, 103, 4, NULL, 'AdminImport', 1, 0, '', 1, NULL),
(109, 103, 5, NULL, 'AdminParentEmployees', 1, 0, '', 1, NULL),
(110, 109, 0, NULL, 'AdminEmployees', 1, 0, '', 1, NULL),
(111, 109, 1, NULL, 'AdminProfiles', 1, 0, '', 1, NULL),
(112, 109, 2, NULL, 'AdminAccess', 1, 0, '', 1, NULL),
(113, 103, 6, NULL, 'AdminParentRequestSql', 1, 0, '', 1, NULL),
(114, 113, 0, NULL, 'AdminRequestSql', 1, 0, '', 1, NULL),
(115, 113, 1, NULL, 'AdminBackup', 1, 0, '', 1, NULL),
(116, 103, 7, NULL, 'AdminLogs', 1, 0, '', 1, NULL),
(117, 103, 8, NULL, 'AdminWebservice', 1, 0, '', 1, NULL),
(118, 103, 9, NULL, 'AdminShopGroup', 0, 0, '', 1, NULL),
(119, 103, 10, NULL, 'AdminShopUrl', 0, 0, '', 1, NULL),
(120, -1, 1, NULL, 'AdminQuickAccesses', 1, 0, '', 1, NULL),
(121, 0, 5, NULL, 'DEFAULT', 1, 0, '', 1, NULL),
(122, -1, 2, NULL, 'AdminPatterns', 1, 0, '', 1, NULL),
(123, -1, 3, 'dashgoals', 'AdminDashgoals', 1, 0, '', 1, NULL),
(125, 52, 7, 'ps_linklist', 'AdminLinkWidget', 1, 0, '', 1, 'admin_link_block_list'),
(129, 0, 6, 'welcome', 'AdminWelcome', 1, 0, '', 1, NULL),
(130, 81, 7, 'gamification', 'AdminGamification', 1, 0, '', 1, NULL),
(131, -1, 4, 'psgdpr', 'AdminAjaxPsgdpr', 1, 0, '', 1, NULL),
(132, -1, 5, 'psgdpr', 'AdminDownloadInvoicesPsgdpr', 1, 0, '', 1, NULL),
(133, 48, 0, 'ps_mbo', 'AdminPsMboModule', 1, 0, '', 1, NULL),
(134, 52, 2, 'ps_mbo', 'AdminPsMboTheme', 1, 0, '', 1, NULL),
(135, -1, 6, 'ps_buybuttonlite', 'AdminAjaxPs_buybuttonlite', 1, 0, '', 1, NULL),
(170, -1, 7, 'blockreassurance', 'AdminBlockListing', 1, 0, '', 1, NULL),
(171, -1, 8, 'ps_faviconnotificationbo', 'AdminConfigureFaviconBo', 1, 0, '', 1, NULL),
(172, 48, 1, 'ps_mbo', 'AdminPsMboAddons', 1, 0, '', 1, NULL),
(173, -1, 0, 'ps_mbo', 'AdminPsMboRecommended', 1, 0, '', 1, NULL),
(174, 52, 0, '', 'AdminThemesParent', 1, 0, '', 1, NULL),
(175, 174, 2, 'ps_themecusto', 'AdminPsThemeCustoConfiguration', 1, 0, '', 1, NULL),
(176, 174, 3, 'ps_themecusto', 'AdminPsThemeCustoAdvanced', 1, 0, '', 1, NULL),
(177, 3, 5, 'deleteordersfree', 'deleteorderstab', 1, 0, '', 1, '');

-- --------------------------------------------------------

--
-- Estructura de tabla para la tabla `pr_tab_advice`
--

CREATE TABLE `pr_tab_advice` (
  `id_tab` int NOT NULL,
  `id_advice` int NOT NULL
) ENGINE=InnoDB DEFAULT CHARSET=utf8;

--
-- Volcado de datos para la tabla `pr_tab_advice`
--

INSERT INTO `pr_tab_advice` (`id_tab`, `id_advice`) VALUES
(1, 2),
(1, 4),
(1, 14),
(1, 15),
(1, 21),
(1, 22),
(1, 28),
(1, 29),
(1, 30),
(1, 31),
(1, 32),
(1, 33),
(1, 34),
(1, 35),
(1, 36),
(1, 37),
(1, 38),
(1, 39),
(1, 40),
(1, 41),
(1, 42),
(1, 43),
(1, 44),
(1, 45),
(1, 46),
(1, 47),
(1, 48),
(1, 49),
(1, 50),
(1, 51),
(1, 52),
(1, 53),
(1, 54),
(1, 55),
(1, 56),
(1, 57),
(1, 58),
(1, 59),
(1, 60),
(1, 61),
(1, 62),
(1, 63),
(1, 64),
(1, 65),
(1, 66),
(1, 67),
(1, 68),
(1, 69),
(1, 70),
(1, 71),
(1, 72),
(1, 73),
(1, 74),
(1, 75),
(1, 76),
(1, 77),
(1, 78),
(1, 79),
(1, 80),
(1, 81),
(1, 82),
(1, 83),
(1, 84),
(1, 85),
(1, 86),
(1, 87),
(1, 88),
(1, 89),
(1, 90),
(1, 91),
(1, 92),
(1, 93),
(1, 94),
(1, 95),
(1, 96),
(1, 97),
(1, 98),
(1, 99),
(1, 100),
(1, 101),
(1, 102),
(1, 103),
(1, 104),
(1, 105),
(1, 106),
(1, 107),
(1, 108),
(1, 109),
(1, 110),
(1, 111),
(1, 112),
(1, 113),
(1, 114),
(1, 115),
(1, 116),
(1, 117),
(1, 118),
(1, 119),
(1, 120),
(1, 121),
(1, 122),
(1, 123),
(1, 124),
(1, 125),
(1, 126),
(1, 127),
(1, 128),
(1, 129),
(1, 130),
(1, 131),
(1, 132),
(1, 133),
(1, 134),
(1, 135),
(1, 136),
(1, 137),
(1, 138),
(1, 139),
(1, 140),
(1, 141),
(1, 142),
(1, 143),
(1, 144),
(1, 145),
(1, 146),
(1, 147),
(1, 148),
(1, 149),
(1, 150),
(1, 151),
(1, 152),
(1, 153),
(1, 154),
(1, 155),
(1, 156),
(1, 157),
(1, 158),
(1, 159),
(1, 160),
(1, 161),
(1, 162),
(1, 163),
(1, 164),
(1, 165),
(1, 166),
(1, 167),
(1, 168),
(1, 169),
(1, 170),
(1, 171),
(1, 172),
(1, 173),
(1, 174),
(1, 175),
(1, 176),
(1, 177),
(1, 178),
(1, 179),
(1, 180),
(1, 181),
(1, 182),
(1, 183),
(1, 184),
(1, 185),
(1, 186),
(1, 187),
(1, 188),
(1, 189),
(1, 190),
(1, 191),
(1, 192),
(1, 193),
(1, 194),
(1, 195),
(1, 196),
(1, 197),
(1, 198),
(1, 199),
(1, 200),
(1, 201),
(1, 202),
(1, 203),
(1, 204),
(1, 205),
(1, 206),
(1, 207),
(1, 208),
(1, 209),
(1, 210),
(1, 211),
(1, 212),
(1, 213),
(1, 214),
(1, 215),
(1, 216),
(1, 217),
(1, 218),
(1, 219),
(1, 220),
(1, 221),
(1, 222),
(1, 223),
(1, 224),
(1, 225),
(1, 226),
(1, 227),
(1, 228),
(1, 229),
(1, 230),
(1, 231),
(1, 232),
(1, 233),
(1, 234),
(1, 235),
(1, 236);

-- --------------------------------------------------------

--
-- Estructura de tabla para la tabla `pr_tab_lang`
--

CREATE TABLE `pr_tab_lang` (
  `id_tab` int NOT NULL,
  `id_lang` int NOT NULL,
  `name` varchar(128) CHARACTER SET utf8mb4 COLLATE utf8mb4_general_ci NOT NULL
) ENGINE=InnoDB DEFAULT CHARSET=utf8mb4 COLLATE=utf8mb4_general_ci;

--
-- Volcado de datos para la tabla `pr_tab_lang`
--

INSERT INTO `pr_tab_lang` (`id_tab`, `id_lang`, `name`) VALUES
(1, 1, 'Dashboard'),
(1, 3, 'Inicio'),
(1, 4, 'Inicio'),
(2, 1, 'Sell'),
(2, 3, 'Vender'),
(2, 4, 'Vender'),
(3, 1, 'Orders'),
(3, 3, 'Pedidos'),
(3, 4, 'Pedidos'),
(4, 1, 'Orders'),
(4, 3, 'Pedidos'),
(4, 4, 'Pedidos'),
(5, 1, 'Invoices'),
(5, 3, 'Facturas'),
(5, 4, 'Facturas'),
(6, 1, 'Credit Slips'),
(6, 3, 'Facturas por abono'),
(6, 4, 'Facturas por abono'),
(7, 1, 'Delivery Slips'),
(7, 3, 'Albaranes de entrega'),
(7, 4, 'Albaranes de entrega'),
(8, 1, 'Shopping Carts'),
(8, 3, 'Carritos de compra'),
(8, 4, 'Carritos de compra'),
(9, 1, 'Catalog'),
(9, 3, 'Catálogo'),
(9, 4, 'Catálogo'),
(10, 1, 'Products'),
(10, 3, 'Productos'),
(10, 4, 'Productos'),
(11, 1, 'Categories'),
(11, 3, 'Categorías'),
(11, 4, 'Categorías'),
(12, 1, 'Monitoring'),
(12, 3, 'Monitoreo'),
(12, 4, 'Monitoreo'),
(13, 1, 'Attributes & Features'),
(13, 3, 'Atributos y Características'),
(13, 4, 'Atributos y Características'),
(14, 1, 'Attributes'),
(14, 3, 'Atributos'),
(14, 4, 'Atributos'),
(15, 1, 'Features'),
(15, 3, 'Caracterí­sticas'),
(15, 4, 'Características'),
(16, 1, 'Brands & Suppliers'),
(16, 3, 'Marcas y Proveedores'),
(16, 4, 'Marcas y Proveedores'),
(17, 1, 'Brands'),
(17, 3, 'Marcas'),
(17, 4, 'Marcas'),
(18, 1, 'Suppliers'),
(18, 3, 'Proveedores'),
(18, 4, 'Proveedores'),
(19, 1, 'Files'),
(19, 3, 'Archivos'),
(19, 4, 'Archivos'),
(20, 1, 'Discounts'),
(20, 3, 'Descuentos'),
(20, 4, 'Descuentos'),
(21, 1, 'Cart Rules'),
(21, 3, 'Reglas del carrito'),
(21, 4, 'Reglas del carrito'),
(22, 1, 'Catalog Price Rules'),
(22, 3, 'Reglas de precios'),
(22, 4, 'Reglas de Precios del Catálogo'),
(23, 1, 'Stocks'),
(23, 3, 'Stocks'),
(23, 4, 'Stocks'),
(24, 1, 'Customers'),
(24, 3, 'Clientes'),
(24, 4, 'Clientes'),
(25, 1, 'Customers'),
(25, 3, 'Clientes'),
(25, 4, 'Clientes'),
(26, 1, 'Addresses'),
(26, 3, 'Direcciones'),
(26, 4, 'Direcciones'),
(27, 1, 'Outstanding'),
(27, 3, 'Saldo pendiente por cobrar'),
(27, 4, 'Saldo pendiente por cobrar'),
(28, 1, 'Customer Service'),
(28, 3, 'Servicio al cliente'),
(28, 4, 'Servicio al Cliente'),
(29, 1, 'Customer Service'),
(29, 3, 'Servicio al cliente'),
(29, 4, 'Servicio al Cliente'),
(30, 1, 'Order Messages'),
(30, 3, 'Mensajes de Pedidos'),
(30, 4, 'Mensajes de Pedidos'),
(31, 1, 'Merchandise Returns'),
(31, 3, 'Devoluciones de mercancía'),
(31, 4, 'Devoluciones de mercancía'),
(32, 1, 'Stats'),
(32, 3, 'Estadísticas'),
(32, 4, 'Estadísticas'),
(34, 1, 'Warehouses'),
(34, 3, 'Depósitos'),
(34, 4, 'Almacenes'),
(35, 1, 'Stock Management'),
(35, 3, 'Administración de stock'),
(35, 4, 'Gestión de stock'),
(36, 1, 'Stock Management'),
(36, 3, 'Administración de stock'),
(36, 4, 'Gestión de stock'),
(37, 1, 'Stock Movement'),
(37, 3, 'Movimiento de stock'),
(37, 4, 'Movimiento de Stock'),
(38, 1, 'Instant Stock Status'),
(38, 3, 'Estado de stock instantáneo'),
(38, 4, 'Estado actual del stock'),
(39, 1, 'Stock Coverage'),
(39, 3, 'Cobertura de stock'),
(39, 4, 'Cobertura de stock'),
(40, 1, 'Supply orders'),
(40, 3, 'Ordenes de suministros'),
(40, 4, 'Pedidos de suministros'),
(41, 1, 'Configuration'),
(41, 3, 'Configuración'),
(41, 4, 'Configuración'),
(42, 1, 'Improve'),
(42, 3, 'Personalizar'),
(42, 4, 'Personalizar'),
(43, 1, 'Modules'),
(43, 3, 'Módulos'),
(43, 4, 'Módulos'),
(44, 1, 'Module Manager'),
(44, 3, 'Module Manager'),
(44, 4, 'Gestor de módulo'),
(45, 1, 'Modules'),
(45, 3, 'Módulos'),
(45, 4, 'Módulos'),
(46, 1, 'Alerts'),
(46, 3, 'Alertas'),
(46, 4, 'Alertas'),
(47, 1, 'Updates'),
(47, 3, 'Actualizaciones'),
(47, 4, 'Actualizaciones'),
(48, 1, 'Module Catalog'),
(48, 3, 'Catálogo de Módulos'),
(48, 4, 'Catálogo de Módulos'),
(49, 1, 'Module Catalog'),
(49, 3, 'Catálogo de Módulos'),
(49, 4, 'Catálogo de Módulos'),
(50, 1, 'Module Selections'),
(50, 3, 'Module Selections'),
(50, 4, 'Module Selections'),
(52, 1, 'Design'),
(52, 3, 'Diseño'),
(52, 4, 'Diseño'),
(53, 1, 'Theme & Logo'),
(53, 3, 'Tema y logotipo'),
(53, 4, 'Tema y logotipo'),
(54, 1, 'Theme Catalog'),
(54, 3, 'Catálogo de Temas'),
(54, 4, 'Catálogo de Temas'),
(55, 1, 'Email Theme'),
(55, 3, 'Tema Email'),
(55, 4, 'Tema Email'),
(56, 1, 'Email Theme'),
(56, 3, 'Tema Email'),
(56, 4, 'Tema Email'),
(57, 1, 'Pages'),
(57, 3, 'Páginas'),
(57, 4, 'Páginas'),
(58, 1, 'Positions'),
(58, 3, 'Posiciones'),
(58, 4, 'Posiciones'),
(59, 1, 'Image Settings'),
(59, 3, 'Ajustes de imágenes'),
(59, 4, 'Ajustes de imágenes'),
(60, 1, 'Shipping'),
(60, 3, 'Transporte'),
(60, 4, 'Transporte'),
(61, 1, 'Carriers'),
(61, 3, 'Empresas de Enví­os'),
(61, 4, 'Transportistas'),
(62, 1, 'Preferences'),
(62, 3, 'Preferencias'),
(62, 4, 'Preferencias'),
(63, 1, 'Payment'),
(63, 3, 'Pago'),
(63, 4, 'Pago'),
(64, 1, 'Payment Methods'),
(64, 3, 'Métodos de pago'),
(64, 4, 'Métodos de pago'),
(65, 1, 'Preferences'),
(65, 3, 'Preferencias'),
(65, 4, 'Preferencias'),
(66, 1, 'International'),
(66, 3, 'Internacional'),
(66, 4, 'Internacional'),
(67, 1, 'Localization'),
(67, 3, 'Localización'),
(67, 4, 'Localización'),
(68, 1, 'Localization'),
(68, 3, 'Localización'),
(68, 4, 'Localización'),
(69, 1, 'Languages'),
(69, 3, 'Idiomas'),
(69, 4, 'Idiomas'),
(70, 1, 'Currencies'),
(70, 3, 'Monedas'),
(70, 4, 'Monedas'),
(71, 1, 'Geolocation'),
(71, 3, 'Geolocalización'),
(71, 4, 'Geolocalización'),
(72, 1, 'Locations'),
(72, 3, 'Ubicaciones Geográficas'),
(72, 4, 'Ubicaciones Geográficas'),
(73, 1, 'Zones'),
(73, 3, 'Zonas'),
(73, 4, 'Zonas'),
(74, 1, 'Countries'),
(74, 3, 'Paises'),
(74, 4, 'Países'),
(75, 1, 'States'),
(75, 3, 'Estado'),
(75, 4, 'Provincias'),
(76, 1, 'Taxes'),
(76, 3, 'Impuestos'),
(76, 4, 'Impuestos'),
(77, 1, 'Taxes'),
(77, 3, 'Impuestos'),
(77, 4, 'Impuestos'),
(78, 1, 'Tax Rules'),
(78, 3, 'Reglas de impuestos'),
(78, 4, 'Reglas de impuestos'),
(79, 1, 'Translations'),
(79, 3, 'Traducciones'),
(79, 4, 'Traducciones'),
(80, 1, 'Configure'),
(80, 3, 'Configurar'),
(80, 4, 'Configurar'),
(81, 1, 'Shop Parameters'),
(81, 3, 'Parámetros de la tienda'),
(81, 4, 'Parámetros de la tienda'),
(82, 1, 'General'),
(82, 3, 'Général'),
(82, 4, 'Configuración'),
(83, 1, 'General'),
(83, 3, 'Général'),
(83, 4, 'Configuración'),
(84, 1, 'Maintenance'),
(84, 3, 'Mantenimiento'),
(84, 4, 'Mantenimiento'),
(85, 1, 'Order Settings'),
(85, 3, 'Configuración de Pedidos'),
(85, 4, 'Configuración de Pedidos'),
(86, 1, 'Order Settings'),
(86, 3, 'Configuración de Pedidos'),
(86, 4, 'Configuración de Pedidos'),
(87, 1, 'Statuses'),
(87, 3, 'Estados'),
(87, 4, 'Estados'),
(88, 1, 'Product Settings'),
(88, 3, 'Configuración de Productos'),
(88, 4, 'Configuración de Productos'),
(89, 1, 'Customer Settings'),
(89, 3, 'Ajustes sobre clientes'),
(89, 4, 'Ajustes sobre clientes'),
(90, 1, 'Customers'),
(90, 3, 'Clientes'),
(90, 4, 'Clientes'),
(91, 1, 'Groups'),
(91, 3, 'Grupos'),
(91, 4, 'Grupos'),
(92, 1, 'Titles'),
(92, 3, 'Títulos'),
(92, 4, 'Tratamientos'),
(93, 1, 'Contact'),
(93, 3, 'Contacto'),
(93, 4, 'Contacto'),
(94, 1, 'Contacts'),
(94, 3, 'Contactos'),
(94, 4, 'Contacto'),
(95, 1, 'Stores'),
(95, 3, 'Tiendas'),
(95, 4, 'Tiendas'),
(96, 1, 'Traffic & SEO'),
(96, 3, 'Tráfico & SEO'),
(96, 4, 'Tráfico & SEO'),
(97, 1, 'SEO & URLs'),
(97, 3, 'SEO + URLs'),
(97, 4, 'SEO y URLs'),
(98, 1, 'Search Engines'),
(98, 3, 'Buscadores'),
(98, 4, 'Motores de búsqueda'),
(99, 1, 'Referrers'),
(99, 3, 'Afiliados'),
(99, 4, 'Afiliados'),
(100, 1, 'Search'),
(100, 3, 'Buscar'),
(100, 4, 'Buscar'),
(101, 1, 'Search'),
(101, 3, 'Buscar'),
(101, 4, 'Buscar'),
(102, 1, 'Tags'),
(102, 3, 'Etiquetas'),
(102, 4, 'Etiquetas'),
(103, 1, 'Advanced Parameters'),
(103, 3, 'Parámetros Avanzados'),
(103, 4, 'Parámetros Avanzados'),
(104, 1, 'Information'),
(104, 3, 'Información'),
(104, 4, 'Información'),
(105, 1, 'Performance'),
(105, 3, 'Performances'),
(105, 4, 'Rendimiento'),
(106, 1, 'Administration'),
(106, 3, 'Administración'),
(106, 4, 'Administración'),
(107, 1, 'E-mail'),
(107, 3, 'Email'),
(107, 4, 'Dirección de correo electrónico'),
(108, 1, 'Import'),
(108, 3, 'Importar'),
(108, 4, 'Importar'),
(109, 1, 'Team'),
(109, 3, 'Equipo'),
(109, 4, 'Equipo'),
(110, 1, 'Employees'),
(110, 3, 'Empleados'),
(110, 4, 'Empleados'),
(111, 1, 'Profiles'),
(111, 3, 'Perfiles'),
(111, 4, 'Perfiles'),
(112, 1, 'Permissions'),
(112, 3, 'Permisos'),
(112, 4, 'Permisos'),
(113, 1, 'Database'),
(113, 3, 'Base de datos'),
(113, 4, 'Base de datos'),
(114, 1, 'SQL Manager'),
(114, 3, 'Gestor SQL'),
(114, 4, 'Gestor SQL'),
(115, 1, 'DB Backup'),
(115, 3, 'Backup BD'),
(115, 4, 'Respaldar BD'),
(116, 1, 'Logs'),
(116, 3, 'Registros/Logs'),
(116, 4, 'Registros/Logs'),
(117, 1, 'Webservice'),
(117, 3, 'Webservice'),
(117, 4, 'Webservice'),
(118, 1, 'Multistore'),
(118, 3, 'Multitienda'),
(118, 4, 'Multitienda'),
(119, 1, 'Multistore'),
(119, 3, 'Multitienda'),
(119, 4, 'Multitienda'),
(120, 1, 'Quick Access'),
(120, 3, 'Acceso rápido'),
(120, 4, 'Acceso rápido'),
(121, 1, 'More'),
(121, 3, 'Más'),
(121, 4, 'Más'),
(123, 1, 'Dashgoals'),
(123, 3, 'Dashgoals'),
(123, 4, 'Dashgoals'),
(125, 1, 'Link Widget'),
(125, 3, 'Link Widget'),
(125, 4, 'Link Widget'),
(129, 1, 'Welcome'),
(129, 3, 'Welcome'),
(129, 4, 'Welcome'),
(130, 1, 'Merchant Expertise'),
(130, 3, 'Merchant Expertise'),
(130, 4, 'Merchant Expertise'),
(131, 1, 'psgdpr'),
(131, 3, 'psgdpr'),
(131, 4, 'psgdpr'),
(132, 1, 'psgdpr'),
(132, 3, 'psgdpr'),
(132, 4, 'psgdpr'),
(133, 1, 'Module Catalog'),
(133, 3, 'Catálogo de Módulos'),
(133, 4, 'Catálogo de Módulos'),
(134, 1, 'Theme Catalog'),
(134, 3, 'Catálogo de Temas'),
(134, 4, 'Catálogo de Temas'),
(135, 1, 'ps_buybuttonlite'),
(135, 3, 'ps_buybuttonlite'),
(135, 4, 'ps_buybuttonlite'),
(170, 1, 'blockreassurance'),
(170, 3, 'blockreassurance'),
(170, 4, 'blockreassurance'),
(171, 1, 'Notificaciones de Pedidos sobre el Favicon'),
(171, 3, 'Notificaciones de Pedidos sobre el Favicon'),
(171, 4, 'Notificaciones de Pedidos sobre el Favicon'),
(172, 1, 'Module Selections'),
(172, 3, 'Module Selections'),
(172, 4, 'Module Selections'),
(173, 1, 'Module recommended'),
(173, 3, 'Module recommended'),
(173, 4, 'Module recommended'),
(174, 1, 'Theme & Logo'),
(174, 3, 'Tema y logotipo'),
(174, 4, 'Tema y logotipo'),
(175, 1, 'Paginas configuracion'),
(175, 3, 'Paginas configuracion'),
(175, 4, 'Paginas configuracion'),
(176, 1, 'Personalización avanzada'),
(176, 3, 'Personalización avanzada'),
(176, 4, 'Personalización avanzada'),
(177, 1, 'Delete Orders Free'),
(177, 3, 'Delete Orders Free'),
(177, 4, 'Delete Orders Free');

-- --------------------------------------------------------

--
-- Estructura de tabla para la tabla `pr_tab_module_preference`
--

CREATE TABLE `pr_tab_module_preference` (
  `id_tab_module_preference` int NOT NULL,
  `id_employee` int NOT NULL,
  `id_tab` int NOT NULL,
  `module` varchar(191) CHARACTER SET utf8mb4 COLLATE utf8mb4_general_ci NOT NULL
) ENGINE=InnoDB DEFAULT CHARSET=utf8mb4 COLLATE=utf8mb4_general_ci;

-- --------------------------------------------------------

--
-- Estructura de tabla para la tabla `pr_tag`
--

CREATE TABLE `pr_tag` (
  `id_tag` int UNSIGNED NOT NULL,
  `id_lang` int UNSIGNED NOT NULL,
  `name` varchar(32) CHARACTER SET utf8mb4 COLLATE utf8mb4_general_ci NOT NULL
) ENGINE=InnoDB DEFAULT CHARSET=utf8mb4 COLLATE=utf8mb4_general_ci;

-- --------------------------------------------------------

--
-- Estructura de tabla para la tabla `pr_tag_count`
--

CREATE TABLE `pr_tag_count` (
  `id_group` int UNSIGNED NOT NULL DEFAULT '0',
  `id_tag` int UNSIGNED NOT NULL DEFAULT '0',
  `id_lang` int UNSIGNED NOT NULL DEFAULT '0',
  `id_shop` int UNSIGNED NOT NULL DEFAULT '0',
  `counter` int UNSIGNED NOT NULL DEFAULT '0'
) ENGINE=InnoDB DEFAULT CHARSET=utf8mb4 COLLATE=utf8mb4_general_ci;

-- --------------------------------------------------------

--
-- Estructura de tabla para la tabla `pr_tax`
--

CREATE TABLE `pr_tax` (
  `id_tax` int UNSIGNED NOT NULL,
  `rate` decimal(10,3) NOT NULL,
  `active` tinyint UNSIGNED NOT NULL DEFAULT '1',
  `deleted` tinyint UNSIGNED NOT NULL DEFAULT '0'
) ENGINE=InnoDB DEFAULT CHARSET=utf8mb4 COLLATE=utf8mb4_general_ci;

--
-- Volcado de datos para la tabla `pr_tax`
--

INSERT INTO `pr_tax` (`id_tax`, `rate`, `active`, `deleted`) VALUES
(1, 4.000, 1, 0),
(2, 0.000, 1, 0),
(3, 6.600, 1, 0),
(4, 6.000, 1, 0),
(5, 8.250, 1, 0),
(6, 2.900, 1, 0),
(7, 0.000, 1, 0),
(8, 0.000, 1, 0),
(9, 6.000, 1, 0),
(10, 4.000, 1, 0),
(11, 4.000, 1, 0),
(12, 6.000, 1, 0),
(13, 6.250, 1, 0),
(14, 7.000, 1, 0),
(15, 6.000, 1, 0),
(16, 5.300, 1, 0),
(17, 6.000, 1, 0),
(18, 4.000, 1, 0),
(19, 5.000, 1, 0),
(20, 6.000, 1, 0),
(21, 6.250, 1, 0),
(22, 6.000, 1, 0),
(23, 6.875, 1, 0),
(24, 7.000, 1, 0),
(25, 4.225, 1, 0),
(26, 0.000, 1, 0),
(27, 5.500, 1, 0),
(28, 6.850, 1, 0),
(29, 0.000, 1, 0),
(30, 7.000, 1, 0),
(31, 5.125, 1, 0),
(32, 4.000, 1, 0),
(33, 5.500, 1, 0),
(34, 5.000, 1, 0),
(35, 5.500, 1, 0),
(36, 4.500, 1, 0),
(37, 0.000, 1, 0),
(38, 6.000, 1, 0),
(39, 7.000, 1, 0),
(40, 6.000, 1, 0),
(41, 4.000, 1, 0),
(42, 7.000, 1, 0),
(43, 6.250, 1, 0),
(44, 4.750, 1, 0),
(45, 6.000, 1, 0),
(46, 4.000, 1, 0),
(47, 6.500, 1, 0),
(48, 6.000, 1, 0),
(49, 5.000, 1, 0),
(50, 4.000, 1, 0),
(51, 5.500, 1, 0),
(52, 6.000, 1, 0),
(53, 21.000, 1, 0),
(54, 10.000, 1, 0),
(55, 4.000, 1, 0),
(56, 20.000, 1, 0),
(57, 21.000, 1, 0),
(58, 20.000, 1, 0),
(59, 19.000, 1, 0),
(60, 21.000, 1, 0),
(61, 19.000, 1, 0),
(62, 25.000, 1, 0),
(63, 20.000, 1, 0),
(64, 24.000, 1, 0),
(65, 20.000, 1, 0),
(66, 20.000, 1, 0),
(67, 23.000, 1, 0),
(68, 25.000, 1, 0),
(69, 27.000, 1, 0),
(70, 23.000, 1, 0),
(71, 22.000, 1, 0),
(72, 21.000, 1, 0),
(73, 17.000, 1, 0),
(74, 21.000, 1, 0),
(75, 18.000, 1, 0),
(76, 21.000, 1, 0),
(77, 23.000, 1, 0),
(78, 23.000, 1, 0),
(79, 20.000, 1, 0),
(80, 25.000, 1, 0),
(81, 22.000, 1, 0),
(82, 20.000, 1, 0),
(83, 21.000, 1, 0),
(84, 10.500, 1, 0);

-- --------------------------------------------------------

--
-- Estructura de tabla para la tabla `pr_tax_lang`
--

CREATE TABLE `pr_tax_lang` (
  `id_tax` int UNSIGNED NOT NULL,
  `id_lang` int UNSIGNED NOT NULL,
  `name` varchar(32) CHARACTER SET utf8mb4 COLLATE utf8mb4_general_ci NOT NULL
) ENGINE=InnoDB DEFAULT CHARSET=utf8mb4 COLLATE=utf8mb4_general_ci;

--
-- Volcado de datos para la tabla `pr_tax_lang`
--

INSERT INTO `pr_tax_lang` (`id_tax`, `id_lang`, `name`) VALUES
(1, 1, 'Sales-taxes US-AL 4%'),
(1, 3, 'Sales-taxes US-AL 4%'),
(1, 4, 'Sales-taxes US-AL 4%'),
(2, 1, 'Sales-taxes US-AK 0%'),
(2, 3, 'Sales-taxes US-AK 0%'),
(2, 4, 'Sales-taxes US-AK 0%'),
(3, 1, 'Sales-taxes US-AZ 6.6%'),
(3, 3, 'Sales-taxes US-AZ 6.6%'),
(3, 4, 'Sales-taxes US-AZ 6.6%'),
(4, 1, 'Sales-taxes US-AR 6%'),
(4, 3, 'Sales-taxes US-AR 6%'),
(4, 4, 'Sales-taxes US-AR 6%'),
(5, 1, 'Sales-taxes US-CA 8.25%'),
(5, 3, 'Sales-taxes US-CA 8.25%'),
(5, 4, 'Sales-taxes US-CA 8.25%'),
(6, 1, 'Sales-taxes US-CO 2.9%'),
(6, 3, 'Sales-taxes US-CO 2.9%'),
(6, 4, 'Sales-taxes US-CO 2.9%'),
(7, 1, 'Sales-taxes US-CT 0%'),
(7, 3, 'Sales-taxes US-CT 0%'),
(7, 4, 'Sales-taxes US-CT 0%'),
(8, 1, 'Sales-taxes US-DE 0%'),
(8, 3, 'Sales-taxes US-DE 0%'),
(8, 4, 'Sales-taxes US-DE 0%'),
(9, 1, 'Sales-taxes US-FL 6%'),
(9, 3, 'Sales-taxes US-FL 6%'),
(9, 4, 'Sales-taxes US-FL 6%'),
(10, 1, 'Sales-taxes US-GA 4%'),
(10, 3, 'Sales-taxes US-GA 4%'),
(10, 4, 'Sales-taxes US-GA 4%'),
(11, 1, 'Sales-taxes US-HI 4%'),
(11, 3, 'Sales-taxes US-HI 4%'),
(11, 4, 'Sales-taxes US-HI 4%'),
(12, 1, 'Sales-taxes US-ID 6%'),
(12, 3, 'Sales-taxes US-ID 6%'),
(12, 4, 'Sales-taxes US-ID 6%'),
(13, 1, 'Sales-taxes US-IL 6.25%'),
(13, 3, 'Sales-taxes US-IL 6.25%'),
(13, 4, 'Sales-taxes US-IL 6.25%'),
(14, 1, 'Sales-taxes US-IN 7%'),
(14, 3, 'Sales-taxes US-IN 7%'),
(14, 4, 'Sales-taxes US-IN 7%'),
(15, 1, 'Sales-taxes US-IA 6%'),
(15, 3, 'Sales-taxes US-IA 6%'),
(15, 4, 'Sales-taxes US-IA 6%'),
(16, 1, 'Sales-taxes US-KS 5.3%'),
(16, 3, 'Sales-taxes US-KS 5.3%'),
(16, 4, 'Sales-taxes US-KS 5.3%'),
(17, 1, 'Sales-taxes US-KY 6%'),
(17, 3, 'Sales-taxes US-KY 6%'),
(17, 4, 'Sales-taxes US-KY 6%'),
(18, 1, 'Sales-taxes US-LA 4%'),
(18, 3, 'Sales-taxes US-LA 4%'),
(18, 4, 'Sales-taxes US-LA 4%'),
(19, 1, 'Sales-taxes US-ME 5%'),
(19, 3, 'Sales-taxes US-ME 5%'),
(19, 4, 'Sales-taxes US-ME 5%'),
(20, 1, 'Sales-taxes US-MD 6%'),
(20, 3, 'Sales-taxes US-MD 6%'),
(20, 4, 'Sales-taxes US-MD 6%'),
(21, 1, 'Sales-taxes US-MA 6.25%'),
(21, 3, 'Sales-taxes US-MA 6.25%'),
(21, 4, 'Sales-taxes US-MA 6.25%'),
(22, 1, 'Sales-taxes US-MI 6%'),
(22, 3, 'Sales-taxes US-MI 6%'),
(22, 4, 'Sales-taxes US-MI 6%'),
(23, 1, 'Sales-taxes US-MN 6.875%'),
(23, 3, 'Sales-taxes US-MN 6.875%'),
(23, 4, 'Sales-taxes US-MN 6.875%'),
(24, 1, 'Sales-taxes US-MS 7%'),
(24, 3, 'Sales-taxes US-MS 7%'),
(24, 4, 'Sales-taxes US-MS 7%'),
(25, 1, 'Sales-taxes US-MO 4.225%'),
(25, 3, 'Sales-taxes US-MO 4.225%'),
(25, 4, 'Sales-taxes US-MO 4.225%'),
(26, 1, 'Sales-taxes US-MT 0.0%'),
(26, 3, 'Sales-taxes US-MT 0.0%'),
(26, 4, 'Sales-taxes US-MT 0.0%'),
(27, 1, 'Sales-taxes US-NE 5.5%'),
(27, 3, 'Sales-taxes US-NE 5.5%'),
(27, 4, 'Sales-taxes US-NE 5.5%'),
(28, 1, 'Sales-taxes US-NV 6.85%'),
(28, 3, 'Sales-taxes US-NV 6.85%'),
(28, 4, 'Sales-taxes US-NV 6.85%'),
(29, 1, 'Sales-taxes US-NH 0%'),
(29, 3, 'Sales-taxes US-NH 0%'),
(29, 4, 'Sales-taxes US-NH 0%'),
(30, 1, 'Sales-taxes US-NJ 7%'),
(30, 3, 'Sales-taxes US-NJ 7%'),
(30, 4, 'Sales-taxes US-NJ 7%'),
(31, 1, 'Sales-taxes US-NM 5.125%'),
(31, 3, 'Sales-taxes US-NM 5.125%'),
(31, 4, 'Sales-taxes US-NM 5.125%'),
(32, 1, 'Sales-taxes US-NY 4%'),
(32, 3, 'Sales-taxes US-NY 4%'),
(32, 4, 'Sales-taxes US-NY 4%'),
(33, 1, 'Sales-taxes US-NC 5.5%'),
(33, 3, 'Sales-taxes US-NC 5.5%'),
(33, 4, 'Sales-taxes US-NC 5.5%'),
(34, 1, 'Sales-taxes US-ND 5%'),
(34, 3, 'Sales-taxes US-ND 5%'),
(34, 4, 'Sales-taxes US-ND 5%'),
(35, 1, 'Sales-taxes US-OH 5.5%'),
(35, 3, 'Sales-taxes US-OH 5.5%'),
(35, 4, 'Sales-taxes US-OH 5.5%'),
(36, 1, 'Sales-taxes US-OK 4.5%'),
(36, 3, 'Sales-taxes US-OK 4.5%'),
(36, 4, 'Sales-taxes US-OK 4.5%'),
(37, 1, 'Sales-taxes US-OR 0%'),
(37, 3, 'Sales-taxes US-OR 0%'),
(37, 4, 'Sales-taxes US-OR 0%'),
(38, 1, 'Sales-taxes US-PA 6%'),
(38, 3, 'Sales-taxes US-PA 6%'),
(38, 4, 'Sales-taxes US-PA 6%'),
(39, 1, 'Sales-taxes US-RI 7%'),
(39, 3, 'Sales-taxes US-RI 7%'),
(39, 4, 'Sales-taxes US-RI 7%'),
(40, 1, 'Sales-taxes US-SC 6%'),
(40, 3, 'Sales-taxes US-SC 6%'),
(40, 4, 'Sales-taxes US-SC 6%'),
(41, 1, 'Sales-taxes US-SD 4%'),
(41, 3, 'Sales-taxes US-SD 4%'),
(41, 4, 'Sales-taxes US-SD 4%'),
(42, 1, 'Sales-taxes US-TN 7%'),
(42, 3, 'Sales-taxes US-TN 7%'),
(42, 4, 'Sales-taxes US-TN 7%'),
(43, 1, 'Sales-taxes US-TX 6.25%'),
(43, 3, 'Sales-taxes US-TX 6.25%'),
(43, 4, 'Sales-taxes US-TX 6.25%'),
(44, 1, 'Sales-taxes US-UT 4.75%'),
(44, 3, 'Sales-taxes US-UT 4.75%'),
(44, 4, 'Sales-taxes US-UT 4.75%'),
(45, 1, 'Sales-taxes US-VT 6%'),
(45, 3, 'Sales-taxes US-VT 6%'),
(45, 4, 'Sales-taxes US-VT 6%'),
(46, 1, 'Sales-taxes US-VA 4%'),
(46, 3, 'Sales-taxes US-VA 4%'),
(46, 4, 'Sales-taxes US-VA 4%'),
(47, 1, 'Sales-taxes US-WA 6.5%'),
(47, 3, 'Sales-taxes US-WA 6.5%'),
(47, 4, 'Sales-taxes US-WA 6.5%'),
(48, 1, 'Sales-taxes US-WV 6%'),
(48, 3, 'Sales-taxes US-WV 6%'),
(48, 4, 'Sales-taxes US-WV 6%'),
(49, 1, 'Sales-taxes US-WI 5%'),
(49, 3, 'Sales-taxes US-WI 5%'),
(49, 4, 'Sales-taxes US-WI 5%'),
(50, 1, 'Sales-taxes US-WY 4%'),
(50, 3, 'Sales-taxes US-WY 4%'),
(50, 4, 'Sales-taxes US-WY 4%'),
(51, 1, 'Sales-taxes US-PR 5.5%'),
(51, 3, 'Sales-taxes US-PR 5.5%'),
(51, 4, 'Sales-taxes US-PR 5.5%'),
(52, 1, 'Sales-taxes US-DC 6%'),
(52, 3, 'Sales-taxes US-DC 6%'),
(52, 4, 'Sales-taxes US-DC 6%'),
(53, 1, 'IVA ES 21%'),
(53, 3, 'IVA ES 21%'),
(53, 4, 'IVA ES 21%'),
(54, 1, 'IVA ES 10%'),
(54, 3, 'IVA ES 10%'),
(54, 4, 'IVA ES 10%'),
(55, 1, 'IVA ES 4%'),
(55, 3, 'IVA ES 4%'),
(55, 4, 'IVA ES 4%'),
(56, 1, 'USt. AT 20%'),
(56, 3, 'USt. AT 20%'),
(56, 4, 'USt. AT 20%'),
(57, 1, 'TVA BE 21%'),
(57, 3, 'TVA BE 21%'),
(57, 4, 'TVA BE 21%'),
(58, 1, 'ДДС BG 20%'),
(58, 3, 'ДДС BG 20%'),
(58, 4, 'ДДС BG 20%'),
(59, 1, 'ΦΠΑ CY 19%'),
(59, 3, 'ΦΠΑ CY 19%'),
(59, 4, 'ΦΠΑ CY 19%'),
(60, 1, 'DPH CZ 21%'),
(60, 3, 'DPH CZ 21%'),
(60, 4, 'DPH CZ 21%'),
(61, 1, 'MwSt. DE 19%'),
(61, 3, 'MwSt. DE 19%'),
(61, 4, 'MwSt. DE 19%'),
(62, 1, 'moms DK 25%'),
(62, 3, 'moms DK 25%'),
(62, 4, 'moms DK 25%'),
(63, 1, 'km EE 20%'),
(63, 3, 'km EE 20%'),
(63, 4, 'km EE 20%'),
(64, 1, 'ALV FI 24%'),
(64, 3, 'ALV FI 24%'),
(64, 4, 'ALV FI 24%'),
(65, 1, 'TVA FR 20%'),
(65, 3, 'TVA FR 20%'),
(65, 4, 'TVA FR 20%'),
(66, 1, 'VAT UK 20%'),
(66, 3, 'VAT UK 20%'),
(66, 4, 'VAT UK 20%'),
(67, 1, 'ΦΠΑ GR 23%'),
(67, 3, 'ΦΠΑ GR 23%'),
(67, 4, 'ΦΠΑ GR 23%'),
(68, 1, 'Croatia PDV 25%'),
(68, 3, 'Croatia PDV 25%'),
(68, 4, 'Croatia PDV 25%'),
(69, 1, 'ÁFA HU 27%'),
(69, 3, 'ÁFA HU 27%'),
(69, 4, 'ÁFA HU 27%'),
(70, 1, 'VAT IE 23%'),
(70, 3, 'VAT IE 23%'),
(70, 4, 'VAT IE 23%'),
(71, 1, 'IVA IT 22%'),
(71, 3, 'IVA IT 22%'),
(71, 4, 'IVA IT 22%'),
(72, 1, 'PVM LT 21%'),
(72, 3, 'PVM LT 21%'),
(72, 4, 'PVM LT 21%'),
(73, 1, 'TVA LU 17%'),
(73, 3, 'TVA LU 17%'),
(73, 4, 'TVA LU 17%'),
(74, 1, 'PVN LV 21%'),
(74, 3, 'PVN LV 21%'),
(74, 4, 'PVN LV 21%'),
(75, 1, 'VAT MT 18%'),
(75, 3, 'VAT MT 18%'),
(75, 4, 'VAT MT 18%'),
(76, 1, 'BTW NL 21%'),
(76, 3, 'BTW NL 21%'),
(76, 4, 'BTW NL 21%'),
(77, 1, 'PTU PL 23%'),
(77, 3, 'PTU PL 23%'),
(77, 4, 'PTU PL 23%'),
(78, 1, 'IVA PT 23%'),
(78, 3, 'IVA PT 23%'),
(78, 4, 'IVA PT 23%'),
(79, 1, 'TVA RO 20%'),
(79, 3, 'TVA RO 20%'),
(79, 4, 'TVA RO 20%'),
(80, 1, 'Moms SE 25%'),
(80, 3, 'Moms SE 25%'),
(80, 4, 'Moms SE 25%'),
(81, 1, 'DDV SI 22%'),
(81, 3, 'DDV SI 22%'),
(81, 4, 'DDV SI 22%'),
(82, 1, 'DPH SK 20%'),
(82, 3, 'DPH SK 20%'),
(82, 4, 'DPH SK 20%'),
(83, 1, 'IVA AR 21%'),
(83, 3, 'IVA AR 21%'),
(83, 4, 'IVA AR 21%'),
(84, 1, 'IVA AR 10.5%'),
(84, 3, 'IVA AR 10.5%'),
(84, 4, 'IVA AR 10.5%');

-- --------------------------------------------------------

--
-- Estructura de tabla para la tabla `pr_tax_rule`
--

CREATE TABLE `pr_tax_rule` (
  `id_tax_rule` int NOT NULL,
  `id_tax_rules_group` int NOT NULL,
  `id_country` int NOT NULL,
  `id_state` int NOT NULL,
  `zipcode_from` varchar(12) CHARACTER SET utf8mb4 COLLATE utf8mb4_general_ci NOT NULL,
  `zipcode_to` varchar(12) CHARACTER SET utf8mb4 COLLATE utf8mb4_general_ci NOT NULL,
  `id_tax` int NOT NULL,
  `behavior` int NOT NULL,
  `description` varchar(100) CHARACTER SET utf8mb4 COLLATE utf8mb4_general_ci NOT NULL
) ENGINE=InnoDB DEFAULT CHARSET=utf8mb4 COLLATE=utf8mb4_general_ci;

--
-- Volcado de datos para la tabla `pr_tax_rule`
--

INSERT INTO `pr_tax_rule` (`id_tax_rule`, `id_tax_rules_group`, `id_country`, `id_state`, `zipcode_from`, `zipcode_to`, `id_tax`, `behavior`, `description`) VALUES
(1, 1, 21, 4, '0', '0', 1, 1, ''),
(2, 2, 21, 5, '0', '0', 2, 1, ''),
(3, 3, 21, 6, '0', '0', 3, 1, ''),
(4, 4, 21, 7, '0', '0', 4, 1, ''),
(5, 5, 21, 8, '0', '0', 5, 1, ''),
(6, 6, 21, 9, '0', '0', 6, 1, ''),
(7, 7, 21, 10, '0', '0', 7, 1, ''),
(8, 8, 21, 11, '0', '0', 8, 1, ''),
(9, 9, 21, 12, '0', '0', 9, 1, ''),
(10, 10, 21, 13, '0', '0', 10, 1, ''),
(11, 11, 21, 14, '0', '0', 11, 1, ''),
(12, 12, 21, 15, '0', '0', 12, 1, ''),
(13, 13, 21, 16, '0', '0', 13, 1, ''),
(14, 14, 21, 17, '0', '0', 14, 1, ''),
(15, 15, 21, 18, '0', '0', 15, 1, ''),
(16, 16, 21, 19, '0', '0', 16, 1, ''),
(17, 17, 21, 20, '0', '0', 17, 1, ''),
(18, 18, 21, 21, '0', '0', 18, 1, ''),
(19, 19, 21, 22, '0', '0', 19, 1, ''),
(20, 20, 21, 23, '0', '0', 20, 1, ''),
(21, 21, 21, 24, '0', '0', 21, 1, ''),
(22, 22, 21, 25, '0', '0', 22, 1, ''),
(23, 23, 21, 26, '0', '0', 23, 1, ''),
(24, 24, 21, 27, '0', '0', 24, 1, ''),
(25, 25, 21, 28, '0', '0', 25, 1, ''),
(26, 26, 21, 29, '0', '0', 26, 1, ''),
(27, 27, 21, 30, '0', '0', 27, 1, ''),
(28, 28, 21, 31, '0', '0', 28, 1, ''),
(29, 29, 21, 32, '0', '0', 29, 1, ''),
(30, 30, 21, 33, '0', '0', 30, 1, ''),
(31, 31, 21, 34, '0', '0', 31, 1, ''),
(32, 32, 21, 35, '0', '0', 32, 1, ''),
(33, 33, 21, 36, '0', '0', 33, 1, ''),
(34, 34, 21, 37, '0', '0', 34, 1, ''),
(35, 35, 21, 38, '0', '0', 35, 1, ''),
(36, 36, 21, 39, '0', '0', 36, 1, ''),
(37, 37, 21, 40, '0', '0', 37, 1, ''),
(38, 38, 21, 41, '0', '0', 38, 1, ''),
(39, 39, 21, 42, '0', '0', 39, 1, ''),
(40, 40, 21, 43, '0', '0', 40, 1, ''),
(41, 41, 21, 44, '0', '0', 41, 1, ''),
(42, 42, 21, 45, '0', '0', 42, 1, ''),
(43, 43, 21, 46, '0', '0', 43, 1, ''),
(44, 44, 21, 47, '0', '0', 44, 1, ''),
(45, 45, 21, 48, '0', '0', 45, 1, ''),
(46, 46, 21, 49, '0', '0', 46, 1, ''),
(47, 47, 21, 50, '0', '0', 47, 1, ''),
(48, 48, 21, 51, '0', '0', 48, 1, ''),
(49, 49, 21, 52, '0', '0', 49, 1, ''),
(50, 50, 21, 53, '0', '0', 50, 1, ''),
(51, 51, 21, 54, '0', '0', 51, 1, ''),
(52, 52, 21, 56, '0', '0', 52, 1, ''),
(53, 53, 3, 0, '0', '0', 53, 0, ''),
(54, 53, 236, 0, '0', '0', 53, 0, ''),
(55, 53, 16, 0, '0', '0', 53, 0, ''),
(56, 53, 20, 0, '0', '0', 53, 0, ''),
(57, 53, 1, 0, '0', '0', 53, 0, ''),
(58, 53, 86, 0, '0', '0', 53, 0, ''),
(59, 53, 9, 0, '0', '0', 53, 0, ''),
(60, 53, 6, 0, '0', '0', 53, 0, ''),
(61, 53, 8, 0, '0', '0', 53, 0, ''),
(62, 53, 26, 0, '0', '0', 53, 0, ''),
(63, 53, 10, 0, '0', '0', 53, 0, ''),
(64, 53, 76, 0, '0', '0', 53, 0, ''),
(65, 53, 125, 0, '0', '0', 53, 0, ''),
(66, 53, 131, 0, '0', '0', 53, 0, ''),
(67, 53, 12, 0, '0', '0', 53, 0, ''),
(68, 53, 143, 0, '0', '0', 53, 0, ''),
(69, 53, 139, 0, '0', '0', 53, 0, ''),
(70, 53, 13, 0, '0', '0', 53, 0, ''),
(71, 53, 2, 0, '0', '0', 53, 0, ''),
(72, 53, 14, 0, '0', '0', 53, 0, ''),
(73, 53, 15, 0, '0', '0', 53, 0, ''),
(74, 53, 36, 0, '0', '0', 53, 0, ''),
(75, 53, 193, 0, '0', '0', 53, 0, ''),
(76, 53, 37, 0, '0', '0', 53, 0, ''),
(77, 53, 7, 0, '0', '0', 53, 0, ''),
(78, 53, 18, 0, '0', '0', 53, 0, ''),
(79, 54, 3, 0, '0', '0', 54, 0, ''),
(80, 54, 236, 0, '0', '0', 54, 0, ''),
(81, 54, 16, 0, '0', '0', 54, 0, ''),
(82, 54, 20, 0, '0', '0', 54, 0, ''),
(83, 54, 1, 0, '0', '0', 54, 0, ''),
(84, 54, 86, 0, '0', '0', 54, 0, ''),
(85, 54, 9, 0, '0', '0', 54, 0, ''),
(86, 54, 6, 0, '0', '0', 54, 0, ''),
(87, 54, 8, 0, '0', '0', 54, 0, ''),
(88, 54, 26, 0, '0', '0', 54, 0, ''),
(89, 54, 10, 0, '0', '0', 54, 0, ''),
(90, 54, 76, 0, '0', '0', 54, 0, ''),
(91, 54, 125, 0, '0', '0', 54, 0, ''),
(92, 54, 131, 0, '0', '0', 54, 0, ''),
(93, 54, 12, 0, '0', '0', 54, 0, ''),
(94, 54, 143, 0, '0', '0', 54, 0, ''),
(95, 54, 139, 0, '0', '0', 54, 0, ''),
(96, 54, 13, 0, '0', '0', 54, 0, ''),
(97, 54, 2, 0, '0', '0', 54, 0, ''),
(98, 54, 14, 0, '0', '0', 54, 0, ''),
(99, 54, 15, 0, '0', '0', 54, 0, ''),
(100, 54, 36, 0, '0', '0', 54, 0, ''),
(101, 54, 193, 0, '0', '0', 54, 0, ''),
(102, 54, 37, 0, '0', '0', 54, 0, ''),
(103, 54, 7, 0, '0', '0', 54, 0, ''),
(104, 54, 18, 0, '0', '0', 54, 0, ''),
(105, 55, 3, 0, '0', '0', 55, 0, ''),
(106, 55, 236, 0, '0', '0', 55, 0, ''),
(107, 55, 16, 0, '0', '0', 55, 0, ''),
(108, 55, 20, 0, '0', '0', 55, 0, ''),
(109, 55, 1, 0, '0', '0', 55, 0, ''),
(110, 55, 86, 0, '0', '0', 55, 0, ''),
(111, 55, 9, 0, '0', '0', 55, 0, ''),
(112, 55, 6, 0, '0', '0', 55, 0, ''),
(113, 55, 8, 0, '0', '0', 55, 0, ''),
(114, 55, 26, 0, '0', '0', 55, 0, ''),
(115, 55, 10, 0, '0', '0', 55, 0, ''),
(116, 55, 76, 0, '0', '0', 55, 0, ''),
(117, 55, 125, 0, '0', '0', 55, 0, ''),
(118, 55, 131, 0, '0', '0', 55, 0, ''),
(119, 55, 12, 0, '0', '0', 55, 0, ''),
(120, 55, 143, 0, '0', '0', 55, 0, ''),
(121, 55, 139, 0, '0', '0', 55, 0, ''),
(122, 55, 13, 0, '0', '0', 55, 0, ''),
(123, 55, 2, 0, '0', '0', 55, 0, ''),
(124, 55, 14, 0, '0', '0', 55, 0, ''),
(125, 55, 15, 0, '0', '0', 55, 0, ''),
(126, 55, 36, 0, '0', '0', 55, 0, ''),
(127, 55, 193, 0, '0', '0', 55, 0, ''),
(128, 55, 37, 0, '0', '0', 55, 0, ''),
(129, 55, 7, 0, '0', '0', 55, 0, ''),
(130, 55, 18, 0, '0', '0', 55, 0, ''),
(131, 56, 3, 0, '0', '0', 55, 0, ''),
(132, 56, 236, 0, '0', '0', 55, 0, ''),
(133, 56, 16, 0, '0', '0', 55, 0, ''),
(134, 56, 20, 0, '0', '0', 55, 0, ''),
(135, 56, 1, 0, '0', '0', 55, 0, ''),
(136, 56, 86, 0, '0', '0', 55, 0, ''),
(137, 56, 9, 0, '0', '0', 55, 0, ''),
(138, 56, 6, 0, '0', '0', 55, 0, ''),
(139, 56, 8, 0, '0', '0', 55, 0, ''),
(140, 56, 26, 0, '0', '0', 55, 0, ''),
(141, 56, 10, 0, '0', '0', 55, 0, ''),
(142, 56, 76, 0, '0', '0', 55, 0, ''),
(143, 56, 125, 0, '0', '0', 55, 0, ''),
(144, 56, 131, 0, '0', '0', 55, 0, ''),
(145, 56, 12, 0, '0', '0', 55, 0, ''),
(146, 56, 143, 0, '0', '0', 55, 0, ''),
(147, 56, 139, 0, '0', '0', 55, 0, ''),
(148, 56, 13, 0, '0', '0', 55, 0, ''),
(149, 56, 2, 0, '0', '0', 55, 0, ''),
(150, 56, 14, 0, '0', '0', 55, 0, ''),
(151, 56, 15, 0, '0', '0', 55, 0, ''),
(152, 56, 36, 0, '0', '0', 55, 0, ''),
(153, 56, 193, 0, '0', '0', 55, 0, ''),
(154, 56, 37, 0, '0', '0', 55, 0, ''),
(155, 56, 7, 0, '0', '0', 55, 0, ''),
(156, 56, 18, 0, '0', '0', 55, 0, ''),
(157, 57, 3, 0, '0', '0', 55, 0, ''),
(158, 57, 236, 0, '0', '0', 55, 0, ''),
(159, 57, 16, 0, '0', '0', 55, 0, ''),
(160, 57, 20, 0, '0', '0', 55, 0, ''),
(161, 57, 1, 0, '0', '0', 55, 0, ''),
(162, 57, 86, 0, '0', '0', 55, 0, ''),
(163, 57, 9, 0, '0', '0', 55, 0, ''),
(164, 57, 6, 0, '0', '0', 55, 0, ''),
(165, 57, 8, 0, '0', '0', 55, 0, ''),
(166, 57, 26, 0, '0', '0', 55, 0, ''),
(167, 57, 10, 0, '0', '0', 55, 0, ''),
(168, 57, 76, 0, '0', '0', 55, 0, ''),
(169, 57, 125, 0, '0', '0', 55, 0, ''),
(170, 57, 131, 0, '0', '0', 55, 0, ''),
(171, 57, 12, 0, '0', '0', 55, 0, ''),
(172, 57, 143, 0, '0', '0', 55, 0, ''),
(173, 57, 139, 0, '0', '0', 55, 0, ''),
(174, 57, 13, 0, '0', '0', 55, 0, ''),
(175, 57, 2, 0, '0', '0', 55, 0, ''),
(176, 57, 14, 0, '0', '0', 55, 0, ''),
(177, 57, 15, 0, '0', '0', 55, 0, ''),
(178, 57, 36, 0, '0', '0', 55, 0, ''),
(179, 57, 193, 0, '0', '0', 55, 0, ''),
(180, 57, 37, 0, '0', '0', 55, 0, ''),
(181, 57, 7, 0, '0', '0', 55, 0, ''),
(182, 57, 18, 0, '0', '0', 55, 0, ''),
(183, 58, 6, 0, '0', '0', 53, 0, ''),
(184, 58, 2, 0, '0', '0', 56, 0, ''),
(185, 58, 3, 0, '0', '0', 57, 0, ''),
(186, 58, 236, 0, '0', '0', 58, 0, ''),
(187, 58, 76, 0, '0', '0', 59, 0, ''),
(188, 58, 16, 0, '0', '0', 60, 0, ''),
(189, 58, 1, 0, '0', '0', 61, 0, ''),
(190, 58, 20, 0, '0', '0', 62, 0, ''),
(191, 58, 86, 0, '0', '0', 63, 0, ''),
(192, 58, 7, 0, '0', '0', 64, 0, ''),
(193, 58, 8, 0, '0', '0', 65, 0, ''),
(194, 58, 17, 0, '0', '0', 66, 0, ''),
(195, 58, 9, 0, '0', '0', 67, 0, ''),
(196, 58, 74, 0, '0', '0', 68, 0, ''),
(197, 58, 143, 0, '0', '0', 69, 0, ''),
(198, 58, 26, 0, '0', '0', 70, 0, ''),
(199, 58, 10, 0, '0', '0', 71, 0, ''),
(200, 58, 131, 0, '0', '0', 72, 0, ''),
(201, 58, 12, 0, '0', '0', 73, 0, ''),
(202, 58, 125, 0, '0', '0', 74, 0, ''),
(203, 58, 139, 0, '0', '0', 75, 0, ''),
(204, 58, 13, 0, '0', '0', 76, 0, ''),
(205, 58, 14, 0, '0', '0', 77, 0, ''),
(206, 58, 15, 0, '0', '0', 78, 0, ''),
(207, 58, 36, 0, '0', '0', 79, 0, ''),
(208, 58, 18, 0, '0', '0', 80, 0, ''),
(209, 58, 193, 0, '0', '0', 81, 0, ''),
(210, 58, 37, 0, '0', '0', 82, 0, ''),
(211, 59, 44, 0, '0', '0', 83, 0, ''),
(212, 60, 44, 0, '0', '0', 84, 0, '');

-- --------------------------------------------------------

--
-- Estructura de tabla para la tabla `pr_tax_rules_group`
--

CREATE TABLE `pr_tax_rules_group` (
  `id_tax_rules_group` int NOT NULL,
  `name` varchar(50) CHARACTER SET utf8mb4 COLLATE utf8mb4_general_ci NOT NULL,
  `active` int NOT NULL,
  `deleted` tinyint UNSIGNED NOT NULL,
  `date_add` datetime NOT NULL,
  `date_upd` datetime NOT NULL
) ENGINE=InnoDB DEFAULT CHARSET=utf8mb4 COLLATE=utf8mb4_general_ci;

--
-- Volcado de datos para la tabla `pr_tax_rules_group`
--

INSERT INTO `pr_tax_rules_group` (`id_tax_rules_group`, `name`, `active`, `deleted`, `date_add`, `date_upd`) VALUES
(1, 'US-AL Rate (4%)', 1, 0, '2020-02-12 22:11:51', '2020-02-12 22:11:51'),
(2, 'US-AK Rate (0%)', 1, 0, '2020-02-12 22:11:51', '2020-02-12 22:11:51'),
(3, 'US-AZ Rate (6.6%)', 1, 0, '2020-02-12 22:11:51', '2020-02-12 22:11:51'),
(4, 'US-AR Rate (6%)', 1, 0, '2020-02-12 22:11:51', '2020-02-12 22:11:51'),
(5, 'US-CA Rate (8.25%)', 1, 0, '2020-02-12 22:11:51', '2020-02-12 22:11:51'),
(6, 'US-CO Rate (2.9%)', 1, 0, '2020-02-12 22:11:51', '2020-02-12 22:11:51'),
(7, 'US-CT Rate (0%)', 1, 0, '2020-02-12 22:11:51', '2020-02-12 22:11:51'),
(8, 'US-DE Rate (0%)', 1, 0, '2020-02-12 22:11:51', '2020-02-12 22:11:51'),
(9, 'US-FL Rate (6%)', 1, 0, '2020-02-12 22:11:51', '2020-02-12 22:11:51'),
(10, 'US-GA Rate (4%)', 1, 0, '2020-02-12 22:11:51', '2020-02-12 22:11:51'),
(11, 'US-HI Rate (4%)', 1, 0, '2020-02-12 22:11:51', '2020-02-12 22:11:51'),
(12, 'US-ID Rate (6%)', 1, 0, '2020-02-12 22:11:51', '2020-02-12 22:11:51'),
(13, 'US-IL Rate (6.25%)', 1, 0, '2020-02-12 22:11:51', '2020-02-12 22:11:51'),
(14, 'US-IN Rate (7%)', 1, 0, '2020-02-12 22:11:51', '2020-02-12 22:11:51'),
(15, 'US-IA Rate (6%)', 1, 0, '2020-02-12 22:11:51', '2020-02-12 22:11:51'),
(16, 'US-KS Rate (5.3%)', 1, 0, '2020-02-12 22:11:51', '2020-02-12 22:11:51'),
(17, 'US-KY Rate (6%)', 1, 0, '2020-02-12 22:11:51', '2020-02-12 22:11:51'),
(18, 'US-LA Rate (4%)', 1, 0, '2020-02-12 22:11:51', '2020-02-12 22:11:51'),
(19, 'US-ME Rate (5%)', 1, 0, '2020-02-12 22:11:51', '2020-02-12 22:11:51'),
(20, 'US-MD Rate (6%)', 1, 0, '2020-02-12 22:11:51', '2020-02-12 22:11:51'),
(21, 'US-MA Rate (6.25%)', 1, 0, '2020-02-12 22:11:51', '2020-02-12 22:11:51'),
(22, 'US-MI Rate (6%)', 1, 0, '2020-02-12 22:11:51', '2020-02-12 22:11:51'),
(23, 'US-MN Rate (6.875%)', 1, 0, '2020-02-12 22:11:51', '2020-02-12 22:11:51'),
(24, 'US-MS Rate (7%)', 1, 0, '2020-02-12 22:11:51', '2020-02-12 22:11:51'),
(25, 'US-MO Rate (4.225%)', 1, 0, '2020-02-12 22:11:51', '2020-02-12 22:11:51'),
(26, 'US-MT Rate (0%)', 1, 0, '2020-02-12 22:11:51', '2020-02-12 22:11:51'),
(27, 'US-NE Rate (5.5%)', 1, 0, '2020-02-12 22:11:51', '2020-02-12 22:11:51'),
(28, 'US-NV Rate (6.85%)', 1, 0, '2020-02-12 22:11:51', '2020-02-12 22:11:51'),
(29, 'US-NH Rate (0%)', 1, 0, '2020-02-12 22:11:51', '2020-02-12 22:11:51'),
(30, 'US-NJ Rate (7%)', 1, 0, '2020-02-12 22:11:51', '2020-02-12 22:11:51'),
(31, 'US-NM Rate (5.125%)', 1, 0, '2020-02-12 22:11:51', '2020-02-12 22:11:51'),
(32, 'US-NY Rate (4%)', 1, 0, '2020-02-12 22:11:51', '2020-02-12 22:11:51'),
(33, 'US-NC Rate (5.5%)', 1, 0, '2020-02-12 22:11:51', '2020-02-12 22:11:51'),
(34, 'US-ND Rate (5%)', 1, 0, '2020-02-12 22:11:51', '2020-02-12 22:11:51'),
(35, 'US-OH Rate (5.5%)', 1, 0, '2020-02-12 22:11:51', '2020-02-12 22:11:51'),
(36, 'US-OK Rate (4.5%)', 1, 0, '2020-02-12 22:11:51', '2020-02-12 22:11:51'),
(37, 'US-OR Rate (0%)', 1, 0, '2020-02-12 22:11:51', '2020-02-12 22:11:51'),
(38, 'US-PA Rate (6%)', 1, 0, '2020-02-12 22:11:51', '2020-02-12 22:11:51'),
(39, 'US-RI Rate (7%)', 1, 0, '2020-02-12 22:11:51', '2020-02-12 22:11:51'),
(40, 'US-SC Rate (6%)', 1, 0, '2020-02-12 22:11:51', '2020-02-12 22:11:51'),
(41, 'US-SD Rate (4%)', 1, 0, '2020-02-12 22:11:51', '2020-02-12 22:11:51'),
(42, 'US-TN Rate (7%)', 1, 0, '2020-02-12 22:11:51', '2020-02-12 22:11:51'),
(43, 'US-TX Rate (6.25%)', 1, 0, '2020-02-12 22:11:51', '2020-02-12 22:11:51'),
(44, 'US-UT Rate (4.75%)', 1, 0, '2020-02-12 22:11:51', '2020-02-12 22:11:51'),
(45, 'US-VT Rate (6%)', 1, 0, '2020-02-12 22:11:51', '2020-02-12 22:11:51'),
(46, 'US-VA Rate (4%)', 1, 0, '2020-02-12 22:11:51', '2020-02-12 22:11:51'),
(47, 'US-WA Rate (6.5%)', 1, 0, '2020-02-12 22:11:51', '2020-02-12 22:11:51'),
(48, 'US-WV Rate (6%)', 1, 0, '2020-02-12 22:11:51', '2020-02-12 22:11:51'),
(49, 'US-WI Rate (5%)', 1, 0, '2020-02-12 22:11:51', '2020-02-12 22:11:51'),
(50, 'US-WY Rate (4%)', 1, 0, '2020-02-12 22:11:51', '2020-02-12 22:11:51'),
(51, 'US-PR Rate (5.5%)', 1, 0, '2020-02-12 22:11:51', '2020-02-12 22:11:51'),
(52, 'US-DC Rate (6%)', 1, 0, '2020-02-12 22:11:51', '2020-02-12 22:11:51'),
(53, 'ES Standard rate (21%)', 1, 0, '2020-03-02 19:09:26', '2020-03-02 19:09:26'),
(54, 'ES Reduced Rate (10%)', 1, 0, '2020-03-02 19:09:39', '2020-03-02 19:09:39'),
(55, 'ES Super Reduced Rate (4%)', 1, 0, '2020-03-02 19:09:51', '2020-03-02 19:09:51'),
(56, 'ES Foodstuff Rate (4%)', 1, 0, '2020-03-02 19:10:03', '2020-03-02 19:10:03'),
(57, 'ES Books Rate (4%)', 1, 0, '2020-03-02 19:10:13', '2020-03-02 19:10:13'),
(58, 'EU VAT For Virtual Products', 1, 0, '2020-03-02 19:10:24', '2020-03-02 19:10:24'),
(59, 'AR Standard rate (21%)', 1, 0, '2020-03-02 19:29:26', '2020-03-02 19:29:26'),
(60, 'AR Reduced rate (10.5%)', 1, 0, '2020-03-02 19:29:27', '2020-03-02 19:29:27');

-- --------------------------------------------------------

--
-- Estructura de tabla para la tabla `pr_tax_rules_group_shop`
--

CREATE TABLE `pr_tax_rules_group_shop` (
  `id_tax_rules_group` int UNSIGNED NOT NULL,
  `id_shop` int UNSIGNED NOT NULL
) ENGINE=InnoDB DEFAULT CHARSET=utf8mb4 COLLATE=utf8mb4_general_ci;

--
-- Volcado de datos para la tabla `pr_tax_rules_group_shop`
--

INSERT INTO `pr_tax_rules_group_shop` (`id_tax_rules_group`, `id_shop`) VALUES
(1, 1),
(2, 1),
(3, 1),
(4, 1),
(5, 1),
(6, 1),
(7, 1),
(8, 1),
(9, 1),
(10, 1),
(11, 1),
(12, 1),
(13, 1),
(14, 1),
(15, 1),
(16, 1),
(17, 1),
(18, 1),
(19, 1),
(20, 1),
(21, 1),
(22, 1),
(23, 1),
(24, 1),
(25, 1),
(26, 1),
(27, 1),
(28, 1),
(29, 1),
(30, 1),
(31, 1),
(32, 1),
(33, 1),
(34, 1),
(35, 1),
(36, 1),
(37, 1),
(38, 1),
(39, 1),
(40, 1),
(41, 1),
(42, 1),
(43, 1),
(44, 1),
(45, 1),
(46, 1),
(47, 1),
(48, 1),
(49, 1),
(50, 1),
(51, 1),
(52, 1),
(53, 1),
(54, 1),
(55, 1),
(56, 1),
(57, 1),
(58, 1),
(59, 1),
(60, 1);

-- --------------------------------------------------------

--
-- Estructura de tabla para la tabla `pr_timezone`
--

CREATE TABLE `pr_timezone` (
  `id_timezone` int UNSIGNED NOT NULL,
  `name` varchar(32) CHARACTER SET utf8mb4 COLLATE utf8mb4_general_ci NOT NULL
) ENGINE=InnoDB DEFAULT CHARSET=utf8mb4 COLLATE=utf8mb4_general_ci;

--
-- Volcado de datos para la tabla `pr_timezone`
--

INSERT INTO `pr_timezone` (`id_timezone`, `name`) VALUES
(1, 'Africa/Abidjan'),
(2, 'Africa/Accra'),
(3, 'Africa/Addis_Ababa'),
(4, 'Africa/Algiers'),
(5, 'Africa/Asmara'),
(6, 'Africa/Asmera'),
(7, 'Africa/Bamako'),
(8, 'Africa/Bangui'),
(9, 'Africa/Banjul'),
(10, 'Africa/Bissau'),
(11, 'Africa/Blantyre'),
(12, 'Africa/Brazzaville'),
(13, 'Africa/Bujumbura'),
(14, 'Africa/Cairo'),
(15, 'Africa/Casablanca'),
(16, 'Africa/Ceuta'),
(17, 'Africa/Conakry'),
(18, 'Africa/Dakar'),
(19, 'Africa/Dar_es_Salaam'),
(20, 'Africa/Djibouti'),
(21, 'Africa/Douala'),
(22, 'Africa/El_Aaiun'),
(23, 'Africa/Freetown'),
(24, 'Africa/Gaborone'),
(25, 'Africa/Harare'),
(26, 'Africa/Johannesburg'),
(27, 'Africa/Kampala'),
(28, 'Africa/Khartoum'),
(29, 'Africa/Kigali'),
(30, 'Africa/Kinshasa'),
(31, 'Africa/Lagos'),
(32, 'Africa/Libreville'),
(33, 'Africa/Lome'),
(34, 'Africa/Luanda'),
(35, 'Africa/Lubumbashi'),
(36, 'Africa/Lusaka'),
(37, 'Africa/Malabo'),
(38, 'Africa/Maputo'),
(39, 'Africa/Maseru'),
(40, 'Africa/Mbabane'),
(41, 'Africa/Mogadishu'),
(42, 'Africa/Monrovia'),
(43, 'Africa/Nairobi'),
(44, 'Africa/Ndjamena'),
(45, 'Africa/Niamey'),
(46, 'Africa/Nouakchott'),
(47, 'Africa/Ouagadougou'),
(48, 'Africa/Porto-Novo'),
(49, 'Africa/Sao_Tome'),
(50, 'Africa/Timbuktu'),
(51, 'Africa/Tripoli'),
(52, 'Africa/Tunis'),
(53, 'Africa/Windhoek'),
(54, 'America/Adak'),
(55, 'America/Anchorage '),
(56, 'America/Anguilla'),
(57, 'America/Antigua'),
(58, 'America/Araguaina'),
(59, 'America/Argentina/Buenos_Aires'),
(60, 'America/Argentina/Catamarca'),
(61, 'America/Argentina/ComodRivadavia'),
(62, 'America/Argentina/Cordoba'),
(63, 'America/Argentina/Jujuy'),
(64, 'America/Argentina/La_Rioja'),
(65, 'America/Argentina/Mendoza'),
(66, 'America/Argentina/Rio_Gallegos'),
(67, 'America/Argentina/Salta'),
(68, 'America/Argentina/San_Juan'),
(69, 'America/Argentina/San_Luis'),
(70, 'America/Argentina/Tucuman'),
(71, 'America/Argentina/Ushuaia'),
(72, 'America/Aruba'),
(73, 'America/Asuncion'),
(74, 'America/Atikokan'),
(75, 'America/Atka'),
(76, 'America/Bahia'),
(77, 'America/Barbados'),
(78, 'America/Belem'),
(79, 'America/Belize'),
(80, 'America/Blanc-Sablon'),
(81, 'America/Boa_Vista'),
(82, 'America/Bogota'),
(83, 'America/Boise'),
(84, 'America/Buenos_Aires'),
(85, 'America/Cambridge_Bay'),
(86, 'America/Campo_Grande'),
(87, 'America/Cancun'),
(88, 'America/Caracas'),
(89, 'America/Catamarca'),
(90, 'America/Cayenne'),
(91, 'America/Cayman'),
(92, 'America/Chicago'),
(93, 'America/Chihuahua'),
(94, 'America/Coral_Harbour'),
(95, 'America/Cordoba'),
(96, 'America/Costa_Rica'),
(97, 'America/Cuiaba'),
(98, 'America/Curacao'),
(99, 'America/Danmarkshavn'),
(100, 'America/Dawson'),
(101, 'America/Dawson_Creek'),
(102, 'America/Denver'),
(103, 'America/Detroit'),
(104, 'America/Dominica'),
(105, 'America/Edmonton'),
(106, 'America/Eirunepe'),
(107, 'America/El_Salvador'),
(108, 'America/Ensenada'),
(109, 'America/Fort_Wayne'),
(110, 'America/Fortaleza'),
(111, 'America/Glace_Bay'),
(112, 'America/Godthab'),
(113, 'America/Goose_Bay'),
(114, 'America/Grand_Turk'),
(115, 'America/Grenada'),
(116, 'America/Guadeloupe'),
(117, 'America/Guatemala'),
(118, 'America/Guayaquil'),
(119, 'America/Guyana'),
(120, 'America/Halifax'),
(121, 'America/Havana'),
(122, 'America/Hermosillo'),
(123, 'America/Indiana/Indianapolis'),
(124, 'America/Indiana/Knox'),
(125, 'America/Indiana/Marengo'),
(126, 'America/Indiana/Petersburg'),
(127, 'America/Indiana/Tell_City'),
(128, 'America/Indiana/Vevay'),
(129, 'America/Indiana/Vincennes'),
(130, 'America/Indiana/Winamac'),
(131, 'America/Indianapolis'),
(132, 'America/Inuvik'),
(133, 'America/Iqaluit'),
(134, 'America/Jamaica'),
(135, 'America/Jujuy'),
(136, 'America/Juneau'),
(137, 'America/Kentucky/Louisville'),
(138, 'America/Kentucky/Monticello'),
(139, 'America/Knox_IN'),
(140, 'America/La_Paz'),
(141, 'America/Lima'),
(142, 'America/Los_Angeles'),
(143, 'America/Louisville'),
(144, 'America/Maceio'),
(145, 'America/Managua'),
(146, 'America/Manaus'),
(147, 'America/Marigot'),
(148, 'America/Martinique'),
(149, 'America/Mazatlan'),
(150, 'America/Mendoza'),
(151, 'America/Menominee'),
(152, 'America/Merida'),
(153, 'America/Mexico_City'),
(154, 'America/Miquelon'),
(155, 'America/Moncton'),
(156, 'America/Monterrey'),
(157, 'America/Montevideo'),
(158, 'America/Montreal'),
(159, 'America/Montserrat'),
(160, 'America/Nassau'),
(161, 'America/New_York'),
(162, 'America/Nipigon'),
(163, 'America/Nome'),
(164, 'America/Noronha'),
(165, 'America/North_Dakota/Center'),
(166, 'America/North_Dakota/New_Salem'),
(167, 'America/Panama'),
(168, 'America/Pangnirtung'),
(169, 'America/Paramaribo'),
(170, 'America/Phoenix'),
(171, 'America/Port-au-Prince'),
(172, 'America/Port_of_Spain'),
(173, 'America/Porto_Acre'),
(174, 'America/Porto_Velho'),
(175, 'America/Puerto_Rico'),
(176, 'America/Rainy_River'),
(177, 'America/Rankin_Inlet'),
(178, 'America/Recife'),
(179, 'America/Regina'),
(180, 'America/Resolute'),
(181, 'America/Rio_Branco'),
(182, 'America/Rosario'),
(183, 'America/Santarem'),
(184, 'America/Santiago'),
(185, 'America/Santo_Domingo'),
(186, 'America/Sao_Paulo'),
(187, 'America/Scoresbysund'),
(188, 'America/Shiprock'),
(189, 'America/St_Barthelemy'),
(190, 'America/St_Johns'),
(191, 'America/St_Kitts'),
(192, 'America/St_Lucia'),
(193, 'America/St_Thomas'),
(194, 'America/St_Vincent'),
(195, 'America/Swift_Current'),
(196, 'America/Tegucigalpa'),
(197, 'America/Thule'),
(198, 'America/Thunder_Bay'),
(199, 'America/Tijuana'),
(200, 'America/Toronto'),
(201, 'America/Tortola'),
(202, 'America/Vancouver'),
(203, 'America/Virgin'),
(204, 'America/Whitehorse'),
(205, 'America/Winnipeg'),
(206, 'America/Yakutat'),
(207, 'America/Yellowknife'),
(208, 'Antarctica/Casey'),
(209, 'Antarctica/Davis'),
(210, 'Antarctica/DumontDUrville'),
(211, 'Antarctica/Mawson'),
(212, 'Antarctica/McMurdo'),
(213, 'Antarctica/Palmer'),
(214, 'Antarctica/Rothera'),
(215, 'Antarctica/South_Pole'),
(216, 'Antarctica/Syowa'),
(217, 'Antarctica/Vostok'),
(218, 'Arctic/Longyearbyen'),
(219, 'Asia/Aden'),
(220, 'Asia/Almaty'),
(221, 'Asia/Amman'),
(222, 'Asia/Anadyr'),
(223, 'Asia/Aqtau'),
(224, 'Asia/Aqtobe'),
(225, 'Asia/Ashgabat'),
(226, 'Asia/Ashkhabad'),
(227, 'Asia/Baghdad'),
(228, 'Asia/Bahrain'),
(229, 'Asia/Baku'),
(230, 'Asia/Bangkok'),
(231, 'Asia/Beirut'),
(232, 'Asia/Bishkek'),
(233, 'Asia/Brunei'),
(234, 'Asia/Calcutta'),
(235, 'Asia/Choibalsan'),
(236, 'Asia/Chongqing'),
(237, 'Asia/Chungking'),
(238, 'Asia/Colombo'),
(239, 'Asia/Dacca'),
(240, 'Asia/Damascus'),
(241, 'Asia/Dhaka'),
(242, 'Asia/Dili'),
(243, 'Asia/Dubai'),
(244, 'Asia/Dushanbe'),
(245, 'Asia/Gaza'),
(246, 'Asia/Harbin'),
(247, 'Asia/Ho_Chi_Minh'),
(248, 'Asia/Hong_Kong'),
(249, 'Asia/Hovd'),
(250, 'Asia/Irkutsk'),
(251, 'Asia/Istanbul'),
(252, 'Asia/Jakarta'),
(253, 'Asia/Jayapura'),
(254, 'Asia/Jerusalem'),
(255, 'Asia/Kabul'),
(256, 'Asia/Kamchatka'),
(257, 'Asia/Karachi'),
(258, 'Asia/Kashgar'),
(259, 'Asia/Kathmandu'),
(260, 'Asia/Katmandu'),
(261, 'Asia/Kolkata'),
(262, 'Asia/Krasnoyarsk'),
(263, 'Asia/Kuala_Lumpur'),
(264, 'Asia/Kuching'),
(265, 'Asia/Kuwait'),
(266, 'Asia/Macao'),
(267, 'Asia/Macau'),
(268, 'Asia/Magadan'),
(269, 'Asia/Makassar'),
(270, 'Asia/Manila'),
(271, 'Asia/Muscat'),
(272, 'Asia/Nicosia'),
(273, 'Asia/Novosibirsk'),
(274, 'Asia/Omsk'),
(275, 'Asia/Oral'),
(276, 'Asia/Phnom_Penh'),
(277, 'Asia/Pontianak'),
(278, 'Asia/Pyongyang'),
(279, 'Asia/Qatar'),
(280, 'Asia/Qyzylorda'),
(281, 'Asia/Rangoon'),
(282, 'Asia/Riyadh'),
(283, 'Asia/Saigon'),
(284, 'Asia/Sakhalin'),
(285, 'Asia/Samarkand'),
(286, 'Asia/Seoul'),
(287, 'Asia/Shanghai'),
(288, 'Asia/Singapore'),
(289, 'Asia/Taipei'),
(290, 'Asia/Tashkent'),
(291, 'Asia/Tbilisi'),
(292, 'Asia/Tehran'),
(293, 'Asia/Tel_Aviv'),
(294, 'Asia/Thimbu'),
(295, 'Asia/Thimphu'),
(296, 'Asia/Tokyo'),
(297, 'Asia/Ujung_Pandang'),
(298, 'Asia/Ulaanbaatar'),
(299, 'Asia/Ulan_Bator'),
(300, 'Asia/Urumqi'),
(301, 'Asia/Vientiane'),
(302, 'Asia/Vladivostok'),
(303, 'Asia/Yakutsk'),
(304, 'Asia/Yekaterinburg'),
(305, 'Asia/Yerevan'),
(306, 'Atlantic/Azores'),
(307, 'Atlantic/Bermuda'),
(308, 'Atlantic/Canary'),
(309, 'Atlantic/Cape_Verde'),
(310, 'Atlantic/Faeroe'),
(311, 'Atlantic/Faroe'),
(312, 'Atlantic/Jan_Mayen'),
(313, 'Atlantic/Madeira'),
(314, 'Atlantic/Reykjavik'),
(315, 'Atlantic/South_Georgia'),
(316, 'Atlantic/St_Helena'),
(317, 'Atlantic/Stanley'),
(318, 'Australia/ACT'),
(319, 'Australia/Adelaide'),
(320, 'Australia/Brisbane'),
(321, 'Australia/Broken_Hill'),
(322, 'Australia/Canberra'),
(323, 'Australia/Currie'),
(324, 'Australia/Darwin'),
(325, 'Australia/Eucla'),
(326, 'Australia/Hobart'),
(327, 'Australia/LHI'),
(328, 'Australia/Lindeman'),
(329, 'Australia/Lord_Howe'),
(330, 'Australia/Melbourne'),
(331, 'Australia/North'),
(332, 'Australia/NSW'),
(333, 'Australia/Perth'),
(334, 'Australia/Queensland'),
(335, 'Australia/South'),
(336, 'Australia/Sydney'),
(337, 'Australia/Tasmania'),
(338, 'Australia/Victoria'),
(339, 'Australia/West'),
(340, 'Australia/Yancowinna'),
(341, 'Europe/Amsterdam'),
(342, 'Europe/Andorra'),
(343, 'Europe/Athens'),
(344, 'Europe/Belfast'),
(345, 'Europe/Belgrade'),
(346, 'Europe/Berlin'),
(347, 'Europe/Bratislava'),
(348, 'Europe/Brussels'),
(349, 'Europe/Bucharest'),
(350, 'Europe/Budapest'),
(351, 'Europe/Chisinau'),
(352, 'Europe/Copenhagen'),
(353, 'Europe/Dublin'),
(354, 'Europe/Gibraltar'),
(355, 'Europe/Guernsey'),
(356, 'Europe/Helsinki'),
(357, 'Europe/Isle_of_Man'),
(358, 'Europe/Istanbul'),
(359, 'Europe/Jersey'),
(360, 'Europe/Kaliningrad'),
(361, 'Europe/Kiev'),
(362, 'Europe/Lisbon'),
(363, 'Europe/Ljubljana'),
(364, 'Europe/London'),
(365, 'Europe/Luxembourg'),
(366, 'Europe/Madrid'),
(367, 'Europe/Malta'),
(368, 'Europe/Mariehamn'),
(369, 'Europe/Minsk'),
(370, 'Europe/Monaco'),
(371, 'Europe/Moscow'),
(372, 'Europe/Nicosia'),
(373, 'Europe/Oslo'),
(374, 'Europe/Paris'),
(375, 'Europe/Podgorica'),
(376, 'Europe/Prague'),
(377, 'Europe/Riga'),
(378, 'Europe/Rome'),
(379, 'Europe/Samara'),
(380, 'Europe/San_Marino'),
(381, 'Europe/Sarajevo'),
(382, 'Europe/Simferopol'),
(383, 'Europe/Skopje'),
(384, 'Europe/Sofia'),
(385, 'Europe/Stockholm'),
(386, 'Europe/Tallinn'),
(387, 'Europe/Tirane'),
(388, 'Europe/Tiraspol'),
(389, 'Europe/Uzhgorod'),
(390, 'Europe/Vaduz'),
(391, 'Europe/Vatican'),
(392, 'Europe/Vienna'),
(393, 'Europe/Vilnius'),
(394, 'Europe/Volgograd'),
(395, 'Europe/Warsaw'),
(396, 'Europe/Zagreb'),
(397, 'Europe/Zaporozhye'),
(398, 'Europe/Zurich'),
(399, 'Indian/Antananarivo'),
(400, 'Indian/Chagos'),
(401, 'Indian/Christmas'),
(402, 'Indian/Cocos'),
(403, 'Indian/Comoro'),
(404, 'Indian/Kerguelen'),
(405, 'Indian/Mahe'),
(406, 'Indian/Maldives'),
(407, 'Indian/Mauritius'),
(408, 'Indian/Mayotte'),
(409, 'Indian/Reunion'),
(410, 'Pacific/Apia'),
(411, 'Pacific/Auckland'),
(412, 'Pacific/Chatham'),
(413, 'Pacific/Easter'),
(414, 'Pacific/Efate'),
(415, 'Pacific/Enderbury'),
(416, 'Pacific/Fakaofo'),
(417, 'Pacific/Fiji'),
(418, 'Pacific/Funafuti'),
(419, 'Pacific/Galapagos'),
(420, 'Pacific/Gambier'),
(421, 'Pacific/Guadalcanal'),
(422, 'Pacific/Guam'),
(423, 'Pacific/Honolulu'),
(424, 'Pacific/Johnston'),
(425, 'Pacific/Kiritimati'),
(426, 'Pacific/Kosrae'),
(427, 'Pacific/Kwajalein'),
(428, 'Pacific/Majuro'),
(429, 'Pacific/Marquesas'),
(430, 'Pacific/Midway'),
(431, 'Pacific/Nauru'),
(432, 'Pacific/Niue'),
(433, 'Pacific/Norfolk'),
(434, 'Pacific/Noumea'),
(435, 'Pacific/Pago_Pago'),
(436, 'Pacific/Palau'),
(437, 'Pacific/Pitcairn'),
(438, 'Pacific/Ponape'),
(439, 'Pacific/Port_Moresby'),
(440, 'Pacific/Rarotonga'),
(441, 'Pacific/Saipan'),
(442, 'Pacific/Samoa'),
(443, 'Pacific/Tahiti'),
(444, 'Pacific/Tarawa'),
(445, 'Pacific/Tongatapu'),
(446, 'Pacific/Truk'),
(447, 'Pacific/Wake'),
(448, 'Pacific/Wallis'),
(449, 'Pacific/Yap'),
(450, 'Brazil/Acre'),
(451, 'Brazil/DeNoronha'),
(452, 'Brazil/East'),
(453, 'Brazil/West'),
(454, 'Canada/Atlantic'),
(455, 'Canada/Central'),
(456, 'Canada/East-Saskatchewan'),
(457, 'Canada/Eastern'),
(458, 'Canada/Mountain'),
(459, 'Canada/Newfoundland'),
(460, 'Canada/Pacific'),
(461, 'Canada/Saskatchewan'),
(462, 'Canada/Yukon'),
(463, 'CET'),
(464, 'Chile/Continental'),
(465, 'Chile/EasterIsland'),
(466, 'CST6CDT'),
(467, 'Cuba'),
(468, 'EET'),
(469, 'Egypt'),
(470, 'Eire'),
(471, 'EST'),
(472, 'EST5EDT'),
(473, 'Etc/GMT'),
(474, 'Etc/GMT+0'),
(475, 'Etc/GMT+1'),
(476, 'Etc/GMT+10'),
(477, 'Etc/GMT+11'),
(478, 'Etc/GMT+12'),
(479, 'Etc/GMT+2'),
(480, 'Etc/GMT+3'),
(481, 'Etc/GMT+4'),
(482, 'Etc/GMT+5'),
(483, 'Etc/GMT+6'),
(484, 'Etc/GMT+7'),
(485, 'Etc/GMT+8'),
(486, 'Etc/GMT+9'),
(487, 'Etc/GMT-0'),
(488, 'Etc/GMT-1'),
(489, 'Etc/GMT-10'),
(490, 'Etc/GMT-11'),
(491, 'Etc/GMT-12'),
(492, 'Etc/GMT-13'),
(493, 'Etc/GMT-14'),
(494, 'Etc/GMT-2'),
(495, 'Etc/GMT-3'),
(496, 'Etc/GMT-4'),
(497, 'Etc/GMT-5'),
(498, 'Etc/GMT-6'),
(499, 'Etc/GMT-7'),
(500, 'Etc/GMT-8'),
(501, 'Etc/GMT-9'),
(502, 'Etc/GMT0'),
(503, 'Etc/Greenwich'),
(504, 'Etc/UCT'),
(505, 'Etc/Universal'),
(506, 'Etc/UTC'),
(507, 'Etc/Zulu'),
(508, 'Factory'),
(509, 'GB'),
(510, 'GB-Eire'),
(511, 'GMT'),
(512, 'GMT+0'),
(513, 'GMT-0'),
(514, 'GMT0'),
(515, 'Greenwich'),
(516, 'Hongkong'),
(517, 'HST'),
(518, 'Iceland'),
(519, 'Iran'),
(520, 'Israel'),
(521, 'Jamaica'),
(522, 'Japan'),
(523, 'Kwajalein'),
(524, 'Libya'),
(525, 'MET'),
(526, 'Mexico/BajaNorte'),
(527, 'Mexico/BajaSur'),
(528, 'Mexico/General'),
(529, 'MST'),
(530, 'MST7MDT'),
(531, 'Navajo'),
(532, 'NZ'),
(533, 'NZ-CHAT'),
(534, 'Poland'),
(535, 'Portugal'),
(536, 'PRC'),
(537, 'PST8PDT'),
(538, 'ROC'),
(539, 'ROK'),
(540, 'Singapore'),
(541, 'Turkey'),
(542, 'UCT'),
(543, 'Universal'),
(544, 'US/Alaska'),
(545, 'US/Aleutian'),
(546, 'US/Arizona'),
(547, 'US/Central'),
(548, 'US/East-Indiana'),
(549, 'US/Eastern'),
(550, 'US/Hawaii'),
(551, 'US/Indiana-Starke'),
(552, 'US/Michigan'),
(553, 'US/Mountain'),
(554, 'US/Pacific'),
(555, 'US/Pacific-New'),
(556, 'US/Samoa'),
(557, 'UTC'),
(558, 'W-SU'),
(559, 'WET'),
(560, 'Zulu');

-- --------------------------------------------------------

--
-- Estructura de tabla para la tabla `pr_todopago_gmaps`
--

CREATE TABLE `pr_todopago_gmaps` (
  `id` int NOT NULL,
  `billing_street` varchar(60) NOT NULL,
  `billing_state` varchar(60) NOT NULL,
  `billing_city` varchar(64) NOT NULL,
  `billing_country` varchar(100) NOT NULL,
  `billing_postalcode` varchar(100) NOT NULL,
  `shipping_street` varchar(60) NOT NULL,
  `shipping_state` varchar(60) NOT NULL,
  `shipping_city` varchar(64) NOT NULL,
  `shipping_country` varchar(100) NOT NULL,
  `shipping_postalcode` varchar(100) NOT NULL,
  `identify_key` varchar(100) NOT NULL
) ENGINE=InnoDB DEFAULT CHARSET=latin1;

--
-- Volcado de datos para la tabla `pr_todopago_gmaps`
--

INSERT INTO `pr_todopago_gmaps` (`id`, `billing_street`, `billing_state`, `billing_city`, `billing_country`, `billing_postalcode`, `shipping_street`, `shipping_state`, `shipping_city`, `shipping_country`, `shipping_postalcode`, `identify_key`) VALUES
(1, 'Avenida de Mayo 1271', 'C', 'CABA', 'AR', 'C1085', 'Avenida de Mayo 1271', 'C', 'CABA', 'AR', 'C1085', 'soberanianacional'),
(2, 'Avenida Belgrano 1586', 'C', 'CABA', 'AR', 'C1093', 'Avenida Belgrano 1586', 'C', 'CABA', 'AR', 'C1093', 'AvBelgrano1586');

-- --------------------------------------------------------

--
-- Estructura de tabla para la tabla `pr_todopago_productos`
--

CREATE TABLE `pr_todopago_productos` (
  `id_product` int NOT NULL,
  `tipo_servicio` varchar(500) DEFAULT NULL,
  `tipo_delivery` varchar(500) DEFAULT NULL,
  `referencia_pago` varchar(500) DEFAULT NULL,
  `fecha_evento` datetime DEFAULT NULL,
  `tipo_envio` varchar(500) DEFAULT NULL,
  `codigo_producto` varchar(50) DEFAULT NULL
) ENGINE=InnoDB DEFAULT CHARSET=latin1;

-- --------------------------------------------------------

--
-- Estructura de tabla para la tabla `pr_todopago_transaccion`
--

CREATE TABLE `pr_todopago_transaccion` (
  `id` int NOT NULL,
  `id_orden` int DEFAULT NULL,
  `first_step` timestamp NULL DEFAULT NULL,
  `params_SAR` text,
  `response_SAR` text,
  `second_step` timestamp NULL DEFAULT NULL,
  `params_GAA` text,
  `response_GAA` text,
  `request_key` text,
  `public_request_key` text,
  `answer_key` text
) ENGINE=InnoDB DEFAULT CHARSET=latin1;

--
-- Volcado de datos para la tabla `pr_todopago_transaccion`
--

INSERT INTO `pr_todopago_transaccion` (`id`, `id_orden`, `first_step`, `params_SAR`, `response_SAR`, `second_step`, `params_GAA`, `response_GAA`, `request_key`, `public_request_key`, `answer_key`) VALUES
(1, 21, NULL, NULL, NULL, NULL, NULL, NULL, NULL, NULL, NULL),
(2, 22, NULL, NULL, NULL, NULL, NULL, NULL, NULL, NULL, NULL),
(3, 23, NULL, NULL, NULL, NULL, NULL, NULL, NULL, NULL, NULL),
(4, 24, NULL, NULL, NULL, NULL, NULL, NULL, NULL, NULL, NULL),
(5, 25, NULL, NULL, NULL, NULL, NULL, NULL, NULL, NULL, NULL),
(6, 26, NULL, NULL, NULL, NULL, NULL, NULL, NULL, NULL, NULL),
(7, 28, NULL, NULL, NULL, NULL, NULL, NULL, NULL, NULL, NULL),
(8, 31, NULL, NULL, NULL, NULL, NULL, NULL, NULL, NULL, NULL),
(9, 33, NULL, NULL, NULL, NULL, NULL, NULL, NULL, NULL, NULL);

-- --------------------------------------------------------

--
-- Estructura de tabla para la tabla `pr_todopago_transacciones`
--

CREATE TABLE `pr_todopago_transacciones` (
  `id_cart` int NOT NULL,
  `detalle` varchar(500) NOT NULL
) ENGINE=InnoDB DEFAULT CHARSET=latin1;

--
-- Volcado de datos para la tabla `pr_todopago_transacciones`
--

INSERT INTO `pr_todopago_transacciones` (`id_cart`, `detalle`) VALUES
(21, '{\"customer\":\"9\",\"respuesta\":\"\",\"status\":\"Cuenta de vendedor invalida\",\"total\":15}'),
(22, '{\"customer\":\"9\",\"respuesta\":\"\",\"status\":\"Cuenta de vendedor invalida\",\"total\":15}'),
(23, '{\"customer\":\"9\",\"respuesta\":\"\",\"status\":\"Cuenta de vendedor invalida\",\"total\":15}'),
(24, '{\"customer\":\"9\",\"respuesta\":\"\",\"status\":\"Cuenta de vendedor invalida\",\"total\":15}'),
(25, '{\"customer\":\"9\",\"respuesta\":\"\",\"status\":\"Cuenta de vendedor invalida\",\"total\":15}'),
(26, '{\"customer\":\"9\",\"respuesta\":\"\",\"status\":\"Cuenta de vendedor invalida\",\"total\":0.23}'),
(28, '{\"customer\":\"9\",\"respuesta\":\"\",\"status\":\"Cuenta de vendedor invalida\",\"total\":0.23}'),
(31, '{\"customer\":\"10\",\"respuesta\":\"\",\"status\":\"Cuenta de vendedor invalida\",\"total\":15}'),
(33, '{\"customer\":\"13\",\"respuesta\":\"\",\"status\":\"Cuenta de vendedor invalida\",\"total\":600}');

-- --------------------------------------------------------

--
-- Estructura de tabla para la tabla `pr_translation`
--

CREATE TABLE `pr_translation` (
  `id_translation` int NOT NULL,
  `id_lang` int NOT NULL,
  `key` text CHARACTER SET utf8 COLLATE utf8_bin NOT NULL,
  `translation` text CHARACTER SET utf8 COLLATE utf8_unicode_ci NOT NULL,
  `domain` varchar(80) CHARACTER SET utf8 COLLATE utf8_unicode_ci NOT NULL,
  `theme` varchar(32) CHARACTER SET utf8 COLLATE utf8_unicode_ci DEFAULT NULL
) ENGINE=InnoDB DEFAULT CHARSET=utf8 COLLATE=utf8_unicode_ci;

--
-- Volcado de datos para la tabla `pr_translation`
--

INSERT INTO `pr_translation` (`id_translation`, `id_lang`, `key`, `translation`, `domain`, `theme`) VALUES
(1, 4, 'Free', 'A coordinar', 'ShopThemeCheckout', 'classic');

-- --------------------------------------------------------

--
-- Estructura de tabla para la tabla `pr_warehouse`
--

CREATE TABLE `pr_warehouse` (
  `id_warehouse` int UNSIGNED NOT NULL,
  `id_currency` int UNSIGNED NOT NULL,
  `id_address` int UNSIGNED NOT NULL,
  `id_employee` int UNSIGNED NOT NULL,
  `reference` varchar(64) CHARACTER SET utf8mb4 COLLATE utf8mb4_general_ci DEFAULT NULL,
  `name` varchar(45) CHARACTER SET utf8mb4 COLLATE utf8mb4_general_ci NOT NULL,
  `management_type` enum('WA','FIFO','LIFO') CHARACTER SET utf8mb4 COLLATE utf8mb4_general_ci NOT NULL DEFAULT 'WA',
  `deleted` tinyint UNSIGNED NOT NULL DEFAULT '0'
) ENGINE=InnoDB DEFAULT CHARSET=utf8mb4 COLLATE=utf8mb4_general_ci;

-- --------------------------------------------------------

--
-- Estructura de tabla para la tabla `pr_warehouse_carrier`
--

CREATE TABLE `pr_warehouse_carrier` (
  `id_carrier` int UNSIGNED NOT NULL,
  `id_warehouse` int UNSIGNED NOT NULL
) ENGINE=InnoDB DEFAULT CHARSET=utf8mb4 COLLATE=utf8mb4_general_ci;

-- --------------------------------------------------------

--
-- Estructura de tabla para la tabla `pr_warehouse_product_location`
--

CREATE TABLE `pr_warehouse_product_location` (
  `id_warehouse_product_location` int UNSIGNED NOT NULL,
  `id_product` int UNSIGNED NOT NULL,
  `id_product_attribute` int UNSIGNED NOT NULL,
  `id_warehouse` int UNSIGNED NOT NULL,
  `location` varchar(64) CHARACTER SET utf8mb4 COLLATE utf8mb4_general_ci DEFAULT NULL
) ENGINE=InnoDB DEFAULT CHARSET=utf8mb4 COLLATE=utf8mb4_general_ci;

-- --------------------------------------------------------

--
-- Estructura de tabla para la tabla `pr_warehouse_shop`
--

CREATE TABLE `pr_warehouse_shop` (
  `id_shop` int UNSIGNED NOT NULL,
  `id_warehouse` int UNSIGNED NOT NULL
) ENGINE=InnoDB DEFAULT CHARSET=utf8mb4 COLLATE=utf8mb4_general_ci;

-- --------------------------------------------------------

--
-- Estructura de tabla para la tabla `pr_webservice_account`
--

CREATE TABLE `pr_webservice_account` (
  `id_webservice_account` int NOT NULL,
  `key` varchar(32) CHARACTER SET utf8mb4 COLLATE utf8mb4_general_ci NOT NULL,
  `description` mediumtext CHARACTER SET utf8mb4 COLLATE utf8mb4_general_ci,
  `class_name` varchar(50) CHARACTER SET utf8mb4 COLLATE utf8mb4_general_ci NOT NULL DEFAULT 'WebserviceRequest',
  `is_module` tinyint NOT NULL DEFAULT '0',
  `module_name` varchar(50) CHARACTER SET utf8mb4 COLLATE utf8mb4_general_ci DEFAULT NULL,
  `active` tinyint NOT NULL
) ENGINE=InnoDB DEFAULT CHARSET=utf8mb4 COLLATE=utf8mb4_general_ci;

-- --------------------------------------------------------

--
-- Estructura de tabla para la tabla `pr_webservice_account_shop`
--

CREATE TABLE `pr_webservice_account_shop` (
  `id_webservice_account` int UNSIGNED NOT NULL,
  `id_shop` int UNSIGNED NOT NULL
) ENGINE=InnoDB DEFAULT CHARSET=utf8mb4 COLLATE=utf8mb4_general_ci;

-- --------------------------------------------------------

--
-- Estructura de tabla para la tabla `pr_webservice_permission`
--

CREATE TABLE `pr_webservice_permission` (
  `id_webservice_permission` int NOT NULL,
  `resource` varchar(50) CHARACTER SET utf8mb4 COLLATE utf8mb4_general_ci NOT NULL,
  `method` enum('GET','POST','PUT','DELETE','HEAD') CHARACTER SET utf8mb4 COLLATE utf8mb4_general_ci NOT NULL,
  `id_webservice_account` int NOT NULL
) ENGINE=InnoDB DEFAULT CHARSET=utf8mb4 COLLATE=utf8mb4_general_ci;

-- --------------------------------------------------------

--
-- Estructura de tabla para la tabla `pr_web_browser`
--

CREATE TABLE `pr_web_browser` (
  `id_web_browser` int UNSIGNED NOT NULL,
  `name` varchar(64) CHARACTER SET utf8mb4 COLLATE utf8mb4_general_ci DEFAULT NULL
) ENGINE=InnoDB DEFAULT CHARSET=utf8mb4 COLLATE=utf8mb4_general_ci;

--
-- Volcado de datos para la tabla `pr_web_browser`
--

INSERT INTO `pr_web_browser` (`id_web_browser`, `name`) VALUES
(1, 'Safari'),
(2, 'Safari iPad'),
(3, 'Firefox'),
(4, 'Opera'),
(5, 'IE 6'),
(6, 'IE 7'),
(7, 'IE 8'),
(8, 'IE 9'),
(9, 'IE 10'),
(10, 'IE 11'),
(11, 'Chrome');

-- --------------------------------------------------------

--
-- Estructura de tabla para la tabla `pr_whatsapp`
--

CREATE TABLE `pr_whatsapp` (
  `id_whatsapp` int NOT NULL,
  `telefon` varchar(28) DEFAULT NULL,
  `shareThis` int DEFAULT NULL,
  `shareMessage` varchar(256) DEFAULT NULL,
  `position` varchar(32) DEFAULT NULL,
  `hook` varchar(24) DEFAULT NULL
) ENGINE=InnoDB DEFAULT CHARSET=utf8;

--
-- Volcado de datos para la tabla `pr_whatsapp`
--

INSERT INTO `pr_whatsapp` (`id_whatsapp`, `telefon`, `shareThis`, `shareMessage`, `position`, `hook`) VALUES
(1, NULL, 1, 'I want to buy {PRODUCT} Product', 'right', 'footer');

-- --------------------------------------------------------

--
-- Estructura de tabla para la tabla `pr_zone`
--

CREATE TABLE `pr_zone` (
  `id_zone` int UNSIGNED NOT NULL,
  `name` varchar(64) CHARACTER SET utf8mb4 COLLATE utf8mb4_general_ci NOT NULL,
  `active` tinyint UNSIGNED NOT NULL DEFAULT '0'
) ENGINE=InnoDB DEFAULT CHARSET=utf8mb4 COLLATE=utf8mb4_general_ci;

--
-- Volcado de datos para la tabla `pr_zone`
--

INSERT INTO `pr_zone` (`id_zone`, `name`, `active`) VALUES
(9, 'Buenos Aires', 1),
(10, 'Catamarca', 1),
(11, 'Chaco', 1),
(12, 'Chubut', 1),
(13, 'Ciudad de Buenos Aires', 1),
(14, 'Cordoba', 1),
(15, 'Corrientes', 1),
(16, 'Entre Ríos', 1),
(17, 'Formosa', 1),
(18, 'Jujuy', 1),
(19, 'La Pampa', 1),
(20, 'La Rioja', 1),
(21, 'Mendoza', 1),
(22, 'Misiones', 1),
(23, 'Neuquén', 1),
(24, 'Río Negro', 1),
(25, 'Salta', 1),
(26, 'San Juan', 1),
(27, 'San Luis', 1),
(28, 'Santa Cruz', 1),
(29, 'Santa Fe', 1),
(30, 'Santiago del Estero', 1),
(31, 'Tierra del Fuego', 1),
(32, 'Tucumán', 1);

-- --------------------------------------------------------

--
-- Estructura de tabla para la tabla `pr_zone_shop`
--

CREATE TABLE `pr_zone_shop` (
  `id_zone` int UNSIGNED NOT NULL,
  `id_shop` int UNSIGNED NOT NULL
) ENGINE=InnoDB DEFAULT CHARSET=utf8mb4 COLLATE=utf8mb4_general_ci;

--
-- Volcado de datos para la tabla `pr_zone_shop`
--

INSERT INTO `pr_zone_shop` (`id_zone`, `id_shop`) VALUES
(9, 1),
(10, 1),
(11, 1),
(12, 1),
(13, 1),
(14, 1),
(15, 1),
(16, 1),
(17, 1),
(18, 1),
(19, 1),
(20, 1),
(21, 1),
(22, 1),
(23, 1),
(24, 1),
(25, 1),
(26, 1),
(27, 1),
(28, 1),
(29, 1),
(30, 1),
(31, 1),
(32, 1);

--
-- Índices para tablas volcadas
--

--
-- Indices de la tabla `pr_access`
--
ALTER TABLE `pr_access`
  ADD PRIMARY KEY (`id_profile`,`id_authorization_role`);

--
-- Indices de la tabla `pr_accessory`
--
ALTER TABLE `pr_accessory`
  ADD KEY `accessory_product` (`id_product_1`,`id_product_2`);

--
-- Indices de la tabla `pr_address`
--
ALTER TABLE `pr_address`
  ADD PRIMARY KEY (`id_address`),
  ADD KEY `address_customer` (`id_customer`),
  ADD KEY `id_country` (`id_country`),
  ADD KEY `id_state` (`id_state`),
  ADD KEY `id_manufacturer` (`id_manufacturer`),
  ADD KEY `id_supplier` (`id_supplier`),
  ADD KEY `id_warehouse` (`id_warehouse`);

--
-- Indices de la tabla `pr_address_format`
--
ALTER TABLE `pr_address_format`
  ADD PRIMARY KEY (`id_country`);

--
-- Indices de la tabla `pr_admin_filter`
--
ALTER TABLE `pr_admin_filter`
  ADD PRIMARY KEY (`id`),
  ADD UNIQUE KEY `admin_filter_search_id_idx` (`employee`,`shop`,`controller`,`action`,`filter_id`);

--
-- Indices de la tabla `pr_advice`
--
ALTER TABLE `pr_advice`
  ADD PRIMARY KEY (`id_advice`);

--
-- Indices de la tabla `pr_advice_lang`
--
ALTER TABLE `pr_advice_lang`
  ADD PRIMARY KEY (`id_advice`,`id_lang`);

--
-- Indices de la tabla `pr_alias`
--
ALTER TABLE `pr_alias`
  ADD PRIMARY KEY (`id_alias`),
  ADD UNIQUE KEY `alias` (`alias`);

--
-- Indices de la tabla `pr_attachment`
--
ALTER TABLE `pr_attachment`
  ADD PRIMARY KEY (`id_attachment`);

--
-- Indices de la tabla `pr_attachment_lang`
--
ALTER TABLE `pr_attachment_lang`
  ADD PRIMARY KEY (`id_attachment`,`id_lang`);

--
-- Indices de la tabla `pr_attribute`
--
ALTER TABLE `pr_attribute`
  ADD PRIMARY KEY (`id_attribute`),
  ADD KEY `attribute_group` (`id_attribute_group`);

--
-- Indices de la tabla `pr_attribute_group`
--
ALTER TABLE `pr_attribute_group`
  ADD PRIMARY KEY (`id_attribute_group`);

--
-- Indices de la tabla `pr_attribute_group_lang`
--
ALTER TABLE `pr_attribute_group_lang`
  ADD PRIMARY KEY (`id_attribute_group`,`id_lang`),
  ADD KEY `IDX_517B16AC67A664FB` (`id_attribute_group`),
  ADD KEY `IDX_517B16ACBA299860` (`id_lang`);

--
-- Indices de la tabla `pr_attribute_group_shop`
--
ALTER TABLE `pr_attribute_group_shop`
  ADD PRIMARY KEY (`id_attribute_group`,`id_shop`),
  ADD KEY `IDX_CC18DE6C67A664FB` (`id_attribute_group`),
  ADD KEY `IDX_CC18DE6C274A50A0` (`id_shop`);

--
-- Indices de la tabla `pr_attribute_impact`
--
ALTER TABLE `pr_attribute_impact`
  ADD PRIMARY KEY (`id_attribute_impact`),
  ADD UNIQUE KEY `id_product` (`id_product`,`id_attribute`);

--
-- Indices de la tabla `pr_attribute_lang`
--
ALTER TABLE `pr_attribute_lang`
  ADD PRIMARY KEY (`id_attribute`,`id_lang`),
  ADD KEY `IDX_94D6D7367A4F53DC` (`id_attribute`),
  ADD KEY `IDX_94D6D736BA299860` (`id_lang`);

--
-- Indices de la tabla `pr_attribute_shop`
--
ALTER TABLE `pr_attribute_shop`
  ADD PRIMARY KEY (`id_attribute`,`id_shop`),
  ADD KEY `IDX_9B51FF67A4F53DC` (`id_attribute`),
  ADD KEY `IDX_9B51FF6274A50A0` (`id_shop`);

--
-- Indices de la tabla `pr_authorization_role`
--
ALTER TABLE `pr_authorization_role`
  ADD PRIMARY KEY (`id_authorization_role`),
  ADD UNIQUE KEY `slug` (`slug`);

--
-- Indices de la tabla `pr_badge`
--
ALTER TABLE `pr_badge`
  ADD PRIMARY KEY (`id_badge`);

--
-- Indices de la tabla `pr_badge_lang`
--
ALTER TABLE `pr_badge_lang`
  ADD PRIMARY KEY (`id_badge`,`id_lang`);

--
-- Indices de la tabla `pr_carrier`
--
ALTER TABLE `pr_carrier`
  ADD PRIMARY KEY (`id_carrier`),
  ADD KEY `deleted` (`deleted`,`active`),
  ADD KEY `id_tax_rules_group` (`id_tax_rules_group`),
  ADD KEY `reference` (`id_reference`,`deleted`,`active`);

--
-- Indices de la tabla `pr_carrier_group`
--
ALTER TABLE `pr_carrier_group`
  ADD PRIMARY KEY (`id_carrier`,`id_group`);

--
-- Indices de la tabla `pr_carrier_lang`
--
ALTER TABLE `pr_carrier_lang`
  ADD PRIMARY KEY (`id_lang`,`id_shop`,`id_carrier`);

--
-- Indices de la tabla `pr_carrier_shop`
--
ALTER TABLE `pr_carrier_shop`
  ADD PRIMARY KEY (`id_carrier`,`id_shop`),
  ADD KEY `id_shop` (`id_shop`);

--
-- Indices de la tabla `pr_carrier_tax_rules_group_shop`
--
ALTER TABLE `pr_carrier_tax_rules_group_shop`
  ADD PRIMARY KEY (`id_carrier`,`id_tax_rules_group`,`id_shop`);

--
-- Indices de la tabla `pr_carrier_zone`
--
ALTER TABLE `pr_carrier_zone`
  ADD PRIMARY KEY (`id_carrier`,`id_zone`);

--
-- Indices de la tabla `pr_cart`
--
ALTER TABLE `pr_cart`
  ADD PRIMARY KEY (`id_cart`),
  ADD KEY `cart_customer` (`id_customer`),
  ADD KEY `id_address_delivery` (`id_address_delivery`),
  ADD KEY `id_address_invoice` (`id_address_invoice`),
  ADD KEY `id_carrier` (`id_carrier`),
  ADD KEY `id_lang` (`id_lang`),
  ADD KEY `id_currency` (`id_currency`),
  ADD KEY `id_guest` (`id_guest`),
  ADD KEY `id_shop_group` (`id_shop_group`),
  ADD KEY `id_shop_2` (`id_shop`,`date_upd`),
  ADD KEY `id_shop` (`id_shop`,`date_add`);

--
-- Indices de la tabla `pr_cart_cart_rule`
--
ALTER TABLE `pr_cart_cart_rule`
  ADD PRIMARY KEY (`id_cart`,`id_cart_rule`),
  ADD KEY `id_cart_rule` (`id_cart_rule`);

--
-- Indices de la tabla `pr_cart_product`
--
ALTER TABLE `pr_cart_product`
  ADD PRIMARY KEY (`id_cart`,`id_product`,`id_product_attribute`,`id_customization`,`id_address_delivery`),
  ADD KEY `id_product_attribute` (`id_product_attribute`),
  ADD KEY `id_cart_order` (`id_cart`,`date_add`,`id_product`,`id_product_attribute`);

--
-- Indices de la tabla `pr_cart_rule`
--
ALTER TABLE `pr_cart_rule`
  ADD PRIMARY KEY (`id_cart_rule`),
  ADD KEY `id_customer` (`id_customer`,`active`,`date_to`),
  ADD KEY `group_restriction` (`group_restriction`,`active`,`date_to`),
  ADD KEY `id_customer_2` (`id_customer`,`active`,`highlight`,`date_to`),
  ADD KEY `group_restriction_2` (`group_restriction`,`active`,`highlight`,`date_to`),
  ADD KEY `date_from` (`date_from`),
  ADD KEY `date_to` (`date_to`);

--
-- Indices de la tabla `pr_cart_rule_carrier`
--
ALTER TABLE `pr_cart_rule_carrier`
  ADD PRIMARY KEY (`id_cart_rule`,`id_carrier`);

--
-- Indices de la tabla `pr_cart_rule_combination`
--
ALTER TABLE `pr_cart_rule_combination`
  ADD PRIMARY KEY (`id_cart_rule_1`,`id_cart_rule_2`),
  ADD KEY `id_cart_rule_1` (`id_cart_rule_1`),
  ADD KEY `id_cart_rule_2` (`id_cart_rule_2`);

--
-- Indices de la tabla `pr_cart_rule_country`
--
ALTER TABLE `pr_cart_rule_country`
  ADD PRIMARY KEY (`id_cart_rule`,`id_country`);

--
-- Indices de la tabla `pr_cart_rule_group`
--
ALTER TABLE `pr_cart_rule_group`
  ADD PRIMARY KEY (`id_cart_rule`,`id_group`);

--
-- Indices de la tabla `pr_cart_rule_lang`
--
ALTER TABLE `pr_cart_rule_lang`
  ADD PRIMARY KEY (`id_cart_rule`,`id_lang`);

--
-- Indices de la tabla `pr_cart_rule_product_rule`
--
ALTER TABLE `pr_cart_rule_product_rule`
  ADD PRIMARY KEY (`id_product_rule`);

--
-- Indices de la tabla `pr_cart_rule_product_rule_group`
--
ALTER TABLE `pr_cart_rule_product_rule_group`
  ADD PRIMARY KEY (`id_product_rule_group`);

--
-- Indices de la tabla `pr_cart_rule_product_rule_value`
--
ALTER TABLE `pr_cart_rule_product_rule_value`
  ADD PRIMARY KEY (`id_product_rule`,`id_item`);

--
-- Indices de la tabla `pr_cart_rule_shop`
--
ALTER TABLE `pr_cart_rule_shop`
  ADD PRIMARY KEY (`id_cart_rule`,`id_shop`);

--
-- Indices de la tabla `pr_category`
--
ALTER TABLE `pr_category`
  ADD PRIMARY KEY (`id_category`),
  ADD KEY `category_parent` (`id_parent`),
  ADD KEY `nleftrightactive` (`nleft`,`nright`,`active`),
  ADD KEY `level_depth` (`level_depth`),
  ADD KEY `nright` (`nright`),
  ADD KEY `activenleft` (`active`,`nleft`),
  ADD KEY `activenright` (`active`,`nright`);

--
-- Indices de la tabla `pr_category_group`
--
ALTER TABLE `pr_category_group`
  ADD PRIMARY KEY (`id_category`,`id_group`),
  ADD KEY `id_category` (`id_category`),
  ADD KEY `id_group` (`id_group`);

--
-- Indices de la tabla `pr_category_lang`
--
ALTER TABLE `pr_category_lang`
  ADD PRIMARY KEY (`id_category`,`id_shop`,`id_lang`),
  ADD KEY `category_name` (`name`);

--
-- Indices de la tabla `pr_category_product`
--
ALTER TABLE `pr_category_product`
  ADD PRIMARY KEY (`id_category`,`id_product`),
  ADD KEY `id_product` (`id_product`),
  ADD KEY `id_category` (`id_category`,`position`);

--
-- Indices de la tabla `pr_category_shop`
--
ALTER TABLE `pr_category_shop`
  ADD PRIMARY KEY (`id_category`,`id_shop`);

--
-- Indices de la tabla `pr_cms`
--
ALTER TABLE `pr_cms`
  ADD PRIMARY KEY (`id_cms`);

--
-- Indices de la tabla `pr_cms_category`
--
ALTER TABLE `pr_cms_category`
  ADD PRIMARY KEY (`id_cms_category`),
  ADD KEY `category_parent` (`id_parent`);

--
-- Indices de la tabla `pr_cms_category_lang`
--
ALTER TABLE `pr_cms_category_lang`
  ADD PRIMARY KEY (`id_cms_category`,`id_shop`,`id_lang`),
  ADD KEY `category_name` (`name`);

--
-- Indices de la tabla `pr_cms_category_shop`
--
ALTER TABLE `pr_cms_category_shop`
  ADD PRIMARY KEY (`id_cms_category`,`id_shop`),
  ADD KEY `id_shop` (`id_shop`);

--
-- Indices de la tabla `pr_cms_lang`
--
ALTER TABLE `pr_cms_lang`
  ADD PRIMARY KEY (`id_cms`,`id_shop`,`id_lang`);

--
-- Indices de la tabla `pr_cms_role`
--
ALTER TABLE `pr_cms_role`
  ADD PRIMARY KEY (`id_cms_role`,`id_cms`),
  ADD UNIQUE KEY `name` (`name`);

--
-- Indices de la tabla `pr_cms_role_lang`
--
ALTER TABLE `pr_cms_role_lang`
  ADD PRIMARY KEY (`id_cms_role`,`id_lang`,`id_shop`);

--
-- Indices de la tabla `pr_cms_shop`
--
ALTER TABLE `pr_cms_shop`
  ADD PRIMARY KEY (`id_cms`,`id_shop`),
  ADD KEY `id_shop` (`id_shop`);

--
-- Indices de la tabla `pr_condition`
--
ALTER TABLE `pr_condition`
  ADD PRIMARY KEY (`id_condition`,`id_ps_condition`);

--
-- Indices de la tabla `pr_condition_advice`
--
ALTER TABLE `pr_condition_advice`
  ADD PRIMARY KEY (`id_condition`,`id_advice`);

--
-- Indices de la tabla `pr_condition_badge`
--
ALTER TABLE `pr_condition_badge`
  ADD PRIMARY KEY (`id_condition`,`id_badge`);

--
-- Indices de la tabla `pr_configuration`
--
ALTER TABLE `pr_configuration`
  ADD PRIMARY KEY (`id_configuration`),
  ADD KEY `name` (`name`),
  ADD KEY `id_shop` (`id_shop`),
  ADD KEY `id_shop_group` (`id_shop_group`);

--
-- Indices de la tabla `pr_configuration_kpi`
--
ALTER TABLE `pr_configuration_kpi`
  ADD PRIMARY KEY (`id_configuration_kpi`),
  ADD KEY `name` (`name`),
  ADD KEY `id_shop` (`id_shop`),
  ADD KEY `id_shop_group` (`id_shop_group`);

--
-- Indices de la tabla `pr_configuration_kpi_lang`
--
ALTER TABLE `pr_configuration_kpi_lang`
  ADD PRIMARY KEY (`id_configuration_kpi`,`id_lang`);

--
-- Indices de la tabla `pr_configuration_lang`
--
ALTER TABLE `pr_configuration_lang`
  ADD PRIMARY KEY (`id_configuration`,`id_lang`);

--
-- Indices de la tabla `pr_connections`
--
ALTER TABLE `pr_connections`
  ADD PRIMARY KEY (`id_connections`),
  ADD KEY `id_guest` (`id_guest`),
  ADD KEY `date_add` (`date_add`),
  ADD KEY `id_page` (`id_page`);

--
-- Indices de la tabla `pr_connections_page`
--
ALTER TABLE `pr_connections_page`
  ADD PRIMARY KEY (`id_connections`,`id_page`,`time_start`);

--
-- Indices de la tabla `pr_connections_source`
--
ALTER TABLE `pr_connections_source`
  ADD PRIMARY KEY (`id_connections_source`),
  ADD KEY `connections` (`id_connections`),
  ADD KEY `orderby` (`date_add`),
  ADD KEY `http_referer` (`http_referer`),
  ADD KEY `request_uri` (`request_uri`);

--
-- Indices de la tabla `pr_contact`
--
ALTER TABLE `pr_contact`
  ADD PRIMARY KEY (`id_contact`);

--
-- Indices de la tabla `pr_contact_lang`
--
ALTER TABLE `pr_contact_lang`
  ADD PRIMARY KEY (`id_contact`,`id_lang`);

--
-- Indices de la tabla `pr_contact_shop`
--
ALTER TABLE `pr_contact_shop`
  ADD PRIMARY KEY (`id_contact`,`id_shop`),
  ADD KEY `id_shop` (`id_shop`);

--
-- Indices de la tabla `pr_country`
--
ALTER TABLE `pr_country`
  ADD PRIMARY KEY (`id_country`),
  ADD KEY `country_iso_code` (`iso_code`),
  ADD KEY `country_` (`id_zone`);

--
-- Indices de la tabla `pr_country_lang`
--
ALTER TABLE `pr_country_lang`
  ADD PRIMARY KEY (`id_country`,`id_lang`);

--
-- Indices de la tabla `pr_country_shop`
--
ALTER TABLE `pr_country_shop`
  ADD PRIMARY KEY (`id_country`,`id_shop`),
  ADD KEY `id_shop` (`id_shop`);

--
-- Indices de la tabla `pr_currency`
--
ALTER TABLE `pr_currency`
  ADD PRIMARY KEY (`id_currency`),
  ADD KEY `currency_iso_code` (`iso_code`);

--
-- Indices de la tabla `pr_currency_lang`
--
ALTER TABLE `pr_currency_lang`
  ADD PRIMARY KEY (`id_currency`,`id_lang`);

--
-- Indices de la tabla `pr_currency_shop`
--
ALTER TABLE `pr_currency_shop`
  ADD PRIMARY KEY (`id_currency`,`id_shop`),
  ADD KEY `id_shop` (`id_shop`);

--
-- Indices de la tabla `pr_customer`
--
ALTER TABLE `pr_customer`
  ADD PRIMARY KEY (`id_customer`),
  ADD KEY `customer_email` (`email`),
  ADD KEY `customer_login` (`email`,`passwd`),
  ADD KEY `id_customer_passwd` (`id_customer`,`passwd`),
  ADD KEY `id_gender` (`id_gender`),
  ADD KEY `id_shop_group` (`id_shop_group`),
  ADD KEY `id_shop` (`id_shop`,`date_add`);

--
-- Indices de la tabla `pr_customer_group`
--
ALTER TABLE `pr_customer_group`
  ADD PRIMARY KEY (`id_customer`,`id_group`),
  ADD KEY `customer_login` (`id_group`),
  ADD KEY `id_customer` (`id_customer`);

--
-- Indices de la tabla `pr_customer_message`
--
ALTER TABLE `pr_customer_message`
  ADD PRIMARY KEY (`id_customer_message`),
  ADD KEY `id_customer_thread` (`id_customer_thread`),
  ADD KEY `id_employee` (`id_employee`);

--
-- Indices de la tabla `pr_customer_message_sync_imap`
--
ALTER TABLE `pr_customer_message_sync_imap`
  ADD KEY `md5_header_index` (`md5_header`(4));

--
-- Indices de la tabla `pr_customer_session`
--
ALTER TABLE `pr_customer_session`
  ADD PRIMARY KEY (`id_customer_session`);

--
-- Indices de la tabla `pr_customer_thread`
--
ALTER TABLE `pr_customer_thread`
  ADD PRIMARY KEY (`id_customer_thread`),
  ADD KEY `id_shop` (`id_shop`),
  ADD KEY `id_lang` (`id_lang`),
  ADD KEY `id_contact` (`id_contact`),
  ADD KEY `id_customer` (`id_customer`),
  ADD KEY `id_order` (`id_order`),
  ADD KEY `id_product` (`id_product`);

--
-- Indices de la tabla `pr_customization`
--
ALTER TABLE `pr_customization`
  ADD PRIMARY KEY (`id_customization`,`id_cart`,`id_product`,`id_address_delivery`),
  ADD KEY `id_product_attribute` (`id_product_attribute`),
  ADD KEY `id_cart_product` (`id_cart`,`id_product`,`id_product_attribute`);

--
-- Indices de la tabla `pr_customization_field`
--
ALTER TABLE `pr_customization_field`
  ADD PRIMARY KEY (`id_customization_field`),
  ADD KEY `id_product` (`id_product`);

--
-- Indices de la tabla `pr_customization_field_lang`
--
ALTER TABLE `pr_customization_field_lang`
  ADD PRIMARY KEY (`id_customization_field`,`id_lang`,`id_shop`);

--
-- Indices de la tabla `pr_customized_data`
--
ALTER TABLE `pr_customized_data`
  ADD PRIMARY KEY (`id_customization`,`type`,`index`);

--
-- Indices de la tabla `pr_date_range`
--
ALTER TABLE `pr_date_range`
  ADD PRIMARY KEY (`id_date_range`);

--
-- Indices de la tabla `pr_delivery`
--
ALTER TABLE `pr_delivery`
  ADD PRIMARY KEY (`id_delivery`),
  ADD KEY `id_zone` (`id_zone`),
  ADD KEY `id_carrier` (`id_carrier`,`id_zone`),
  ADD KEY `id_range_price` (`id_range_price`),
  ADD KEY `id_range_weight` (`id_range_weight`);

--
-- Indices de la tabla `pr_emailsubscription`
--
ALTER TABLE `pr_emailsubscription`
  ADD PRIMARY KEY (`id`);

--
-- Indices de la tabla `pr_employee`
--
ALTER TABLE `pr_employee`
  ADD PRIMARY KEY (`id_employee`),
  ADD KEY `employee_login` (`email`,`passwd`),
  ADD KEY `id_employee_passwd` (`id_employee`,`passwd`),
  ADD KEY `id_profile` (`id_profile`);

--
-- Indices de la tabla `pr_employee_session`
--
ALTER TABLE `pr_employee_session`
  ADD PRIMARY KEY (`id_employee_session`);

--
-- Indices de la tabla `pr_employee_shop`
--
ALTER TABLE `pr_employee_shop`
  ADD PRIMARY KEY (`id_employee`,`id_shop`),
  ADD KEY `id_shop` (`id_shop`);

--
-- Indices de la tabla `pr_feature`
--
ALTER TABLE `pr_feature`
  ADD PRIMARY KEY (`id_feature`);

--
-- Indices de la tabla `pr_feature_lang`
--
ALTER TABLE `pr_feature_lang`
  ADD PRIMARY KEY (`id_feature`,`id_lang`),
  ADD KEY `id_lang` (`id_lang`,`name`);

--
-- Indices de la tabla `pr_feature_product`
--
ALTER TABLE `pr_feature_product`
  ADD PRIMARY KEY (`id_feature`,`id_product`,`id_feature_value`),
  ADD KEY `id_feature_value` (`id_feature_value`),
  ADD KEY `id_product` (`id_product`);

--
-- Indices de la tabla `pr_feature_shop`
--
ALTER TABLE `pr_feature_shop`
  ADD PRIMARY KEY (`id_feature`,`id_shop`),
  ADD KEY `id_shop` (`id_shop`);

--
-- Indices de la tabla `pr_feature_value`
--
ALTER TABLE `pr_feature_value`
  ADD PRIMARY KEY (`id_feature_value`),
  ADD KEY `feature` (`id_feature`);

--
-- Indices de la tabla `pr_feature_value_lang`
--
ALTER TABLE `pr_feature_value_lang`
  ADD PRIMARY KEY (`id_feature_value`,`id_lang`);

--
-- Indices de la tabla `pr_gender`
--
ALTER TABLE `pr_gender`
  ADD PRIMARY KEY (`id_gender`);

--
-- Indices de la tabla `pr_gender_lang`
--
ALTER TABLE `pr_gender_lang`
  ADD PRIMARY KEY (`id_gender`,`id_lang`),
  ADD KEY `id_gender` (`id_gender`);

--
-- Indices de la tabla `pr_group`
--
ALTER TABLE `pr_group`
  ADD PRIMARY KEY (`id_group`);

--
-- Indices de la tabla `pr_group_lang`
--
ALTER TABLE `pr_group_lang`
  ADD PRIMARY KEY (`id_group`,`id_lang`);

--
-- Indices de la tabla `pr_group_reduction`
--
ALTER TABLE `pr_group_reduction`
  ADD PRIMARY KEY (`id_group_reduction`),
  ADD UNIQUE KEY `id_group` (`id_group`,`id_category`);

--
-- Indices de la tabla `pr_group_shop`
--
ALTER TABLE `pr_group_shop`
  ADD PRIMARY KEY (`id_group`,`id_shop`),
  ADD KEY `id_shop` (`id_shop`);

--
-- Indices de la tabla `pr_guest`
--
ALTER TABLE `pr_guest`
  ADD PRIMARY KEY (`id_guest`),
  ADD KEY `id_customer` (`id_customer`),
  ADD KEY `id_operating_system` (`id_operating_system`),
  ADD KEY `id_web_browser` (`id_web_browser`);

--
-- Indices de la tabla `pr_homeslider`
--
ALTER TABLE `pr_homeslider`
  ADD PRIMARY KEY (`id_homeslider_slides`,`id_shop`);

--
-- Indices de la tabla `pr_homeslider_slides`
--
ALTER TABLE `pr_homeslider_slides`
  ADD PRIMARY KEY (`id_homeslider_slides`);

--
-- Indices de la tabla `pr_homeslider_slides_lang`
--
ALTER TABLE `pr_homeslider_slides_lang`
  ADD PRIMARY KEY (`id_homeslider_slides`,`id_lang`);

--
-- Indices de la tabla `pr_hook`
--
ALTER TABLE `pr_hook`
  ADD PRIMARY KEY (`id_hook`),
  ADD UNIQUE KEY `hook_name` (`name`);

--
-- Indices de la tabla `pr_hook_alias`
--
ALTER TABLE `pr_hook_alias`
  ADD PRIMARY KEY (`id_hook_alias`),
  ADD UNIQUE KEY `alias` (`alias`);

--
-- Indices de la tabla `pr_hook_module`
--
ALTER TABLE `pr_hook_module`
  ADD PRIMARY KEY (`id_module`,`id_hook`,`id_shop`),
  ADD KEY `id_hook` (`id_hook`),
  ADD KEY `id_module` (`id_module`),
  ADD KEY `position` (`id_shop`,`position`);

--
-- Indices de la tabla `pr_hook_module_exceptions`
--
ALTER TABLE `pr_hook_module_exceptions`
  ADD PRIMARY KEY (`id_hook_module_exceptions`),
  ADD KEY `id_module` (`id_module`),
  ADD KEY `id_hook` (`id_hook`);

--
-- Indices de la tabla `pr_image`
--
ALTER TABLE `pr_image`
  ADD PRIMARY KEY (`id_image`),
  ADD UNIQUE KEY `id_product_cover` (`id_product`,`cover`),
  ADD UNIQUE KEY `idx_product_image` (`id_image`,`id_product`,`cover`),
  ADD KEY `image_product` (`id_product`);

--
-- Indices de la tabla `pr_image_lang`
--
ALTER TABLE `pr_image_lang`
  ADD PRIMARY KEY (`id_image`,`id_lang`),
  ADD KEY `id_image` (`id_image`);

--
-- Indices de la tabla `pr_image_shop`
--
ALTER TABLE `pr_image_shop`
  ADD PRIMARY KEY (`id_image`,`id_shop`),
  ADD UNIQUE KEY `id_product` (`id_product`,`id_shop`,`cover`),
  ADD KEY `id_shop` (`id_shop`);

--
-- Indices de la tabla `pr_image_type`
--
ALTER TABLE `pr_image_type`
  ADD PRIMARY KEY (`id_image_type`),
  ADD KEY `image_type_name` (`name`);

--
-- Indices de la tabla `pr_import_match`
--
ALTER TABLE `pr_import_match`
  ADD PRIMARY KEY (`id_import_match`);

--
-- Indices de la tabla `pr_info`
--
ALTER TABLE `pr_info`
  ADD PRIMARY KEY (`id_info`);

--
-- Indices de la tabla `pr_info_lang`
--
ALTER TABLE `pr_info_lang`
  ADD PRIMARY KEY (`id_info`,`id_lang`,`id_shop`);

--
-- Indices de la tabla `pr_info_shop`
--
ALTER TABLE `pr_info_shop`
  ADD PRIMARY KEY (`id_info`,`id_shop`);

--
-- Indices de la tabla `pr_lang`
--
ALTER TABLE `pr_lang`
  ADD PRIMARY KEY (`id_lang`);

--
-- Indices de la tabla `pr_lang_shop`
--
ALTER TABLE `pr_lang_shop`
  ADD PRIMARY KEY (`id_lang`,`id_shop`),
  ADD KEY `IDX_EECD6007BA299860` (`id_lang`),
  ADD KEY `IDX_EECD6007274A50A0` (`id_shop`);

--
-- Indices de la tabla `pr_layered_category`
--
ALTER TABLE `pr_layered_category`
  ADD PRIMARY KEY (`id_layered_category`),
  ADD KEY `id_category_shop` (`id_category`,`id_shop`,`type`,`id_value`,`position`),
  ADD KEY `id_category` (`id_category`,`type`);

--
-- Indices de la tabla `pr_layered_filter`
--
ALTER TABLE `pr_layered_filter`
  ADD PRIMARY KEY (`id_layered_filter`);

--
-- Indices de la tabla `pr_layered_filter_block`
--
ALTER TABLE `pr_layered_filter_block`
  ADD PRIMARY KEY (`hash`);

--
-- Indices de la tabla `pr_layered_filter_shop`
--
ALTER TABLE `pr_layered_filter_shop`
  ADD PRIMARY KEY (`id_layered_filter`,`id_shop`),
  ADD KEY `id_shop` (`id_shop`);

--
-- Indices de la tabla `pr_layered_indexable_attribute_group`
--
ALTER TABLE `pr_layered_indexable_attribute_group`
  ADD PRIMARY KEY (`id_attribute_group`);

--
-- Indices de la tabla `pr_layered_indexable_attribute_group_lang_value`
--
ALTER TABLE `pr_layered_indexable_attribute_group_lang_value`
  ADD PRIMARY KEY (`id_attribute_group`,`id_lang`);

--
-- Indices de la tabla `pr_layered_indexable_attribute_lang_value`
--
ALTER TABLE `pr_layered_indexable_attribute_lang_value`
  ADD PRIMARY KEY (`id_attribute`,`id_lang`);

--
-- Indices de la tabla `pr_layered_indexable_feature`
--
ALTER TABLE `pr_layered_indexable_feature`
  ADD PRIMARY KEY (`id_feature`);

--
-- Indices de la tabla `pr_layered_indexable_feature_lang_value`
--
ALTER TABLE `pr_layered_indexable_feature_lang_value`
  ADD PRIMARY KEY (`id_feature`,`id_lang`);

--
-- Indices de la tabla `pr_layered_indexable_feature_value_lang_value`
--
ALTER TABLE `pr_layered_indexable_feature_value_lang_value`
  ADD PRIMARY KEY (`id_feature_value`,`id_lang`);

--
-- Indices de la tabla `pr_layered_price_index`
--
ALTER TABLE `pr_layered_price_index`
  ADD PRIMARY KEY (`id_product`,`id_currency`,`id_shop`,`id_country`),
  ADD KEY `id_currency` (`id_currency`),
  ADD KEY `price_min` (`price_min`),
  ADD KEY `price_max` (`price_max`);

--
-- Indices de la tabla `pr_layered_product_attribute`
--
ALTER TABLE `pr_layered_product_attribute`
  ADD PRIMARY KEY (`id_attribute`,`id_product`,`id_shop`),
  ADD UNIQUE KEY `id_attribute_group` (`id_attribute_group`,`id_attribute`,`id_product`,`id_shop`);

--
-- Indices de la tabla `pr_linksmenutop`
--
ALTER TABLE `pr_linksmenutop`
  ADD PRIMARY KEY (`id_linksmenutop`),
  ADD KEY `id_shop` (`id_shop`);

--
-- Indices de la tabla `pr_linksmenutop_lang`
--
ALTER TABLE `pr_linksmenutop_lang`
  ADD KEY `id_linksmenutop` (`id_linksmenutop`,`id_lang`,`id_shop`);

--
-- Indices de la tabla `pr_link_block`
--
ALTER TABLE `pr_link_block`
  ADD PRIMARY KEY (`id_link_block`);

--
-- Indices de la tabla `pr_link_block_lang`
--
ALTER TABLE `pr_link_block_lang`
  ADD PRIMARY KEY (`id_link_block`,`id_lang`);

--
-- Indices de la tabla `pr_link_block_shop`
--
ALTER TABLE `pr_link_block_shop`
  ADD PRIMARY KEY (`id_link_block`,`id_shop`);

--
-- Indices de la tabla `pr_log`
--
ALTER TABLE `pr_log`
  ADD PRIMARY KEY (`id_log`);

--
-- Indices de la tabla `pr_mail`
--
ALTER TABLE `pr_mail`
  ADD PRIMARY KEY (`id_mail`),
  ADD KEY `recipient` (`recipient`(10));

--
-- Indices de la tabla `pr_manufacturer`
--
ALTER TABLE `pr_manufacturer`
  ADD PRIMARY KEY (`id_manufacturer`);

--
-- Indices de la tabla `pr_manufacturer_lang`
--
ALTER TABLE `pr_manufacturer_lang`
  ADD PRIMARY KEY (`id_manufacturer`,`id_lang`);

--
-- Indices de la tabla `pr_manufacturer_shop`
--
ALTER TABLE `pr_manufacturer_shop`
  ADD PRIMARY KEY (`id_manufacturer`,`id_shop`),
  ADD KEY `id_shop` (`id_shop`);

--
-- Indices de la tabla `pr_memcached_servers`
--
ALTER TABLE `pr_memcached_servers`
  ADD PRIMARY KEY (`id_memcached_server`);

--
-- Indices de la tabla `pr_message`
--
ALTER TABLE `pr_message`
  ADD PRIMARY KEY (`id_message`),
  ADD KEY `message_order` (`id_order`),
  ADD KEY `id_cart` (`id_cart`),
  ADD KEY `id_customer` (`id_customer`),
  ADD KEY `id_employee` (`id_employee`);

--
-- Indices de la tabla `pr_message_readed`
--
ALTER TABLE `pr_message_readed`
  ADD PRIMARY KEY (`id_message`,`id_employee`);

--
-- Indices de la tabla `pr_meta`
--
ALTER TABLE `pr_meta`
  ADD PRIMARY KEY (`id_meta`),
  ADD UNIQUE KEY `page` (`page`);

--
-- Indices de la tabla `pr_meta_lang`
--
ALTER TABLE `pr_meta_lang`
  ADD PRIMARY KEY (`id_meta`,`id_shop`,`id_lang`),
  ADD KEY `id_shop` (`id_shop`),
  ADD KEY `id_lang` (`id_lang`);

--
-- Indices de la tabla `pr_module`
--
ALTER TABLE `pr_module`
  ADD PRIMARY KEY (`id_module`),
  ADD UNIQUE KEY `name_UNIQUE` (`name`),
  ADD KEY `name` (`name`);

--
-- Indices de la tabla `pr_module_access`
--
ALTER TABLE `pr_module_access`
  ADD PRIMARY KEY (`id_profile`,`id_authorization_role`);

--
-- Indices de la tabla `pr_module_carrier`
--
ALTER TABLE `pr_module_carrier`
  ADD PRIMARY KEY (`id_module`,`id_shop`,`id_reference`);

--
-- Indices de la tabla `pr_module_country`
--
ALTER TABLE `pr_module_country`
  ADD PRIMARY KEY (`id_module`,`id_shop`,`id_country`);

--
-- Indices de la tabla `pr_module_currency`
--
ALTER TABLE `pr_module_currency`
  ADD PRIMARY KEY (`id_module`,`id_shop`,`id_currency`),
  ADD KEY `id_module` (`id_module`);

--
-- Indices de la tabla `pr_module_group`
--
ALTER TABLE `pr_module_group`
  ADD PRIMARY KEY (`id_module`,`id_shop`,`id_group`);

--
-- Indices de la tabla `pr_module_history`
--
ALTER TABLE `pr_module_history`
  ADD PRIMARY KEY (`id`);

--
-- Indices de la tabla `pr_module_preference`
--
ALTER TABLE `pr_module_preference`
  ADD PRIMARY KEY (`id_module_preference`),
  ADD UNIQUE KEY `employee_module` (`id_employee`,`module`);

--
-- Indices de la tabla `pr_module_shop`
--
ALTER TABLE `pr_module_shop`
  ADD PRIMARY KEY (`id_module`,`id_shop`),
  ADD KEY `id_shop` (`id_shop`);

--
-- Indices de la tabla `pr_mp_module`
--
ALTER TABLE `pr_mp_module`
  ADD PRIMARY KEY (`id_mp_module`);

--
-- Indices de la tabla `pr_mp_transactions`
--
ALTER TABLE `pr_mp_transactions`
  ADD PRIMARY KEY (`id_mp_transaction`),
  ADD KEY `mp_module_id` (`mp_module_id`);

--
-- Indices de la tabla `pr_operating_system`
--
ALTER TABLE `pr_operating_system`
  ADD PRIMARY KEY (`id_operating_system`);

--
-- Indices de la tabla `pr_orders`
--
ALTER TABLE `pr_orders`
  ADD PRIMARY KEY (`id_order`),
  ADD KEY `reference` (`reference`),
  ADD KEY `id_customer` (`id_customer`),
  ADD KEY `id_cart` (`id_cart`),
  ADD KEY `invoice_number` (`invoice_number`),
  ADD KEY `id_carrier` (`id_carrier`),
  ADD KEY `id_lang` (`id_lang`),
  ADD KEY `id_currency` (`id_currency`),
  ADD KEY `id_address_delivery` (`id_address_delivery`),
  ADD KEY `id_address_invoice` (`id_address_invoice`),
  ADD KEY `id_shop_group` (`id_shop_group`),
  ADD KEY `current_state` (`current_state`),
  ADD KEY `id_shop` (`id_shop`),
  ADD KEY `date_add` (`date_add`);

--
-- Indices de la tabla `pr_order_carrier`
--
ALTER TABLE `pr_order_carrier`
  ADD PRIMARY KEY (`id_order_carrier`),
  ADD KEY `id_order` (`id_order`),
  ADD KEY `id_carrier` (`id_carrier`),
  ADD KEY `id_order_invoice` (`id_order_invoice`);

--
-- Indices de la tabla `pr_order_cart_rule`
--
ALTER TABLE `pr_order_cart_rule`
  ADD PRIMARY KEY (`id_order_cart_rule`),
  ADD KEY `id_order` (`id_order`),
  ADD KEY `id_cart_rule` (`id_cart_rule`);

--
-- Indices de la tabla `pr_order_detail`
--
ALTER TABLE `pr_order_detail`
  ADD PRIMARY KEY (`id_order_detail`),
  ADD KEY `order_detail_order` (`id_order`),
  ADD KEY `product_id` (`product_id`,`product_attribute_id`),
  ADD KEY `product_attribute_id` (`product_attribute_id`),
  ADD KEY `id_tax_rules_group` (`id_tax_rules_group`),
  ADD KEY `id_order_id_order_detail` (`id_order`,`id_order_detail`);

--
-- Indices de la tabla `pr_order_detail_tax`
--
ALTER TABLE `pr_order_detail_tax`
  ADD KEY `id_order_detail` (`id_order_detail`),
  ADD KEY `id_tax` (`id_tax`);

--
-- Indices de la tabla `pr_order_history`
--
ALTER TABLE `pr_order_history`
  ADD PRIMARY KEY (`id_order_history`),
  ADD KEY `order_history_order` (`id_order`),
  ADD KEY `id_employee` (`id_employee`),
  ADD KEY `id_order_state` (`id_order_state`);

--
-- Indices de la tabla `pr_order_invoice`
--
ALTER TABLE `pr_order_invoice`
  ADD PRIMARY KEY (`id_order_invoice`),
  ADD KEY `id_order` (`id_order`);

--
-- Indices de la tabla `pr_order_invoice_payment`
--
ALTER TABLE `pr_order_invoice_payment`
  ADD PRIMARY KEY (`id_order_invoice`,`id_order_payment`),
  ADD KEY `order_payment` (`id_order_payment`),
  ADD KEY `id_order` (`id_order`);

--
-- Indices de la tabla `pr_order_invoice_tax`
--
ALTER TABLE `pr_order_invoice_tax`
  ADD KEY `id_tax` (`id_tax`);

--
-- Indices de la tabla `pr_order_message`
--
ALTER TABLE `pr_order_message`
  ADD PRIMARY KEY (`id_order_message`);

--
-- Indices de la tabla `pr_order_message_lang`
--
ALTER TABLE `pr_order_message_lang`
  ADD PRIMARY KEY (`id_order_message`,`id_lang`);

--
-- Indices de la tabla `pr_order_payment`
--
ALTER TABLE `pr_order_payment`
  ADD PRIMARY KEY (`id_order_payment`),
  ADD KEY `order_reference` (`order_reference`);

--
-- Indices de la tabla `pr_order_return`
--
ALTER TABLE `pr_order_return`
  ADD PRIMARY KEY (`id_order_return`),
  ADD KEY `order_return_customer` (`id_customer`),
  ADD KEY `id_order` (`id_order`);

--
-- Indices de la tabla `pr_order_return_detail`
--
ALTER TABLE `pr_order_return_detail`
  ADD PRIMARY KEY (`id_order_return`,`id_order_detail`,`id_customization`);

--
-- Indices de la tabla `pr_order_return_state`
--
ALTER TABLE `pr_order_return_state`
  ADD PRIMARY KEY (`id_order_return_state`);

--
-- Indices de la tabla `pr_order_return_state_lang`
--
ALTER TABLE `pr_order_return_state_lang`
  ADD PRIMARY KEY (`id_order_return_state`,`id_lang`);

--
-- Indices de la tabla `pr_order_slip`
--
ALTER TABLE `pr_order_slip`
  ADD PRIMARY KEY (`id_order_slip`),
  ADD KEY `order_slip_customer` (`id_customer`),
  ADD KEY `id_order` (`id_order`);

--
-- Indices de la tabla `pr_order_slip_detail`
--
ALTER TABLE `pr_order_slip_detail`
  ADD PRIMARY KEY (`id_order_slip`,`id_order_detail`);

--
-- Indices de la tabla `pr_order_slip_detail_tax`
--
ALTER TABLE `pr_order_slip_detail_tax`
  ADD KEY `id_order_slip_detail` (`id_order_slip_detail`),
  ADD KEY `id_tax` (`id_tax`);

--
-- Indices de la tabla `pr_order_state`
--
ALTER TABLE `pr_order_state`
  ADD PRIMARY KEY (`id_order_state`),
  ADD KEY `module_name` (`module_name`);

--
-- Indices de la tabla `pr_order_state_lang`
--
ALTER TABLE `pr_order_state_lang`
  ADD PRIMARY KEY (`id_order_state`,`id_lang`);

--
-- Indices de la tabla `pr_pack`
--
ALTER TABLE `pr_pack`
  ADD PRIMARY KEY (`id_product_pack`,`id_product_item`,`id_product_attribute_item`),
  ADD KEY `product_item` (`id_product_item`,`id_product_attribute_item`);

--
-- Indices de la tabla `pr_page`
--
ALTER TABLE `pr_page`
  ADD PRIMARY KEY (`id_page`),
  ADD KEY `id_page_type` (`id_page_type`),
  ADD KEY `id_object` (`id_object`);

--
-- Indices de la tabla `pr_pagenotfound`
--
ALTER TABLE `pr_pagenotfound`
  ADD PRIMARY KEY (`id_pagenotfound`),
  ADD KEY `date_add` (`date_add`);

--
-- Indices de la tabla `pr_page_type`
--
ALTER TABLE `pr_page_type`
  ADD PRIMARY KEY (`id_page_type`),
  ADD KEY `name` (`name`);

--
-- Indices de la tabla `pr_page_viewed`
--
ALTER TABLE `pr_page_viewed`
  ADD PRIMARY KEY (`id_page`,`id_date_range`,`id_shop`);

--
-- Indices de la tabla `pr_paypal_capture`
--
ALTER TABLE `pr_paypal_capture`
  ADD PRIMARY KEY (`id_paypal_capture`);

--
-- Indices de la tabla `pr_paypal_ipn`
--
ALTER TABLE `pr_paypal_ipn`
  ADD PRIMARY KEY (`id_paypal_ipn`);

--
-- Indices de la tabla `pr_paypal_order`
--
ALTER TABLE `pr_paypal_order`
  ADD PRIMARY KEY (`id_paypal_order`);

--
-- Indices de la tabla `pr_paypal_processlogger`
--
ALTER TABLE `pr_paypal_processlogger`
  ADD PRIMARY KEY (`id_paypal_processlogger`);

--
-- Indices de la tabla `pr_paypal_vaulting`
--
ALTER TABLE `pr_paypal_vaulting`
  ADD PRIMARY KEY (`id_paypal_vaulting`);

--
-- Indices de la tabla `pr_product`
--
ALTER TABLE `pr_product`
  ADD PRIMARY KEY (`id_product`),
  ADD KEY `product_supplier` (`id_supplier`),
  ADD KEY `product_manufacturer` (`id_manufacturer`,`id_product`),
  ADD KEY `id_category_default` (`id_category_default`),
  ADD KEY `indexed` (`indexed`),
  ADD KEY `date_add` (`date_add`),
  ADD KEY `state` (`state`,`date_upd`),
  ADD KEY `reference_idx` (`reference`),
  ADD KEY `supplier_reference_idx` (`supplier_reference`);

--
-- Indices de la tabla `pr_product_attachment`
--
ALTER TABLE `pr_product_attachment`
  ADD PRIMARY KEY (`id_product`,`id_attachment`);

--
-- Indices de la tabla `pr_product_attribute`
--
ALTER TABLE `pr_product_attribute`
  ADD PRIMARY KEY (`id_product_attribute`),
  ADD UNIQUE KEY `product_default` (`id_product`,`default_on`),
  ADD KEY `product_attribute_product` (`id_product`),
  ADD KEY `reference` (`reference`),
  ADD KEY `supplier_reference` (`supplier_reference`),
  ADD KEY `id_product_id_product_attribute` (`id_product_attribute`,`id_product`);

--
-- Indices de la tabla `pr_product_attribute_combination`
--
ALTER TABLE `pr_product_attribute_combination`
  ADD PRIMARY KEY (`id_attribute`,`id_product_attribute`),
  ADD KEY `id_product_attribute` (`id_product_attribute`);

--
-- Indices de la tabla `pr_product_attribute_image`
--
ALTER TABLE `pr_product_attribute_image`
  ADD PRIMARY KEY (`id_product_attribute`,`id_image`),
  ADD KEY `id_image` (`id_image`);

--
-- Indices de la tabla `pr_product_attribute_shop`
--
ALTER TABLE `pr_product_attribute_shop`
  ADD PRIMARY KEY (`id_product_attribute`,`id_shop`),
  ADD UNIQUE KEY `id_product` (`id_product`,`id_shop`,`default_on`);

--
-- Indices de la tabla `pr_product_carrier`
--
ALTER TABLE `pr_product_carrier`
  ADD PRIMARY KEY (`id_product`,`id_carrier_reference`,`id_shop`);

--
-- Indices de la tabla `pr_product_comment`
--
ALTER TABLE `pr_product_comment`
  ADD PRIMARY KEY (`id_product_comment`);

--
-- Indices de la tabla `pr_product_comment_criterion`
--
ALTER TABLE `pr_product_comment_criterion`
  ADD PRIMARY KEY (`id_product_comment_criterion`);

--
-- Indices de la tabla `pr_product_comment_criterion_category`
--
ALTER TABLE `pr_product_comment_criterion_category`
  ADD PRIMARY KEY (`id_product_comment_criterion`,`id_category`),
  ADD KEY `id_category` (`id_category`);

--
-- Indices de la tabla `pr_product_comment_criterion_lang`
--
ALTER TABLE `pr_product_comment_criterion_lang`
  ADD PRIMARY KEY (`id_product_comment_criterion`,`id_lang`);

--
-- Indices de la tabla `pr_product_comment_criterion_product`
--
ALTER TABLE `pr_product_comment_criterion_product`
  ADD PRIMARY KEY (`id_product`,`id_product_comment_criterion`),
  ADD KEY `id_product_comment_criterion` (`id_product_comment_criterion`);

--
-- Indices de la tabla `pr_product_comment_grade`
--
ALTER TABLE `pr_product_comment_grade`
  ADD PRIMARY KEY (`id_product_comment`,`id_product_comment_criterion`),
  ADD KEY `IDX_3B616FA58375853C` (`id_product_comment_criterion`),
  ADD KEY `IDX_3B616FA5ACF38A54` (`id_product_comment`);

--
-- Indices de la tabla `pr_product_comment_report`
--
ALTER TABLE `pr_product_comment_report`
  ADD PRIMARY KEY (`id_product_comment`,`id_customer`),
  ADD KEY `IDX_4345EF97ACF38A54` (`id_product_comment`);

--
-- Indices de la tabla `pr_product_comment_usefulness`
--
ALTER TABLE `pr_product_comment_usefulness`
  ADD PRIMARY KEY (`id_product_comment`,`id_customer`),
  ADD KEY `IDX_481D0F5BACF38A54` (`id_product_comment`);

--
-- Indices de la tabla `pr_product_country_tax`
--
ALTER TABLE `pr_product_country_tax`
  ADD PRIMARY KEY (`id_product`,`id_country`);

--
-- Indices de la tabla `pr_product_download`
--
ALTER TABLE `pr_product_download`
  ADD PRIMARY KEY (`id_product_download`);

--
-- Indices de la tabla `pr_product_group_reduction_cache`
--
ALTER TABLE `pr_product_group_reduction_cache`
  ADD PRIMARY KEY (`id_product`,`id_group`);

--
-- Indices de la tabla `pr_product_lang`
--
ALTER TABLE `pr_product_lang`
  ADD PRIMARY KEY (`id_product`,`id_shop`,`id_lang`),
  ADD KEY `id_lang` (`id_lang`),
  ADD KEY `name` (`name`);

--
-- Indices de la tabla `pr_product_sale`
--
ALTER TABLE `pr_product_sale`
  ADD PRIMARY KEY (`id_product`),
  ADD KEY `quantity` (`quantity`);

--
-- Indices de la tabla `pr_product_shop`
--
ALTER TABLE `pr_product_shop`
  ADD PRIMARY KEY (`id_product`,`id_shop`),
  ADD KEY `id_category_default` (`id_category_default`),
  ADD KEY `date_add` (`date_add`,`active`,`visibility`),
  ADD KEY `indexed` (`indexed`,`active`,`id_product`);

--
-- Indices de la tabla `pr_product_supplier`
--
ALTER TABLE `pr_product_supplier`
  ADD PRIMARY KEY (`id_product_supplier`),
  ADD UNIQUE KEY `id_product` (`id_product`,`id_product_attribute`,`id_supplier`),
  ADD KEY `id_supplier` (`id_supplier`,`id_product`);

--
-- Indices de la tabla `pr_product_tag`
--
ALTER TABLE `pr_product_tag`
  ADD PRIMARY KEY (`id_product`,`id_tag`),
  ADD KEY `id_tag` (`id_tag`),
  ADD KEY `id_lang` (`id_lang`,`id_tag`);

--
-- Indices de la tabla `pr_profile`
--
ALTER TABLE `pr_profile`
  ADD PRIMARY KEY (`id_profile`);

--
-- Indices de la tabla `pr_profile_lang`
--
ALTER TABLE `pr_profile_lang`
  ADD PRIMARY KEY (`id_profile`,`id_lang`);

--
-- Indices de la tabla `pr_psgdpr_consent`
--
ALTER TABLE `pr_psgdpr_consent`
  ADD PRIMARY KEY (`id_gdpr_consent`,`id_module`);

--
-- Indices de la tabla `pr_psgdpr_consent_lang`
--
ALTER TABLE `pr_psgdpr_consent_lang`
  ADD PRIMARY KEY (`id_gdpr_consent`,`id_lang`,`id_shop`);

--
-- Indices de la tabla `pr_psgdpr_log`
--
ALTER TABLE `pr_psgdpr_log`
  ADD PRIMARY KEY (`id_gdpr_log`);

--
-- Indices de la tabla `pr_psreassurance`
--
ALTER TABLE `pr_psreassurance`
  ADD PRIMARY KEY (`id_psreassurance`);

--
-- Indices de la tabla `pr_psreassurance_lang`
--
ALTER TABLE `pr_psreassurance_lang`
  ADD PRIMARY KEY (`id_psreassurance`,`id_shop`,`id_lang`);

--
-- Indices de la tabla `pr_quick_access`
--
ALTER TABLE `pr_quick_access`
  ADD PRIMARY KEY (`id_quick_access`);

--
-- Indices de la tabla `pr_quick_access_lang`
--
ALTER TABLE `pr_quick_access_lang`
  ADD PRIMARY KEY (`id_quick_access`,`id_lang`);

--
-- Indices de la tabla `pr_range_price`
--
ALTER TABLE `pr_range_price`
  ADD PRIMARY KEY (`id_range_price`),
  ADD UNIQUE KEY `id_carrier` (`id_carrier`,`delimiter1`,`delimiter2`);

--
-- Indices de la tabla `pr_range_weight`
--
ALTER TABLE `pr_range_weight`
  ADD PRIMARY KEY (`id_range_weight`),
  ADD UNIQUE KEY `id_carrier` (`id_carrier`,`delimiter1`,`delimiter2`);

--
-- Indices de la tabla `pr_reassurance`
--
ALTER TABLE `pr_reassurance`
  ADD PRIMARY KEY (`id_reassurance`);

--
-- Indices de la tabla `pr_reassurance_lang`
--
ALTER TABLE `pr_reassurance_lang`
  ADD PRIMARY KEY (`id_reassurance`,`id_lang`);

--
-- Indices de la tabla `pr_referrer`
--
ALTER TABLE `pr_referrer`
  ADD PRIMARY KEY (`id_referrer`);

--
-- Indices de la tabla `pr_referrer_cache`
--
ALTER TABLE `pr_referrer_cache`
  ADD PRIMARY KEY (`id_connections_source`,`id_referrer`);

--
-- Indices de la tabla `pr_referrer_shop`
--
ALTER TABLE `pr_referrer_shop`
  ADD PRIMARY KEY (`id_referrer`,`id_shop`);

--
-- Indices de la tabla `pr_request_sql`
--
ALTER TABLE `pr_request_sql`
  ADD PRIMARY KEY (`id_request_sql`);

--
-- Indices de la tabla `pr_required_field`
--
ALTER TABLE `pr_required_field`
  ADD PRIMARY KEY (`id_required_field`),
  ADD KEY `object_name` (`object_name`);

--
-- Indices de la tabla `pr_risk`
--
ALTER TABLE `pr_risk`
  ADD PRIMARY KEY (`id_risk`);

--
-- Indices de la tabla `pr_risk_lang`
--
ALTER TABLE `pr_risk_lang`
  ADD PRIMARY KEY (`id_risk`,`id_lang`),
  ADD KEY `id_risk` (`id_risk`);

--
-- Indices de la tabla `pr_search_engine`
--
ALTER TABLE `pr_search_engine`
  ADD PRIMARY KEY (`id_search_engine`);

--
-- Indices de la tabla `pr_search_index`
--
ALTER TABLE `pr_search_index`
  ADD PRIMARY KEY (`id_word`,`id_product`),
  ADD KEY `id_product` (`id_product`,`weight`);

--
-- Indices de la tabla `pr_search_word`
--
ALTER TABLE `pr_search_word`
  ADD PRIMARY KEY (`id_word`),
  ADD UNIQUE KEY `id_lang` (`id_lang`,`id_shop`,`word`);

--
-- Indices de la tabla `pr_sekeyword`
--
ALTER TABLE `pr_sekeyword`
  ADD PRIMARY KEY (`id_sekeyword`);

--
-- Indices de la tabla `pr_shop`
--
ALTER TABLE `pr_shop`
  ADD PRIMARY KEY (`id_shop`),
  ADD KEY `IDX_83683BF5C9E40` (`id_shop_group`);

--
-- Indices de la tabla `pr_shop_group`
--
ALTER TABLE `pr_shop_group`
  ADD PRIMARY KEY (`id_shop_group`);

--
-- Indices de la tabla `pr_shop_url`
--
ALTER TABLE `pr_shop_url`
  ADD PRIMARY KEY (`id_shop_url`),
  ADD UNIQUE KEY `full_shop_url` (`domain`,`physical_uri`,`virtual_uri`),
  ADD UNIQUE KEY `full_shop_url_ssl` (`domain_ssl`,`physical_uri`,`virtual_uri`),
  ADD KEY `id_shop` (`id_shop`,`main`);

--
-- Indices de la tabla `pr_smarty_cache`
--
ALTER TABLE `pr_smarty_cache`
  ADD PRIMARY KEY (`id_smarty_cache`),
  ADD KEY `name` (`name`),
  ADD KEY `cache_id` (`cache_id`),
  ADD KEY `modified` (`modified`);

--
-- Indices de la tabla `pr_smarty_last_flush`
--
ALTER TABLE `pr_smarty_last_flush`
  ADD PRIMARY KEY (`type`);

--
-- Indices de la tabla `pr_smarty_lazy_cache`
--
ALTER TABLE `pr_smarty_lazy_cache`
  ADD PRIMARY KEY (`template_hash`,`cache_id`,`compile_id`);

--
-- Indices de la tabla `pr_specific_price`
--
ALTER TABLE `pr_specific_price`
  ADD PRIMARY KEY (`id_specific_price`),
  ADD UNIQUE KEY `id_product_2` (`id_product`,`id_product_attribute`,`id_customer`,`id_cart`,`from`,`to`,`id_shop`,`id_shop_group`,`id_currency`,`id_country`,`id_group`,`from_quantity`,`id_specific_price_rule`),
  ADD KEY `id_product` (`id_product`,`id_shop`,`id_currency`,`id_country`,`id_group`,`id_customer`,`from_quantity`,`from`,`to`),
  ADD KEY `from_quantity` (`from_quantity`),
  ADD KEY `id_specific_price_rule` (`id_specific_price_rule`),
  ADD KEY `id_cart` (`id_cart`),
  ADD KEY `id_product_attribute` (`id_product_attribute`),
  ADD KEY `id_shop` (`id_shop`),
  ADD KEY `id_customer` (`id_customer`),
  ADD KEY `from` (`from`),
  ADD KEY `to` (`to`);

--
-- Indices de la tabla `pr_specific_price_priority`
--
ALTER TABLE `pr_specific_price_priority`
  ADD PRIMARY KEY (`id_specific_price_priority`,`id_product`),
  ADD UNIQUE KEY `id_product` (`id_product`);

--
-- Indices de la tabla `pr_specific_price_rule`
--
ALTER TABLE `pr_specific_price_rule`
  ADD PRIMARY KEY (`id_specific_price_rule`),
  ADD KEY `id_product` (`id_shop`,`id_currency`,`id_country`,`id_group`,`from_quantity`,`from`,`to`);

--
-- Indices de la tabla `pr_specific_price_rule_condition`
--
ALTER TABLE `pr_specific_price_rule_condition`
  ADD PRIMARY KEY (`id_specific_price_rule_condition`),
  ADD KEY `id_specific_price_rule_condition_group` (`id_specific_price_rule_condition_group`);

--
-- Indices de la tabla `pr_specific_price_rule_condition_group`
--
ALTER TABLE `pr_specific_price_rule_condition_group`
  ADD PRIMARY KEY (`id_specific_price_rule_condition_group`,`id_specific_price_rule`);

--
-- Indices de la tabla `pr_state`
--
ALTER TABLE `pr_state`
  ADD PRIMARY KEY (`id_state`),
  ADD KEY `id_country` (`id_country`),
  ADD KEY `name` (`name`),
  ADD KEY `id_zone` (`id_zone`);

--
-- Indices de la tabla `pr_statssearch`
--
ALTER TABLE `pr_statssearch`
  ADD PRIMARY KEY (`id_statssearch`);

--
-- Indices de la tabla `pr_stock`
--
ALTER TABLE `pr_stock`
  ADD PRIMARY KEY (`id_stock`),
  ADD KEY `id_warehouse` (`id_warehouse`),
  ADD KEY `id_product` (`id_product`),
  ADD KEY `id_product_attribute` (`id_product_attribute`);

--
-- Indices de la tabla `pr_stock_available`
--
ALTER TABLE `pr_stock_available`
  ADD PRIMARY KEY (`id_stock_available`),
  ADD UNIQUE KEY `product_sqlstock` (`id_product`,`id_product_attribute`,`id_shop`,`id_shop_group`),
  ADD KEY `id_shop` (`id_shop`),
  ADD KEY `id_shop_group` (`id_shop_group`),
  ADD KEY `id_product` (`id_product`),
  ADD KEY `id_product_attribute` (`id_product_attribute`);

--
-- Indices de la tabla `pr_stock_mvt`
--
ALTER TABLE `pr_stock_mvt`
  ADD PRIMARY KEY (`id_stock_mvt`),
  ADD KEY `id_stock` (`id_stock`),
  ADD KEY `id_stock_mvt_reason` (`id_stock_mvt_reason`);

--
-- Indices de la tabla `pr_stock_mvt_reason`
--
ALTER TABLE `pr_stock_mvt_reason`
  ADD PRIMARY KEY (`id_stock_mvt_reason`);

--
-- Indices de la tabla `pr_stock_mvt_reason_lang`
--
ALTER TABLE `pr_stock_mvt_reason_lang`
  ADD PRIMARY KEY (`id_stock_mvt_reason`,`id_lang`);

--
-- Indices de la tabla `pr_store`
--
ALTER TABLE `pr_store`
  ADD PRIMARY KEY (`id_store`);

--
-- Indices de la tabla `pr_store_lang`
--
ALTER TABLE `pr_store_lang`
  ADD PRIMARY KEY (`id_store`,`id_lang`);

--
-- Indices de la tabla `pr_store_shop`
--
ALTER TABLE `pr_store_shop`
  ADD PRIMARY KEY (`id_store`,`id_shop`),
  ADD KEY `id_shop` (`id_shop`);

--
-- Indices de la tabla `pr_supplier`
--
ALTER TABLE `pr_supplier`
  ADD PRIMARY KEY (`id_supplier`);

--
-- Indices de la tabla `pr_supplier_lang`
--
ALTER TABLE `pr_supplier_lang`
  ADD PRIMARY KEY (`id_supplier`,`id_lang`);

--
-- Indices de la tabla `pr_supplier_shop`
--
ALTER TABLE `pr_supplier_shop`
  ADD PRIMARY KEY (`id_supplier`,`id_shop`),
  ADD KEY `id_shop` (`id_shop`);

--
-- Indices de la tabla `pr_supply_order`
--
ALTER TABLE `pr_supply_order`
  ADD PRIMARY KEY (`id_supply_order`),
  ADD KEY `id_supplier` (`id_supplier`),
  ADD KEY `id_warehouse` (`id_warehouse`),
  ADD KEY `reference` (`reference`);

--
-- Indices de la tabla `pr_supply_order_detail`
--
ALTER TABLE `pr_supply_order_detail`
  ADD PRIMARY KEY (`id_supply_order_detail`),
  ADD KEY `id_supply_order` (`id_supply_order`,`id_product`),
  ADD KEY `id_product_attribute` (`id_product_attribute`),
  ADD KEY `id_product_product_attribute` (`id_product`,`id_product_attribute`);

--
-- Indices de la tabla `pr_supply_order_history`
--
ALTER TABLE `pr_supply_order_history`
  ADD PRIMARY KEY (`id_supply_order_history`),
  ADD KEY `id_supply_order` (`id_supply_order`),
  ADD KEY `id_employee` (`id_employee`),
  ADD KEY `id_state` (`id_state`);

--
-- Indices de la tabla `pr_supply_order_receipt_history`
--
ALTER TABLE `pr_supply_order_receipt_history`
  ADD PRIMARY KEY (`id_supply_order_receipt_history`),
  ADD KEY `id_supply_order_detail` (`id_supply_order_detail`),
  ADD KEY `id_supply_order_state` (`id_supply_order_state`);

--
-- Indices de la tabla `pr_supply_order_state`
--
ALTER TABLE `pr_supply_order_state`
  ADD PRIMARY KEY (`id_supply_order_state`);

--
-- Indices de la tabla `pr_supply_order_state_lang`
--
ALTER TABLE `pr_supply_order_state_lang`
  ADD PRIMARY KEY (`id_supply_order_state`,`id_lang`);

--
-- Indices de la tabla `pr_tab`
--
ALTER TABLE `pr_tab`
  ADD PRIMARY KEY (`id_tab`);

--
-- Indices de la tabla `pr_tab_advice`
--
ALTER TABLE `pr_tab_advice`
  ADD PRIMARY KEY (`id_tab`,`id_advice`);

--
-- Indices de la tabla `pr_tab_lang`
--
ALTER TABLE `pr_tab_lang`
  ADD PRIMARY KEY (`id_tab`,`id_lang`),
  ADD KEY `IDX_201B4D13ED47AB56` (`id_tab`),
  ADD KEY `IDX_201B4D13BA299860` (`id_lang`);

--
-- Indices de la tabla `pr_tab_module_preference`
--
ALTER TABLE `pr_tab_module_preference`
  ADD PRIMARY KEY (`id_tab_module_preference`),
  ADD UNIQUE KEY `employee_module` (`id_employee`,`id_tab`,`module`);

--
-- Indices de la tabla `pr_tag`
--
ALTER TABLE `pr_tag`
  ADD PRIMARY KEY (`id_tag`),
  ADD KEY `tag_name` (`name`),
  ADD KEY `id_lang` (`id_lang`);

--
-- Indices de la tabla `pr_tag_count`
--
ALTER TABLE `pr_tag_count`
  ADD PRIMARY KEY (`id_group`,`id_tag`),
  ADD KEY `id_group` (`id_group`,`id_lang`,`id_shop`,`counter`);

--
-- Indices de la tabla `pr_tax`
--
ALTER TABLE `pr_tax`
  ADD PRIMARY KEY (`id_tax`);

--
-- Indices de la tabla `pr_tax_lang`
--
ALTER TABLE `pr_tax_lang`
  ADD PRIMARY KEY (`id_tax`,`id_lang`);

--
-- Indices de la tabla `pr_tax_rule`
--
ALTER TABLE `pr_tax_rule`
  ADD PRIMARY KEY (`id_tax_rule`),
  ADD KEY `id_tax_rules_group` (`id_tax_rules_group`),
  ADD KEY `id_tax` (`id_tax`),
  ADD KEY `category_getproducts` (`id_tax_rules_group`,`id_country`,`id_state`,`zipcode_from`);

--
-- Indices de la tabla `pr_tax_rules_group`
--
ALTER TABLE `pr_tax_rules_group`
  ADD PRIMARY KEY (`id_tax_rules_group`);

--
-- Indices de la tabla `pr_tax_rules_group_shop`
--
ALTER TABLE `pr_tax_rules_group_shop`
  ADD PRIMARY KEY (`id_tax_rules_group`,`id_shop`),
  ADD KEY `id_shop` (`id_shop`);

--
-- Indices de la tabla `pr_timezone`
--
ALTER TABLE `pr_timezone`
  ADD PRIMARY KEY (`id_timezone`);

--
-- Indices de la tabla `pr_todopago_gmaps`
--
ALTER TABLE `pr_todopago_gmaps`
  ADD PRIMARY KEY (`id`);

--
-- Indices de la tabla `pr_todopago_productos`
--
ALTER TABLE `pr_todopago_productos`
  ADD PRIMARY KEY (`id_product`);

--
-- Indices de la tabla `pr_todopago_transaccion`
--
ALTER TABLE `pr_todopago_transaccion`
  ADD PRIMARY KEY (`id`);

--
-- Indices de la tabla `pr_todopago_transacciones`
--
ALTER TABLE `pr_todopago_transacciones`
  ADD PRIMARY KEY (`id_cart`);

--
-- Indices de la tabla `pr_translation`
--
ALTER TABLE `pr_translation`
  ADD PRIMARY KEY (`id_translation`),
  ADD KEY `IDX_707D32B3BA299860` (`id_lang`),
  ADD KEY `key` (`domain`);

--
-- Indices de la tabla `pr_warehouse`
--
ALTER TABLE `pr_warehouse`
  ADD PRIMARY KEY (`id_warehouse`);

--
-- Indices de la tabla `pr_warehouse_carrier`
--
ALTER TABLE `pr_warehouse_carrier`
  ADD PRIMARY KEY (`id_warehouse`,`id_carrier`),
  ADD KEY `id_warehouse` (`id_warehouse`),
  ADD KEY `id_carrier` (`id_carrier`);

--
-- Indices de la tabla `pr_warehouse_product_location`
--
ALTER TABLE `pr_warehouse_product_location`
  ADD PRIMARY KEY (`id_warehouse_product_location`),
  ADD UNIQUE KEY `id_product` (`id_product`,`id_product_attribute`,`id_warehouse`);

--
-- Indices de la tabla `pr_warehouse_shop`
--
ALTER TABLE `pr_warehouse_shop`
  ADD PRIMARY KEY (`id_warehouse`,`id_shop`),
  ADD KEY `id_warehouse` (`id_warehouse`),
  ADD KEY `id_shop` (`id_shop`);

--
-- Indices de la tabla `pr_webservice_account`
--
ALTER TABLE `pr_webservice_account`
  ADD PRIMARY KEY (`id_webservice_account`),
  ADD KEY `key` (`key`);

--
-- Indices de la tabla `pr_webservice_account_shop`
--
ALTER TABLE `pr_webservice_account_shop`
  ADD PRIMARY KEY (`id_webservice_account`,`id_shop`),
  ADD KEY `id_shop` (`id_shop`);

--
-- Indices de la tabla `pr_webservice_permission`
--
ALTER TABLE `pr_webservice_permission`
  ADD PRIMARY KEY (`id_webservice_permission`),
  ADD UNIQUE KEY `resource_2` (`resource`,`method`,`id_webservice_account`),
  ADD KEY `resource` (`resource`),
  ADD KEY `method` (`method`),
  ADD KEY `id_webservice_account` (`id_webservice_account`);

--
-- Indices de la tabla `pr_web_browser`
--
ALTER TABLE `pr_web_browser`
  ADD PRIMARY KEY (`id_web_browser`);

--
-- Indices de la tabla `pr_whatsapp`
--
ALTER TABLE `pr_whatsapp`
  ADD PRIMARY KEY (`id_whatsapp`);

--
-- Indices de la tabla `pr_zone`
--
ALTER TABLE `pr_zone`
  ADD PRIMARY KEY (`id_zone`);

--
-- Indices de la tabla `pr_zone_shop`
--
ALTER TABLE `pr_zone_shop`
  ADD PRIMARY KEY (`id_zone`,`id_shop`),
  ADD KEY `id_shop` (`id_shop`);

--
-- AUTO_INCREMENT de las tablas volcadas
--

--
-- AUTO_INCREMENT de la tabla `pr_address`
--
ALTER TABLE `pr_address`
  MODIFY `id_address` int UNSIGNED NOT NULL AUTO_INCREMENT, AUTO_INCREMENT=46;

--
-- AUTO_INCREMENT de la tabla `pr_admin_filter`
--
ALTER TABLE `pr_admin_filter`
  MODIFY `id` int NOT NULL AUTO_INCREMENT, AUTO_INCREMENT=24;

--
-- AUTO_INCREMENT de la tabla `pr_advice`
--
ALTER TABLE `pr_advice`
  MODIFY `id_advice` int NOT NULL AUTO_INCREMENT, AUTO_INCREMENT=237;

--
-- AUTO_INCREMENT de la tabla `pr_alias`
--
ALTER TABLE `pr_alias`
  MODIFY `id_alias` int UNSIGNED NOT NULL AUTO_INCREMENT, AUTO_INCREMENT=3;

--
-- AUTO_INCREMENT de la tabla `pr_attachment`
--
ALTER TABLE `pr_attachment`
  MODIFY `id_attachment` int UNSIGNED NOT NULL AUTO_INCREMENT;

--
-- AUTO_INCREMENT de la tabla `pr_attachment_lang`
--
ALTER TABLE `pr_attachment_lang`
  MODIFY `id_attachment` int UNSIGNED NOT NULL AUTO_INCREMENT;

--
-- AUTO_INCREMENT de la tabla `pr_attribute`
--
ALTER TABLE `pr_attribute`
  MODIFY `id_attribute` int NOT NULL AUTO_INCREMENT, AUTO_INCREMENT=26;

--
-- AUTO_INCREMENT de la tabla `pr_attribute_group`
--
ALTER TABLE `pr_attribute_group`
  MODIFY `id_attribute_group` int NOT NULL AUTO_INCREMENT, AUTO_INCREMENT=5;

--
-- AUTO_INCREMENT de la tabla `pr_attribute_impact`
--
ALTER TABLE `pr_attribute_impact`
  MODIFY `id_attribute_impact` int UNSIGNED NOT NULL AUTO_INCREMENT;

--
-- AUTO_INCREMENT de la tabla `pr_authorization_role`
--
ALTER TABLE `pr_authorization_role`
  MODIFY `id_authorization_role` int UNSIGNED NOT NULL AUTO_INCREMENT, AUTO_INCREMENT=1105;

--
-- AUTO_INCREMENT de la tabla `pr_badge`
--
ALTER TABLE `pr_badge`
  MODIFY `id_badge` int NOT NULL AUTO_INCREMENT, AUTO_INCREMENT=281;

--
-- AUTO_INCREMENT de la tabla `pr_carrier`
--
ALTER TABLE `pr_carrier`
  MODIFY `id_carrier` int UNSIGNED NOT NULL AUTO_INCREMENT, AUTO_INCREMENT=28;

--
-- AUTO_INCREMENT de la tabla `pr_cart`
--
ALTER TABLE `pr_cart`
  MODIFY `id_cart` int UNSIGNED NOT NULL AUTO_INCREMENT, AUTO_INCREMENT=62;

--
-- AUTO_INCREMENT de la tabla `pr_cart_rule`
--
ALTER TABLE `pr_cart_rule`
  MODIFY `id_cart_rule` int UNSIGNED NOT NULL AUTO_INCREMENT;

--
-- AUTO_INCREMENT de la tabla `pr_cart_rule_product_rule`
--
ALTER TABLE `pr_cart_rule_product_rule`
  MODIFY `id_product_rule` int UNSIGNED NOT NULL AUTO_INCREMENT;

--
-- AUTO_INCREMENT de la tabla `pr_cart_rule_product_rule_group`
--
ALTER TABLE `pr_cart_rule_product_rule_group`
  MODIFY `id_product_rule_group` int UNSIGNED NOT NULL AUTO_INCREMENT;

--
-- AUTO_INCREMENT de la tabla `pr_category`
--
ALTER TABLE `pr_category`
  MODIFY `id_category` int UNSIGNED NOT NULL AUTO_INCREMENT, AUTO_INCREMENT=48;

--
-- AUTO_INCREMENT de la tabla `pr_cms`
--
ALTER TABLE `pr_cms`
  MODIFY `id_cms` int UNSIGNED NOT NULL AUTO_INCREMENT, AUTO_INCREMENT=9;

--
-- AUTO_INCREMENT de la tabla `pr_cms_category`
--
ALTER TABLE `pr_cms_category`
  MODIFY `id_cms_category` int UNSIGNED NOT NULL AUTO_INCREMENT, AUTO_INCREMENT=3;

--
-- AUTO_INCREMENT de la tabla `pr_cms_category_shop`
--
ALTER TABLE `pr_cms_category_shop`
  MODIFY `id_cms_category` int UNSIGNED NOT NULL AUTO_INCREMENT, AUTO_INCREMENT=3;

--
-- AUTO_INCREMENT de la tabla `pr_cms_role`
--
ALTER TABLE `pr_cms_role`
  MODIFY `id_cms_role` int UNSIGNED NOT NULL AUTO_INCREMENT, AUTO_INCREMENT=3;

--
-- AUTO_INCREMENT de la tabla `pr_condition`
--
ALTER TABLE `pr_condition`
  MODIFY `id_condition` int NOT NULL AUTO_INCREMENT, AUTO_INCREMENT=245;

--
-- AUTO_INCREMENT de la tabla `pr_configuration`
--
ALTER TABLE `pr_configuration`
  MODIFY `id_configuration` int UNSIGNED NOT NULL AUTO_INCREMENT, AUTO_INCREMENT=767;

--
-- AUTO_INCREMENT de la tabla `pr_configuration_kpi`
--
ALTER TABLE `pr_configuration_kpi`
  MODIFY `id_configuration_kpi` int UNSIGNED NOT NULL AUTO_INCREMENT, AUTO_INCREMENT=73;

--
-- AUTO_INCREMENT de la tabla `pr_connections`
--
ALTER TABLE `pr_connections`
  MODIFY `id_connections` int UNSIGNED NOT NULL AUTO_INCREMENT, AUTO_INCREMENT=2211;

--
-- AUTO_INCREMENT de la tabla `pr_connections_source`
--
ALTER TABLE `pr_connections_source`
  MODIFY `id_connections_source` int UNSIGNED NOT NULL AUTO_INCREMENT, AUTO_INCREMENT=174;

--
-- AUTO_INCREMENT de la tabla `pr_contact`
--
ALTER TABLE `pr_contact`
  MODIFY `id_contact` int UNSIGNED NOT NULL AUTO_INCREMENT, AUTO_INCREMENT=3;

--
-- AUTO_INCREMENT de la tabla `pr_country`
--
ALTER TABLE `pr_country`
  MODIFY `id_country` int UNSIGNED NOT NULL AUTO_INCREMENT, AUTO_INCREMENT=245;

--
-- AUTO_INCREMENT de la tabla `pr_currency`
--
ALTER TABLE `pr_currency`
  MODIFY `id_currency` int UNSIGNED NOT NULL AUTO_INCREMENT, AUTO_INCREMENT=5;

--
-- AUTO_INCREMENT de la tabla `pr_customer`
--
ALTER TABLE `pr_customer`
  MODIFY `id_customer` int UNSIGNED NOT NULL AUTO_INCREMENT, AUTO_INCREMENT=40;

--
-- AUTO_INCREMENT de la tabla `pr_customer_message`
--
ALTER TABLE `pr_customer_message`
  MODIFY `id_customer_message` int UNSIGNED NOT NULL AUTO_INCREMENT, AUTO_INCREMENT=12;

--
-- AUTO_INCREMENT de la tabla `pr_customer_session`
--
ALTER TABLE `pr_customer_session`
  MODIFY `id_customer_session` int UNSIGNED NOT NULL AUTO_INCREMENT;

--
-- AUTO_INCREMENT de la tabla `pr_customer_thread`
--
ALTER TABLE `pr_customer_thread`
  MODIFY `id_customer_thread` int UNSIGNED NOT NULL AUTO_INCREMENT, AUTO_INCREMENT=10;

--
-- AUTO_INCREMENT de la tabla `pr_customization`
--
ALTER TABLE `pr_customization`
  MODIFY `id_customization` int UNSIGNED NOT NULL AUTO_INCREMENT;

--
-- AUTO_INCREMENT de la tabla `pr_customization_field`
--
ALTER TABLE `pr_customization_field`
  MODIFY `id_customization_field` int UNSIGNED NOT NULL AUTO_INCREMENT, AUTO_INCREMENT=2;

--
-- AUTO_INCREMENT de la tabla `pr_date_range`
--
ALTER TABLE `pr_date_range`
  MODIFY `id_date_range` int UNSIGNED NOT NULL AUTO_INCREMENT;

--
-- AUTO_INCREMENT de la tabla `pr_delivery`
--
ALTER TABLE `pr_delivery`
  MODIFY `id_delivery` int UNSIGNED NOT NULL AUTO_INCREMENT, AUTO_INCREMENT=411;

--
-- AUTO_INCREMENT de la tabla `pr_emailsubscription`
--
ALTER TABLE `pr_emailsubscription`
  MODIFY `id` int NOT NULL AUTO_INCREMENT;

--
-- AUTO_INCREMENT de la tabla `pr_employee`
--
ALTER TABLE `pr_employee`
  MODIFY `id_employee` int UNSIGNED NOT NULL AUTO_INCREMENT, AUTO_INCREMENT=3;

--
-- AUTO_INCREMENT de la tabla `pr_employee_session`
--
ALTER TABLE `pr_employee_session`
  MODIFY `id_employee_session` int UNSIGNED NOT NULL AUTO_INCREMENT, AUTO_INCREMENT=30;

--
-- AUTO_INCREMENT de la tabla `pr_feature`
--
ALTER TABLE `pr_feature`
  MODIFY `id_feature` int UNSIGNED NOT NULL AUTO_INCREMENT, AUTO_INCREMENT=3;

--
-- AUTO_INCREMENT de la tabla `pr_feature_value`
--
ALTER TABLE `pr_feature_value`
  MODIFY `id_feature_value` int UNSIGNED NOT NULL AUTO_INCREMENT, AUTO_INCREMENT=15;

--
-- AUTO_INCREMENT de la tabla `pr_gender`
--
ALTER TABLE `pr_gender`
  MODIFY `id_gender` int NOT NULL AUTO_INCREMENT, AUTO_INCREMENT=3;

--
-- AUTO_INCREMENT de la tabla `pr_group`
--
ALTER TABLE `pr_group`
  MODIFY `id_group` int UNSIGNED NOT NULL AUTO_INCREMENT, AUTO_INCREMENT=4;

--
-- AUTO_INCREMENT de la tabla `pr_group_reduction`
--
ALTER TABLE `pr_group_reduction`
  MODIFY `id_group_reduction` mediumint UNSIGNED NOT NULL AUTO_INCREMENT;

--
-- AUTO_INCREMENT de la tabla `pr_guest`
--
ALTER TABLE `pr_guest`
  MODIFY `id_guest` int UNSIGNED NOT NULL AUTO_INCREMENT, AUTO_INCREMENT=2069;

--
-- AUTO_INCREMENT de la tabla `pr_homeslider`
--
ALTER TABLE `pr_homeslider`
  MODIFY `id_homeslider_slides` int UNSIGNED NOT NULL AUTO_INCREMENT, AUTO_INCREMENT=6;

--
-- AUTO_INCREMENT de la tabla `pr_homeslider_slides`
--
ALTER TABLE `pr_homeslider_slides`
  MODIFY `id_homeslider_slides` int UNSIGNED NOT NULL AUTO_INCREMENT, AUTO_INCREMENT=6;

--
-- AUTO_INCREMENT de la tabla `pr_hook`
--
ALTER TABLE `pr_hook`
  MODIFY `id_hook` int UNSIGNED NOT NULL AUTO_INCREMENT, AUTO_INCREMENT=889;

--
-- AUTO_INCREMENT de la tabla `pr_hook_alias`
--
ALTER TABLE `pr_hook_alias`
  MODIFY `id_hook_alias` int UNSIGNED NOT NULL AUTO_INCREMENT, AUTO_INCREMENT=94;

--
-- AUTO_INCREMENT de la tabla `pr_hook_module_exceptions`
--
ALTER TABLE `pr_hook_module_exceptions`
  MODIFY `id_hook_module_exceptions` int UNSIGNED NOT NULL AUTO_INCREMENT;

--
-- AUTO_INCREMENT de la tabla `pr_image`
--
ALTER TABLE `pr_image`
  MODIFY `id_image` int UNSIGNED NOT NULL AUTO_INCREMENT, AUTO_INCREMENT=168;

--
-- AUTO_INCREMENT de la tabla `pr_image_type`
--
ALTER TABLE `pr_image_type`
  MODIFY `id_image_type` int UNSIGNED NOT NULL AUTO_INCREMENT, AUTO_INCREMENT=9;

--
-- AUTO_INCREMENT de la tabla `pr_import_match`
--
ALTER TABLE `pr_import_match`
  MODIFY `id_import_match` int NOT NULL AUTO_INCREMENT;

--
-- AUTO_INCREMENT de la tabla `pr_info`
--
ALTER TABLE `pr_info`
  MODIFY `id_info` int UNSIGNED NOT NULL AUTO_INCREMENT, AUTO_INCREMENT=2;

--
-- AUTO_INCREMENT de la tabla `pr_lang`
--
ALTER TABLE `pr_lang`
  MODIFY `id_lang` int NOT NULL AUTO_INCREMENT, AUTO_INCREMENT=5;

--
-- AUTO_INCREMENT de la tabla `pr_layered_category`
--
ALTER TABLE `pr_layered_category`
  MODIFY `id_layered_category` int UNSIGNED NOT NULL AUTO_INCREMENT, AUTO_INCREMENT=253;

--
-- AUTO_INCREMENT de la tabla `pr_layered_filter`
--
ALTER TABLE `pr_layered_filter`
  MODIFY `id_layered_filter` int UNSIGNED NOT NULL AUTO_INCREMENT, AUTO_INCREMENT=2;

--
-- AUTO_INCREMENT de la tabla `pr_linksmenutop`
--
ALTER TABLE `pr_linksmenutop`
  MODIFY `id_linksmenutop` int UNSIGNED NOT NULL AUTO_INCREMENT, AUTO_INCREMENT=2;

--
-- AUTO_INCREMENT de la tabla `pr_link_block`
--
ALTER TABLE `pr_link_block`
  MODIFY `id_link_block` int UNSIGNED NOT NULL AUTO_INCREMENT, AUTO_INCREMENT=3;

--
-- AUTO_INCREMENT de la tabla `pr_link_block_shop`
--
ALTER TABLE `pr_link_block_shop`
  MODIFY `id_link_block` int UNSIGNED NOT NULL AUTO_INCREMENT;

--
-- AUTO_INCREMENT de la tabla `pr_log`
--
ALTER TABLE `pr_log`
  MODIFY `id_log` int UNSIGNED NOT NULL AUTO_INCREMENT, AUTO_INCREMENT=1071;

--
-- AUTO_INCREMENT de la tabla `pr_mail`
--
ALTER TABLE `pr_mail`
  MODIFY `id_mail` int UNSIGNED NOT NULL AUTO_INCREMENT, AUTO_INCREMENT=37;

--
-- AUTO_INCREMENT de la tabla `pr_manufacturer`
--
ALTER TABLE `pr_manufacturer`
  MODIFY `id_manufacturer` int UNSIGNED NOT NULL AUTO_INCREMENT, AUTO_INCREMENT=3;

--
-- AUTO_INCREMENT de la tabla `pr_memcached_servers`
--
ALTER TABLE `pr_memcached_servers`
  MODIFY `id_memcached_server` int UNSIGNED NOT NULL AUTO_INCREMENT;

--
-- AUTO_INCREMENT de la tabla `pr_message`
--
ALTER TABLE `pr_message`
  MODIFY `id_message` int UNSIGNED NOT NULL AUTO_INCREMENT, AUTO_INCREMENT=3;

--
-- AUTO_INCREMENT de la tabla `pr_meta`
--
ALTER TABLE `pr_meta`
  MODIFY `id_meta` int UNSIGNED NOT NULL AUTO_INCREMENT, AUTO_INCREMENT=56;

--
-- AUTO_INCREMENT de la tabla `pr_module`
--
ALTER TABLE `pr_module`
  MODIFY `id_module` int UNSIGNED NOT NULL AUTO_INCREMENT, AUTO_INCREMENT=102;

--
-- AUTO_INCREMENT de la tabla `pr_module_history`
--
ALTER TABLE `pr_module_history`
  MODIFY `id` int NOT NULL AUTO_INCREMENT, AUTO_INCREMENT=39;

--
-- AUTO_INCREMENT de la tabla `pr_module_preference`
--
ALTER TABLE `pr_module_preference`
  MODIFY `id_module_preference` int NOT NULL AUTO_INCREMENT;

--
-- AUTO_INCREMENT de la tabla `pr_mp_module`
--
ALTER TABLE `pr_mp_module`
  MODIFY `id_mp_module` int NOT NULL AUTO_INCREMENT, AUTO_INCREMENT=7;

--
-- AUTO_INCREMENT de la tabla `pr_mp_transactions`
--
ALTER TABLE `pr_mp_transactions`
  MODIFY `id_mp_transaction` int UNSIGNED NOT NULL AUTO_INCREMENT, AUTO_INCREMENT=44;

--
-- AUTO_INCREMENT de la tabla `pr_operating_system`
--
ALTER TABLE `pr_operating_system`
  MODIFY `id_operating_system` int UNSIGNED NOT NULL AUTO_INCREMENT, AUTO_INCREMENT=10;

--
-- AUTO_INCREMENT de la tabla `pr_orders`
--
ALTER TABLE `pr_orders`
  MODIFY `id_order` int UNSIGNED NOT NULL AUTO_INCREMENT, AUTO_INCREMENT=11;

--
-- AUTO_INCREMENT de la tabla `pr_order_carrier`
--
ALTER TABLE `pr_order_carrier`
  MODIFY `id_order_carrier` int NOT NULL AUTO_INCREMENT, AUTO_INCREMENT=11;

--
-- AUTO_INCREMENT de la tabla `pr_order_cart_rule`
--
ALTER TABLE `pr_order_cart_rule`
  MODIFY `id_order_cart_rule` int UNSIGNED NOT NULL AUTO_INCREMENT;

--
-- AUTO_INCREMENT de la tabla `pr_order_detail`
--
ALTER TABLE `pr_order_detail`
  MODIFY `id_order_detail` int UNSIGNED NOT NULL AUTO_INCREMENT, AUTO_INCREMENT=13;

--
-- AUTO_INCREMENT de la tabla `pr_order_history`
--
ALTER TABLE `pr_order_history`
  MODIFY `id_order_history` int UNSIGNED NOT NULL AUTO_INCREMENT, AUTO_INCREMENT=15;

--
-- AUTO_INCREMENT de la tabla `pr_order_invoice`
--
ALTER TABLE `pr_order_invoice`
  MODIFY `id_order_invoice` int UNSIGNED NOT NULL AUTO_INCREMENT, AUTO_INCREMENT=3;

--
-- AUTO_INCREMENT de la tabla `pr_order_message`
--
ALTER TABLE `pr_order_message`
  MODIFY `id_order_message` int UNSIGNED NOT NULL AUTO_INCREMENT, AUTO_INCREMENT=2;

--
-- AUTO_INCREMENT de la tabla `pr_order_payment`
--
ALTER TABLE `pr_order_payment`
  MODIFY `id_order_payment` int NOT NULL AUTO_INCREMENT, AUTO_INCREMENT=3;

--
-- AUTO_INCREMENT de la tabla `pr_order_return`
--
ALTER TABLE `pr_order_return`
  MODIFY `id_order_return` int UNSIGNED NOT NULL AUTO_INCREMENT;

--
-- AUTO_INCREMENT de la tabla `pr_order_return_state`
--
ALTER TABLE `pr_order_return_state`
  MODIFY `id_order_return_state` int UNSIGNED NOT NULL AUTO_INCREMENT, AUTO_INCREMENT=6;

--
-- AUTO_INCREMENT de la tabla `pr_order_slip`
--
ALTER TABLE `pr_order_slip`
  MODIFY `id_order_slip` int UNSIGNED NOT NULL AUTO_INCREMENT;

--
-- AUTO_INCREMENT de la tabla `pr_order_state`
--
ALTER TABLE `pr_order_state`
  MODIFY `id_order_state` int UNSIGNED NOT NULL AUTO_INCREMENT, AUTO_INCREMENT=31;

--
-- AUTO_INCREMENT de la tabla `pr_page`
--
ALTER TABLE `pr_page`
  MODIFY `id_page` int UNSIGNED NOT NULL AUTO_INCREMENT, AUTO_INCREMENT=62;

--
-- AUTO_INCREMENT de la tabla `pr_pagenotfound`
--
ALTER TABLE `pr_pagenotfound`
  MODIFY `id_pagenotfound` int UNSIGNED NOT NULL AUTO_INCREMENT;

--
-- AUTO_INCREMENT de la tabla `pr_page_type`
--
ALTER TABLE `pr_page_type`
  MODIFY `id_page_type` int UNSIGNED NOT NULL AUTO_INCREMENT, AUTO_INCREMENT=15;

--
-- AUTO_INCREMENT de la tabla `pr_paypal_capture`
--
ALTER TABLE `pr_paypal_capture`
  MODIFY `id_paypal_capture` int UNSIGNED NOT NULL AUTO_INCREMENT;

--
-- AUTO_INCREMENT de la tabla `pr_paypal_ipn`
--
ALTER TABLE `pr_paypal_ipn`
  MODIFY `id_paypal_ipn` int UNSIGNED NOT NULL AUTO_INCREMENT;

--
-- AUTO_INCREMENT de la tabla `pr_paypal_order`
--
ALTER TABLE `pr_paypal_order`
  MODIFY `id_paypal_order` int UNSIGNED NOT NULL AUTO_INCREMENT;

--
-- AUTO_INCREMENT de la tabla `pr_paypal_processlogger`
--
ALTER TABLE `pr_paypal_processlogger`
  MODIFY `id_paypal_processlogger` int UNSIGNED NOT NULL AUTO_INCREMENT, AUTO_INCREMENT=20;

--
-- AUTO_INCREMENT de la tabla `pr_paypal_vaulting`
--
ALTER TABLE `pr_paypal_vaulting`
  MODIFY `id_paypal_vaulting` int UNSIGNED NOT NULL AUTO_INCREMENT;

--
-- AUTO_INCREMENT de la tabla `pr_product`
--
ALTER TABLE `pr_product`
  MODIFY `id_product` int UNSIGNED NOT NULL AUTO_INCREMENT, AUTO_INCREMENT=71;

--
-- AUTO_INCREMENT de la tabla `pr_product_attribute`
--
ALTER TABLE `pr_product_attribute`
  MODIFY `id_product_attribute` int UNSIGNED NOT NULL AUTO_INCREMENT, AUTO_INCREMENT=105;

--
-- AUTO_INCREMENT de la tabla `pr_product_comment`
--
ALTER TABLE `pr_product_comment`
  MODIFY `id_product_comment` int NOT NULL AUTO_INCREMENT;

--
-- AUTO_INCREMENT de la tabla `pr_product_comment_criterion`
--
ALTER TABLE `pr_product_comment_criterion`
  MODIFY `id_product_comment_criterion` int NOT NULL AUTO_INCREMENT, AUTO_INCREMENT=2;

--
-- AUTO_INCREMENT de la tabla `pr_product_download`
--
ALTER TABLE `pr_product_download`
  MODIFY `id_product_download` int UNSIGNED NOT NULL AUTO_INCREMENT;

--
-- AUTO_INCREMENT de la tabla `pr_product_supplier`
--
ALTER TABLE `pr_product_supplier`
  MODIFY `id_product_supplier` int UNSIGNED NOT NULL AUTO_INCREMENT;

--
-- AUTO_INCREMENT de la tabla `pr_profile`
--
ALTER TABLE `pr_profile`
  MODIFY `id_profile` int UNSIGNED NOT NULL AUTO_INCREMENT, AUTO_INCREMENT=5;

--
-- AUTO_INCREMENT de la tabla `pr_psgdpr_consent`
--
ALTER TABLE `pr_psgdpr_consent`
  MODIFY `id_gdpr_consent` int UNSIGNED NOT NULL AUTO_INCREMENT;

--
-- AUTO_INCREMENT de la tabla `pr_psgdpr_consent_lang`
--
ALTER TABLE `pr_psgdpr_consent_lang`
  MODIFY `id_gdpr_consent` int UNSIGNED NOT NULL AUTO_INCREMENT;

--
-- AUTO_INCREMENT de la tabla `pr_psgdpr_log`
--
ALTER TABLE `pr_psgdpr_log`
  MODIFY `id_gdpr_log` int UNSIGNED NOT NULL AUTO_INCREMENT, AUTO_INCREMENT=40;

--
-- AUTO_INCREMENT de la tabla `pr_psreassurance`
--
ALTER TABLE `pr_psreassurance`
  MODIFY `id_psreassurance` int UNSIGNED NOT NULL AUTO_INCREMENT, AUTO_INCREMENT=4;

--
-- AUTO_INCREMENT de la tabla `pr_quick_access`
--
ALTER TABLE `pr_quick_access`
  MODIFY `id_quick_access` int UNSIGNED NOT NULL AUTO_INCREMENT, AUTO_INCREMENT=7;

--
-- AUTO_INCREMENT de la tabla `pr_range_price`
--
ALTER TABLE `pr_range_price`
  MODIFY `id_range_price` int UNSIGNED NOT NULL AUTO_INCREMENT, AUTO_INCREMENT=24;

--
-- AUTO_INCREMENT de la tabla `pr_range_weight`
--
ALTER TABLE `pr_range_weight`
  MODIFY `id_range_weight` int UNSIGNED NOT NULL AUTO_INCREMENT, AUTO_INCREMENT=27;

--
-- AUTO_INCREMENT de la tabla `pr_reassurance`
--
ALTER TABLE `pr_reassurance`
  MODIFY `id_reassurance` int UNSIGNED NOT NULL AUTO_INCREMENT, AUTO_INCREMENT=4;

--
-- AUTO_INCREMENT de la tabla `pr_reassurance_lang`
--
ALTER TABLE `pr_reassurance_lang`
  MODIFY `id_reassurance` int UNSIGNED NOT NULL AUTO_INCREMENT, AUTO_INCREMENT=4;

--
-- AUTO_INCREMENT de la tabla `pr_referrer`
--
ALTER TABLE `pr_referrer`
  MODIFY `id_referrer` int UNSIGNED NOT NULL AUTO_INCREMENT;

--
-- AUTO_INCREMENT de la tabla `pr_referrer_shop`
--
ALTER TABLE `pr_referrer_shop`
  MODIFY `id_referrer` int UNSIGNED NOT NULL AUTO_INCREMENT;

--
-- AUTO_INCREMENT de la tabla `pr_request_sql`
--
ALTER TABLE `pr_request_sql`
  MODIFY `id_request_sql` int NOT NULL AUTO_INCREMENT;

--
-- AUTO_INCREMENT de la tabla `pr_required_field`
--
ALTER TABLE `pr_required_field`
  MODIFY `id_required_field` int NOT NULL AUTO_INCREMENT;

--
-- AUTO_INCREMENT de la tabla `pr_risk`
--
ALTER TABLE `pr_risk`
  MODIFY `id_risk` int UNSIGNED NOT NULL AUTO_INCREMENT, AUTO_INCREMENT=5;

--
-- AUTO_INCREMENT de la tabla `pr_search_engine`
--
ALTER TABLE `pr_search_engine`
  MODIFY `id_search_engine` int UNSIGNED NOT NULL AUTO_INCREMENT, AUTO_INCREMENT=39;

--
-- AUTO_INCREMENT de la tabla `pr_search_word`
--
ALTER TABLE `pr_search_word`
  MODIFY `id_word` int UNSIGNED NOT NULL AUTO_INCREMENT, AUTO_INCREMENT=2681;

--
-- AUTO_INCREMENT de la tabla `pr_sekeyword`
--
ALTER TABLE `pr_sekeyword`
  MODIFY `id_sekeyword` int UNSIGNED NOT NULL AUTO_INCREMENT;

--
-- AUTO_INCREMENT de la tabla `pr_shop`
--
ALTER TABLE `pr_shop`
  MODIFY `id_shop` int NOT NULL AUTO_INCREMENT, AUTO_INCREMENT=2;

--
-- AUTO_INCREMENT de la tabla `pr_shop_group`
--
ALTER TABLE `pr_shop_group`
  MODIFY `id_shop_group` int NOT NULL AUTO_INCREMENT, AUTO_INCREMENT=3;

--
-- AUTO_INCREMENT de la tabla `pr_shop_url`
--
ALTER TABLE `pr_shop_url`
  MODIFY `id_shop_url` int UNSIGNED NOT NULL AUTO_INCREMENT, AUTO_INCREMENT=2;

--
-- AUTO_INCREMENT de la tabla `pr_specific_price`
--
ALTER TABLE `pr_specific_price`
  MODIFY `id_specific_price` int UNSIGNED NOT NULL AUTO_INCREMENT, AUTO_INCREMENT=3;

--
-- AUTO_INCREMENT de la tabla `pr_specific_price_priority`
--
ALTER TABLE `pr_specific_price_priority`
  MODIFY `id_specific_price_priority` int NOT NULL AUTO_INCREMENT, AUTO_INCREMENT=215;

--
-- AUTO_INCREMENT de la tabla `pr_specific_price_rule`
--
ALTER TABLE `pr_specific_price_rule`
  MODIFY `id_specific_price_rule` int UNSIGNED NOT NULL AUTO_INCREMENT;

--
-- AUTO_INCREMENT de la tabla `pr_specific_price_rule_condition`
--
ALTER TABLE `pr_specific_price_rule_condition`
  MODIFY `id_specific_price_rule_condition` int UNSIGNED NOT NULL AUTO_INCREMENT;

--
-- AUTO_INCREMENT de la tabla `pr_specific_price_rule_condition_group`
--
ALTER TABLE `pr_specific_price_rule_condition_group`
  MODIFY `id_specific_price_rule_condition_group` int UNSIGNED NOT NULL AUTO_INCREMENT;

--
-- AUTO_INCREMENT de la tabla `pr_state`
--
ALTER TABLE `pr_state`
  MODIFY `id_state` int UNSIGNED NOT NULL AUTO_INCREMENT, AUTO_INCREMENT=377;

--
-- AUTO_INCREMENT de la tabla `pr_statssearch`
--
ALTER TABLE `pr_statssearch`
  MODIFY `id_statssearch` int UNSIGNED NOT NULL AUTO_INCREMENT, AUTO_INCREMENT=4;

--
-- AUTO_INCREMENT de la tabla `pr_stock`
--
ALTER TABLE `pr_stock`
  MODIFY `id_stock` int UNSIGNED NOT NULL AUTO_INCREMENT;

--
-- AUTO_INCREMENT de la tabla `pr_stock_available`
--
ALTER TABLE `pr_stock_available`
  MODIFY `id_stock_available` int UNSIGNED NOT NULL AUTO_INCREMENT, AUTO_INCREMENT=195;

--
-- AUTO_INCREMENT de la tabla `pr_stock_mvt`
--
ALTER TABLE `pr_stock_mvt`
  MODIFY `id_stock_mvt` bigint NOT NULL AUTO_INCREMENT, AUTO_INCREMENT=70;

--
-- AUTO_INCREMENT de la tabla `pr_stock_mvt_reason`
--
ALTER TABLE `pr_stock_mvt_reason`
  MODIFY `id_stock_mvt_reason` int UNSIGNED NOT NULL AUTO_INCREMENT, AUTO_INCREMENT=13;

--
-- AUTO_INCREMENT de la tabla `pr_store`
--
ALTER TABLE `pr_store`
  MODIFY `id_store` int UNSIGNED NOT NULL AUTO_INCREMENT, AUTO_INCREMENT=6;

--
-- AUTO_INCREMENT de la tabla `pr_supplier`
--
ALTER TABLE `pr_supplier`
  MODIFY `id_supplier` int UNSIGNED NOT NULL AUTO_INCREMENT;

--
-- AUTO_INCREMENT de la tabla `pr_supply_order`
--
ALTER TABLE `pr_supply_order`
  MODIFY `id_supply_order` int UNSIGNED NOT NULL AUTO_INCREMENT;

--
-- AUTO_INCREMENT de la tabla `pr_supply_order_detail`
--
ALTER TABLE `pr_supply_order_detail`
  MODIFY `id_supply_order_detail` int UNSIGNED NOT NULL AUTO_INCREMENT;

--
-- AUTO_INCREMENT de la tabla `pr_supply_order_history`
--
ALTER TABLE `pr_supply_order_history`
  MODIFY `id_supply_order_history` int UNSIGNED NOT NULL AUTO_INCREMENT;

--
-- AUTO_INCREMENT de la tabla `pr_supply_order_receipt_history`
--
ALTER TABLE `pr_supply_order_receipt_history`
  MODIFY `id_supply_order_receipt_history` int UNSIGNED NOT NULL AUTO_INCREMENT;

--
-- AUTO_INCREMENT de la tabla `pr_supply_order_state`
--
ALTER TABLE `pr_supply_order_state`
  MODIFY `id_supply_order_state` int UNSIGNED NOT NULL AUTO_INCREMENT, AUTO_INCREMENT=7;

--
-- AUTO_INCREMENT de la tabla `pr_tab`
--
ALTER TABLE `pr_tab`
  MODIFY `id_tab` int NOT NULL AUTO_INCREMENT, AUTO_INCREMENT=178;

--
-- AUTO_INCREMENT de la tabla `pr_tab_module_preference`
--
ALTER TABLE `pr_tab_module_preference`
  MODIFY `id_tab_module_preference` int NOT NULL AUTO_INCREMENT;

--
-- AUTO_INCREMENT de la tabla `pr_tag`
--
ALTER TABLE `pr_tag`
  MODIFY `id_tag` int UNSIGNED NOT NULL AUTO_INCREMENT;

--
-- AUTO_INCREMENT de la tabla `pr_tax`
--
ALTER TABLE `pr_tax`
  MODIFY `id_tax` int UNSIGNED NOT NULL AUTO_INCREMENT, AUTO_INCREMENT=85;

--
-- AUTO_INCREMENT de la tabla `pr_tax_rule`
--
ALTER TABLE `pr_tax_rule`
  MODIFY `id_tax_rule` int NOT NULL AUTO_INCREMENT, AUTO_INCREMENT=213;

--
-- AUTO_INCREMENT de la tabla `pr_tax_rules_group`
--
ALTER TABLE `pr_tax_rules_group`
  MODIFY `id_tax_rules_group` int NOT NULL AUTO_INCREMENT, AUTO_INCREMENT=61;

--
-- AUTO_INCREMENT de la tabla `pr_timezone`
--
ALTER TABLE `pr_timezone`
  MODIFY `id_timezone` int UNSIGNED NOT NULL AUTO_INCREMENT, AUTO_INCREMENT=561;

--
-- AUTO_INCREMENT de la tabla `pr_todopago_gmaps`
--
ALTER TABLE `pr_todopago_gmaps`
  MODIFY `id` int NOT NULL AUTO_INCREMENT, AUTO_INCREMENT=3;

--
-- AUTO_INCREMENT de la tabla `pr_todopago_transaccion`
--
ALTER TABLE `pr_todopago_transaccion`
  MODIFY `id` int NOT NULL AUTO_INCREMENT, AUTO_INCREMENT=10;

--
-- AUTO_INCREMENT de la tabla `pr_translation`
--
ALTER TABLE `pr_translation`
  MODIFY `id_translation` int NOT NULL AUTO_INCREMENT, AUTO_INCREMENT=2;

--
-- AUTO_INCREMENT de la tabla `pr_warehouse`
--
ALTER TABLE `pr_warehouse`
  MODIFY `id_warehouse` int UNSIGNED NOT NULL AUTO_INCREMENT;

--
-- AUTO_INCREMENT de la tabla `pr_warehouse_product_location`
--
ALTER TABLE `pr_warehouse_product_location`
  MODIFY `id_warehouse_product_location` int UNSIGNED NOT NULL AUTO_INCREMENT;

--
-- AUTO_INCREMENT de la tabla `pr_webservice_account`
--
ALTER TABLE `pr_webservice_account`
  MODIFY `id_webservice_account` int NOT NULL AUTO_INCREMENT;

--
-- AUTO_INCREMENT de la tabla `pr_webservice_permission`
--
ALTER TABLE `pr_webservice_permission`
  MODIFY `id_webservice_permission` int NOT NULL AUTO_INCREMENT;

--
-- AUTO_INCREMENT de la tabla `pr_web_browser`
--
ALTER TABLE `pr_web_browser`
  MODIFY `id_web_browser` int UNSIGNED NOT NULL AUTO_INCREMENT, AUTO_INCREMENT=12;

--
-- AUTO_INCREMENT de la tabla `pr_whatsapp`
--
ALTER TABLE `pr_whatsapp`
  MODIFY `id_whatsapp` int NOT NULL AUTO_INCREMENT, AUTO_INCREMENT=2;

--
-- AUTO_INCREMENT de la tabla `pr_zone`
--
ALTER TABLE `pr_zone`
  MODIFY `id_zone` int UNSIGNED NOT NULL AUTO_INCREMENT, AUTO_INCREMENT=33;
COMMIT;

